[INFO] fetching crate queryscript 0.1.4...
[INFO] testing queryscript-0.1.4 against nightly-2024-10-28 for randomize-layout
[INFO] extracting crate queryscript 0.1.4 into /workspace/builds/worker-7-tc1/source
[INFO] validating manifest of crates.io crate queryscript 0.1.4 on toolchain nightly-2024-10-28
[INFO] running `Command { std: CARGO_HOME="/workspace/cargo-home" RUSTUP_HOME="/workspace/rustup-home" "/workspace/cargo-home/bin/cargo" "+nightly-2024-10-28" "metadata" "--manifest-path" "Cargo.toml" "--no-deps", kill_on_drop: false }`
[INFO] started tweaking crates.io crate queryscript 0.1.4
[INFO] finished tweaking crates.io crate queryscript 0.1.4
[INFO] tweaked toml for crates.io crate queryscript 0.1.4 written to /workspace/builds/worker-7-tc1/source/Cargo.toml
[INFO] crate crates.io crate queryscript 0.1.4 already has a lockfile, it will not be regenerated
[INFO] running `Command { std: CARGO_HOME="/workspace/cargo-home" RUSTUP_HOME="/workspace/rustup-home" "/workspace/cargo-home/bin/cargo" "+nightly-2024-10-28" "fetch" "--manifest-path" "Cargo.toml", kill_on_drop: false }`
[INFO] [stderr]     Updating crates.io index
[INFO] [stderr]  Downloading crates ...
[INFO] [stderr]   Downloaded tower-lsp-macros v0.6.0
[INFO] [stderr]   Downloaded tabled_derive v0.5.0
[INFO] [stderr]   Downloaded papergrid v0.7.1
[INFO] [stderr]   Downloaded tower-lsp v0.17.0
[INFO] [stderr]   Downloaded lsp-types v0.93.2
[INFO] [stderr]   Downloaded borsh-derive-internal v0.10.2
[INFO] [stderr]   Downloaded bytecheck_derive v0.6.10
[INFO] [stderr]   Downloaded rend v0.4.0
[INFO] [stderr]   Downloaded async-backtrace-attributes v0.2.2
[INFO] [stderr]   Downloaded seq-macro v0.3.3
[INFO] [stderr]   Downloaded arrow-arith v34.0.0
[INFO] [stderr]   Downloaded rkyv_derive v0.7.40
[INFO] [stderr]   Downloaded fs-err v2.9.0
[INFO] [stderr]   Downloaded async-backtrace v0.2.2
[INFO] [stderr]   Downloaded generator v0.7.3
[INFO] [stderr]   Downloaded arrow-ord v34.0.0
[INFO] [stderr]   Downloaded clickhouse-rs v1.0.0-alpha.1
[INFO] [stderr]   Downloaded rustyline v10.1.1
[INFO] [stderr]   Downloaded rkyv v0.7.40
[INFO] [stderr]   Downloaded arrow-array v34.0.0
[INFO] [stderr]   Downloaded rust_decimal v1.28.1
[INFO] [stderr]   Downloaded object_store v0.5.5
[INFO] [stderr]   Downloaded tabled v0.10.0
[INFO] [stderr]   Downloaded snafu v0.7.4
[INFO] [stderr]   Downloaded comfy-table v6.1.4
[INFO] [stderr]   Downloaded duckdb-queryscript v0.7.4
[INFO] [stderr]   Downloaded arrow-ipc v34.0.0
[INFO] [stderr]   Downloaded arrow v34.0.0
[INFO] [stderr]   Downloaded parquet v34.0.0
[INFO] [stderr]   Downloaded arrow-cast v34.0.0
[INFO] [stderr]   Downloaded arrow-buffer v34.0.0
[INFO] [stderr]   Downloaded arrow-data v34.0.0
[INFO] [stderr]   Downloaded snafu-derive v0.7.4
[INFO] [stderr]   Downloaded libtest-mimic v0.6.0
[INFO] [stderr]   Downloaded clickhouse-rs-cityhash-sys v0.1.2
[INFO] [stderr]   Downloaded arrow-csv v34.0.0
[INFO] [stderr]   Downloaded arrow-json v34.0.0
[INFO] [stderr]   Downloaded flatbuffers v23.1.21
[INFO] [stderr]   Downloaded arrow-select v34.0.0
[INFO] [stderr]   Downloaded arrow-row v34.0.0
[INFO] [stderr]   Downloaded borsh v0.10.2
[INFO] [stderr]   Downloaded csv v1.2.1
[INFO] [stderr]   Downloaded arrow-string v34.0.0
[INFO] [stderr]   Downloaded borsh-schema-derive-internal v0.10.2
[INFO] [stderr]   Downloaded borsh-derive v0.10.2
[INFO] [stderr]   Downloaded bytecheck v0.6.10
[INFO] [stderr]   Downloaded arrow-schema v34.0.0
[INFO] [stderr]   Downloaded zstd-safe v6.0.4+zstd.1.5.4
[INFO] [stderr]   Downloaded libduckdb-sys-queryscript v0.7.4
[INFO] [stderr]   Downloaded sqllogictest v0.10.0
[INFO] [stderr]   Downloaded sqlparser-queryscript v0.32.0
[INFO] running `Command { std: "docker" "create" "-v" "/var/lib/crater-agent-workspace/builds/worker-7-tc1/target:/opt/rustwide/target:rw,Z" "-v" "/var/lib/crater-agent-workspace/builds/worker-7-tc1/source:/opt/rustwide/workdir:ro,Z" "-v" "/var/lib/crater-agent-workspace/cargo-home:/opt/rustwide/cargo-home:ro,Z" "-v" "/var/lib/crater-agent-workspace/rustup-home:/opt/rustwide/rustup-home:ro,Z" "-e" "SOURCE_DIR=/opt/rustwide/workdir" "-e" "CARGO_TARGET_DIR=/opt/rustwide/target" "-e" "CARGO_HOME=/opt/rustwide/cargo-home" "-e" "RUSTUP_HOME=/opt/rustwide/rustup-home" "-w" "/opt/rustwide/workdir" "-m" "1610612736" "--user" "0:0" "--network" "none" "ghcr.io/rust-lang/crates-build-env/linux@sha256:4a844ea9eb2546a2d2c7022eacef16ef2e8229c7fbb2c7d4d55a9ceca922f72d" "/opt/rustwide/cargo-home/bin/cargo" "+nightly-2024-10-28" "metadata" "--no-deps" "--format-version=1", kill_on_drop: false }`
[INFO] [stdout] cd00c3cf8e51db771cb1f408b58393a580e1eac9083baa4bab486e0a88d220a2
[INFO] running `Command { std: "docker" "start" "-a" "cd00c3cf8e51db771cb1f408b58393a580e1eac9083baa4bab486e0a88d220a2", kill_on_drop: false }`
[INFO] running `Command { std: "docker" "inspect" "cd00c3cf8e51db771cb1f408b58393a580e1eac9083baa4bab486e0a88d220a2", kill_on_drop: false }`
[INFO] running `Command { std: "docker" "rm" "-f" "cd00c3cf8e51db771cb1f408b58393a580e1eac9083baa4bab486e0a88d220a2", kill_on_drop: false }`
[INFO] [stdout] cd00c3cf8e51db771cb1f408b58393a580e1eac9083baa4bab486e0a88d220a2
[INFO] running `Command { std: "docker" "create" "-v" "/var/lib/crater-agent-workspace/builds/worker-7-tc1/target:/opt/rustwide/target:rw,Z" "-v" "/var/lib/crater-agent-workspace/builds/worker-7-tc1/source:/opt/rustwide/workdir:ro,Z" "-v" "/var/lib/crater-agent-workspace/cargo-home:/opt/rustwide/cargo-home:ro,Z" "-v" "/var/lib/crater-agent-workspace/rustup-home:/opt/rustwide/rustup-home:ro,Z" "-e" "SOURCE_DIR=/opt/rustwide/workdir" "-e" "CARGO_TARGET_DIR=/opt/rustwide/target" "-e" "CARGO_INCREMENTAL=0" "-e" "RUST_BACKTRACE=full" "-e" "RUSTFLAGS=--cap-lints=forbid" "-e" "RUSTDOCFLAGS=--cap-lints=forbid" "-e" "CARGO_HOME=/opt/rustwide/cargo-home" "-e" "RUSTUP_HOME=/opt/rustwide/rustup-home" "-w" "/opt/rustwide/workdir" "-m" "1610612736" "--user" "0:0" "--network" "none" "ghcr.io/rust-lang/crates-build-env/linux@sha256:4a844ea9eb2546a2d2c7022eacef16ef2e8229c7fbb2c7d4d55a9ceca922f72d" "/opt/rustwide/cargo-home/bin/cargo" "+nightly-2024-10-28" "build" "--frozen" "--message-format=json", kill_on_drop: false }`
[INFO] [stdout] 4920d92286bd7c3c493a4902bd6758f424964e7a02b39df247f1823a709f63ce
[INFO] running `Command { std: "docker" "start" "-a" "4920d92286bd7c3c493a4902bd6758f424964e7a02b39df247f1823a709f63ce", kill_on_drop: false }`
[INFO] [stderr]    Compiling libc v0.2.139
[INFO] [stderr]    Compiling proc-macro2 v1.0.51
[INFO] [stderr]    Compiling quote v1.0.23
[INFO] [stderr]    Compiling unicode-ident v1.0.8
[INFO] [stderr]    Compiling syn v1.0.109
[INFO] [stderr]    Compiling version_check v0.9.4
[INFO] [stderr]    Compiling serde_derive v1.0.154
[INFO] [stderr]    Compiling serde v1.0.154
[INFO] [stderr]    Compiling libm v0.2.6
[INFO] [stderr]    Compiling num-traits v0.2.15
[INFO] [stderr]    Compiling once_cell v1.17.1
[INFO] [stderr]    Compiling memchr v2.5.0
[INFO] [stderr]    Compiling num-integer v0.1.45
[INFO] [stderr]    Compiling num-bigint v0.4.3
[INFO] [stderr]    Compiling crunchy v0.2.2
[INFO] [stdout] error[E0422]: cannot find struct, variant or union type `LineColumn` in crate `proc_macro`
[INFO] [stdout]    --> /opt/rustwide/cargo-home/registry/src/index.crates.io-6f17d22bba15001f/proc-macro2-1.0.51/src/wrapper.rs:475:33
[INFO] [stdout]     |
[INFO] [stdout] 475 |                 let proc_macro::LineColumn { line, column } = s.start();
[INFO] [stdout]     |                                 ^^^^^^^^^^ not found in `proc_macro`
[INFO] [stdout]     |
[INFO] [stdout] help: consider importing this struct through its public re-export
[INFO] [stdout]     |
[INFO] [stdout] 1   + use crate::LineColumn;
[INFO] [stdout]     |
[INFO] [stdout] help: if you import `LineColumn`, refer to it directly
[INFO] [stdout]     |
[INFO] [stdout] 475 -                 let proc_macro::LineColumn { line, column } = s.start();
[INFO] [stdout] 475 +                 let LineColumn { line, column } = s.start();
[INFO] [stdout]     |
[INFO] [stdout] 
[INFO] [stdout] 
[INFO] [stdout] error[E0422]: cannot find struct, variant or union type `LineColumn` in crate `proc_macro`
[INFO] [stdout]    --> /opt/rustwide/cargo-home/registry/src/index.crates.io-6f17d22bba15001f/proc-macro2-1.0.51/src/wrapper.rs:489:33
[INFO] [stdout]     |
[INFO] [stdout] 489 |                 let proc_macro::LineColumn { line, column } = s.end();
[INFO] [stdout]     |                                 ^^^^^^^^^^ not found in `proc_macro`
[INFO] [stdout]     |
[INFO] [stdout] help: consider importing this struct through its public re-export
[INFO] [stdout]     |
[INFO] [stdout] 1   + use crate::LineColumn;
[INFO] [stdout]     |
[INFO] [stdout] help: if you import `LineColumn`, refer to it directly
[INFO] [stdout]     |
[INFO] [stdout] 489 -                 let proc_macro::LineColumn { line, column } = s.end();
[INFO] [stdout] 489 +                 let LineColumn { line, column } = s.end();
[INFO] [stdout]     |
[INFO] [stdout] 
[INFO] [stdout] 
[INFO] [stdout] error[E0635]: unknown feature `proc_macro_span_shrink`
[INFO] [stdout]   --> /opt/rustwide/cargo-home/registry/src/index.crates.io-6f17d22bba15001f/proc-macro2-1.0.51/src/lib.rs:92:30
[INFO] [stdout]    |
[INFO] [stdout] 92 |     feature(proc_macro_span, proc_macro_span_shrink)
[INFO] [stdout]    |                              ^^^^^^^^^^^^^^^^^^^^^^
[INFO] [stdout] 
[INFO] [stdout] 
[INFO] [stderr]    Compiling num-rational v0.4.1
[INFO] [stderr]    Compiling num-iter v0.1.43
[INFO] [stderr]    Compiling proc-macro-hack v0.5.20+deprecated
[INFO] [stdout] Some errors have detailed explanations: E0422, E0635.
[INFO] [stdout] 
[INFO] [stdout] For more information about an error, try `rustc --explain E0422`.
[INFO] [stdout] 
[INFO] [stderr] error: could not compile `proc-macro2` (lib) due to 3 previous errors
[INFO] [stderr] warning: build failed, waiting for other jobs to finish...
[INFO] running `Command { std: "docker" "inspect" "4920d92286bd7c3c493a4902bd6758f424964e7a02b39df247f1823a709f63ce", kill_on_drop: false }`
[INFO] running `Command { std: "docker" "rm" "-f" "4920d92286bd7c3c493a4902bd6758f424964e7a02b39df247f1823a709f63ce", kill_on_drop: false }`
[INFO] [stdout] 4920d92286bd7c3c493a4902bd6758f424964e7a02b39df247f1823a709f63ce
