[INFO] fetching crate qoqo_qiskit_devices 0.8.1...
[INFO] testing qoqo_qiskit_devices-0.8.1 against nightly-2024-10-28 for randomize-layout
[INFO] extracting crate qoqo_qiskit_devices 0.8.1 into /workspace/builds/worker-4-tc1/source
[INFO] validating manifest of crates.io crate qoqo_qiskit_devices 0.8.1 on toolchain nightly-2024-10-28
[INFO] running `Command { std: CARGO_HOME="/workspace/cargo-home" RUSTUP_HOME="/workspace/rustup-home" "/workspace/cargo-home/bin/cargo" "+nightly-2024-10-28" "metadata" "--manifest-path" "Cargo.toml" "--no-deps", kill_on_drop: false }`
[INFO] started tweaking crates.io crate qoqo_qiskit_devices 0.8.1
[INFO] finished tweaking crates.io crate qoqo_qiskit_devices 0.8.1
[INFO] tweaked toml for crates.io crate qoqo_qiskit_devices 0.8.1 written to /workspace/builds/worker-4-tc1/source/Cargo.toml
[INFO] running `Command { std: CARGO_HOME="/workspace/cargo-home" RUSTUP_HOME="/workspace/rustup-home" "/workspace/cargo-home/bin/cargo" "+nightly-2024-10-28" "generate-lockfile" "--manifest-path" "Cargo.toml", kill_on_drop: false }`
[INFO] [stderr]     Updating crates.io index
[INFO] [stderr]      Locking 119 packages to latest compatible versions
[INFO] [stderr]       Adding clap v4.4.18 (available: v4.5.20)
[INFO] [stderr]       Adding clap_builder v4.4.18 (available: v4.5.20)
[INFO] [stderr]       Adding ndarray v0.15.6 (available: v0.16.1)
[INFO] [stderr]       Adding numpy v0.21.0 (available: v0.22.1)
[INFO] [stderr]       Adding pyo3 v0.21.2 (available: v0.22.5)
[INFO] [stderr]       Adding pyo3-build-config v0.21.2 (available: v0.22.5)
[INFO] [stderr]       Adding qoqo v1.15.2 (available: v1.16.0)
[INFO] [stderr]       Adding qoqo-macros v1.15.2 (available: v1.16.0)
[INFO] [stderr]       Adding qoqo_calculator v1.2.4 (available: v1.3.0)
[INFO] [stderr]       Adding qoqo_calculator_pyo3 v1.2.4 (available: v1.3.0)
[INFO] [stderr]       Adding roqoqo v1.15.2 (available: v1.16.0)
[INFO] [stderr]       Adding roqoqo-derive v1.15.2 (available: v1.16.0)
[INFO] running `Command { std: CARGO_HOME="/workspace/cargo-home" RUSTUP_HOME="/workspace/rustup-home" "/workspace/cargo-home/bin/cargo" "+nightly-2024-10-28" "fetch" "--manifest-path" "Cargo.toml", kill_on_drop: false }`
[INFO] [stderr]  Downloading crates ...
[INFO] [stderr]   Downloaded roqoqo-derive v1.15.2
[INFO] [stderr]   Downloaded qoqo-macros v1.15.2
[INFO] [stderr]   Downloaded qoqo_calculator v1.2.4
[INFO] [stderr]   Downloaded struqture-py-macros v1.9.2
[INFO] [stderr]   Downloaded qoqo_calculator_pyo3 v1.2.4
[INFO] [stderr]   Downloaded roqoqo v1.15.2
[INFO] [stderr]   Downloaded numpy v0.21.0
[INFO] [stderr]   Downloaded struqture-py v1.9.2
[INFO] [stderr]   Downloaded struqture v2.0.0-alpha.3
[INFO] [stderr]   Downloaded qoqo v1.15.2
[INFO] [stderr]   Downloaded struqture v1.9.2
[INFO] [stderr]   Downloaded roqoqo_qiskit_devices v0.8.1
[INFO] running `Command { std: "docker" "create" "-v" "/var/lib/crater-agent-workspace/builds/worker-4-tc1/target:/opt/rustwide/target:rw,Z" "-v" "/var/lib/crater-agent-workspace/builds/worker-4-tc1/source:/opt/rustwide/workdir:ro,Z" "-v" "/var/lib/crater-agent-workspace/cargo-home:/opt/rustwide/cargo-home:ro,Z" "-v" "/var/lib/crater-agent-workspace/rustup-home:/opt/rustwide/rustup-home:ro,Z" "-e" "SOURCE_DIR=/opt/rustwide/workdir" "-e" "CARGO_TARGET_DIR=/opt/rustwide/target" "-e" "CARGO_HOME=/opt/rustwide/cargo-home" "-e" "RUSTUP_HOME=/opt/rustwide/rustup-home" "-w" "/opt/rustwide/workdir" "-m" "1610612736" "--user" "0:0" "--network" "none" "ghcr.io/rust-lang/crates-build-env/linux@sha256:4a844ea9eb2546a2d2c7022eacef16ef2e8229c7fbb2c7d4d55a9ceca922f72d" "/opt/rustwide/cargo-home/bin/cargo" "+nightly-2024-10-28" "metadata" "--no-deps" "--format-version=1", kill_on_drop: false }`
[INFO] [stdout] 321d70518131547ebcf9285ff1aa8dc36861e921e210368a0e5ffa31d9c6447e
[INFO] running `Command { std: "docker" "start" "-a" "321d70518131547ebcf9285ff1aa8dc36861e921e210368a0e5ffa31d9c6447e", kill_on_drop: false }`
[INFO] running `Command { std: "docker" "inspect" "321d70518131547ebcf9285ff1aa8dc36861e921e210368a0e5ffa31d9c6447e", kill_on_drop: false }`
[INFO] running `Command { std: "docker" "rm" "-f" "321d70518131547ebcf9285ff1aa8dc36861e921e210368a0e5ffa31d9c6447e", kill_on_drop: false }`
[INFO] [stdout] 321d70518131547ebcf9285ff1aa8dc36861e921e210368a0e5ffa31d9c6447e
[INFO] running `Command { std: "docker" "create" "-v" "/var/lib/crater-agent-workspace/builds/worker-4-tc1/target:/opt/rustwide/target:rw,Z" "-v" "/var/lib/crater-agent-workspace/builds/worker-4-tc1/source:/opt/rustwide/workdir:ro,Z" "-v" "/var/lib/crater-agent-workspace/cargo-home:/opt/rustwide/cargo-home:ro,Z" "-v" "/var/lib/crater-agent-workspace/rustup-home:/opt/rustwide/rustup-home:ro,Z" "-e" "SOURCE_DIR=/opt/rustwide/workdir" "-e" "CARGO_TARGET_DIR=/opt/rustwide/target" "-e" "CARGO_INCREMENTAL=0" "-e" "RUST_BACKTRACE=full" "-e" "RUSTFLAGS=--cap-lints=forbid" "-e" "RUSTDOCFLAGS=--cap-lints=forbid" "-e" "CARGO_HOME=/opt/rustwide/cargo-home" "-e" "RUSTUP_HOME=/opt/rustwide/rustup-home" "-w" "/opt/rustwide/workdir" "-m" "1610612736" "--user" "0:0" "--network" "none" "ghcr.io/rust-lang/crates-build-env/linux@sha256:4a844ea9eb2546a2d2c7022eacef16ef2e8229c7fbb2c7d4d55a9ceca922f72d" "/opt/rustwide/cargo-home/bin/cargo" "+nightly-2024-10-28" "build" "--frozen" "--message-format=json", kill_on_drop: false }`
[INFO] [stdout] 7f01d4cad3847d103346e68ae791a52711bdf8bb2e8fa371a7a1d07bf69320bd
[INFO] running `Command { std: "docker" "start" "-a" "7f01d4cad3847d103346e68ae791a52711bdf8bb2e8fa371a7a1d07bf69320bd", kill_on_drop: false }`
[INFO] [stderr]    Compiling num-traits v0.2.19
[INFO] [stderr]    Compiling once_cell v1.20.2
[INFO] [stderr]    Compiling syn v2.0.86
[INFO] [stderr]    Compiling pyo3-build-config v0.21.2
[INFO] [stderr]    Compiling rawpointer v0.2.1
[INFO] [stderr]    Compiling schemars v0.8.21
[INFO] [stderr]    Compiling dyn-clone v1.0.17
[INFO] [stderr]    Compiling serde v1.0.214
[INFO] [stderr]    Compiling memoffset v0.9.1
[INFO] [stderr]    Compiling portable-atomic v1.9.0
[INFO] [stderr]    Compiling parking_lot_core v0.9.10
[INFO] [stderr]    Compiling matrixmultiply v0.3.9
[INFO] [stderr]    Compiling parking_lot v0.12.3
[INFO] [stderr]    Compiling unindent v0.2.3
[INFO] [stderr]    Compiling either v1.13.0
[INFO] [stderr]    Compiling indoc v2.0.5
[INFO] [stderr]    Compiling byteorder v1.5.0
[INFO] [stderr]    Compiling getrandom v0.2.15
[INFO] [stderr]    Compiling itertools v0.13.0
[INFO] [stderr]    Compiling num-integer v0.1.46
[INFO] [stderr]    Compiling rand_core v0.6.4
[INFO] [stderr]    Compiling aho-corasick v1.1.3
[INFO] [stderr]    Compiling regex-syntax v0.8.5
[INFO] [stderr]    Compiling bytemuck v1.19.0
[INFO] [stderr]    Compiling safe_arch v0.7.2
[INFO] [stderr]    Compiling approx v0.5.1
[INFO] [stderr]    Compiling utf8parse v0.2.2
[INFO] [stderr]    Compiling inventory v0.3.15
[INFO] [stderr]    Compiling wide v0.7.28
[INFO] [stderr]    Compiling anstyle-parse v0.2.6
[INFO] [stderr]    Compiling pyo3-ffi v0.21.2
[INFO] [stderr]    Compiling pyo3 v0.21.2
[INFO] [stderr]    Compiling num-rational v0.4.2
[INFO] [stderr]    Compiling is_terminal_polyfill v1.70.1
[INFO] [stderr]    Compiling anstyle-query v1.1.2
[INFO] [stderr]    Compiling fixedbitset v0.4.2
[INFO] [stderr]    Compiling colorchoice v1.0.3
[INFO] [stderr]    Compiling anstyle v1.0.9
[INFO] [stderr]    Compiling itertools v0.12.1
[INFO] [stderr]    Compiling anstream v0.6.17
[INFO] [stderr]    Compiling rustc-hash v1.1.0
[INFO] [stderr]    Compiling clap_lex v0.6.0
[INFO] [stderr]    Compiling serde_derive_internals v0.29.1
[INFO] [stderr]    Compiling pyo3-macros-backend v0.21.2
[INFO] [stderr]    Compiling test-case-core v3.3.1
[INFO] [stderr]    Compiling regex-automata v0.4.8
[INFO] [stderr]    Compiling clap_builder v4.4.18
[INFO] [stderr]    Compiling serde_derive v1.0.214
[INFO] [stderr]    Compiling schemars_derive v0.8.21
[INFO] [stderr]    Compiling thiserror-impl v1.0.66
[INFO] [stderr]    Compiling zerocopy-derive v0.7.35
[INFO] [stderr]    Compiling test-case-macros v3.3.1
[INFO] [stderr]    Compiling test-case v3.3.1
[INFO] [stderr]    Compiling nalgebra-macros v0.2.2
[INFO] [stderr]    Compiling zerocopy v0.7.35
[INFO] [stderr]    Compiling thiserror v1.0.66
[INFO] [stderr]    Compiling regex v1.11.1
[INFO] [stderr]    Compiling roqoqo-derive v1.15.2
[INFO] [stderr]    Compiling clap v4.4.18
[INFO] [stderr]    Compiling ppv-lite86 v0.2.20
[INFO] [stderr]    Compiling rand_chacha v0.3.1
[INFO] [stderr]    Compiling pyo3-macros v0.21.2
[INFO] [stderr]    Compiling rand v0.8.5
[INFO] [stderr]    Compiling rand_distr v0.4.3
[INFO] [stderr]    Compiling roqoqo v1.15.2
[INFO] [stderr]    Compiling num-complex v0.4.6
[INFO] [stderr]    Compiling serde_json v1.0.132
[INFO] [stderr]    Compiling tinyvec v1.8.0
[INFO] [stderr]    Compiling bincode v1.3.3
[INFO] [stderr]    Compiling petgraph v0.6.5
[INFO] [stderr]    Compiling ndarray v0.15.6
[INFO] [stderr]    Compiling simba v0.8.1
[INFO] [stderr]    Compiling qoqo_calculator v1.2.4
[INFO] [stderr]    Compiling struqture-py v1.9.2
[INFO] [stderr]    Compiling qoqo v1.15.2
[INFO] [stderr]    Compiling struqture-py-macros v1.9.2
[INFO] [stderr]    Compiling struqture v1.9.2
[INFO] [stderr]    Compiling numpy v0.21.0
[INFO] [stderr]    Compiling qoqo_calculator_pyo3 v1.2.4
[INFO] [stderr]    Compiling nalgebra v0.32.6
[INFO] [stderr]    Compiling struqture v2.0.0-alpha.3
[INFO] [stderr]    Compiling qoqo-macros v1.15.2
[INFO] [stderr]    Compiling roqoqo_qiskit_devices v0.8.1
[INFO] [stderr]    Compiling qoqo_qiskit_devices v0.8.1 (/opt/rustwide/workdir)
[INFO] [stderr]     Finished `dev` profile [unoptimized + debuginfo] target(s) in 1m 00s
[INFO] running `Command { std: "docker" "inspect" "7f01d4cad3847d103346e68ae791a52711bdf8bb2e8fa371a7a1d07bf69320bd", kill_on_drop: false }`
[INFO] running `Command { std: "docker" "rm" "-f" "7f01d4cad3847d103346e68ae791a52711bdf8bb2e8fa371a7a1d07bf69320bd", kill_on_drop: false }`
[INFO] [stdout] 7f01d4cad3847d103346e68ae791a52711bdf8bb2e8fa371a7a1d07bf69320bd
[INFO] running `Command { std: "docker" "create" "-v" "/var/lib/crater-agent-workspace/builds/worker-4-tc1/target:/opt/rustwide/target:rw,Z" "-v" "/var/lib/crater-agent-workspace/builds/worker-4-tc1/source:/opt/rustwide/workdir:ro,Z" "-v" "/var/lib/crater-agent-workspace/cargo-home:/opt/rustwide/cargo-home:ro,Z" "-v" "/var/lib/crater-agent-workspace/rustup-home:/opt/rustwide/rustup-home:ro,Z" "-e" "SOURCE_DIR=/opt/rustwide/workdir" "-e" "CARGO_TARGET_DIR=/opt/rustwide/target" "-e" "CARGO_INCREMENTAL=0" "-e" "RUST_BACKTRACE=full" "-e" "RUSTFLAGS=--cap-lints=forbid" "-e" "RUSTDOCFLAGS=--cap-lints=forbid" "-e" "CARGO_HOME=/opt/rustwide/cargo-home" "-e" "RUSTUP_HOME=/opt/rustwide/rustup-home" "-w" "/opt/rustwide/workdir" "-m" "1610612736" "--user" "0:0" "--network" "none" "ghcr.io/rust-lang/crates-build-env/linux@sha256:4a844ea9eb2546a2d2c7022eacef16ef2e8229c7fbb2c7d4d55a9ceca922f72d" "/opt/rustwide/cargo-home/bin/cargo" "+nightly-2024-10-28" "test" "--frozen" "--no-run" "--message-format=json", kill_on_drop: false }`
[INFO] [stdout] 75b0ca5067224ec80135aa309dd394d2a037ad2d97f8d6b030718a2fabe213cf
[INFO] running `Command { std: "docker" "start" "-a" "75b0ca5067224ec80135aa309dd394d2a037ad2d97f8d6b030718a2fabe213cf", kill_on_drop: false }`
[INFO] [stderr]    Compiling qoqo_qiskit_devices v0.8.1 (/opt/rustwide/workdir)
[INFO] [stdout] error: linking with `cc` failed: exit status: 1
[INFO] [stdout]   |
[INFO] [stdout]   = note: LC_ALL="C" PATH="/opt/rustwide/rustup-home/toolchains/nightly-2024-10-28-x86_64-unknown-linux-gnu/lib/rustlib/x86_64-unknown-linux-gnu/bin:/opt/rustwide/rustup-home/toolchains/nightly-2024-10-28-x86_64-unknown-linux-gnu/lib/rustlib/x86_64-unknown-linux-gnu/bin/self-contained:/opt/rustwide/cargo-home/bin:/usr/local/sbin:/usr/local/bin:/usr/sbin:/usr/bin:/sbin:/bin" VSLANG="1033" "cc" "-m64" "/tmp/rustcBSsYKn/symbols.o" "/opt/rustwide/target/debug/deps/qoqo_qiskit_devices-ec42b06311591d67.qoqo_qiskit_devices.39ed80ba9c6e4cfa-cgu.0.rcgu.o" "/opt/rustwide/target/debug/deps/qoqo_qiskit_devices-ec42b06311591d67.qoqo_qiskit_devices.39ed80ba9c6e4cfa-cgu.1.rcgu.o" "/opt/rustwide/target/debug/deps/qoqo_qiskit_devices-ec42b06311591d67.qoqo_qiskit_devices.39ed80ba9c6e4cfa-cgu.2.rcgu.o" "/opt/rustwide/target/debug/deps/qoqo_qiskit_devices-ec42b06311591d67.qoqo_qiskit_devices.39ed80ba9c6e4cfa-cgu.3.rcgu.o" "/opt/rustwide/target/debug/deps/qoqo_qiskit_devices-ec42b06311591d67.qoqo_qiskit_devices.39ed80ba9c6e4cfa-cgu.4.rcgu.o" "/opt/rustwide/target/debug/deps/qoqo_qiskit_devices-ec42b06311591d67.qoqo_qiskit_devices.39ed80ba9c6e4cfa-cgu.5.rcgu.o" "/opt/rustwide/target/debug/deps/qoqo_qiskit_devices-ec42b06311591d67.qoqo_qiskit_devices.39ed80ba9c6e4cfa-cgu.6.rcgu.o" "/opt/rustwide/target/debug/deps/qoqo_qiskit_devices-ec42b06311591d67.qoqo_qiskit_devices.39ed80ba9c6e4cfa-cgu.7.rcgu.o" "/opt/rustwide/target/debug/deps/qoqo_qiskit_devices-ec42b06311591d67.2pybwi0eassizcpe9d4wge1ct.rcgu.o" "-Wl,--as-needed" "-Wl,-Bstatic" "/opt/rustwide/rustup-home/toolchains/nightly-2024-10-28-x86_64-unknown-linux-gnu/lib/rustlib/x86_64-unknown-linux-gnu/lib/libtest-a09fad3b5321e7d6.rlib" "/opt/rustwide/rustup-home/toolchains/nightly-2024-10-28-x86_64-unknown-linux-gnu/lib/rustlib/x86_64-unknown-linux-gnu/lib/libgetopts-f9c3dff41ad42661.rlib" "/opt/rustwide/rustup-home/toolchains/nightly-2024-10-28-x86_64-unknown-linux-gnu/lib/rustlib/x86_64-unknown-linux-gnu/lib/libunicode_width-ad2aef31af6addd3.rlib" "/opt/rustwide/rustup-home/toolchains/nightly-2024-10-28-x86_64-unknown-linux-gnu/lib/rustlib/x86_64-unknown-linux-gnu/lib/librustc_std_workspace_std-e3f907dc03deb913.rlib" "/opt/rustwide/target/debug/deps/libroqoqo_qiskit_devices-e23ec2389c172361.rlib" "/opt/rustwide/target/debug/deps/libqoqo-464b2b0529f91731.rlib" "/opt/rustwide/target/debug/deps/libstruqture_py-35752acc8e060a6a.rlib" "/opt/rustwide/target/debug/deps/libstruqture-8c713566d801a7e4.rlib" "/opt/rustwide/target/debug/deps/libitertools-083f35ac5086d8ef.rlib" "/opt/rustwide/target/debug/deps/libroqoqo-961b7b5d1b72ab32.rlib" "/opt/rustwide/target/debug/deps/libstruqture-97c3f7bc15ce6c64.rlib" "/opt/rustwide/target/debug/deps/libitertools-606cceed5b988775.rlib" "/opt/rustwide/target/debug/deps/libeither-386a0ff0e76518e4.rlib" "/opt/rustwide/target/debug/deps/libtinyvec-eb856b9b33fa7524.rlib" "/opt/rustwide/target/debug/deps/libtinyvec_macros-66661c55905090ec.rlib" "/opt/rustwide/target/debug/deps/libnalgebra-095bfc12950ca4b1.rlib" "/opt/rustwide/target/debug/deps/libnum_rational-ba93393ac91e5639.rlib" "/opt/rustwide/target/debug/deps/libtypenum-5326f72807cfe834.rlib" "/opt/rustwide/target/debug/deps/libsimba-f8d9cfdc6f90bebd.rlib" "/opt/rustwide/target/debug/deps/libwide-0a54233eee15b652.rlib" "/opt/rustwide/target/debug/deps/libsafe_arch-add735df2d4c7dd7.rlib" "/opt/rustwide/target/debug/deps/libbytemuck-b219afd492cc01b6.rlib" "/opt/rustwide/target/debug/deps/libapprox-33a77d5496612780.rlib" "/opt/rustwide/target/debug/deps/librand_distr-b4f8abf85eeccbd8.rlib" "/opt/rustwide/target/debug/deps/librand-db870db990b885fe.rlib" "/opt/rustwide/target/debug/deps/librand_chacha-868c4e1762a879e6.rlib" "/opt/rustwide/target/debug/deps/libppv_lite86-76f44e4df6b2ad87.rlib" "/opt/rustwide/target/debug/deps/libzerocopy-6a61bae8578e2cc7.rlib" "/opt/rustwide/target/debug/deps/libbyteorder-7817d47eb31dfb0c.rlib" "/opt/rustwide/target/debug/deps/librand_core-0300dee92e55e3b5.rlib" "/opt/rustwide/target/debug/deps/libgetrandom-54cd17dd5507d029.rlib" "/opt/rustwide/target/debug/deps/libpetgraph-09f8f5024603fda2.rlib" "/opt/rustwide/target/debug/deps/libindexmap-dc95a38cbf6415fa.rlib" "/opt/rustwide/target/debug/deps/libequivalent-9e89cbd86631a94f.rlib" "/opt/rustwide/target/debug/deps/libhashbrown-29cea3b674da82b3.rlib" "/opt/rustwide/target/debug/deps/libfixedbitset-e62d79dae90481b3.rlib" "/opt/rustwide/target/debug/deps/libqoqo_calculator_pyo3-3fbc6953f53485b8.rlib" "/opt/rustwide/target/debug/deps/libqoqo_calculator-3684361681c15721.rlib" "/opt/rustwide/target/debug/deps/libthiserror-bd4dc20d74d8d012.rlib" "/opt/rustwide/target/debug/deps/libschemars-5d864d62cc0e3455.rlib" "/opt/rustwide/target/debug/deps/libdyn_clone-199529a542abdc70.rlib" "/opt/rustwide/target/debug/deps/libserde_json-c90d612475a6f7cb.rlib" "/opt/rustwide/target/debug/deps/libmemchr-34eb650b64c0b1fd.rlib" "/opt/rustwide/target/debug/deps/libitoa-add5260810035b6e.rlib" "/opt/rustwide/target/debug/deps/libryu-2ae7af5af0bb88e0.rlib" "/opt/rustwide/target/debug/deps/libbincode-9d93e3a7403abf9b.rlib" "/opt/rustwide/target/debug/deps/libnumpy-cc1df1882ed8d50b.rlib" "/opt/rustwide/target/debug/deps/librustc_hash-449b4f68ddd88550.rlib" "/opt/rustwide/target/debug/deps/libndarray-f72c12c79b8b2031.rlib" "/opt/rustwide/target/debug/deps/libmatrixmultiply-f4ef83edbd5be4df.rlib" "/opt/rustwide/target/debug/deps/libnum_integer-b9eaa4ef6c41fbb9.rlib" "/opt/rustwide/target/debug/deps/librawpointer-9a82b3d0237eca24.rlib" "/opt/rustwide/target/debug/deps/libpyo3-617859388d52a847.rlib" "/opt/rustwide/target/debug/deps/libmemoffset-2a36707ba2ee8ddf.rlib" "/opt/rustwide/target/debug/deps/libportable_atomic-3fc6fe1a5f5af45f.rlib" "/opt/rustwide/target/debug/deps/libparking_lot-48105096751b50b5.rlib" "/opt/rustwide/target/debug/deps/libparking_lot_core-065241234d420790.rlib" "/opt/rustwide/target/debug/deps/libcfg_if-57bf25c23e31efdb.rlib" "/opt/rustwide/target/debug/deps/libsmallvec-756ee87804f0eec5.rlib" "/opt/rustwide/target/debug/deps/liblock_api-e2cb0d427dfba242.rlib" "/opt/rustwide/target/debug/deps/libscopeguard-003ee3b9b09cebdb.rlib" "/opt/rustwide/target/debug/deps/libpyo3_ffi-ff6980f5662977ca.rlib" "/opt/rustwide/target/debug/deps/liblibc-663f09ba3db1840e.rlib" "/opt/rustwide/target/debug/deps/libnum_complex-4202e716ad3b0641.rlib" "/opt/rustwide/target/debug/deps/libserde-922368a761081130.rlib" "/opt/rustwide/target/debug/deps/libnum_traits-81eb09d354fc8f28.rlib" "/opt/rustwide/target/debug/deps/libinventory-1f923eb2f657efbc.rlib" "/opt/rustwide/target/debug/deps/libunindent-d4a81d586b9d0458.rlib" "/opt/rustwide/rustup-home/toolchains/nightly-2024-10-28-x86_64-unknown-linux-gnu/lib/rustlib/x86_64-unknown-linux-gnu/lib/libstd-fb8c387236db3c10.rlib" "/opt/rustwide/rustup-home/toolchains/nightly-2024-10-28-x86_64-unknown-linux-gnu/lib/rustlib/x86_64-unknown-linux-gnu/lib/libpanic_unwind-b251837809b2f64b.rlib" "/opt/rustwide/rustup-home/toolchains/nightly-2024-10-28-x86_64-unknown-linux-gnu/lib/rustlib/x86_64-unknown-linux-gnu/lib/libobject-cbef83eaa4e01f04.rlib" "/opt/rustwide/rustup-home/toolchains/nightly-2024-10-28-x86_64-unknown-linux-gnu/lib/rustlib/x86_64-unknown-linux-gnu/lib/libmemchr-12a772286de2fca7.rlib" "/opt/rustwide/rustup-home/toolchains/nightly-2024-10-28-x86_64-unknown-linux-gnu/lib/rustlib/x86_64-unknown-linux-gnu/lib/libaddr2line-023bbe5ada7abfc3.rlib" "/opt/rustwide/rustup-home/toolchains/nightly-2024-10-28-x86_64-unknown-linux-gnu/lib/rustlib/x86_64-unknown-linux-gnu/lib/libgimli-de2bcdf10ec69c2b.rlib" "/opt/rustwide/rustup-home/toolchains/nightly-2024-10-28-x86_64-unknown-linux-gnu/lib/rustlib/x86_64-unknown-linux-gnu/lib/librustc_demangle-8e1754df350800fd.rlib" "/opt/rustwide/rustup-home/toolchains/nightly-2024-10-28-x86_64-unknown-linux-gnu/lib/rustlib/x86_64-unknown-linux-gnu/lib/libstd_detect-06c2ab7b9c32e037.rlib" "/opt/rustwide/rustup-home/toolchains/nightly-2024-10-28-x86_64-unknown-linux-gnu/lib/rustlib/x86_64-unknown-linux-gnu/lib/libhashbrown-51d2621fc57a281b.rlib" "/opt/rustwide/rustup-home/toolchains/nightly-2024-10-28-x86_64-unknown-linux-gnu/lib/rustlib/x86_64-unknown-linux-gnu/lib/librustc_std_workspace_alloc-54a930408793772f.rlib" "/opt/rustwide/rustup-home/toolchains/nightly-2024-10-28-x86_64-unknown-linux-gnu/lib/rustlib/x86_64-unknown-linux-gnu/lib/libminiz_oxide-0c7d01cba400dcb2.rlib" "/opt/rustwide/rustup-home/toolchains/nightly-2024-10-28-x86_64-unknown-linux-gnu/lib/rustlib/x86_64-unknown-linux-gnu/lib/libadler-b9f84d69e331b75b.rlib" "/opt/rustwide/rustup-home/toolchains/nightly-2024-10-28-x86_64-unknown-linux-gnu/lib/rustlib/x86_64-unknown-linux-gnu/lib/libunwind-eec95493246aae39.rlib" "/opt/rustwide/rustup-home/toolchains/nightly-2024-10-28-x86_64-unknown-linux-gnu/lib/rustlib/x86_64-unknown-linux-gnu/lib/libcfg_if-6f6676c475e08ab0.rlib" "/opt/rustwide/rustup-home/toolchains/nightly-2024-10-28-x86_64-unknown-linux-gnu/lib/rustlib/x86_64-unknown-linux-gnu/lib/liblibc-799d520624f8b2e0.rlib" "/opt/rustwide/rustup-home/toolchains/nightly-2024-10-28-x86_64-unknown-linux-gnu/lib/rustlib/x86_64-unknown-linux-gnu/lib/liballoc-fcf93d4842acd9a9.rlib" "/opt/rustwide/rustup-home/toolchains/nightly-2024-10-28-x86_64-unknown-linux-gnu/lib/rustlib/x86_64-unknown-linux-gnu/lib/librustc_std_workspace_core-395a38b8e0851c9b.rlib" "/opt/rustwide/rustup-home/toolchains/nightly-2024-10-28-x86_64-unknown-linux-gnu/lib/rustlib/x86_64-unknown-linux-gnu/lib/libcore-d453bab70303062c.rlib" "/opt/rustwide/rustup-home/toolchains/nightly-2024-10-28-x86_64-unknown-linux-gnu/lib/rustlib/x86_64-unknown-linux-gnu/lib/libcompiler_builtins-0e6386368b0a24e8.rlib" "-Wl,-Bdynamic" "-lgcc_s" "-lutil" "-lrt" "-lpthread" "-lm" "-ldl" "-lc" "-B/opt/rustwide/rustup-home/toolchains/nightly-2024-10-28-x86_64-unknown-linux-gnu/lib/rustlib/x86_64-unknown-linux-gnu/bin/gcc-ld" "-fuse-ld=lld" "-Wl,--eh-frame-hdr" "-Wl,-z,noexecstack" "-L" "/opt/rustwide/rustup-home/toolchains/nightly-2024-10-28-x86_64-unknown-linux-gnu/lib/rustlib/x86_64-unknown-linux-gnu/lib" "-o" "/opt/rustwide/target/debug/deps/qoqo_qiskit_devices-ec42b06311591d67" "-Wl,--gc-sections" "-pie" "-Wl,-z,relro,-z,now" "-nodefaultlibs"
[INFO] [stdout]   = note: rust-lld: error: undefined symbol: _Py_Dealloc
[INFO] [stdout]           >>> referenced by object.rs:633 (/opt/rustwide/cargo-home/registry/src/index.crates.io-6f17d22bba15001f/pyo3-ffi-0.21.2/src/object.rs:633)
[INFO] [stdout]           >>>               /opt/rustwide/target/debug/deps/qoqo_qiskit_devices-ec42b06311591d67.qoqo_qiskit_devices.39ed80ba9c6e4cfa-cgu.0.rcgu.o:(_$LT$pyo3..instance..Bound$LT$T$GT$$u20$as$u20$core..ops..drop..Drop$GT$::drop::h24b809f43d223a31)
[INFO] [stdout]           >>> referenced by object.rs:633 (/opt/rustwide/cargo-home/registry/src/index.crates.io-6f17d22bba15001f/pyo3-ffi-0.21.2/src/object.rs:633)
[INFO] [stdout]           >>>               /opt/rustwide/target/debug/deps/qoqo_qiskit_devices-ec42b06311591d67.qoqo_qiskit_devices.39ed80ba9c6e4cfa-cgu.0.rcgu.o:(_$LT$pyo3..instance..Bound$LT$T$GT$$u20$as$u20$core..ops..drop..Drop$GT$::drop::h8221f5a80791bbca)
[INFO] [stdout]           >>> referenced by object.rs:633 (/opt/rustwide/cargo-home/registry/src/index.crates.io-6f17d22bba15001f/pyo3-ffi-0.21.2/src/object.rs:633)
[INFO] [stdout]           >>>               /opt/rustwide/target/debug/deps/qoqo_qiskit_devices-ec42b06311591d67.qoqo_qiskit_devices.39ed80ba9c6e4cfa-cgu.0.rcgu.o:(_$LT$pyo3..instance..Bound$LT$T$GT$$u20$as$u20$core..ops..drop..Drop$GT$::drop::h9b4b480d6e8e28fe)
[INFO] [stdout]           >>> referenced 255 more times
[INFO] [stdout]           
[INFO] [stdout]           rust-lld: error: undefined symbol: PyList_New
[INFO] [stdout]           >>> referenced by list.rs:33 (/opt/rustwide/cargo-home/registry/src/index.crates.io-6f17d22bba15001f/pyo3-0.21.2/src/types/list.rs:33)
[INFO] [stdout]           >>>               /opt/rustwide/target/debug/deps/qoqo_qiskit_devices-ec42b06311591d67.qoqo_qiskit_devices.39ed80ba9c6e4cfa-cgu.6.rcgu.o:(pyo3::types::list::new_from_iter::hc20af4be3428dde6)
[INFO] [stdout]           >>> referenced by list.rs:33 (/opt/rustwide/cargo-home/registry/src/index.crates.io-6f17d22bba15001f/pyo3-0.21.2/src/types/list.rs:33)
[INFO] [stdout]           >>>               struqture_py-35752acc8e060a6a.struqture_py.d4cd65f0174f59b6-cgu.13.rcgu.o:(pyo3::types::list::new_from_iter::hf0aa42eb2cab474d) in archive /opt/rustwide/target/debug/deps/libstruqture_py-35752acc8e060a6a.rlib
[INFO] [stdout]           >>> referenced by list.rs:33 (/opt/rustwide/cargo-home/registry/src/index.crates.io-6f17d22bba15001f/pyo3-0.21.2/src/types/list.rs:33)
[INFO] [stdout]           >>>               qoqo-464b2b0529f91731.qoqo.38d22dee38856fe1-cgu.14.rcgu.o:(pyo3::types::list::new_from_iter::ha51360c1c8c859c1) in archive /opt/rustwide/target/debug/deps/libqoqo-464b2b0529f91731.rlib
[INFO] [stdout]           
[INFO] [stdout]           rust-lld: error: undefined symbol: PyType_IsSubtype
[INFO] [stdout]           >>> referenced by object.rs:287 (/opt/rustwide/cargo-home/registry/src/index.crates.io-6f17d22bba15001f/pyo3-ffi-0.21.2/src/object.rs:287)
[INFO] [stdout]           >>>               /opt/rustwide/target/debug/deps/qoqo_qiskit_devices-ec42b06311591d67.qoqo_qiskit_devices.39ed80ba9c6e4cfa-cgu.6.rcgu.o:(pyo3_ffi::object::PyObject_TypeCheck::h6365216476edd340)
[INFO] [stdout]           >>> referenced by object.rs:287 (/opt/rustwide/cargo-home/registry/src/index.crates.io-6f17d22bba15001f/pyo3-ffi-0.21.2/src/object.rs:287)
[INFO] [stdout]           >>>               qoqo-464b2b0529f91731.qoqo.38d22dee38856fe1-cgu.05.rcgu.o:(pyo3_ffi::object::PyObject_TypeCheck::hcaee402e48bf19f9) in archive /opt/rustwide/target/debug/deps/libqoqo-464b2b0529f91731.rlib
[INFO] [stdout]           >>> referenced by object.rs:287 (/opt/rustwide/cargo-home/registry/src/index.crates.io-6f17d22bba15001f/pyo3-ffi-0.21.2/src/object.rs:287)
[INFO] [stdout]           >>>               pyo3-617859388d52a847.pyo3.e2dd132a232515d1-cgu.11.rcgu.o:(pyo3_ffi::object::PyObject_TypeCheck::h8d7976227880be61) in archive /opt/rustwide/target/debug/deps/libpyo3-617859388d52a847.rlib
[INFO] [stdout]           >>> referenced 3 more times
[INFO] [stdout]           
[INFO] [stdout]           rust-lld: error: undefined symbol: PyObject_GC_UnTrack
[INFO] [stdout]           >>> referenced by pyclass.rs:1125 (/opt/rustwide/cargo-home/registry/src/index.crates.io-6f17d22bba15001f/pyo3-0.21.2/src/impl_/pyclass.rs:1125)
[INFO] [stdout]           >>>               /opt/rustwide/target/debug/deps/qoqo_qiskit_devices-ec42b06311591d67.qoqo_qiskit_devices.39ed80ba9c6e4cfa-cgu.7.rcgu.o:(pyo3::impl_::pyclass::tp_dealloc_with_gc::h1594dcff90e5b604)
[INFO] [stdout]           >>> referenced by pyclass.rs:1125 (/opt/rustwide/cargo-home/registry/src/index.crates.io-6f17d22bba15001f/pyo3-0.21.2/src/impl_/pyclass.rs:1125)
[INFO] [stdout]           >>>               /opt/rustwide/target/debug/deps/qoqo_qiskit_devices-ec42b06311591d67.qoqo_qiskit_devices.39ed80ba9c6e4cfa-cgu.7.rcgu.o:(pyo3::impl_::pyclass::tp_dealloc_with_gc::h30a346c365967050)
[INFO] [stdout]           >>> referenced by pyclass.rs:1125 (/opt/rustwide/cargo-home/registry/src/index.crates.io-6f17d22bba15001f/pyo3-0.21.2/src/impl_/pyclass.rs:1125)
[INFO] [stdout]           >>>               /opt/rustwide/target/debug/deps/qoqo_qiskit_devices-ec42b06311591d67.qoqo_qiskit_devices.39ed80ba9c6e4cfa-cgu.7.rcgu.o:(pyo3::impl_::pyclass::tp_dealloc_with_gc::h4ca594444988d233)
[INFO] [stdout]           >>> referenced 154 more times
[INFO] [stdout]           
[INFO] [stdout]           rust-lld: error: undefined symbol: PySequence_Check
[INFO] [stdout]           >>> referenced by sequence.rs:504 (/opt/rustwide/cargo-home/registry/src/index.crates.io-6f17d22bba15001f/pyo3-0.21.2/src/types/sequence.rs:504)
[INFO] [stdout]           >>>               qoqo-464b2b0529f91731.qoqo.38d22dee38856fe1-cgu.03.rcgu.o:(pyo3::types::sequence::extract_sequence::h29615417b31c6f7f) in archive /opt/rustwide/target/debug/deps/libqoqo-464b2b0529f91731.rlib
[INFO] [stdout]           >>> referenced by sequence.rs:504 (/opt/rustwide/cargo-home/registry/src/index.crates.io-6f17d22bba15001f/pyo3-0.21.2/src/types/sequence.rs:504)
[INFO] [stdout]           >>>               qoqo-464b2b0529f91731.qoqo.38d22dee38856fe1-cgu.03.rcgu.o:(pyo3::types::sequence::extract_sequence::h46e03483b08d6492) in archive /opt/rustwide/target/debug/deps/libqoqo-464b2b0529f91731.rlib
[INFO] [stdout]           >>> referenced by sequence.rs:504 (/opt/rustwide/cargo-home/registry/src/index.crates.io-6f17d22bba15001f/pyo3-0.21.2/src/types/sequence.rs:504)
[INFO] [stdout]           >>>               qoqo-464b2b0529f91731.qoqo.38d22dee38856fe1-cgu.03.rcgu.o:(pyo3::types::sequence::extract_sequence::h59831d36d3ae3195) in archive /opt/rustwide/target/debug/deps/libqoqo-464b2b0529f91731.rlib
[INFO] [stdout]           >>> referenced 10 more times
[INFO] [stdout]           
[INFO] [stdout]           rust-lld: error: undefined symbol: PySequence_Size
[INFO] [stdout]           >>> referenced by sequence.rs:295 (/opt/rustwide/cargo-home/registry/src/index.crates.io-6f17d22bba15001f/pyo3-0.21.2/src/types/sequence.rs:295)
[INFO] [stdout]           >>>               qoqo-464b2b0529f91731.qoqo.38d22dee38856fe1-cgu.05.rcgu.o:(_$LT$pyo3..instance..Bound$LT$pyo3..types..sequence..PySequence$GT$$u20$as$u20$pyo3..types..sequence..PySequenceMethods$GT$::len::ha1297cd000e62d3d) in archive /opt/rustwide/target/debug/deps/libqoqo-464b2b0529f91731.rlib
[INFO] [stdout]           >>> referenced by sequence.rs:295 (/opt/rustwide/cargo-home/registry/src/index.crates.io-6f17d22bba15001f/pyo3-0.21.2/src/types/sequence.rs:295)
[INFO] [stdout]           >>>               numpy-cc1df1882ed8d50b.numpy.66367e945d7bf6e5-cgu.5.rcgu.o:(_$LT$pyo3..instance..Bound$LT$pyo3..types..sequence..PySequence$GT$$u20$as$u20$pyo3..types..sequence..PySequenceMethods$GT$::len::ha33ea9d52eb5ed2d) in archive /opt/rustwide/target/debug/deps/libnumpy-cc1df1882ed8d50b.rlib
[INFO] [stdout]           >>> referenced by sequence.rs:295 (/opt/rustwide/cargo-home/registry/src/index.crates.io-6f17d22bba15001f/pyo3-0.21.2/src/types/sequence.rs:295)
[INFO] [stdout]           >>>               struqture_py-35752acc8e060a6a.struqture_py.d4cd65f0174f59b6-cgu.07.rcgu.o:(_$LT$pyo3..instance..Bound$LT$pyo3..types..sequence..PySequence$GT$$u20$as$u20$pyo3..types..sequence..PySequenceMethods$GT$::len::hb713e611b96c8dcb) in archive /opt/rustwide/target/debug/deps/libstruqture_py-35752acc8e060a6a.rlib
[INFO] [stdout]           
[INFO] [stdout]           rust-lld: error: undefined symbol: PyLong_FromUnsignedLongLong
[INFO] [stdout]           >>> referenced by num.rs:90 (/opt/rustwide/cargo-home/registry/src/index.crates.io-6f17d22bba15001f/pyo3-0.21.2/src/conversions/std/num.rs:90)
[INFO] [stdout]           >>>               qoqo-464b2b0529f91731.qoqo.38d22dee38856fe1-cgu.05.rcgu.o:(pyo3::conversions::std::num::_$LT$impl$u20$pyo3..conversion..IntoPy$LT$pyo3..instance..Py$LT$pyo3..types..any..PyAny$GT$$GT$$u20$for$u20$u64$GT$::into_py::h19dbf8e439acb0be) in archive /opt/rustwide/target/debug/deps/libqoqo-464b2b0529f91731.rlib
[INFO] [stdout]           >>> referenced by num.rs:90 (src/conversions/std/num.rs:90)
[INFO] [stdout]           >>>               pyo3-617859388d52a847.pyo3.e2dd132a232515d1-cgu.09.rcgu.o:(pyo3::conversions::std::num::_$LT$impl$u20$pyo3..conversion..IntoPy$LT$pyo3..instance..Py$LT$pyo3..types..any..PyAny$GT$$GT$$u20$for$u20$u64$GT$::into_py::h4652d8026bee57a3) in archive /opt/rustwide/target/debug/deps/libpyo3-617859388d52a847.rlib
[INFO] [stdout]           
[INFO] [stdout]           rust-lld: error: undefined symbol: _Py_NotImplementedStruct
[INFO] [stdout]           >>> referenced by object.rs:738 (/opt/rustwide/cargo-home/registry/src/index.crates.io-6f17d22bba15001f/pyo3-ffi-0.21.2/src/object.rs:738)
[INFO] [stdout]           >>>               qoqo-464b2b0529f91731.qoqo.38d22dee38856fe1-cgu.05.rcgu.o:(pyo3_ffi::object::Py_NotImplemented::h116f4793de824008) in archive /opt/rustwide/target/debug/deps/libqoqo-464b2b0529f91731.rlib
[INFO] [stdout]           >>> referenced by object.rs:738 (/opt/rustwide/cargo-home/registry/src/index.crates.io-6f17d22bba15001f/pyo3-ffi-0.21.2/src/object.rs:738)
[INFO] [stdout]           >>>               qoqo_calculator_pyo3-3fbc6953f53485b8.qoqo_calculator_pyo3.9de28e9721cc09-cgu.09.rcgu.o:(pyo3_ffi::object::Py_NotImplemented::h5f0131b6eeac9154) in archive /opt/rustwide/target/debug/deps/libqoqo_calculator_pyo3-3fbc6953f53485b8.rlib
[INFO] [stdout]           >>> referenced by object.rs:738 (/opt/rustwide/cargo-home/registry/src/index.crates.io-6f17d22bba15001f/pyo3-ffi-0.21.2/src/object.rs:738)
[INFO] [stdout]           >>>               struqture_py-35752acc8e060a6a.struqture_py.d4cd65f0174f59b6-cgu.06.rcgu.o:(pyo3_ffi::object::Py_NotImplemented::h60b9fc3fe2ae047a) in archive /opt/rustwide/target/debug/deps/libstruqture_py-35752acc8e060a6a.rlib
[INFO] [stdout]           
[INFO] [stdout]           rust-lld: error: undefined symbol: _Py_NoneStruct
[INFO] [stdout]           >>> referenced by object.rs:713 (/opt/rustwide/cargo-home/registry/src/index.crates.io-6f17d22bba15001f/pyo3-ffi-0.21.2/src/object.rs:713)
[INFO] [stdout]           >>>               qoqo-464b2b0529f91731.qoqo.38d22dee38856fe1-cgu.05.rcgu.o:(pyo3_ffi::object::Py_None::hc1941cb153935a74) in archive /opt/rustwide/target/debug/deps/libqoqo-464b2b0529f91731.rlib
[INFO] [stdout]           >>> referenced by object.rs:713 (/opt/rustwide/cargo-home/registry/src/index.crates.io-6f17d22bba15001f/pyo3-ffi-0.21.2/src/object.rs:713)
[INFO] [stdout]           >>>               pyo3-617859388d52a847.pyo3.e2dd132a232515d1-cgu.11.rcgu.o:(pyo3_ffi::object::Py_None::h27bfd0b2917b95f4) in archive /opt/rustwide/target/debug/deps/libpyo3-617859388d52a847.rlib
[INFO] [stdout]           >>> referenced by object.rs:713 (/opt/rustwide/cargo-home/registry/src/index.crates.io-6f17d22bba15001f/pyo3-ffi-0.21.2/src/object.rs:713)
[INFO] [stdout]           >>>               qoqo_calculator_pyo3-3fbc6953f53485b8.qoqo_calculator_pyo3.9de28e9721cc09-cgu.09.rcgu.o:(pyo3_ffi::object::Py_None::h8618a5813159ec05) in archive /opt/rustwide/target/debug/deps/libqoqo_calculator_pyo3-3fbc6953f53485b8.rlib
[INFO] [stdout]           >>> referenced 1 more times
[INFO] [stdout]           
[INFO] [stdout]           rust-lld: error: undefined symbol: PyTuple_New
[INFO] [stdout]           >>> referenced by tuple.rs:718 (/opt/rustwide/cargo-home/registry/src/index.crates.io-6f17d22bba15001f/pyo3-0.21.2/src/types/tuple.rs:718)
[INFO] [stdout]           >>>               struqture_py-35752acc8e060a6a.struqture_py.d4cd65f0174f59b6-cgu.09.rcgu.o:(pyo3::types::tuple::array_into_tuple::h4d66eecd0274be89) in archive /opt/rustwide/target/debug/deps/libstruqture_py-35752acc8e060a6a.rlib
[INFO] [stdout]           >>> referenced by tuple.rs:718 (src/types/tuple.rs:718)
[INFO] [stdout]           >>>               pyo3-617859388d52a847.pyo3.e2dd132a232515d1-cgu.12.rcgu.o:(pyo3::types::tuple::array_into_tuple::h41fd377c4a620d45) in archive /opt/rustwide/target/debug/deps/libpyo3-617859388d52a847.rlib
[INFO] [stdout]           >>> referenced by tuple.rs:718 (src/types/tuple.rs:718)
[INFO] [stdout]           >>>               pyo3-617859388d52a847.pyo3.e2dd132a232515d1-cgu.12.rcgu.o:(pyo3::types::tuple::array_into_tuple::he14f3e9d27b7ec83) in archive /opt/rustwide/target/debug/deps/libpyo3-617859388d52a847.rlib
[INFO] [stdout]           
[INFO] [stdout]           rust-lld: error: undefined symbol: PyDict_New
[INFO] [stdout]           >>> referenced by dict.rs:74 (src/types/dict.rs:74)
[INFO] [stdout]           >>>               pyo3-617859388d52a847.pyo3.e2dd132a232515d1-cgu.12.rcgu.o:(pyo3::types::dict::PyDict::new_bound::h5e8c92afe14f43d0) in archive /opt/rustwide/target/debug/deps/libpyo3-617859388d52a847.rlib
[INFO] [stdout]           
[INFO] [stdout]           rust-lld: error: undefined symbol: PyDict_SetItem
[INFO] [stdout]           >>> referenced by dict.rs:459 (src/types/dict.rs:459)
[INFO] [stdout]           >>>               pyo3-617859388d52a847.pyo3.e2dd132a232515d1-cgu.12.rcgu.o:(_$LT$pyo3..instance..Bound$LT$pyo3..types..dict..PyDict$GT$$u20$as$u20$pyo3..types..dict..PyDictMethods$GT$::set_item::inner::hee1c5940ff57c31e) in archive /opt/rustwide/target/debug/deps/libpyo3-617859388d52a847.rlib
[INFO] [stdout]           >>> referenced by marker.rs:715 (src/marker.rs:715)
[INFO] [stdout]           >>>               pyo3-617859388d52a847.pyo3.e2dd132a232515d1-cgu.08.rcgu.o:(pyo3::marker::Python::run_code::hd25f31aa182a9c1b) in archive /opt/rustwide/target/debug/deps/libpyo3-617859388d52a847.rlib
[INFO] [stdout]           
[INFO] [stdout]           rust-lld: error: undefined symbol: PyFloat_FromDouble
[INFO] [stdout]           >>> referenced by float.rs:43 (src/types/float.rs:43)
[INFO] [stdout]           >>>               pyo3-617859388d52a847.pyo3.e2dd132a232515d1-cgu.12.rcgu.o:(pyo3::types::float::PyFloat::new_bound::h636f56a7f05137d1) in archive /opt/rustwide/target/debug/deps/libpyo3-617859388d52a847.rlib
[INFO] [stdout]           
[INFO] [stdout]           rust-lld: error: undefined symbol: PyFloat_AsDouble
[INFO] [stdout]           >>> referenced by float.rs:111 (src/types/float.rs:111)
[INFO] [stdout]           >>>               pyo3-617859388d52a847.pyo3.e2dd132a232515d1-cgu.12.rcgu.o:(pyo3::types::float::_$LT$impl$u20$pyo3..conversion..FromPyObject$u20$for$u20$f64$GT$::extract_bound::h92e6f7848b92e240) in archive /opt/rustwide/target/debug/deps/libpyo3-617859388d52a847.rlib
[INFO] [stdout]           
[INFO] [stdout]           rust-lld: error: undefined symbol: PyObject_GetIter
[INFO] [stdout]           >>> referenced by iterator.rs:52 (src/types/iterator.rs:52)
[INFO] [stdout]           >>>               pyo3-617859388d52a847.pyo3.e2dd132a232515d1-cgu.12.rcgu.o:(pyo3::types::iterator::PyIterator::from_bound_object::hadddb4cd41e04bf4) in archive /opt/rustwide/target/debug/deps/libpyo3-617859388d52a847.rlib
[INFO] [stdout]           
[INFO] [stdout]           rust-lld: error: undefined symbol: PyException_SetTraceback
[INFO] [stdout]           >>> referenced by mod.rs:351 (src/err/mod.rs:351)
[INFO] [stdout]           >>>               pyo3-617859388d52a847.pyo3.e2dd132a232515d1-cgu.13.rcgu.o:(pyo3::err::PyErr::into_value::hd27c972deb19c0be) in archive /opt/rustwide/target/debug/deps/libpyo3-617859388d52a847.rlib
[INFO] [stdout]           
[INFO] [stdout]           rust-lld: error: undefined symbol: PyErr_Fetch
[INFO] [stdout]           >>> referenced by mod.rs:409 (src/err/mod.rs:409)
[INFO] [stdout]           >>>               pyo3-617859388d52a847.pyo3.e2dd132a232515d1-cgu.13.rcgu.o:(pyo3::err::PyErr::_take::h848dbcbaf1a57091) in archive /opt/rustwide/target/debug/deps/libpyo3-617859388d52a847.rlib
[INFO] [stdout]           >>> referenced by err_state.rs:212 (src/err/err_state.rs:212)
[INFO] [stdout]           >>>               pyo3-617859388d52a847.pyo3.e2dd132a232515d1-cgu.05.rcgu.o:(pyo3::err::err_state::lazy_into_normalized_ffi_tuple::h9c1b114a50c3f2f9) in archive /opt/rustwide/target/debug/deps/libpyo3-617859388d52a847.rlib
[INFO] [stdout]           
[INFO] [stdout]           rust-lld: error: undefined symbol: PyErr_PrintEx
[INFO] [stdout]           >>> referenced by mod.rs:480 (src/err/mod.rs:480)
[INFO] [stdout]           >>>               pyo3-617859388d52a847.pyo3.e2dd132a232515d1-cgu.13.rcgu.o:(pyo3::err::PyErr::print_panic_and_unwind::hb2bb96ef5755f86f) in archive /opt/rustwide/target/debug/deps/libpyo3-617859388d52a847.rlib
[INFO] [stdout]           >>> referenced by mod.rs:616 (src/err/mod.rs:616)
[INFO] [stdout]           >>>               pyo3-617859388d52a847.pyo3.e2dd132a232515d1-cgu.13.rcgu.o:(pyo3::err::PyErr::print::h7c4e1d66fd7914a2) in archive /opt/rustwide/target/debug/deps/libpyo3-617859388d52a847.rlib
[INFO] [stdout]           
[INFO] [stdout]           rust-lld: error: undefined symbol: PyFloat_Type
[INFO] [stdout]           >>> referenced by mod.rs:226 (src/types/mod.rs:226)
[INFO] [stdout]           >>>               pyo3-617859388d52a847.pyo3.e2dd132a232515d1-cgu.12.rcgu.o:(_$LT$pyo3..types..float..PyFloat$u20$as$u20$pyo3..type_object..PyTypeInfo$GT$::type_object_raw::_$u7b$$u7b$closure$u7d$$u7d$::hc0b978f1a79d4174) in archive /opt/rustwide/target/debug/deps/libpyo3-617859388d52a847.rlib
[INFO] [stdout]           >>> referenced by floatobject.rs:17 (/opt/rustwide/cargo-home/registry/src/index.crates.io-6f17d22bba15001f/pyo3-ffi-0.21.2/src/floatobject.rs:17)
[INFO] [stdout]           >>>               pyo3-617859388d52a847.pyo3.e2dd132a232515d1-cgu.07.rcgu.o:(pyo3_ffi::floatobject::PyFloat_Check::hd11adf69a5207c7e) in archive /opt/rustwide/target/debug/deps/libpyo3-617859388d52a847.rlib
[INFO] [stdout]           
[INFO] [stdout]           rust-lld: error: undefined symbol: PyErr_NewExceptionWithDoc
[INFO] [stdout]           >>> referenced by mod.rs:577 (src/err/mod.rs:577)
[INFO] [stdout]           >>>               pyo3-617859388d52a847.pyo3.e2dd132a232515d1-cgu.13.rcgu.o:(pyo3::err::PyErr::new_type_bound::he485f23d0b17460d) in archive /opt/rustwide/target/debug/deps/libpyo3-617859388d52a847.rlib
[INFO] [stdout]           
[INFO] [stdout]           rust-lld: error: too many errors emitted, stopping now (use --error-limit=0 to see all errors)
[INFO] [stdout]           collect2: error: ld returned 1 exit status
[INFO] [stdout]           
[INFO] [stdout] 
[INFO] [stdout] 
[INFO] [stderr] error: could not compile `qoqo_qiskit_devices` (lib test) due to 1 previous error
[INFO] running `Command { std: "docker" "inspect" "75b0ca5067224ec80135aa309dd394d2a037ad2d97f8d6b030718a2fabe213cf", kill_on_drop: false }`
[INFO] running `Command { std: "docker" "rm" "-f" "75b0ca5067224ec80135aa309dd394d2a037ad2d97f8d6b030718a2fabe213cf", kill_on_drop: false }`
[INFO] [stdout] 75b0ca5067224ec80135aa309dd394d2a037ad2d97f8d6b030718a2fabe213cf
