[INFO] fetching crate qoqo_qir 0.1.1...
[INFO] testing qoqo_qir-0.1.1 against nightly-2024-10-28 for randomize-layout
[INFO] extracting crate qoqo_qir 0.1.1 into /workspace/builds/worker-0-tc1/source
[INFO] validating manifest of crates.io crate qoqo_qir 0.1.1 on toolchain nightly-2024-10-28
[INFO] running `Command { std: CARGO_HOME="/workspace/cargo-home" RUSTUP_HOME="/workspace/rustup-home" "/workspace/cargo-home/bin/cargo" "+nightly-2024-10-28" "metadata" "--manifest-path" "Cargo.toml" "--no-deps", kill_on_drop: false }`
[INFO] started tweaking crates.io crate qoqo_qir 0.1.1
[INFO] finished tweaking crates.io crate qoqo_qir 0.1.1
[INFO] tweaked toml for crates.io crate qoqo_qir 0.1.1 written to /workspace/builds/worker-0-tc1/source/Cargo.toml
[INFO] running `Command { std: CARGO_HOME="/workspace/cargo-home" RUSTUP_HOME="/workspace/rustup-home" "/workspace/cargo-home/bin/cargo" "+nightly-2024-10-28" "generate-lockfile" "--manifest-path" "Cargo.toml", kill_on_drop: false }`
[INFO] [stderr]     Updating crates.io index
[INFO] [stderr]      Locking 120 packages to latest compatible versions
[INFO] [stderr]       Adding clap v4.4.18 (available: v4.5.20)
[INFO] [stderr]       Adding clap_builder v4.4.18 (available: v4.5.20)
[INFO] [stderr]       Adding ndarray v0.15.6 (available: v0.16.1)
[INFO] [stderr]       Adding pyo3 v0.21.2 (available: v0.22.5)
[INFO] [stderr]       Adding pyo3-build-config v0.21.2 (available: v0.22.5)
[INFO] [stderr]       Adding qoqo v1.15.2 (available: v1.16.0)
[INFO] [stderr]       Adding qoqo-macros v1.15.2 (available: v1.16.0)
[INFO] [stderr]       Adding qoqo_calculator v1.2.4 (available: v1.3.0)
[INFO] [stderr]       Adding qoqo_calculator_pyo3 v1.2.4 (available: v1.3.0)
[INFO] [stderr]       Adding roqoqo v1.15.2 (available: v1.16.0)
[INFO] [stderr]       Adding roqoqo-derive v1.15.2 (available: v1.16.0)
[INFO] running `Command { std: CARGO_HOME="/workspace/cargo-home" RUSTUP_HOME="/workspace/rustup-home" "/workspace/cargo-home/bin/cargo" "+nightly-2024-10-28" "fetch" "--manifest-path" "Cargo.toml", kill_on_drop: false }`
[INFO] [stderr]  Downloading crates ...
[INFO] [stderr]   Downloaded roqoqo v1.15.2
[INFO] [stderr]   Downloaded roqoqo-derive v1.15.2
[INFO] [stderr]   Downloaded roqoqo-qir v0.1.1
[INFO] [stderr]   Downloaded qoqo-macros v1.15.2
[INFO] [stderr]   Downloaded struqture-py-macros v1.9.2
[INFO] [stderr]   Downloaded qoqo_calculator v1.2.4
[INFO] [stderr]   Downloaded qoqo_calculator_pyo3 v1.2.4
[INFO] [stderr]   Downloaded struqture-py v1.9.2
[INFO] [stderr]   Downloaded struqture v2.0.0-alpha.3
[INFO] [stderr]   Downloaded qoqo v1.15.2
[INFO] [stderr]   Downloaded struqture v1.9.2
[INFO] running `Command { std: "docker" "create" "-v" "/var/lib/crater-agent-workspace/builds/worker-0-tc1/target:/opt/rustwide/target:rw,Z" "-v" "/var/lib/crater-agent-workspace/builds/worker-0-tc1/source:/opt/rustwide/workdir:ro,Z" "-v" "/var/lib/crater-agent-workspace/cargo-home:/opt/rustwide/cargo-home:ro,Z" "-v" "/var/lib/crater-agent-workspace/rustup-home:/opt/rustwide/rustup-home:ro,Z" "-e" "SOURCE_DIR=/opt/rustwide/workdir" "-e" "CARGO_TARGET_DIR=/opt/rustwide/target" "-e" "CARGO_HOME=/opt/rustwide/cargo-home" "-e" "RUSTUP_HOME=/opt/rustwide/rustup-home" "-w" "/opt/rustwide/workdir" "-m" "1610612736" "--user" "0:0" "--network" "none" "ghcr.io/rust-lang/crates-build-env/linux@sha256:4a844ea9eb2546a2d2c7022eacef16ef2e8229c7fbb2c7d4d55a9ceca922f72d" "/opt/rustwide/cargo-home/bin/cargo" "+nightly-2024-10-28" "metadata" "--no-deps" "--format-version=1", kill_on_drop: false }`
[INFO] [stdout] 465f3f8ebbe44c268784b4fc4bf210f16672b665d0df4be216c84999eb801a18
[INFO] running `Command { std: "docker" "start" "-a" "465f3f8ebbe44c268784b4fc4bf210f16672b665d0df4be216c84999eb801a18", kill_on_drop: false }`
[INFO] running `Command { std: "docker" "inspect" "465f3f8ebbe44c268784b4fc4bf210f16672b665d0df4be216c84999eb801a18", kill_on_drop: false }`
[INFO] running `Command { std: "docker" "rm" "-f" "465f3f8ebbe44c268784b4fc4bf210f16672b665d0df4be216c84999eb801a18", kill_on_drop: false }`
[INFO] [stdout] 465f3f8ebbe44c268784b4fc4bf210f16672b665d0df4be216c84999eb801a18
[INFO] running `Command { std: "docker" "create" "-v" "/var/lib/crater-agent-workspace/builds/worker-0-tc1/target:/opt/rustwide/target:rw,Z" "-v" "/var/lib/crater-agent-workspace/builds/worker-0-tc1/source:/opt/rustwide/workdir:ro,Z" "-v" "/var/lib/crater-agent-workspace/cargo-home:/opt/rustwide/cargo-home:ro,Z" "-v" "/var/lib/crater-agent-workspace/rustup-home:/opt/rustwide/rustup-home:ro,Z" "-e" "SOURCE_DIR=/opt/rustwide/workdir" "-e" "CARGO_TARGET_DIR=/opt/rustwide/target" "-e" "CARGO_INCREMENTAL=0" "-e" "RUST_BACKTRACE=full" "-e" "RUSTFLAGS=--cap-lints=forbid" "-e" "RUSTDOCFLAGS=--cap-lints=forbid" "-e" "CARGO_HOME=/opt/rustwide/cargo-home" "-e" "RUSTUP_HOME=/opt/rustwide/rustup-home" "-w" "/opt/rustwide/workdir" "-m" "1610612736" "--user" "0:0" "--network" "none" "ghcr.io/rust-lang/crates-build-env/linux@sha256:4a844ea9eb2546a2d2c7022eacef16ef2e8229c7fbb2c7d4d55a9ceca922f72d" "/opt/rustwide/cargo-home/bin/cargo" "+nightly-2024-10-28" "build" "--frozen" "--message-format=json", kill_on_drop: false }`
[INFO] [stdout] 7692022c39b2479bd55244468b1f7e3346ad42b2fb0bb58d77963106d71dff91
[INFO] running `Command { std: "docker" "start" "-a" "7692022c39b2479bd55244468b1f7e3346ad42b2fb0bb58d77963106d71dff91", kill_on_drop: false }`
[INFO] [stderr]    Compiling target-lexicon v0.12.16
[INFO] [stderr]    Compiling serde v1.0.214
[INFO] [stderr]    Compiling libm v0.2.11
[INFO] [stderr]    Compiling once_cell v1.20.2
[INFO] [stderr]    Compiling rawpointer v0.2.1
[INFO] [stderr]    Compiling num-traits v0.2.19
[INFO] [stderr]    Compiling memoffset v0.9.1
[INFO] [stderr]    Compiling portable-atomic v1.9.0
[INFO] [stderr]    Compiling heck v0.4.1
[INFO] [stderr]    Compiling syn v2.0.86
[INFO] [stderr]    Compiling parking_lot_core v0.9.10
[INFO] [stderr]    Compiling matrixmultiply v0.3.9
[INFO] [stderr]    Compiling indoc v2.0.5
[INFO] [stderr]    Compiling unindent v0.2.3
[INFO] [stderr]    Compiling byteorder v1.5.0
[INFO] [stderr]    Compiling getrandom v0.2.15
[INFO] [stderr]    Compiling itertools v0.13.0
[INFO] [stderr]    Compiling aho-corasick v1.1.3
[INFO] [stderr]    Compiling rand_core v0.6.4
[INFO] [stderr]    Compiling regex-syntax v0.8.5
[INFO] [stderr]    Compiling hashbrown v0.15.0
[INFO] [stderr]    Compiling bytemuck v1.19.0
[INFO] [stderr]    Compiling inventory v0.3.15
[INFO] [stderr]    Compiling parking_lot v0.12.3
[INFO] [stderr]    Compiling fixedbitset v0.4.2
[INFO] [stderr]    Compiling safe_arch v0.7.2
[INFO] [stderr]    Compiling clap_lex v0.6.0
[INFO] [stderr]    Compiling rustc-hash v1.1.0
[INFO] [stderr]    Compiling strsim v0.10.0
[INFO] [stderr]    Compiling clap_builder v4.4.18
[INFO] [stderr]    Compiling pyo3-build-config v0.21.2
[INFO] [stderr]    Compiling indexmap v2.6.0
[INFO] [stderr]    Compiling wide v0.7.28
[INFO] [stderr]    Compiling num-integer v0.1.46
[INFO] [stderr]    Compiling approx v0.5.1
[INFO] [stderr]    Compiling pyo3-ffi v0.21.2
[INFO] [stderr]    Compiling pyo3 v0.21.2
[INFO] [stderr]    Compiling num-rational v0.4.2
[INFO] [stderr]    Compiling regex-automata v0.4.8
[INFO] [stderr]    Compiling clap v4.4.18
[INFO] [stderr]    Compiling serde_derive_internals v0.29.1
[INFO] [stderr]    Compiling pyo3-macros-backend v0.21.2
[INFO] [stderr]    Compiling test-case-core v3.3.1
[INFO] [stderr]    Compiling regex v1.11.1
[INFO] [stderr]    Compiling serde_derive v1.0.214
[INFO] [stderr]    Compiling thiserror-impl v1.0.66
[INFO] [stderr]    Compiling zerocopy-derive v0.7.35
[INFO] [stderr]    Compiling nalgebra-macros v0.2.2
[INFO] [stderr]    Compiling roqoqo-derive v1.15.2
[INFO] [stderr]    Compiling schemars_derive v0.8.21
[INFO] [stderr]    Compiling test-case-macros v3.3.1
[INFO] [stderr]    Compiling test-case v3.3.1
[INFO] [stderr]    Compiling zerocopy v0.7.35
[INFO] [stderr]    Compiling thiserror v1.0.66
[INFO] [stderr]    Compiling ppv-lite86 v0.2.20
[INFO] [stderr]    Compiling rand_chacha v0.3.1
[INFO] [stderr]    Compiling rand v0.8.5
[INFO] [stderr]    Compiling rand_distr v0.4.3
[INFO] [stderr]    Compiling pyo3-macros v0.21.2
[INFO] [stderr]    Compiling roqoqo v1.15.2
[INFO] [stderr]    Compiling num-complex v0.4.6
[INFO] [stderr]    Compiling serde_json v1.0.132
[INFO] [stderr]    Compiling tinyvec v1.8.0
[INFO] [stderr]    Compiling bincode v1.3.3
[INFO] [stderr]    Compiling petgraph v0.6.5
[INFO] [stderr]    Compiling ndarray v0.15.6
[INFO] [stderr]    Compiling simba v0.8.1
[INFO] [stderr]    Compiling struqture-py-macros v1.9.2
[INFO] [stderr]    Compiling schemars v0.8.21
[INFO] [stderr]    Compiling struqture-py v1.9.2
[INFO] [stderr]    Compiling qoqo v1.15.2
[INFO] [stderr]    Compiling qoqo_calculator v1.2.4
[INFO] [stderr]    Compiling struqture v1.9.2
[INFO] [stderr]    Compiling numpy v0.21.0
[INFO] [stderr]    Compiling qoqo_calculator_pyo3 v1.2.4
[INFO] [stderr]    Compiling nalgebra v0.32.6
[INFO] [stderr]    Compiling struqture v2.0.0-alpha.3
[INFO] [stderr]    Compiling qoqo-macros v1.15.2
[INFO] [stderr]    Compiling roqoqo-qir v0.1.1
[INFO] [stderr]    Compiling qoqo_qir v0.1.1 (/opt/rustwide/workdir)
[INFO] [stderr]     Finished `dev` profile [unoptimized + debuginfo] target(s) in 58.54s
[INFO] running `Command { std: "docker" "inspect" "7692022c39b2479bd55244468b1f7e3346ad42b2fb0bb58d77963106d71dff91", kill_on_drop: false }`
[INFO] running `Command { std: "docker" "rm" "-f" "7692022c39b2479bd55244468b1f7e3346ad42b2fb0bb58d77963106d71dff91", kill_on_drop: false }`
[INFO] [stdout] 7692022c39b2479bd55244468b1f7e3346ad42b2fb0bb58d77963106d71dff91
[INFO] running `Command { std: "docker" "create" "-v" "/var/lib/crater-agent-workspace/builds/worker-0-tc1/target:/opt/rustwide/target:rw,Z" "-v" "/var/lib/crater-agent-workspace/builds/worker-0-tc1/source:/opt/rustwide/workdir:ro,Z" "-v" "/var/lib/crater-agent-workspace/cargo-home:/opt/rustwide/cargo-home:ro,Z" "-v" "/var/lib/crater-agent-workspace/rustup-home:/opt/rustwide/rustup-home:ro,Z" "-e" "SOURCE_DIR=/opt/rustwide/workdir" "-e" "CARGO_TARGET_DIR=/opt/rustwide/target" "-e" "CARGO_INCREMENTAL=0" "-e" "RUST_BACKTRACE=full" "-e" "RUSTFLAGS=--cap-lints=forbid" "-e" "RUSTDOCFLAGS=--cap-lints=forbid" "-e" "CARGO_HOME=/opt/rustwide/cargo-home" "-e" "RUSTUP_HOME=/opt/rustwide/rustup-home" "-w" "/opt/rustwide/workdir" "-m" "1610612736" "--user" "0:0" "--network" "none" "ghcr.io/rust-lang/crates-build-env/linux@sha256:4a844ea9eb2546a2d2c7022eacef16ef2e8229c7fbb2c7d4d55a9ceca922f72d" "/opt/rustwide/cargo-home/bin/cargo" "+nightly-2024-10-28" "test" "--frozen" "--no-run" "--message-format=json", kill_on_drop: false }`
[INFO] [stdout] b1b8d8e71f4db5339adf775a1e4cd0dd53f4648258cd1ebc43503e6d8c74c187
[INFO] running `Command { std: "docker" "start" "-a" "b1b8d8e71f4db5339adf775a1e4cd0dd53f4648258cd1ebc43503e6d8c74c187", kill_on_drop: false }`
[INFO] [stderr]    Compiling qoqo_qir v0.1.1 (/opt/rustwide/workdir)
[INFO] [stdout] error: linking with `cc` failed: exit status: 1
[INFO] [stdout]   |
[INFO] [stdout]   = note: LC_ALL="C" PATH="/opt/rustwide/rustup-home/toolchains/nightly-2024-10-28-x86_64-unknown-linux-gnu/lib/rustlib/x86_64-unknown-linux-gnu/bin:/opt/rustwide/rustup-home/toolchains/nightly-2024-10-28-x86_64-unknown-linux-gnu/lib/rustlib/x86_64-unknown-linux-gnu/bin/self-contained:/opt/rustwide/cargo-home/bin:/usr/local/sbin:/usr/local/bin:/usr/sbin:/usr/bin:/sbin:/bin" VSLANG="1033" "cc" "-m64" "/tmp/rustceJf1P0/symbols.o" "/opt/rustwide/target/debug/deps/qoqo_qir-0af168bff767631d.qoqo_qir.ac9c4c3d5ae2632c-cgu.0.rcgu.o" "/opt/rustwide/target/debug/deps/qoqo_qir-0af168bff767631d.5emi8y6iyz3lssbbb62bypmiw.rcgu.o" "-Wl,--as-needed" "-Wl,-Bstatic" "/opt/rustwide/rustup-home/toolchains/nightly-2024-10-28-x86_64-unknown-linux-gnu/lib/rustlib/x86_64-unknown-linux-gnu/lib/libtest-a09fad3b5321e7d6.rlib" "/opt/rustwide/rustup-home/toolchains/nightly-2024-10-28-x86_64-unknown-linux-gnu/lib/rustlib/x86_64-unknown-linux-gnu/lib/libgetopts-f9c3dff41ad42661.rlib" "/opt/rustwide/rustup-home/toolchains/nightly-2024-10-28-x86_64-unknown-linux-gnu/lib/rustlib/x86_64-unknown-linux-gnu/lib/libunicode_width-ad2aef31af6addd3.rlib" "/opt/rustwide/rustup-home/toolchains/nightly-2024-10-28-x86_64-unknown-linux-gnu/lib/rustlib/x86_64-unknown-linux-gnu/lib/librustc_std_workspace_std-e3f907dc03deb913.rlib" "/opt/rustwide/target/debug/deps/libroqoqo_qir-0f80d3df0d0e07db.rlib" "/opt/rustwide/target/debug/deps/liblazy_static-7af2f34f8b124b26.rlib" "/opt/rustwide/target/debug/deps/libqoqo-5cf3d3ddb488e957.rlib" "/opt/rustwide/target/debug/deps/libstruqture_py-35752acc8e060a6a.rlib" "/opt/rustwide/target/debug/deps/libstruqture-8c713566d801a7e4.rlib" "/opt/rustwide/target/debug/deps/libitertools-083f35ac5086d8ef.rlib" "/opt/rustwide/target/debug/deps/libroqoqo-0d90a705766ad279.rlib" "/opt/rustwide/target/debug/deps/libstruqture-97c3f7bc15ce6c64.rlib" "/opt/rustwide/target/debug/deps/libitertools-606cceed5b988775.rlib" "/opt/rustwide/target/debug/deps/libeither-386a0ff0e76518e4.rlib" "/opt/rustwide/target/debug/deps/libtinyvec-eb856b9b33fa7524.rlib" "/opt/rustwide/target/debug/deps/libtinyvec_macros-66661c55905090ec.rlib" "/opt/rustwide/target/debug/deps/libnalgebra-095bfc12950ca4b1.rlib" "/opt/rustwide/target/debug/deps/libnum_rational-ba93393ac91e5639.rlib" "/opt/rustwide/target/debug/deps/libtypenum-5326f72807cfe834.rlib" "/opt/rustwide/target/debug/deps/libsimba-f8d9cfdc6f90bebd.rlib" "/opt/rustwide/target/debug/deps/libwide-0a54233eee15b652.rlib" "/opt/rustwide/target/debug/deps/libsafe_arch-add735df2d4c7dd7.rlib" "/opt/rustwide/target/debug/deps/libbytemuck-b219afd492cc01b6.rlib" "/opt/rustwide/target/debug/deps/libapprox-33a77d5496612780.rlib" "/opt/rustwide/target/debug/deps/libbincode-9d93e3a7403abf9b.rlib" "/opt/rustwide/target/debug/deps/librand_distr-b4f8abf85eeccbd8.rlib" "/opt/rustwide/target/debug/deps/librand-db870db990b885fe.rlib" "/opt/rustwide/target/debug/deps/librand_chacha-868c4e1762a879e6.rlib" "/opt/rustwide/target/debug/deps/libppv_lite86-76f44e4df6b2ad87.rlib" "/opt/rustwide/target/debug/deps/libzerocopy-6a61bae8578e2cc7.rlib" "/opt/rustwide/target/debug/deps/libbyteorder-7817d47eb31dfb0c.rlib" "/opt/rustwide/target/debug/deps/librand_core-0300dee92e55e3b5.rlib" "/opt/rustwide/target/debug/deps/libgetrandom-54cd17dd5507d029.rlib" "/opt/rustwide/target/debug/deps/libpetgraph-09f8f5024603fda2.rlib" "/opt/rustwide/target/debug/deps/libindexmap-dc95a38cbf6415fa.rlib" "/opt/rustwide/target/debug/deps/libequivalent-9e89cbd86631a94f.rlib" "/opt/rustwide/target/debug/deps/libhashbrown-29cea3b674da82b3.rlib" "/opt/rustwide/target/debug/deps/libfixedbitset-e62d79dae90481b3.rlib" "/opt/rustwide/target/debug/deps/libqoqo_calculator_pyo3-3fbc6953f53485b8.rlib" "/opt/rustwide/target/debug/deps/libqoqo_calculator-3684361681c15721.rlib" "/opt/rustwide/target/debug/deps/libthiserror-bd4dc20d74d8d012.rlib" "/opt/rustwide/target/debug/deps/libschemars-5d864d62cc0e3455.rlib" "/opt/rustwide/target/debug/deps/libdyn_clone-199529a542abdc70.rlib" "/opt/rustwide/target/debug/deps/libserde_json-c90d612475a6f7cb.rlib" "/opt/rustwide/target/debug/deps/libmemchr-34eb650b64c0b1fd.rlib" "/opt/rustwide/target/debug/deps/libitoa-add5260810035b6e.rlib" "/opt/rustwide/target/debug/deps/libryu-2ae7af5af0bb88e0.rlib" "/opt/rustwide/target/debug/deps/libnumpy-cc1df1882ed8d50b.rlib" "/opt/rustwide/target/debug/deps/librustc_hash-449b4f68ddd88550.rlib" "/opt/rustwide/target/debug/deps/libndarray-f72c12c79b8b2031.rlib" "/opt/rustwide/target/debug/deps/libmatrixmultiply-f4ef83edbd5be4df.rlib" "/opt/rustwide/target/debug/deps/libnum_integer-b9eaa4ef6c41fbb9.rlib" "/opt/rustwide/target/debug/deps/librawpointer-9a82b3d0237eca24.rlib" "/opt/rustwide/target/debug/deps/libpyo3-617859388d52a847.rlib" "/opt/rustwide/target/debug/deps/libmemoffset-2a36707ba2ee8ddf.rlib" "/opt/rustwide/target/debug/deps/libportable_atomic-3fc6fe1a5f5af45f.rlib" "/opt/rustwide/target/debug/deps/libparking_lot-48105096751b50b5.rlib" "/opt/rustwide/target/debug/deps/libparking_lot_core-065241234d420790.rlib" "/opt/rustwide/target/debug/deps/libcfg_if-57bf25c23e31efdb.rlib" "/opt/rustwide/target/debug/deps/libsmallvec-756ee87804f0eec5.rlib" "/opt/rustwide/target/debug/deps/liblock_api-e2cb0d427dfba242.rlib" "/opt/rustwide/target/debug/deps/libscopeguard-003ee3b9b09cebdb.rlib" "/opt/rustwide/target/debug/deps/libpyo3_ffi-ff6980f5662977ca.rlib" "/opt/rustwide/target/debug/deps/liblibc-663f09ba3db1840e.rlib" "/opt/rustwide/target/debug/deps/libnum_complex-4202e716ad3b0641.rlib" "/opt/rustwide/target/debug/deps/libserde-922368a761081130.rlib" "/opt/rustwide/target/debug/deps/libnum_traits-81eb09d354fc8f28.rlib" "/opt/rustwide/target/debug/deps/libinventory-1f923eb2f657efbc.rlib" "/opt/rustwide/target/debug/deps/libunindent-d4a81d586b9d0458.rlib" "/opt/rustwide/rustup-home/toolchains/nightly-2024-10-28-x86_64-unknown-linux-gnu/lib/rustlib/x86_64-unknown-linux-gnu/lib/libstd-fb8c387236db3c10.rlib" "/opt/rustwide/rustup-home/toolchains/nightly-2024-10-28-x86_64-unknown-linux-gnu/lib/rustlib/x86_64-unknown-linux-gnu/lib/libpanic_unwind-b251837809b2f64b.rlib" "/opt/rustwide/rustup-home/toolchains/nightly-2024-10-28-x86_64-unknown-linux-gnu/lib/rustlib/x86_64-unknown-linux-gnu/lib/libobject-cbef83eaa4e01f04.rlib" "/opt/rustwide/rustup-home/toolchains/nightly-2024-10-28-x86_64-unknown-linux-gnu/lib/rustlib/x86_64-unknown-linux-gnu/lib/libmemchr-12a772286de2fca7.rlib" "/opt/rustwide/rustup-home/toolchains/nightly-2024-10-28-x86_64-unknown-linux-gnu/lib/rustlib/x86_64-unknown-linux-gnu/lib/libaddr2line-023bbe5ada7abfc3.rlib" "/opt/rustwide/rustup-home/toolchains/nightly-2024-10-28-x86_64-unknown-linux-gnu/lib/rustlib/x86_64-unknown-linux-gnu/lib/libgimli-de2bcdf10ec69c2b.rlib" "/opt/rustwide/rustup-home/toolchains/nightly-2024-10-28-x86_64-unknown-linux-gnu/lib/rustlib/x86_64-unknown-linux-gnu/lib/librustc_demangle-8e1754df350800fd.rlib" "/opt/rustwide/rustup-home/toolchains/nightly-2024-10-28-x86_64-unknown-linux-gnu/lib/rustlib/x86_64-unknown-linux-gnu/lib/libstd_detect-06c2ab7b9c32e037.rlib" "/opt/rustwide/rustup-home/toolchains/nightly-2024-10-28-x86_64-unknown-linux-gnu/lib/rustlib/x86_64-unknown-linux-gnu/lib/libhashbrown-51d2621fc57a281b.rlib" "/opt/rustwide/rustup-home/toolchains/nightly-2024-10-28-x86_64-unknown-linux-gnu/lib/rustlib/x86_64-unknown-linux-gnu/lib/librustc_std_workspace_alloc-54a930408793772f.rlib" "/opt/rustwide/rustup-home/toolchains/nightly-2024-10-28-x86_64-unknown-linux-gnu/lib/rustlib/x86_64-unknown-linux-gnu/lib/libminiz_oxide-0c7d01cba400dcb2.rlib" "/opt/rustwide/rustup-home/toolchains/nightly-2024-10-28-x86_64-unknown-linux-gnu/lib/rustlib/x86_64-unknown-linux-gnu/lib/libadler-b9f84d69e331b75b.rlib" "/opt/rustwide/rustup-home/toolchains/nightly-2024-10-28-x86_64-unknown-linux-gnu/lib/rustlib/x86_64-unknown-linux-gnu/lib/libunwind-eec95493246aae39.rlib" "/opt/rustwide/rustup-home/toolchains/nightly-2024-10-28-x86_64-unknown-linux-gnu/lib/rustlib/x86_64-unknown-linux-gnu/lib/libcfg_if-6f6676c475e08ab0.rlib" "/opt/rustwide/rustup-home/toolchains/nightly-2024-10-28-x86_64-unknown-linux-gnu/lib/rustlib/x86_64-unknown-linux-gnu/lib/liblibc-799d520624f8b2e0.rlib" "/opt/rustwide/rustup-home/toolchains/nightly-2024-10-28-x86_64-unknown-linux-gnu/lib/rustlib/x86_64-unknown-linux-gnu/lib/liballoc-fcf93d4842acd9a9.rlib" "/opt/rustwide/rustup-home/toolchains/nightly-2024-10-28-x86_64-unknown-linux-gnu/lib/rustlib/x86_64-unknown-linux-gnu/lib/librustc_std_workspace_core-395a38b8e0851c9b.rlib" "/opt/rustwide/rustup-home/toolchains/nightly-2024-10-28-x86_64-unknown-linux-gnu/lib/rustlib/x86_64-unknown-linux-gnu/lib/libcore-d453bab70303062c.rlib" "/opt/rustwide/rustup-home/toolchains/nightly-2024-10-28-x86_64-unknown-linux-gnu/lib/rustlib/x86_64-unknown-linux-gnu/lib/libcompiler_builtins-0e6386368b0a24e8.rlib" "-Wl,-Bdynamic" "-lgcc_s" "-lutil" "-lrt" "-lpthread" "-lm" "-ldl" "-lc" "-B/opt/rustwide/rustup-home/toolchains/nightly-2024-10-28-x86_64-unknown-linux-gnu/lib/rustlib/x86_64-unknown-linux-gnu/bin/gcc-ld" "-fuse-ld=lld" "-Wl,--eh-frame-hdr" "-Wl,-z,noexecstack" "-L" "/opt/rustwide/rustup-home/toolchains/nightly-2024-10-28-x86_64-unknown-linux-gnu/lib/rustlib/x86_64-unknown-linux-gnu/lib" "-o" "/opt/rustwide/target/debug/deps/qoqo_qir-0af168bff767631d" "-Wl,--gc-sections" "-pie" "-Wl,-z,relro,-z,now" "-nodefaultlibs"
[INFO] [stdout]   = note: rust-lld: error: undefined symbol: PyObject_GC_UnTrack
[INFO] [stdout]           >>> referenced by pyclass.rs:1125 (/opt/rustwide/cargo-home/registry/src/index.crates.io-6f17d22bba15001f/pyo3-0.21.2/src/impl_/pyclass.rs:1125)
[INFO] [stdout]           >>>               /opt/rustwide/target/debug/deps/qoqo_qir-0af168bff767631d.qoqo_qir.ac9c4c3d5ae2632c-cgu.0.rcgu.o:(pyo3::impl_::pyclass::tp_dealloc_with_gc::h4d53bc331bfba40b)
[INFO] [stdout]           >>> referenced by pyclass.rs:1125 (/opt/rustwide/cargo-home/registry/src/index.crates.io-6f17d22bba15001f/pyo3-0.21.2/src/impl_/pyclass.rs:1125)
[INFO] [stdout]           >>>               numpy-cc1df1882ed8d50b.numpy.66367e945d7bf6e5-cgu.2.rcgu.o:(pyo3::impl_::pyclass::tp_dealloc_with_gc::hac2d57b955781868) in archive /opt/rustwide/target/debug/deps/libnumpy-cc1df1882ed8d50b.rlib
[INFO] [stdout]           >>> referenced by pyclass.rs:1125 (/opt/rustwide/cargo-home/registry/src/index.crates.io-6f17d22bba15001f/pyo3-0.21.2/src/impl_/pyclass.rs:1125)
[INFO] [stdout]           >>>               qoqo_calculator_pyo3-3fbc6953f53485b8.qoqo_calculator_pyo3.9de28e9721cc09-cgu.07.rcgu.o:(pyo3::impl_::pyclass::tp_dealloc_with_gc::h4ae1c84a7a628aca) in archive /opt/rustwide/target/debug/deps/libqoqo_calculator_pyo3-3fbc6953f53485b8.rlib
[INFO] [stdout]           >>> referenced 149 more times
[INFO] [stdout]           
[INFO] [stdout]           rust-lld: error: undefined symbol: _Py_Dealloc
[INFO] [stdout]           >>> referenced by object.rs:633 (/opt/rustwide/cargo-home/registry/src/index.crates.io-6f17d22bba15001f/pyo3-ffi-0.21.2/src/object.rs:633)
[INFO] [stdout]           >>>               /opt/rustwide/target/debug/deps/qoqo_qir-0af168bff767631d.qoqo_qir.ac9c4c3d5ae2632c-cgu.0.rcgu.o:(_$LT$pyo3..instance..Bound$LT$T$GT$$u20$as$u20$core..ops..drop..Drop$GT$::drop::hbd047166f96fac63)
[INFO] [stdout]           >>> referenced by object.rs:633 (/opt/rustwide/cargo-home/registry/src/index.crates.io-6f17d22bba15001f/pyo3-ffi-0.21.2/src/object.rs:633)
[INFO] [stdout]           >>>               pyo3-617859388d52a847.pyo3.e2dd132a232515d1-cgu.09.rcgu.o:(pyo3::gil::ReferencePool::update_counts::hbbf6d9341632e37e) in archive /opt/rustwide/target/debug/deps/libpyo3-617859388d52a847.rlib
[INFO] [stdout]           >>> referenced by object.rs:633 (/opt/rustwide/cargo-home/registry/src/index.crates.io-6f17d22bba15001f/pyo3-ffi-0.21.2/src/object.rs:633)
[INFO] [stdout]           >>>               pyo3-617859388d52a847.pyo3.e2dd132a232515d1-cgu.09.rcgu.o:(_$LT$pyo3..gil..GILPool$u20$as$u20$core..ops..drop..Drop$GT$::drop::hc4413c1daff9d322) in archive /opt/rustwide/target/debug/deps/libpyo3-617859388d52a847.rlib
[INFO] [stdout]           >>> referenced 249 more times
[INFO] [stdout]           
[INFO] [stdout]           rust-lld: error: undefined symbol: PyType_IsSubtype
[INFO] [stdout]           >>> referenced by object.rs:287 (/opt/rustwide/cargo-home/registry/src/index.crates.io-6f17d22bba15001f/pyo3-ffi-0.21.2/src/object.rs:287)
[INFO] [stdout]           >>>               /opt/rustwide/target/debug/deps/qoqo_qir-0af168bff767631d.qoqo_qir.ac9c4c3d5ae2632c-cgu.0.rcgu.o:(pyo3_ffi::object::PyObject_TypeCheck::h19e28a6927b82da5)
[INFO] [stdout]           >>> referenced by object.rs:287 (/opt/rustwide/cargo-home/registry/src/index.crates.io-6f17d22bba15001f/pyo3-ffi-0.21.2/src/object.rs:287)
[INFO] [stdout]           >>>               pyo3-617859388d52a847.pyo3.e2dd132a232515d1-cgu.11.rcgu.o:(pyo3_ffi::object::PyObject_TypeCheck::h8d7976227880be61) in archive /opt/rustwide/target/debug/deps/libpyo3-617859388d52a847.rlib
[INFO] [stdout]           >>> referenced by object.rs:287 (/opt/rustwide/cargo-home/registry/src/index.crates.io-6f17d22bba15001f/pyo3-ffi-0.21.2/src/object.rs:287)
[INFO] [stdout]           >>>               numpy-cc1df1882ed8d50b.numpy.66367e945d7bf6e5-cgu.4.rcgu.o:(pyo3_ffi::object::PyObject_TypeCheck::h24a76561b688a42e) in archive /opt/rustwide/target/debug/deps/libnumpy-cc1df1882ed8d50b.rlib
[INFO] [stdout]           >>> referenced 3 more times
[INFO] [stdout]           
[INFO] [stdout]           rust-lld: error: undefined symbol: _Py_NoneStruct
[INFO] [stdout]           >>> referenced by object.rs:713 (/opt/rustwide/cargo-home/registry/src/index.crates.io-6f17d22bba15001f/pyo3-ffi-0.21.2/src/object.rs:713)
[INFO] [stdout]           >>>               /opt/rustwide/target/debug/deps/qoqo_qir-0af168bff767631d.qoqo_qir.ac9c4c3d5ae2632c-cgu.0.rcgu.o:(pyo3_ffi::object::Py_None::h1b70113238c26052)
[INFO] [stdout]           >>> referenced by object.rs:713 (/opt/rustwide/cargo-home/registry/src/index.crates.io-6f17d22bba15001f/pyo3-ffi-0.21.2/src/object.rs:713)
[INFO] [stdout]           >>>               pyo3-617859388d52a847.pyo3.e2dd132a232515d1-cgu.11.rcgu.o:(pyo3_ffi::object::Py_None::h27bfd0b2917b95f4) in archive /opt/rustwide/target/debug/deps/libpyo3-617859388d52a847.rlib
[INFO] [stdout]           >>> referenced by object.rs:713 (/opt/rustwide/cargo-home/registry/src/index.crates.io-6f17d22bba15001f/pyo3-ffi-0.21.2/src/object.rs:713)
[INFO] [stdout]           >>>               qoqo_calculator_pyo3-3fbc6953f53485b8.qoqo_calculator_pyo3.9de28e9721cc09-cgu.09.rcgu.o:(pyo3_ffi::object::Py_None::h8618a5813159ec05) in archive /opt/rustwide/target/debug/deps/libqoqo_calculator_pyo3-3fbc6953f53485b8.rlib
[INFO] [stdout]           >>> referenced 2 more times
[INFO] [stdout]           
[INFO] [stdout]           rust-lld: error: undefined symbol: PyException_SetTraceback
[INFO] [stdout]           >>> referenced by mod.rs:351 (src/err/mod.rs:351)
[INFO] [stdout]           >>>               pyo3-617859388d52a847.pyo3.e2dd132a232515d1-cgu.13.rcgu.o:(pyo3::err::PyErr::into_value::hd27c972deb19c0be) in archive /opt/rustwide/target/debug/deps/libpyo3-617859388d52a847.rlib
[INFO] [stdout]           
[INFO] [stdout]           rust-lld: error: undefined symbol: PyErr_Fetch
[INFO] [stdout]           >>> referenced by mod.rs:409 (src/err/mod.rs:409)
[INFO] [stdout]           >>>               pyo3-617859388d52a847.pyo3.e2dd132a232515d1-cgu.13.rcgu.o:(pyo3::err::PyErr::_take::h848dbcbaf1a57091) in archive /opt/rustwide/target/debug/deps/libpyo3-617859388d52a847.rlib
[INFO] [stdout]           >>> referenced by err_state.rs:212 (src/err/err_state.rs:212)
[INFO] [stdout]           >>>               pyo3-617859388d52a847.pyo3.e2dd132a232515d1-cgu.05.rcgu.o:(pyo3::err::err_state::lazy_into_normalized_ffi_tuple::h9c1b114a50c3f2f9) in archive /opt/rustwide/target/debug/deps/libpyo3-617859388d52a847.rlib
[INFO] [stdout]           
[INFO] [stdout]           rust-lld: error: undefined symbol: PyLong_Type
[INFO] [stdout]           >>> referenced by object.rs:123 (/opt/rustwide/cargo-home/registry/src/index.crates.io-6f17d22bba15001f/pyo3-ffi-0.21.2/src/object.rs:123)
[INFO] [stdout]           >>>               pyo3-617859388d52a847.pyo3.e2dd132a232515d1-cgu.11.rcgu.o:(pyo3_ffi::object::Py_SIZE::he1c324462f067cbb) in archive /opt/rustwide/target/debug/deps/libpyo3-617859388d52a847.rlib
[INFO] [stdout]           
[INFO] [stdout]           rust-lld: error: undefined symbol: PyErr_PrintEx
[INFO] [stdout]           >>> referenced by mod.rs:480 (src/err/mod.rs:480)
[INFO] [stdout]           >>>               pyo3-617859388d52a847.pyo3.e2dd132a232515d1-cgu.13.rcgu.o:(pyo3::err::PyErr::print_panic_and_unwind::hb2bb96ef5755f86f) in archive /opt/rustwide/target/debug/deps/libpyo3-617859388d52a847.rlib
[INFO] [stdout]           >>> referenced by mod.rs:616 (src/err/mod.rs:616)
[INFO] [stdout]           >>>               pyo3-617859388d52a847.pyo3.e2dd132a232515d1-cgu.13.rcgu.o:(pyo3::err::PyErr::print::h7c4e1d66fd7914a2) in archive /opt/rustwide/target/debug/deps/libpyo3-617859388d52a847.rlib
[INFO] [stdout]           
[INFO] [stdout]           rust-lld: error: undefined symbol: PyErr_NewExceptionWithDoc
[INFO] [stdout]           >>> referenced by mod.rs:577 (src/err/mod.rs:577)
[INFO] [stdout]           >>>               pyo3-617859388d52a847.pyo3.e2dd132a232515d1-cgu.13.rcgu.o:(pyo3::err::PyErr::new_type_bound::he485f23d0b17460d) in archive /opt/rustwide/target/debug/deps/libpyo3-617859388d52a847.rlib
[INFO] [stdout]           
[INFO] [stdout]           rust-lld: error: undefined symbol: PyErr_WriteUnraisable
[INFO] [stdout]           >>> referenced by mod.rs:721 (src/err/mod.rs:721)
[INFO] [stdout]           >>>               pyo3-617859388d52a847.pyo3.e2dd132a232515d1-cgu.13.rcgu.o:(pyo3::err::PyErr::write_unraisable_bound::hd228245dff24fa56) in archive /opt/rustwide/target/debug/deps/libpyo3-617859388d52a847.rlib
[INFO] [stdout]           >>> referenced by mod.rs:721 (/opt/rustwide/cargo-home/registry/src/index.crates.io-6f17d22bba15001f/pyo3-0.21.2/src/err/mod.rs:721)
[INFO] [stdout]           >>>               numpy-cc1df1882ed8d50b.numpy.66367e945d7bf6e5-cgu.3.rcgu.o:(pyo3::err::PyErr::write_unraisable_bound::h7a89a06c9c4433e9) in archive /opt/rustwide/target/debug/deps/libnumpy-cc1df1882ed8d50b.rlib
[INFO] [stdout]           >>> referenced by mod.rs:721 (/opt/rustwide/cargo-home/registry/src/index.crates.io-6f17d22bba15001f/pyo3-0.21.2/src/err/mod.rs:721)
[INFO] [stdout]           >>>               qoqo_calculator_pyo3-3fbc6953f53485b8.qoqo_calculator_pyo3.9de28e9721cc09-cgu.07.rcgu.o:(pyo3::err::PyErr::write_unraisable_bound::hfb32fe5da0845563) in archive /opt/rustwide/target/debug/deps/libqoqo_calculator_pyo3-3fbc6953f53485b8.rlib
[INFO] [stdout]           
[INFO] [stdout]           rust-lld: error: undefined symbol: PyException_GetCause
[INFO] [stdout]           >>> referenced by mod.rs:867 (src/err/mod.rs:867)
[INFO] [stdout]           >>>               pyo3-617859388d52a847.pyo3.e2dd132a232515d1-cgu.13.rcgu.o:(pyo3::err::PyErr::cause::h7f417ed05e711b71) in archive /opt/rustwide/target/debug/deps/libpyo3-617859388d52a847.rlib
[INFO] [stdout]           
[INFO] [stdout]           rust-lld: error: undefined symbol: PyException_SetCause
[INFO] [stdout]           >>> referenced by mod.rs:885 (src/err/mod.rs:885)
[INFO] [stdout]           >>>               pyo3-617859388d52a847.pyo3.e2dd132a232515d1-cgu.13.rcgu.o:(pyo3::err::PyErr::set_cause::h1f534b3a3f9a7a92) in archive /opt/rustwide/target/debug/deps/libpyo3-617859388d52a847.rlib
[INFO] [stdout]           
[INFO] [stdout]           rust-lld: error: undefined symbol: PyBool_Type
[INFO] [stdout]           >>> referenced by object.rs:124 (/opt/rustwide/cargo-home/registry/src/index.crates.io-6f17d22bba15001f/pyo3-ffi-0.21.2/src/object.rs:124)
[INFO] [stdout]           >>>               pyo3-617859388d52a847.pyo3.e2dd132a232515d1-cgu.11.rcgu.o:(pyo3_ffi::object::Py_SIZE::he1c324462f067cbb) in archive /opt/rustwide/target/debug/deps/libpyo3-617859388d52a847.rlib
[INFO] [stdout]           >>> referenced by boolobject.rs:15 (/opt/rustwide/cargo-home/registry/src/index.crates.io-6f17d22bba15001f/pyo3-ffi-0.21.2/src/boolobject.rs:15)
[INFO] [stdout]           >>>               pyo3-617859388d52a847.pyo3.e2dd132a232515d1-cgu.08.rcgu.o:(pyo3_ffi::boolobject::PyBool_Check::h4063d687cc72ff13) in archive /opt/rustwide/target/debug/deps/libpyo3-617859388d52a847.rlib
[INFO] [stdout]           
[INFO] [stdout]           rust-lld: error: undefined symbol: PyByteArray_FromStringAndSize
[INFO] [stdout]           >>> referenced by bytearray.rs:36 (src/types/bytearray.rs:36)
[INFO] [stdout]           >>>               pyo3-617859388d52a847.pyo3.e2dd132a232515d1-cgu.11.rcgu.o:(pyo3::types::bytearray::PyByteArray::new_bound::hec215fdd450a0dd3) in archive /opt/rustwide/target/debug/deps/libpyo3-617859388d52a847.rlib
[INFO] [stdout]           
[INFO] [stdout]           rust-lld: error: undefined symbol: PyErr_Print
[INFO] [stdout]           >>> referenced by mod.rs:1096 (src/err/mod.rs:1096)
[INFO] [stdout]           >>>               pyo3-617859388d52a847.pyo3.e2dd132a232515d1-cgu.13.rcgu.o:(pyo3::err::panic_after_error::h17d951aafda62f73) in archive /opt/rustwide/target/debug/deps/libpyo3-617859388d52a847.rlib
[INFO] [stdout]           
[INFO] [stdout]           rust-lld: error: undefined symbol: PyImport_Import
[INFO] [stdout]           >>> referenced by module.rs:107 (src/types/module.rs:107)
[INFO] [stdout]           >>>               pyo3-617859388d52a847.pyo3.e2dd132a232515d1-cgu.11.rcgu.o:(pyo3::types::module::PyModule::import_bound::h5e0772bfbdd4b868) in archive /opt/rustwide/target/debug/deps/libpyo3-617859388d52a847.rlib
[INFO] [stdout]           
[INFO] [stdout]           rust-lld: error: undefined symbol: PyBaseObject_Type
[INFO] [stdout]           >>> referenced by pyclass_init.rs:48 (src/pyclass_init.rs:48)
[INFO] [stdout]           >>>               pyo3-617859388d52a847.pyo3.e2dd132a232515d1-cgu.13.rcgu.o:(_$LT$pyo3..pyclass_init..PyNativeTypeInitializer$LT$T$GT$$u20$as$u20$pyo3..pyclass_init..PyObjectInit$LT$T$GT$$GT$::into_new_object::inner::h2f0714d38b38bf8f) in archive /opt/rustwide/target/debug/deps/libpyo3-617859388d52a847.rlib
[INFO] [stdout]           >>> referenced by impl_.rs:223 (/opt/rustwide/cargo-home/registry/src/index.crates.io-6f17d22bba15001f/pyo3-0.21.2/src/pycell/impl_.rs:223)
[INFO] [stdout]           >>>               numpy-cc1df1882ed8d50b.numpy.66367e945d7bf6e5-cgu.2.rcgu.o:(_$LT$pyo3..pycell..impl_..PyClassObjectBase$LT$U$GT$$u20$as$u20$pyo3..pycell..impl_..PyClassObjectLayout$LT$T$GT$$GT$::tp_dealloc::h867fbc311a2dde9a) in archive /opt/rustwide/target/debug/deps/libnumpy-cc1df1882ed8d50b.rlib
[INFO] [stdout]           >>> referenced by mod.rs:226 (/opt/rustwide/cargo-home/registry/src/index.crates.io-6f17d22bba15001f/pyo3-0.21.2/src/types/mod.rs:226)
[INFO] [stdout]           >>>               numpy-cc1df1882ed8d50b.numpy.66367e945d7bf6e5-cgu.2.rcgu.o:(_$LT$pyo3..types..any..PyAny$u20$as$u20$pyo3..type_object..PyTypeInfo$GT$::type_object_raw::_$u7b$$u7b$closure$u7d$$u7d$::ha2c89e09cf03a2ff) in archive /opt/rustwide/target/debug/deps/libnumpy-cc1df1882ed8d50b.rlib
[INFO] [stdout]           >>> referenced 2 more times
[INFO] [stdout]           
[INFO] [stdout]           rust-lld: error: undefined symbol: PyType_GenericAlloc
[INFO] [stdout]           >>> referenced by pyclass_init.rs:50 (src/pyclass_init.rs:50)
[INFO] [stdout]           >>>               pyo3-617859388d52a847.pyo3.e2dd132a232515d1-cgu.13.rcgu.o:(_$LT$pyo3..pyclass_init..PyNativeTypeInitializer$LT$T$GT$$u20$as$u20$pyo3..pyclass_init..PyObjectInit$LT$T$GT$$GT$::into_new_object::inner::h2f0714d38b38bf8f) in archive /opt/rustwide/target/debug/deps/libpyo3-617859388d52a847.rlib
[INFO] [stdout]           
[INFO] [stdout]           rust-lld: error: undefined symbol: PyComplex_FromDoubles
[INFO] [stdout]           >>> referenced by num_complex.rs:146 (src/conversions/num_complex.rs:146)
[INFO] [stdout]           >>>               pyo3-617859388d52a847.pyo3.e2dd132a232515d1-cgu.13.rcgu.o:(pyo3::conversions::num_complex::_$LT$impl$u20$pyo3..conversion..IntoPy$LT$pyo3..instance..Py$LT$pyo3..types..any..PyAny$GT$$GT$$u20$for$u20$num_complex..Complex$LT$f64$GT$$GT$::into_py::ha8481f5aad29681b) in archive /opt/rustwide/target/debug/deps/libpyo3-617859388d52a847.rlib
[INFO] [stdout]           
[INFO] [stdout]           rust-lld: error: undefined symbol: PyComplex_AsCComplex
[INFO] [stdout]           >>> referenced by num_complex.rs:157 (src/conversions/num_complex.rs:157)
[INFO] [stdout]           >>>               pyo3-617859388d52a847.pyo3.e2dd132a232515d1-cgu.13.rcgu.o:(pyo3::conversions::num_complex::_$LT$impl$u20$pyo3..conversion..FromPyObject$u20$for$u20$num_complex..Complex$LT$f64$GT$$GT$::extract_bound::h865a680cd4cc0ac3) in archive /opt/rustwide/target/debug/deps/libpyo3-617859388d52a847.rlib
[INFO] [stdout]           
[INFO] [stdout]           rust-lld: error: too many errors emitted, stopping now (use --error-limit=0 to see all errors)
[INFO] [stdout]           collect2: error: ld returned 1 exit status
[INFO] [stdout]           
[INFO] [stdout] 
[INFO] [stdout] 
[INFO] [stderr] error: could not compile `qoqo_qir` (lib test) due to 1 previous error
[INFO] running `Command { std: "docker" "inspect" "b1b8d8e71f4db5339adf775a1e4cd0dd53f4648258cd1ebc43503e6d8c74c187", kill_on_drop: false }`
[INFO] running `Command { std: "docker" "rm" "-f" "b1b8d8e71f4db5339adf775a1e4cd0dd53f4648258cd1ebc43503e6d8c74c187", kill_on_drop: false }`
[INFO] [stdout] b1b8d8e71f4db5339adf775a1e4cd0dd53f4648258cd1ebc43503e6d8c74c187
