[INFO] fetching crate qoqo 1.16.0...
[INFO] testing qoqo-1.16.0 against nightly-2024-10-28 for randomize-layout
[INFO] extracting crate qoqo 1.16.0 into /workspace/builds/worker-6-tc1/source
[INFO] validating manifest of crates.io crate qoqo 1.16.0 on toolchain nightly-2024-10-28
[INFO] running `Command { std: CARGO_HOME="/workspace/cargo-home" RUSTUP_HOME="/workspace/rustup-home" "/workspace/cargo-home/bin/cargo" "+nightly-2024-10-28" "metadata" "--manifest-path" "Cargo.toml" "--no-deps", kill_on_drop: false }`
[INFO] started tweaking crates.io crate qoqo 1.16.0
[INFO] finished tweaking crates.io crate qoqo 1.16.0
[INFO] tweaked toml for crates.io crate qoqo 1.16.0 written to /workspace/builds/worker-6-tc1/source/Cargo.toml
[INFO] running `Command { std: CARGO_HOME="/workspace/cargo-home" RUSTUP_HOME="/workspace/rustup-home" "/workspace/cargo-home/bin/cargo" "+nightly-2024-10-28" "generate-lockfile" "--manifest-path" "Cargo.toml", kill_on_drop: false }`
[INFO] [stderr]     Updating crates.io index
[INFO] [stderr]      Locking 213 packages to latest compatible versions
[INFO] [stderr]       Adding ndarray v0.15.6 (available: v0.16.1)
[INFO] [stderr]       Adding numpy v0.21.0 (available: v0.22.1)
[INFO] [stderr]       Adding pyo3 v0.21.2 (available: v0.22.5)
[INFO] [stderr]       Adding pyo3-build-config v0.21.2 (available: v0.22.5)
[INFO] [stderr]       Adding qoqo_calculator v1.2.4 (available: v1.3.0)
[INFO] [stderr]       Adding qoqo_calculator_pyo3 v1.2.4 (available: v1.3.0)
[INFO] running `Command { std: CARGO_HOME="/workspace/cargo-home" RUSTUP_HOME="/workspace/rustup-home" "/workspace/cargo-home/bin/cargo" "+nightly-2024-10-28" "fetch" "--manifest-path" "Cargo.toml", kill_on_drop: false }`
[INFO] [stderr]  Downloading crates ...
[INFO] [stderr]   Downloaded struqture-py-macros v1.9.2
[INFO] [stderr]   Downloaded roqoqo-derive v1.16.0
[INFO] [stderr]   Downloaded uuid-simd v0.8.0
[INFO] [stderr]   Downloaded borrow-or-share v0.2.2
[INFO] [stderr]   Downloaded qoqo_calculator v1.2.4
[INFO] [stderr]   Downloaded qoqo_calculator_pyo3 v1.2.4
[INFO] [stderr]   Downloaded referencing v0.23.0
[INFO] [stderr]   Downloaded qoqo-macros v1.16.0
[INFO] [stderr]   Downloaded fraction v0.15.3
[INFO] [stderr]   Downloaded roqoqo v1.16.0
[INFO] [stderr]   Downloaded jsonschema v0.23.0
[INFO] [stderr]   Downloaded struqture-py v1.9.2
[INFO] [stderr]   Downloaded fluent-uri v0.3.2
[INFO] [stderr]   Downloaded struqture v2.0.0-alpha.3
[INFO] [stderr]   Downloaded struqture v1.9.2
[INFO] running `Command { std: "docker" "create" "-v" "/var/lib/crater-agent-workspace/builds/worker-6-tc1/target:/opt/rustwide/target:rw,Z" "-v" "/var/lib/crater-agent-workspace/builds/worker-6-tc1/source:/opt/rustwide/workdir:ro,Z" "-v" "/var/lib/crater-agent-workspace/cargo-home:/opt/rustwide/cargo-home:ro,Z" "-v" "/var/lib/crater-agent-workspace/rustup-home:/opt/rustwide/rustup-home:ro,Z" "-e" "SOURCE_DIR=/opt/rustwide/workdir" "-e" "CARGO_TARGET_DIR=/opt/rustwide/target" "-e" "CARGO_HOME=/opt/rustwide/cargo-home" "-e" "RUSTUP_HOME=/opt/rustwide/rustup-home" "-w" "/opt/rustwide/workdir" "-m" "1610612736" "--user" "0:0" "--network" "none" "ghcr.io/rust-lang/crates-build-env/linux@sha256:4a844ea9eb2546a2d2c7022eacef16ef2e8229c7fbb2c7d4d55a9ceca922f72d" "/opt/rustwide/cargo-home/bin/cargo" "+nightly-2024-10-28" "metadata" "--no-deps" "--format-version=1", kill_on_drop: false }`
[INFO] [stdout] be1f336d82c0bff7f4e17323f7f9c08be069172a5685228e376a4589b79ef54d
[INFO] running `Command { std: "docker" "start" "-a" "be1f336d82c0bff7f4e17323f7f9c08be069172a5685228e376a4589b79ef54d", kill_on_drop: false }`
[INFO] running `Command { std: "docker" "inspect" "be1f336d82c0bff7f4e17323f7f9c08be069172a5685228e376a4589b79ef54d", kill_on_drop: false }`
[INFO] running `Command { std: "docker" "rm" "-f" "be1f336d82c0bff7f4e17323f7f9c08be069172a5685228e376a4589b79ef54d", kill_on_drop: false }`
[INFO] [stdout] be1f336d82c0bff7f4e17323f7f9c08be069172a5685228e376a4589b79ef54d
[INFO] running `Command { std: "docker" "create" "-v" "/var/lib/crater-agent-workspace/builds/worker-6-tc1/target:/opt/rustwide/target:rw,Z" "-v" "/var/lib/crater-agent-workspace/builds/worker-6-tc1/source:/opt/rustwide/workdir:ro,Z" "-v" "/var/lib/crater-agent-workspace/cargo-home:/opt/rustwide/cargo-home:ro,Z" "-v" "/var/lib/crater-agent-workspace/rustup-home:/opt/rustwide/rustup-home:ro,Z" "-e" "SOURCE_DIR=/opt/rustwide/workdir" "-e" "CARGO_TARGET_DIR=/opt/rustwide/target" "-e" "CARGO_INCREMENTAL=0" "-e" "RUST_BACKTRACE=full" "-e" "RUSTFLAGS=--cap-lints=forbid" "-e" "RUSTDOCFLAGS=--cap-lints=forbid" "-e" "CARGO_HOME=/opt/rustwide/cargo-home" "-e" "RUSTUP_HOME=/opt/rustwide/rustup-home" "-w" "/opt/rustwide/workdir" "-m" "1610612736" "--user" "0:0" "--network" "none" "ghcr.io/rust-lang/crates-build-env/linux@sha256:4a844ea9eb2546a2d2c7022eacef16ef2e8229c7fbb2c7d4d55a9ceca922f72d" "/opt/rustwide/cargo-home/bin/cargo" "+nightly-2024-10-28" "build" "--frozen" "--message-format=json", kill_on_drop: false }`
[INFO] [stdout] 17a8aeb6996550dea08033b1020d595b6a7007712f79ed5bf943212a47d4380d
[INFO] running `Command { std: "docker" "start" "-a" "17a8aeb6996550dea08033b1020d595b6a7007712f79ed5bf943212a47d4380d", kill_on_drop: false }`
[INFO] [stderr]    Compiling serde v1.0.214
[INFO] [stderr]    Compiling libm v0.2.11
[INFO] [stderr]    Compiling target-lexicon v0.12.16
[INFO] [stderr]    Compiling tinyvec_macros v0.1.1
[INFO] [stderr]    Compiling num-traits v0.2.19
[INFO] [stderr]    Compiling parking_lot_core v0.9.10
[INFO] [stderr]    Compiling smallvec v1.13.2
[INFO] [stderr]    Compiling rawpointer v0.2.1
[INFO] [stderr]    Compiling schemars v0.8.21
[INFO] [stderr]    Compiling scopeguard v1.2.0
[INFO] [stderr]    Compiling stable_deref_trait v1.2.0
[INFO] [stderr]    Compiling lock_api v0.4.12
[INFO] [stderr]    Compiling memoffset v0.9.1
[INFO] [stderr]    Compiling syn v2.0.86
[INFO] [stderr]    Compiling portable-atomic v1.9.0
[INFO] [stderr]    Compiling heck v0.4.1
[INFO] [stderr]    Compiling dyn-clone v1.0.17
[INFO] [stderr]    Compiling matrixmultiply v0.3.9
[INFO] [stderr]    Compiling slab v0.4.9
[INFO] [stderr]    Compiling pin-project-lite v0.2.15
[INFO] [stderr]    Compiling futures-core v0.3.31
[INFO] [stderr]    Compiling indoc v2.0.5
[INFO] [stderr]    Compiling unindent v0.2.3
[INFO] [stderr]    Compiling futures-sink v0.3.31
[INFO] [stderr]    Compiling either v1.13.0
[INFO] [stderr]    Compiling fnv v1.0.7
[INFO] [stderr]    Compiling writeable v0.5.5
[INFO] [stderr]    Compiling litemap v0.7.3
[INFO] [stderr]    Compiling http v1.1.0
[INFO] [stderr]    Compiling aho-corasick v1.1.3
[INFO] [stderr]    Compiling percent-encoding v2.3.1
[INFO] [stderr]    Compiling pin-utils v0.1.0
[INFO] [stderr]    Compiling futures-io v0.3.31
[INFO] [stderr]    Compiling httparse v1.9.5
[INFO] [stderr]    Compiling futures-task v0.3.31
[INFO] [stderr]    Compiling parking_lot v0.12.3
[INFO] [stderr]    Compiling itertools v0.13.0
[INFO] [stderr]    Compiling socket2 v0.5.7
[INFO] [stderr]    Compiling mio v1.0.2
[INFO] [stderr]    Compiling futures-util v0.3.31
[INFO] [stderr]    Compiling ref-cast v1.0.23
[INFO] [stderr]    Compiling try-lock v0.2.5
[INFO] [stderr]    Compiling icu_locid_transform_data v1.5.0
[INFO] [stderr]    Compiling want v0.3.1
[INFO] [stderr]    Compiling pyo3-build-config v0.21.2
[INFO] [stderr]    Compiling tokio v1.41.0
[INFO] [stderr]    Compiling ahash v0.8.11
[INFO] [stderr]    Compiling form_urlencoded v1.2.1
[INFO] [stderr]    Compiling futures-channel v0.3.31
[INFO] [stderr]    Compiling http-body v1.0.1
[INFO] [stderr]    Compiling tracing-core v0.1.32
[INFO] [stderr]    Compiling icu_properties_data v1.5.0
[INFO] [stderr]    Compiling bytemuck v1.19.0
[INFO] [stderr]    Compiling unicode-bidi v0.3.17
[INFO] [stderr]    Compiling utf16_iter v1.0.5
[INFO] [stderr]    Compiling regex-automata v0.4.8
[INFO] [stderr]    Compiling safe_arch v0.7.2
[INFO] [stderr]    Compiling bit-vec v0.6.3
[INFO] [stderr]    Compiling utf8_iter v1.0.4
[INFO] [stderr]    Compiling num-integer v0.1.46
[INFO] [stderr]    Compiling tracing v0.1.40
[INFO] [stderr]    Compiling borrow-or-share v0.2.2
[INFO] [stderr]    Compiling write16 v1.0.0
[INFO] [stderr]    Compiling inventory v0.3.15
[INFO] [stderr]    Compiling icu_normalizer_data v1.5.0
[INFO] [stderr]    Compiling tower-service v0.3.3
[INFO] [stderr]    Compiling bit-set v0.5.3
[INFO] [stderr]    Compiling approx v0.5.1
[INFO] [stderr]    Compiling wide v0.7.28
[INFO] [stderr]    Compiling num-bigint v0.4.6
[INFO] [stderr]    Compiling num-iter v0.1.45
[INFO] [stderr]    Compiling sync_wrapper v1.0.1
[INFO] [stderr]    Compiling vsimd v0.8.0
[INFO] [stderr]    Compiling uuid v1.11.0
[INFO] [stderr]    Compiling base64 v0.22.1
[INFO] [stderr]    Compiling outref v0.5.1
[INFO] [stderr]    Compiling lazy_static v1.5.0
[INFO] [stderr]    Compiling ipnet v2.10.1
[INFO] [stderr]    Compiling mime v0.3.17
[INFO] [stderr]    Compiling itertools v0.12.1
[INFO] [stderr]    Compiling bytecount v0.6.8
[INFO] [stderr]    Compiling uuid-simd v0.8.0
[INFO] [stderr]    Compiling fixedbitset v0.4.2
[INFO] [stderr]    Compiling rustc-hash v1.1.0
[INFO] [stderr]    Compiling num-cmp v0.1.0
[INFO] [stderr]    Compiling pyo3-ffi v0.21.2
[INFO] [stderr]    Compiling pyo3 v0.21.2
[INFO] [stderr]    Compiling num-rational v0.4.2
[INFO] [stderr]    Compiling http-body-util v0.1.2
[INFO] [stderr]    Compiling hyper v1.5.0
[INFO] [stderr]    Compiling regex v1.11.1
[INFO] [stderr]    Compiling synstructure v0.13.1
[INFO] [stderr]    Compiling serde_derive_internals v0.29.1
[INFO] [stderr]    Compiling pyo3-macros-backend v0.21.2
[INFO] [stderr]    Compiling test-case-core v3.3.1
[INFO] [stderr]    Compiling hyper-util v0.1.10
[INFO] [stderr]    Compiling serde_derive v1.0.214
[INFO] [stderr]    Compiling zerofrom-derive v0.1.4
[INFO] [stderr]    Compiling yoke-derive v0.7.4
[INFO] [stderr]    Compiling zerocopy-derive v0.7.35
[INFO] [stderr]    Compiling schemars_derive v0.8.21
[INFO] [stderr]    Compiling zerovec-derive v0.10.3
[INFO] [stderr]    Compiling displaydoc v0.2.5
[INFO] [stderr]    Compiling thiserror-impl v1.0.66
[INFO] [stderr]    Compiling icu_provider_macros v1.5.0
[INFO] [stderr]    Compiling test-case-macros v3.3.1
[INFO] [stderr]    Compiling ref-cast-impl v1.0.23
[INFO] [stderr]    Compiling nalgebra-macros v0.2.2
[INFO] [stderr]    Compiling roqoqo-derive v1.16.0
[INFO] [stderr]    Compiling test-case v3.3.1
[INFO] [stderr]    Compiling fancy-regex v0.13.0
[INFO] [stderr]    Compiling zerocopy v0.7.35
[INFO] [stderr]    Compiling thiserror v1.0.66
[INFO] [stderr]    Compiling zerofrom v0.1.4
[INFO] [stderr]    Compiling yoke v0.7.4
[INFO] [stderr]    Compiling zerovec v0.10.4
[INFO] [stderr]    Compiling ppv-lite86 v0.2.20
[INFO] [stderr]    Compiling pyo3-macros v0.21.2
[INFO] [stderr]    Compiling rand_chacha v0.3.1
[INFO] [stderr]    Compiling rand v0.8.5
[INFO] [stderr]    Compiling tinystr v0.7.6
[INFO] [stderr]    Compiling icu_collections v1.5.0
[INFO] [stderr]    Compiling icu_locid v1.5.0
[INFO] [stderr]    Compiling rand_distr v0.4.3
[INFO] [stderr]    Compiling roqoqo v1.16.0
[INFO] [stderr]    Compiling icu_provider v1.5.0
[INFO] [stderr]    Compiling icu_locid_transform v1.5.0
[INFO] [stderr]    Compiling icu_properties v1.5.1
[INFO] [stderr]    Compiling num-complex v0.4.6
[INFO] [stderr]    Compiling serde_json v1.0.132
[INFO] [stderr]    Compiling tinyvec v1.8.0
[INFO] [stderr]    Compiling serde_urlencoded v0.7.1
[INFO] [stderr]    Compiling fluent-uri v0.3.2
[INFO] [stderr]    Compiling bincode v1.3.3
[INFO] [stderr]    Compiling email_address v0.2.9
[INFO] [stderr]    Compiling petgraph v0.6.5
[INFO] [stderr]    Compiling ndarray v0.15.6
[INFO] [stderr]    Compiling num v0.4.3
[INFO] [stderr]    Compiling simba v0.9.0
[INFO] [stderr]    Compiling fraction v0.15.3
[INFO] [stderr]    Compiling struqture-py-macros v1.9.2
[INFO] [stderr]    Compiling unicode-normalization v0.1.24
[INFO] [stderr]    Compiling referencing v0.23.0
[INFO] [stderr]    Compiling icu_normalizer v1.5.0
[INFO] [stderr]    Compiling idna v0.5.0
[INFO] [stderr]    Compiling struqture-py v1.9.2
[INFO] [stderr]    Compiling qoqo v1.16.0 (/opt/rustwide/workdir)
[INFO] [stderr]    Compiling idna v1.0.2
[INFO] [stderr]    Compiling url v2.5.2
[INFO] [stderr]    Compiling qoqo_calculator v1.2.4
[INFO] [stderr]    Compiling reqwest v0.12.9
[INFO] [stderr]    Compiling struqture v1.9.2
[INFO] [stderr]    Compiling jsonschema v0.23.0
[INFO] [stderr]    Compiling numpy v0.21.0
[INFO] [stderr]    Compiling qoqo_calculator_pyo3 v1.2.4
[INFO] [stderr]    Compiling nalgebra v0.33.2
[INFO] [stderr]    Compiling struqture v2.0.0-alpha.3
[INFO] [stderr]    Compiling qoqo-macros v1.16.0
[INFO] [stderr]     Finished `dev` profile [unoptimized + debuginfo] target(s) in 48.99s
[INFO] running `Command { std: "docker" "inspect" "17a8aeb6996550dea08033b1020d595b6a7007712f79ed5bf943212a47d4380d", kill_on_drop: false }`
[INFO] running `Command { std: "docker" "rm" "-f" "17a8aeb6996550dea08033b1020d595b6a7007712f79ed5bf943212a47d4380d", kill_on_drop: false }`
[INFO] [stdout] 17a8aeb6996550dea08033b1020d595b6a7007712f79ed5bf943212a47d4380d
[INFO] running `Command { std: "docker" "create" "-v" "/var/lib/crater-agent-workspace/builds/worker-6-tc1/target:/opt/rustwide/target:rw,Z" "-v" "/var/lib/crater-agent-workspace/builds/worker-6-tc1/source:/opt/rustwide/workdir:ro,Z" "-v" "/var/lib/crater-agent-workspace/cargo-home:/opt/rustwide/cargo-home:ro,Z" "-v" "/var/lib/crater-agent-workspace/rustup-home:/opt/rustwide/rustup-home:ro,Z" "-e" "SOURCE_DIR=/opt/rustwide/workdir" "-e" "CARGO_TARGET_DIR=/opt/rustwide/target" "-e" "CARGO_INCREMENTAL=0" "-e" "RUST_BACKTRACE=full" "-e" "RUSTFLAGS=--cap-lints=forbid" "-e" "RUSTDOCFLAGS=--cap-lints=forbid" "-e" "CARGO_HOME=/opt/rustwide/cargo-home" "-e" "RUSTUP_HOME=/opt/rustwide/rustup-home" "-w" "/opt/rustwide/workdir" "-m" "1610612736" "--user" "0:0" "--network" "none" "ghcr.io/rust-lang/crates-build-env/linux@sha256:4a844ea9eb2546a2d2c7022eacef16ef2e8229c7fbb2c7d4d55a9ceca922f72d" "/opt/rustwide/cargo-home/bin/cargo" "+nightly-2024-10-28" "test" "--frozen" "--no-run" "--message-format=json", kill_on_drop: false }`
[INFO] [stdout] 0b3b39a43c316c9875fa777b46348fbd9c311a2ecb501fa62b8c4a319c4a69ce
[INFO] running `Command { std: "docker" "start" "-a" "0b3b39a43c316c9875fa777b46348fbd9c311a2ecb501fa62b8c4a319c4a69ce", kill_on_drop: false }`
[INFO] [stderr]    Compiling qoqo v1.16.0 (/opt/rustwide/workdir)
[INFO] [stdout] error: linking with `cc` failed: exit status: 1
[INFO] [stdout]   |
[INFO] [stdout]   = note: LC_ALL="C" PATH="/opt/rustwide/rustup-home/toolchains/nightly-2024-10-28-x86_64-unknown-linux-gnu/lib/rustlib/x86_64-unknown-linux-gnu/bin:/opt/rustwide/rustup-home/toolchains/nightly-2024-10-28-x86_64-unknown-linux-gnu/lib/rustlib/x86_64-unknown-linux-gnu/bin/self-contained:/opt/rustwide/cargo-home/bin:/usr/local/sbin:/usr/local/bin:/usr/sbin:/usr/bin:/sbin:/bin" VSLANG="1033" "cc" "-m64" "/tmp/rustcmUkePu/symbols.o" "/opt/rustwide/target/debug/deps/qoqo-21ea4169547ed85c.qoqo.a2ba1af838be3431-cgu.00.rcgu.o" "/opt/rustwide/target/debug/deps/qoqo-21ea4169547ed85c.qoqo.a2ba1af838be3431-cgu.01.rcgu.o" "/opt/rustwide/target/debug/deps/qoqo-21ea4169547ed85c.qoqo.a2ba1af838be3431-cgu.02.rcgu.o" "/opt/rustwide/target/debug/deps/qoqo-21ea4169547ed85c.qoqo.a2ba1af838be3431-cgu.03.rcgu.o" "/opt/rustwide/target/debug/deps/qoqo-21ea4169547ed85c.qoqo.a2ba1af838be3431-cgu.04.rcgu.o" "/opt/rustwide/target/debug/deps/qoqo-21ea4169547ed85c.qoqo.a2ba1af838be3431-cgu.05.rcgu.o" "/opt/rustwide/target/debug/deps/qoqo-21ea4169547ed85c.qoqo.a2ba1af838be3431-cgu.06.rcgu.o" "/opt/rustwide/target/debug/deps/qoqo-21ea4169547ed85c.qoqo.a2ba1af838be3431-cgu.07.rcgu.o" "/opt/rustwide/target/debug/deps/qoqo-21ea4169547ed85c.qoqo.a2ba1af838be3431-cgu.08.rcgu.o" "/opt/rustwide/target/debug/deps/qoqo-21ea4169547ed85c.qoqo.a2ba1af838be3431-cgu.09.rcgu.o" "/opt/rustwide/target/debug/deps/qoqo-21ea4169547ed85c.qoqo.a2ba1af838be3431-cgu.10.rcgu.o" "/opt/rustwide/target/debug/deps/qoqo-21ea4169547ed85c.qoqo.a2ba1af838be3431-cgu.11.rcgu.o" "/opt/rustwide/target/debug/deps/qoqo-21ea4169547ed85c.qoqo.a2ba1af838be3431-cgu.12.rcgu.o" "/opt/rustwide/target/debug/deps/qoqo-21ea4169547ed85c.qoqo.a2ba1af838be3431-cgu.13.rcgu.o" "/opt/rustwide/target/debug/deps/qoqo-21ea4169547ed85c.qoqo.a2ba1af838be3431-cgu.14.rcgu.o" "/opt/rustwide/target/debug/deps/qoqo-21ea4169547ed85c.qoqo.a2ba1af838be3431-cgu.15.rcgu.o" "/opt/rustwide/target/debug/deps/qoqo-21ea4169547ed85c.buoiv54igk7m6xi78og7xlqg4.rcgu.o" "-Wl,--as-needed" "-Wl,-Bstatic" "/opt/rustwide/rustup-home/toolchains/nightly-2024-10-28-x86_64-unknown-linux-gnu/lib/rustlib/x86_64-unknown-linux-gnu/lib/libtest-a09fad3b5321e7d6.rlib" "/opt/rustwide/rustup-home/toolchains/nightly-2024-10-28-x86_64-unknown-linux-gnu/lib/rustlib/x86_64-unknown-linux-gnu/lib/libgetopts-f9c3dff41ad42661.rlib" "/opt/rustwide/rustup-home/toolchains/nightly-2024-10-28-x86_64-unknown-linux-gnu/lib/rustlib/x86_64-unknown-linux-gnu/lib/libunicode_width-ad2aef31af6addd3.rlib" "/opt/rustwide/rustup-home/toolchains/nightly-2024-10-28-x86_64-unknown-linux-gnu/lib/rustlib/x86_64-unknown-linux-gnu/lib/librustc_std_workspace_std-e3f907dc03deb913.rlib" "/opt/rustwide/target/debug/deps/libstruqture_py-ecc66d8c874d790b.rlib" "/opt/rustwide/target/debug/deps/libstruqture-c4633580c0a4ed54.rlib" "/opt/rustwide/target/debug/deps/libitertools-083f35ac5086d8ef.rlib" "/opt/rustwide/target/debug/deps/libroqoqo-a5a415b413a273eb.rlib" "/opt/rustwide/target/debug/deps/libstruqture-b6561726a29de97f.rlib" "/opt/rustwide/target/debug/deps/libitertools-606cceed5b988775.rlib" "/opt/rustwide/target/debug/deps/libeither-386a0ff0e76518e4.rlib" "/opt/rustwide/target/debug/deps/libtinyvec-0e99fb3e02530abf.rlib" "/opt/rustwide/target/debug/deps/libtinyvec_macros-66661c55905090ec.rlib" "/opt/rustwide/target/debug/deps/libnalgebra-7f42ab5fdb56a8a8.rlib" "/opt/rustwide/target/debug/deps/libnum_rational-a4baa229e0eb84bf.rlib" "/opt/rustwide/target/debug/deps/libnum_bigint-d045a35c67dfb540.rlib" "/opt/rustwide/target/debug/deps/libtypenum-5326f72807cfe834.rlib" "/opt/rustwide/target/debug/deps/libsimba-e01e8de300cb2b9c.rlib" "/opt/rustwide/target/debug/deps/libwide-0a54233eee15b652.rlib" "/opt/rustwide/target/debug/deps/libsafe_arch-add735df2d4c7dd7.rlib" "/opt/rustwide/target/debug/deps/libbytemuck-b219afd492cc01b6.rlib" "/opt/rustwide/target/debug/deps/libapprox-ebe6aa8ab6db0685.rlib" "/opt/rustwide/target/debug/deps/libbincode-4efd2f53282b8c1c.rlib" "/opt/rustwide/target/debug/deps/librand_distr-13129a8d4dc88eba.rlib" "/opt/rustwide/target/debug/deps/librand-cda52f96a2a984a2.rlib" "/opt/rustwide/target/debug/deps/librand_chacha-e1ff0fc6c463186e.rlib" "/opt/rustwide/target/debug/deps/libppv_lite86-c5a12904b5e3775a.rlib" "/opt/rustwide/target/debug/deps/libzerocopy-d752a0dfe72f0dcd.rlib" "/opt/rustwide/target/debug/deps/libbyteorder-7817d47eb31dfb0c.rlib" "/opt/rustwide/target/debug/deps/librand_core-0300dee92e55e3b5.rlib" "/opt/rustwide/target/debug/deps/libgetrandom-54cd17dd5507d029.rlib" "/opt/rustwide/target/debug/deps/libpetgraph-b97d9a4fbadd9a52.rlib" "/opt/rustwide/target/debug/deps/libindexmap-dc95a38cbf6415fa.rlib" "/opt/rustwide/target/debug/deps/libequivalent-9e89cbd86631a94f.rlib" "/opt/rustwide/target/debug/deps/libhashbrown-29cea3b674da82b3.rlib" "/opt/rustwide/target/debug/deps/libfixedbitset-e62d79dae90481b3.rlib" "/opt/rustwide/target/debug/deps/libqoqo_calculator_pyo3-cb1b7ff47986fea0.rlib" "/opt/rustwide/target/debug/deps/libqoqo_calculator-5b43cdb50d065728.rlib" "/opt/rustwide/target/debug/deps/libthiserror-f66c1cfddb86dc1d.rlib" "/opt/rustwide/target/debug/deps/libschemars-7edf169dce8046d1.rlib" "/opt/rustwide/target/debug/deps/libdyn_clone-199529a542abdc70.rlib" "/opt/rustwide/target/debug/deps/libserde_json-d84aadd827914371.rlib" "/opt/rustwide/target/debug/deps/libmemchr-c7ff0286392b94eb.rlib" "/opt/rustwide/target/debug/deps/libitoa-add5260810035b6e.rlib" "/opt/rustwide/target/debug/deps/libryu-2ae7af5af0bb88e0.rlib" "/opt/rustwide/target/debug/deps/libnumpy-3b1849bc1ff1c1cb.rlib" "/opt/rustwide/target/debug/deps/librustc_hash-449b4f68ddd88550.rlib" "/opt/rustwide/target/debug/deps/libndarray-81f14663a8df7eb5.rlib" "/opt/rustwide/target/debug/deps/libmatrixmultiply-f4ef83edbd5be4df.rlib" "/opt/rustwide/target/debug/deps/libnum_integer-b9eaa4ef6c41fbb9.rlib" "/opt/rustwide/target/debug/deps/librawpointer-9a82b3d0237eca24.rlib" "/opt/rustwide/target/debug/deps/libpyo3-61c392d86d6cf0a1.rlib" "/opt/rustwide/target/debug/deps/libmemoffset-2a36707ba2ee8ddf.rlib" "/opt/rustwide/target/debug/deps/libportable_atomic-3fc6fe1a5f5af45f.rlib" "/opt/rustwide/target/debug/deps/libparking_lot-547e218269fae300.rlib" "/opt/rustwide/target/debug/deps/libparking_lot_core-bb70e0940f84194f.rlib" "/opt/rustwide/target/debug/deps/libcfg_if-57bf25c23e31efdb.rlib" "/opt/rustwide/target/debug/deps/libsmallvec-2bf71e8326cc0d46.rlib" "/opt/rustwide/target/debug/deps/liblock_api-e2cb0d427dfba242.rlib" "/opt/rustwide/target/debug/deps/libscopeguard-003ee3b9b09cebdb.rlib" "/opt/rustwide/target/debug/deps/libpyo3_ffi-a6ecea3c6e46b23c.rlib" "/opt/rustwide/target/debug/deps/liblibc-663f09ba3db1840e.rlib" "/opt/rustwide/target/debug/deps/libnum_complex-b13ff7a40a3aa94e.rlib" "/opt/rustwide/target/debug/deps/libserde-e553bd05c65d1bdc.rlib" "/opt/rustwide/target/debug/deps/libnum_traits-81eb09d354fc8f28.rlib" "/opt/rustwide/target/debug/deps/libinventory-1f923eb2f657efbc.rlib" "/opt/rustwide/target/debug/deps/libunindent-d4a81d586b9d0458.rlib" "/opt/rustwide/rustup-home/toolchains/nightly-2024-10-28-x86_64-unknown-linux-gnu/lib/rustlib/x86_64-unknown-linux-gnu/lib/libstd-fb8c387236db3c10.rlib" "/opt/rustwide/rustup-home/toolchains/nightly-2024-10-28-x86_64-unknown-linux-gnu/lib/rustlib/x86_64-unknown-linux-gnu/lib/libpanic_unwind-b251837809b2f64b.rlib" "/opt/rustwide/rustup-home/toolchains/nightly-2024-10-28-x86_64-unknown-linux-gnu/lib/rustlib/x86_64-unknown-linux-gnu/lib/libobject-cbef83eaa4e01f04.rlib" "/opt/rustwide/rustup-home/toolchains/nightly-2024-10-28-x86_64-unknown-linux-gnu/lib/rustlib/x86_64-unknown-linux-gnu/lib/libmemchr-12a772286de2fca7.rlib" "/opt/rustwide/rustup-home/toolchains/nightly-2024-10-28-x86_64-unknown-linux-gnu/lib/rustlib/x86_64-unknown-linux-gnu/lib/libaddr2line-023bbe5ada7abfc3.rlib" "/opt/rustwide/rustup-home/toolchains/nightly-2024-10-28-x86_64-unknown-linux-gnu/lib/rustlib/x86_64-unknown-linux-gnu/lib/libgimli-de2bcdf10ec69c2b.rlib" "/opt/rustwide/rustup-home/toolchains/nightly-2024-10-28-x86_64-unknown-linux-gnu/lib/rustlib/x86_64-unknown-linux-gnu/lib/librustc_demangle-8e1754df350800fd.rlib" "/opt/rustwide/rustup-home/toolchains/nightly-2024-10-28-x86_64-unknown-linux-gnu/lib/rustlib/x86_64-unknown-linux-gnu/lib/libstd_detect-06c2ab7b9c32e037.rlib" "/opt/rustwide/rustup-home/toolchains/nightly-2024-10-28-x86_64-unknown-linux-gnu/lib/rustlib/x86_64-unknown-linux-gnu/lib/libhashbrown-51d2621fc57a281b.rlib" "/opt/rustwide/rustup-home/toolchains/nightly-2024-10-28-x86_64-unknown-linux-gnu/lib/rustlib/x86_64-unknown-linux-gnu/lib/librustc_std_workspace_alloc-54a930408793772f.rlib" "/opt/rustwide/rustup-home/toolchains/nightly-2024-10-28-x86_64-unknown-linux-gnu/lib/rustlib/x86_64-unknown-linux-gnu/lib/libminiz_oxide-0c7d01cba400dcb2.rlib" "/opt/rustwide/rustup-home/toolchains/nightly-2024-10-28-x86_64-unknown-linux-gnu/lib/rustlib/x86_64-unknown-linux-gnu/lib/libadler-b9f84d69e331b75b.rlib" "/opt/rustwide/rustup-home/toolchains/nightly-2024-10-28-x86_64-unknown-linux-gnu/lib/rustlib/x86_64-unknown-linux-gnu/lib/libunwind-eec95493246aae39.rlib" "/opt/rustwide/rustup-home/toolchains/nightly-2024-10-28-x86_64-unknown-linux-gnu/lib/rustlib/x86_64-unknown-linux-gnu/lib/libcfg_if-6f6676c475e08ab0.rlib" "/opt/rustwide/rustup-home/toolchains/nightly-2024-10-28-x86_64-unknown-linux-gnu/lib/rustlib/x86_64-unknown-linux-gnu/lib/liblibc-799d520624f8b2e0.rlib" "/opt/rustwide/rustup-home/toolchains/nightly-2024-10-28-x86_64-unknown-linux-gnu/lib/rustlib/x86_64-unknown-linux-gnu/lib/liballoc-fcf93d4842acd9a9.rlib" "/opt/rustwide/rustup-home/toolchains/nightly-2024-10-28-x86_64-unknown-linux-gnu/lib/rustlib/x86_64-unknown-linux-gnu/lib/librustc_std_workspace_core-395a38b8e0851c9b.rlib" "/opt/rustwide/rustup-home/toolchains/nightly-2024-10-28-x86_64-unknown-linux-gnu/lib/rustlib/x86_64-unknown-linux-gnu/lib/libcore-d453bab70303062c.rlib" "/opt/rustwide/rustup-home/toolchains/nightly-2024-10-28-x86_64-unknown-linux-gnu/lib/rustlib/x86_64-unknown-linux-gnu/lib/libcompiler_builtins-0e6386368b0a24e8.rlib" "-Wl,-Bdynamic" "-lgcc_s" "-lutil" "-lrt" "-lpthread" "-lm" "-ldl" "-lc" "-B/opt/rustwide/rustup-home/toolchains/nightly-2024-10-28-x86_64-unknown-linux-gnu/lib/rustlib/x86_64-unknown-linux-gnu/bin/gcc-ld" "-fuse-ld=lld" "-Wl,--eh-frame-hdr" "-Wl,-z,noexecstack" "-L" "/opt/rustwide/rustup-home/toolchains/nightly-2024-10-28-x86_64-unknown-linux-gnu/lib/rustlib/x86_64-unknown-linux-gnu/lib" "-o" "/opt/rustwide/target/debug/deps/qoqo-21ea4169547ed85c" "-Wl,--gc-sections" "-pie" "-Wl,-z,relro,-z,now" "-nodefaultlibs"
[INFO] [stdout]   = note: rust-lld: error: undefined symbol: _Py_Dealloc
[INFO] [stdout]           >>> referenced by object.rs:633 (/opt/rustwide/cargo-home/registry/src/index.crates.io-6f17d22bba15001f/pyo3-ffi-0.21.2/src/object.rs:633)
[INFO] [stdout]           >>>               pyo3-61c392d86d6cf0a1.pyo3.6ecf782e687c94fc-cgu.01.rcgu.o:(_$LT$pyo3..instance..Bound$LT$T$GT$$u20$as$u20$core..ops..drop..Drop$GT$::drop::h0fe34dc81b8d5cea) in archive /opt/rustwide/target/debug/deps/libpyo3-61c392d86d6cf0a1.rlib
[INFO] [stdout]           >>> referenced by object.rs:633 (/opt/rustwide/cargo-home/registry/src/index.crates.io-6f17d22bba15001f/pyo3-ffi-0.21.2/src/object.rs:633)
[INFO] [stdout]           >>>               pyo3-61c392d86d6cf0a1.pyo3.6ecf782e687c94fc-cgu.01.rcgu.o:(_$LT$pyo3..instance..Bound$LT$T$GT$$u20$as$u20$core..ops..drop..Drop$GT$::drop::h3469422d228a8450) in archive /opt/rustwide/target/debug/deps/libpyo3-61c392d86d6cf0a1.rlib
[INFO] [stdout]           >>> referenced by object.rs:633 (/opt/rustwide/cargo-home/registry/src/index.crates.io-6f17d22bba15001f/pyo3-ffi-0.21.2/src/object.rs:633)
[INFO] [stdout]           >>>               pyo3-61c392d86d6cf0a1.pyo3.6ecf782e687c94fc-cgu.01.rcgu.o:(_$LT$pyo3..instance..Bound$LT$T$GT$$u20$as$u20$core..ops..drop..Drop$GT$::drop::h623fce63f9143618) in archive /opt/rustwide/target/debug/deps/libpyo3-61c392d86d6cf0a1.rlib
[INFO] [stdout]           >>> referenced 258 more times
[INFO] [stdout]           
[INFO] [stdout]           rust-lld: error: undefined symbol: PyLong_FromUnsignedLongLong
[INFO] [stdout]           >>> referenced by num.rs:90 (/opt/rustwide/cargo-home/registry/src/index.crates.io-6f17d22bba15001f/pyo3-0.21.2/src/conversions/std/num.rs:90)
[INFO] [stdout]           >>>               /opt/rustwide/target/debug/deps/qoqo-21ea4169547ed85c.qoqo.a2ba1af838be3431-cgu.04.rcgu.o:(pyo3::conversions::std::num::_$LT$impl$u20$pyo3..conversion..IntoPy$LT$pyo3..instance..Py$LT$pyo3..types..any..PyAny$GT$$GT$$u20$for$u20$u64$GT$::into_py::h03eb3d3c8deecdae)
[INFO] [stdout]           >>> referenced by num.rs:90 (src/conversions/std/num.rs:90)
[INFO] [stdout]           >>>               pyo3-61c392d86d6cf0a1.pyo3.6ecf782e687c94fc-cgu.09.rcgu.o:(pyo3::conversions::std::num::_$LT$impl$u20$pyo3..conversion..IntoPy$LT$pyo3..instance..Py$LT$pyo3..types..any..PyAny$GT$$GT$$u20$for$u20$u64$GT$::into_py::h3da0e8a536416bd4) in archive /opt/rustwide/target/debug/deps/libpyo3-61c392d86d6cf0a1.rlib
[INFO] [stdout]           
[INFO] [stdout]           rust-lld: error: undefined symbol: PyObject_Repr
[INFO] [stdout]           >>> referenced by any.rs:2197 (src/types/any.rs:2197)
[INFO] [stdout]           >>>               pyo3-61c392d86d6cf0a1.pyo3.6ecf782e687c94fc-cgu.01.rcgu.o:(_$LT$pyo3..instance..Bound$LT$pyo3..types..any..PyAny$GT$$u20$as$u20$pyo3..types..any..PyAnyMethods$GT$::repr::h16c5551da453e316) in archive /opt/rustwide/target/debug/deps/libpyo3-61c392d86d6cf0a1.rlib
[INFO] [stdout]           
[INFO] [stdout]           rust-lld: error: undefined symbol: PyObject_Str
[INFO] [stdout]           >>> referenced by any.rs:2205 (src/types/any.rs:2205)
[INFO] [stdout]           >>>               pyo3-61c392d86d6cf0a1.pyo3.6ecf782e687c94fc-cgu.01.rcgu.o:(_$LT$pyo3..instance..Bound$LT$pyo3..types..any..PyAny$GT$$u20$as$u20$pyo3..types..any..PyAnyMethods$GT$::str::h94e7d175868cd067) in archive /opt/rustwide/target/debug/deps/libpyo3-61c392d86d6cf0a1.rlib
[INFO] [stdout]           
[INFO] [stdout]           rust-lld: error: undefined symbol: PyBytes_AsString
[INFO] [stdout]           >>> referenced by bytes.rs:163 (src/types/bytes.rs:163)
[INFO] [stdout]           >>>               pyo3-61c392d86d6cf0a1.pyo3.6ecf782e687c94fc-cgu.01.rcgu.o:(pyo3::types::bytes::_$LT$impl$u20$pyo3..instance..Borrowed$LT$pyo3..types..bytes..PyBytes$GT$$GT$::as_bytes::h6ba7d1ac75d68c24) in archive /opt/rustwide/target/debug/deps/libpyo3-61c392d86d6cf0a1.rlib
[INFO] [stdout]           
[INFO] [stdout]           rust-lld: error: undefined symbol: PyBytes_Size
[INFO] [stdout]           >>> referenced by bytes.rs:164 (src/types/bytes.rs:164)
[INFO] [stdout]           >>>               pyo3-61c392d86d6cf0a1.pyo3.6ecf782e687c94fc-cgu.01.rcgu.o:(pyo3::types::bytes::_$LT$impl$u20$pyo3..instance..Borrowed$LT$pyo3..types..bytes..PyBytes$GT$$GT$::as_bytes::h6ba7d1ac75d68c24) in archive /opt/rustwide/target/debug/deps/libpyo3-61c392d86d6cf0a1.rlib
[INFO] [stdout]           
[INFO] [stdout]           rust-lld: error: undefined symbol: PyCapsule_GetPointer
[INFO] [stdout]           >>> referenced by capsule.rs:360 (src/types/capsule.rs:360)
[INFO] [stdout]           >>>               pyo3-61c392d86d6cf0a1.pyo3.6ecf782e687c94fc-cgu.01.rcgu.o:(_$LT$pyo3..instance..Bound$LT$pyo3..types..capsule..PyCapsule$GT$$u20$as$u20$pyo3..types..capsule..PyCapsuleMethods$GT$::pointer::h3a34bcf824ec3d33) in archive /opt/rustwide/target/debug/deps/libpyo3-61c392d86d6cf0a1.rlib
[INFO] [stdout]           >>> referenced by capsule.rs:404 (/opt/rustwide/cargo-home/registry/src/index.crates.io-6f17d22bba15001f/pyo3-0.21.2/src/types/capsule.rs:404)
[INFO] [stdout]           >>>               numpy-3b1849bc1ff1c1cb.numpy.87f1b30fb8355f11-cgu.2.rcgu.o:(pyo3::types::capsule::capsule_destructor::h624d8290552998f4) in archive /opt/rustwide/target/debug/deps/libnumpy-3b1849bc1ff1c1cb.rlib
[INFO] [stdout]           
[INFO] [stdout]           rust-lld: error: undefined symbol: PyErr_Clear
[INFO] [stdout]           >>> referenced by capsule.rs:362 (src/types/capsule.rs:362)
[INFO] [stdout]           >>>               pyo3-61c392d86d6cf0a1.pyo3.6ecf782e687c94fc-cgu.01.rcgu.o:(_$LT$pyo3..instance..Bound$LT$pyo3..types..capsule..PyCapsule$GT$$u20$as$u20$pyo3..types..capsule..PyCapsuleMethods$GT$::pointer::h3a34bcf824ec3d33) in archive /opt/rustwide/target/debug/deps/libpyo3-61c392d86d6cf0a1.rlib
[INFO] [stdout]           >>> referenced by capsule.rs:438 (src/types/capsule.rs:438)
[INFO] [stdout]           >>>               pyo3-61c392d86d6cf0a1.pyo3.6ecf782e687c94fc-cgu.04.rcgu.o:(pyo3::types::capsule::name_ptr_ignore_error::h47d54ba3a363910b) in archive /opt/rustwide/target/debug/deps/libpyo3-61c392d86d6cf0a1.rlib
[INFO] [stdout]           
[INFO] [stdout]           rust-lld: error: undefined symbol: PySet_Size
[INFO] [stdout]           >>> referenced by frozenset.rs:185 (src/types/frozenset.rs:185)
[INFO] [stdout]           >>>               pyo3-61c392d86d6cf0a1.pyo3.6ecf782e687c94fc-cgu.01.rcgu.o:(_$LT$pyo3..instance..Bound$LT$pyo3..types..frozenset..PyFrozenSet$GT$$u20$as$u20$pyo3..types..frozenset..PyFrozenSetMethods$GT$::len::h5ad31268baa76b00) in archive /opt/rustwide/target/debug/deps/libpyo3-61c392d86d6cf0a1.rlib
[INFO] [stdout]           >>> referenced by set.rs:203 (src/types/set.rs:203)
[INFO] [stdout]           >>>               pyo3-61c392d86d6cf0a1.pyo3.6ecf782e687c94fc-cgu.01.rcgu.o:(_$LT$pyo3..instance..Bound$LT$pyo3..types..set..PySet$GT$$u20$as$u20$pyo3..types..set..PySetMethods$GT$::len::h4f80629aee688bea) in archive /opt/rustwide/target/debug/deps/libpyo3-61c392d86d6cf0a1.rlib
[INFO] [stdout]           
[INFO] [stdout]           rust-lld: error: undefined symbol: PyIter_Next
[INFO] [stdout]           >>> referenced by iterator.rs:107 (src/types/iterator.rs:107)
[INFO] [stdout]           >>>               pyo3-61c392d86d6cf0a1.pyo3.6ecf782e687c94fc-cgu.01.rcgu.o:(pyo3::types::iterator::_$LT$impl$u20$pyo3..instance..Borrowed$LT$pyo3..types..iterator..PyIterator$GT$$GT$::next::h4349a8ba483500c8) in archive /opt/rustwide/target/debug/deps/libpyo3-61c392d86d6cf0a1.rlib
[INFO] [stdout]           
[INFO] [stdout]           rust-lld: error: undefined symbol: PyUnicode_AsUTF8AndSize
[INFO] [stdout]           >>> referenced by string.rs:361 (src/types/string.rs:361)
[INFO] [stdout]           >>>               pyo3-61c392d86d6cf0a1.pyo3.6ecf782e687c94fc-cgu.01.rcgu.o:(pyo3::types::string::_$LT$impl$u20$pyo3..instance..Borrowed$LT$pyo3..types..string..PyString$GT$$GT$::to_str::h2bdafd6e2d41e625) in archive /opt/rustwide/target/debug/deps/libpyo3-61c392d86d6cf0a1.rlib
[INFO] [stdout]           
[INFO] [stdout]           rust-lld: error: undefined symbol: PyUnicode_AsEncodedString
[INFO] [stdout]           >>> referenced by string.rs:400 (src/types/string.rs:400)
[INFO] [stdout]           >>>               pyo3-61c392d86d6cf0a1.pyo3.6ecf782e687c94fc-cgu.01.rcgu.o:(pyo3::types::string::_$LT$impl$u20$pyo3..instance..Borrowed$LT$pyo3..types..string..PyString$GT$$GT$::to_string_lossy::h6cdb7b9184b0c74b) in archive /opt/rustwide/target/debug/deps/libpyo3-61c392d86d6cf0a1.rlib
[INFO] [stdout]           
[INFO] [stdout]           rust-lld: error: undefined symbol: PyFloat_Type
[INFO] [stdout]           >>> referenced by floatobject.rs:17 (/opt/rustwide/cargo-home/registry/src/index.crates.io-6f17d22bba15001f/pyo3-ffi-0.21.2/src/floatobject.rs:17)
[INFO] [stdout]           >>>               pyo3-61c392d86d6cf0a1.pyo3.6ecf782e687c94fc-cgu.13.rcgu.o:(pyo3_ffi::floatobject::PyFloat_Check::hab5564d28cb6bd81) in archive /opt/rustwide/target/debug/deps/libpyo3-61c392d86d6cf0a1.rlib
[INFO] [stdout]           >>> referenced by mod.rs:226 (src/types/mod.rs:226)
[INFO] [stdout]           >>>               pyo3-61c392d86d6cf0a1.pyo3.6ecf782e687c94fc-cgu.12.rcgu.o:(_$LT$pyo3..types..float..PyFloat$u20$as$u20$pyo3..type_object..PyTypeInfo$GT$::type_object_raw::_$u7b$$u7b$closure$u7d$$u7d$::h1c532d3f50a62dcc) in archive /opt/rustwide/target/debug/deps/libpyo3-61c392d86d6cf0a1.rlib
[INFO] [stdout]           
[INFO] [stdout]           rust-lld: error: undefined symbol: PyType_IsSubtype
[INFO] [stdout]           >>> referenced by object.rs:287 (/opt/rustwide/cargo-home/registry/src/index.crates.io-6f17d22bba15001f/pyo3-ffi-0.21.2/src/object.rs:287)
[INFO] [stdout]           >>>               pyo3-61c392d86d6cf0a1.pyo3.6ecf782e687c94fc-cgu.11.rcgu.o:(pyo3_ffi::object::PyObject_TypeCheck::h5fafd78eb880259d) in archive /opt/rustwide/target/debug/deps/libpyo3-61c392d86d6cf0a1.rlib
[INFO] [stdout]           >>> referenced by object.rs:287 (/opt/rustwide/cargo-home/registry/src/index.crates.io-6f17d22bba15001f/pyo3-ffi-0.21.2/src/object.rs:287)
[INFO] [stdout]           >>>               numpy-3b1849bc1ff1c1cb.numpy.87f1b30fb8355f11-cgu.2.rcgu.o:(pyo3_ffi::object::PyObject_TypeCheck::h138a4569134c0cef) in archive /opt/rustwide/target/debug/deps/libnumpy-3b1849bc1ff1c1cb.rlib
[INFO] [stdout]           >>> referenced by object.rs:287 (/opt/rustwide/cargo-home/registry/src/index.crates.io-6f17d22bba15001f/pyo3-ffi-0.21.2/src/object.rs:287)
[INFO] [stdout]           >>>               qoqo_calculator_pyo3-cb1b7ff47986fea0.qoqo_calculator_pyo3.56e7d254305767dd-cgu.09.rcgu.o:(pyo3_ffi::object::PyObject_TypeCheck::h676ff43cbfc7d66b) in archive /opt/rustwide/target/debug/deps/libqoqo_calculator_pyo3-cb1b7ff47986fea0.rlib
[INFO] [stdout]           >>> referenced 4 more times
[INFO] [stdout]           
[INFO] [stdout]           rust-lld: error: undefined symbol: _Py_NoneStruct
[INFO] [stdout]           >>> referenced by object.rs:713 (/opt/rustwide/cargo-home/registry/src/index.crates.io-6f17d22bba15001f/pyo3-ffi-0.21.2/src/object.rs:713)
[INFO] [stdout]           >>>               pyo3-61c392d86d6cf0a1.pyo3.6ecf782e687c94fc-cgu.11.rcgu.o:(pyo3_ffi::object::Py_None::h68f95c818ae7ac45) in archive /opt/rustwide/target/debug/deps/libpyo3-61c392d86d6cf0a1.rlib
[INFO] [stdout]           >>> referenced by object.rs:713 (/opt/rustwide/cargo-home/registry/src/index.crates.io-6f17d22bba15001f/pyo3-ffi-0.21.2/src/object.rs:713)
[INFO] [stdout]           >>>               qoqo_calculator_pyo3-cb1b7ff47986fea0.qoqo_calculator_pyo3.56e7d254305767dd-cgu.09.rcgu.o:(pyo3_ffi::object::Py_None::hd792d3e234b2b92f) in archive /opt/rustwide/target/debug/deps/libqoqo_calculator_pyo3-cb1b7ff47986fea0.rlib
[INFO] [stdout]           >>> referenced by object.rs:713 (/opt/rustwide/cargo-home/registry/src/index.crates.io-6f17d22bba15001f/pyo3-ffi-0.21.2/src/object.rs:713)
[INFO] [stdout]           >>>               /opt/rustwide/target/debug/deps/qoqo-21ea4169547ed85c.qoqo.a2ba1af838be3431-cgu.07.rcgu.o:(pyo3_ffi::object::Py_None::h9c5edcde7b293a64)
[INFO] [stdout]           >>> referenced 1 more times
[INFO] [stdout]           
[INFO] [stdout]           rust-lld: error: undefined symbol: PyDict_New
[INFO] [stdout]           >>> referenced by dict.rs:74 (src/types/dict.rs:74)
[INFO] [stdout]           >>>               pyo3-61c392d86d6cf0a1.pyo3.6ecf782e687c94fc-cgu.12.rcgu.o:(pyo3::types::dict::PyDict::new_bound::h3069d0fc97af05e0) in archive /opt/rustwide/target/debug/deps/libpyo3-61c392d86d6cf0a1.rlib
[INFO] [stdout]           
[INFO] [stdout]           rust-lld: error: undefined symbol: PyException_SetTraceback
[INFO] [stdout]           >>> referenced by mod.rs:351 (src/err/mod.rs:351)
[INFO] [stdout]           >>>               pyo3-61c392d86d6cf0a1.pyo3.6ecf782e687c94fc-cgu.13.rcgu.o:(pyo3::err::PyErr::into_value::hcecf27a7b63214ad) in archive /opt/rustwide/target/debug/deps/libpyo3-61c392d86d6cf0a1.rlib
[INFO] [stdout]           
[INFO] [stdout]           rust-lld: error: undefined symbol: PyLong_Type
[INFO] [stdout]           >>> referenced by object.rs:123 (/opt/rustwide/cargo-home/registry/src/index.crates.io-6f17d22bba15001f/pyo3-ffi-0.21.2/src/object.rs:123)
[INFO] [stdout]           >>>               pyo3-61c392d86d6cf0a1.pyo3.6ecf782e687c94fc-cgu.11.rcgu.o:(pyo3_ffi::object::Py_SIZE::h996f247c8e6b3f05) in archive /opt/rustwide/target/debug/deps/libpyo3-61c392d86d6cf0a1.rlib
[INFO] [stdout]           
[INFO] [stdout]           rust-lld: error: undefined symbol: PyBool_Type
[INFO] [stdout]           >>> referenced by object.rs:124 (/opt/rustwide/cargo-home/registry/src/index.crates.io-6f17d22bba15001f/pyo3-ffi-0.21.2/src/object.rs:124)
[INFO] [stdout]           >>>               pyo3-61c392d86d6cf0a1.pyo3.6ecf782e687c94fc-cgu.11.rcgu.o:(pyo3_ffi::object::Py_SIZE::h996f247c8e6b3f05) in archive /opt/rustwide/target/debug/deps/libpyo3-61c392d86d6cf0a1.rlib
[INFO] [stdout]           >>> referenced by boolobject.rs:15 (/opt/rustwide/cargo-home/registry/src/index.crates.io-6f17d22bba15001f/pyo3-ffi-0.21.2/src/boolobject.rs:15)
[INFO] [stdout]           >>>               pyo3-61c392d86d6cf0a1.pyo3.6ecf782e687c94fc-cgu.03.rcgu.o:(pyo3_ffi::boolobject::PyBool_Check::h2d1b1176d2385f2a) in archive /opt/rustwide/target/debug/deps/libpyo3-61c392d86d6cf0a1.rlib
[INFO] [stdout]           
[INFO] [stdout]           rust-lld: error: undefined symbol: PyDict_SetItem
[INFO] [stdout]           >>> referenced by dict.rs:459 (src/types/dict.rs:459)
[INFO] [stdout]           >>>               pyo3-61c392d86d6cf0a1.pyo3.6ecf782e687c94fc-cgu.12.rcgu.o:(_$LT$pyo3..instance..Bound$LT$pyo3..types..dict..PyDict$GT$$u20$as$u20$pyo3..types..dict..PyDictMethods$GT$::set_item::inner::h1c2e4ef6e4ff1300) in archive /opt/rustwide/target/debug/deps/libpyo3-61c392d86d6cf0a1.rlib
[INFO] [stdout]           
[INFO] [stdout]           rust-lld: error: too many errors emitted, stopping now (use --error-limit=0 to see all errors)
[INFO] [stdout]           collect2: error: ld returned 1 exit status
[INFO] [stdout]           
[INFO] [stdout] 
[INFO] [stdout] 
[INFO] [stderr] error: could not compile `qoqo` (lib test) due to 1 previous error
[INFO] running `Command { std: "docker" "inspect" "0b3b39a43c316c9875fa777b46348fbd9c311a2ecb501fa62b8c4a319c4a69ce", kill_on_drop: false }`
[INFO] running `Command { std: "docker" "rm" "-f" "0b3b39a43c316c9875fa777b46348fbd9c311a2ecb501fa62b8c4a319c4a69ce", kill_on_drop: false }`
[INFO] [stdout] 0b3b39a43c316c9875fa777b46348fbd9c311a2ecb501fa62b8c4a319c4a69ce
