[INFO] fetching crate qoqo-iqm 0.10.2...
[INFO] testing qoqo-iqm-0.10.2 against nightly-2024-10-28 for randomize-layout
[INFO] extracting crate qoqo-iqm 0.10.2 into /workspace/builds/worker-6-tc1/source
[INFO] validating manifest of crates.io crate qoqo-iqm 0.10.2 on toolchain nightly-2024-10-28
[INFO] running `Command { std: CARGO_HOME="/workspace/cargo-home" RUSTUP_HOME="/workspace/rustup-home" "/workspace/cargo-home/bin/cargo" "+nightly-2024-10-28" "metadata" "--manifest-path" "Cargo.toml" "--no-deps", kill_on_drop: false }`
[INFO] started tweaking crates.io crate qoqo-iqm 0.10.2
[INFO] finished tweaking crates.io crate qoqo-iqm 0.10.2
[INFO] tweaked toml for crates.io crate qoqo-iqm 0.10.2 written to /workspace/builds/worker-6-tc1/source/Cargo.toml
[INFO] running `Command { std: CARGO_HOME="/workspace/cargo-home" RUSTUP_HOME="/workspace/rustup-home" "/workspace/cargo-home/bin/cargo" "+nightly-2024-10-28" "generate-lockfile" "--manifest-path" "Cargo.toml", kill_on_drop: false }`
[INFO] [stderr]     Updating crates.io index
[INFO] [stderr]      Locking 215 packages to latest compatible versions
[INFO] [stderr]       Adding clap v4.4.18 (available: v4.5.20)
[INFO] [stderr]       Adding clap_builder v4.4.18 (available: v4.5.20)
[INFO] [stderr]       Adding pyo3 v0.21.2 (available: v0.22.5)
[INFO] [stderr]       Adding pyo3-build-config v0.21.2 (available: v0.22.5)
[INFO] [stderr]       Adding qoqo v1.15.2 (available: v1.16.0)
[INFO] [stderr]       Adding qoqo-macros v1.15.2 (available: v1.16.0)
[INFO] [stderr]       Adding qoqo_calculator v1.2.4 (available: v1.3.0)
[INFO] [stderr]       Adding qoqo_calculator_pyo3 v1.2.4 (available: v1.3.0)
[INFO] [stderr]       Adding roqoqo v1.15.2 (available: v1.16.0)
[INFO] [stderr]       Adding roqoqo-derive v1.15.2 (available: v1.16.0)
[INFO] running `Command { std: CARGO_HOME="/workspace/cargo-home" RUSTUP_HOME="/workspace/rustup-home" "/workspace/cargo-home/bin/cargo" "+nightly-2024-10-28" "fetch" "--manifest-path" "Cargo.toml", kill_on_drop: false }`
[INFO] [stderr]  Downloading crates ...
[INFO] [stderr]   Downloaded pyo3-macros v0.21.2
[INFO] [stderr]   Downloaded qoqo_calculator_pyo3 v1.2.4
[INFO] [stderr]   Downloaded pyo3-macros-backend v0.21.2
[INFO] [stderr]   Downloaded roqoqo-iqm v0.10.2
[INFO] [stderr]   Downloaded roqoqo-derive v1.15.2
[INFO] [stderr]   Downloaded struqture-py-macros v1.9.2
[INFO] [stderr]   Downloaded qoqo-macros v1.15.2
[INFO] [stderr]   Downloaded qoqo_calculator v1.2.4
[INFO] [stderr]   Downloaded numpy v0.21.0
[INFO] [stderr]   Downloaded roqoqo v1.15.2
[INFO] [stderr]   Downloaded struqture-py v1.9.2
[INFO] [stderr]   Downloaded struqture v1.9.2
[INFO] [stderr]   Downloaded struqture v2.0.0-alpha.3
[INFO] [stderr]   Downloaded qoqo v1.15.2
[INFO] running `Command { std: "docker" "create" "-v" "/var/lib/crater-agent-workspace/builds/worker-6-tc1/target:/opt/rustwide/target:rw,Z" "-v" "/var/lib/crater-agent-workspace/builds/worker-6-tc1/source:/opt/rustwide/workdir:ro,Z" "-v" "/var/lib/crater-agent-workspace/cargo-home:/opt/rustwide/cargo-home:ro,Z" "-v" "/var/lib/crater-agent-workspace/rustup-home:/opt/rustwide/rustup-home:ro,Z" "-e" "SOURCE_DIR=/opt/rustwide/workdir" "-e" "CARGO_TARGET_DIR=/opt/rustwide/target" "-e" "CARGO_HOME=/opt/rustwide/cargo-home" "-e" "RUSTUP_HOME=/opt/rustwide/rustup-home" "-w" "/opt/rustwide/workdir" "-m" "1610612736" "--user" "0:0" "--network" "none" "ghcr.io/rust-lang/crates-build-env/linux@sha256:4a844ea9eb2546a2d2c7022eacef16ef2e8229c7fbb2c7d4d55a9ceca922f72d" "/opt/rustwide/cargo-home/bin/cargo" "+nightly-2024-10-28" "metadata" "--no-deps" "--format-version=1", kill_on_drop: false }`
[INFO] [stdout] 65aa78ee29c16ab60832f47fb23f9388b2b566fc6ded4c5d74900a484aad5614
[INFO] running `Command { std: "docker" "start" "-a" "65aa78ee29c16ab60832f47fb23f9388b2b566fc6ded4c5d74900a484aad5614", kill_on_drop: false }`
[INFO] running `Command { std: "docker" "inspect" "65aa78ee29c16ab60832f47fb23f9388b2b566fc6ded4c5d74900a484aad5614", kill_on_drop: false }`
[INFO] running `Command { std: "docker" "rm" "-f" "65aa78ee29c16ab60832f47fb23f9388b2b566fc6ded4c5d74900a484aad5614", kill_on_drop: false }`
[INFO] [stdout] 65aa78ee29c16ab60832f47fb23f9388b2b566fc6ded4c5d74900a484aad5614
[INFO] running `Command { std: "docker" "create" "-v" "/var/lib/crater-agent-workspace/builds/worker-6-tc1/target:/opt/rustwide/target:rw,Z" "-v" "/var/lib/crater-agent-workspace/builds/worker-6-tc1/source:/opt/rustwide/workdir:ro,Z" "-v" "/var/lib/crater-agent-workspace/cargo-home:/opt/rustwide/cargo-home:ro,Z" "-v" "/var/lib/crater-agent-workspace/rustup-home:/opt/rustwide/rustup-home:ro,Z" "-e" "SOURCE_DIR=/opt/rustwide/workdir" "-e" "CARGO_TARGET_DIR=/opt/rustwide/target" "-e" "CARGO_INCREMENTAL=0" "-e" "RUST_BACKTRACE=full" "-e" "RUSTFLAGS=--cap-lints=forbid" "-e" "RUSTDOCFLAGS=--cap-lints=forbid" "-e" "CARGO_HOME=/opt/rustwide/cargo-home" "-e" "RUSTUP_HOME=/opt/rustwide/rustup-home" "-w" "/opt/rustwide/workdir" "-m" "1610612736" "--user" "0:0" "--network" "none" "ghcr.io/rust-lang/crates-build-env/linux@sha256:4a844ea9eb2546a2d2c7022eacef16ef2e8229c7fbb2c7d4d55a9ceca922f72d" "/opt/rustwide/cargo-home/bin/cargo" "+nightly-2024-10-28" "build" "--frozen" "--message-format=json", kill_on_drop: false }`
[INFO] [stdout] 350b6ff3829a6da20f9a48d817922e8d0f06d7bf923354185ae7a68665d97481
[INFO] running `Command { std: "docker" "start" "-a" "350b6ff3829a6da20f9a48d817922e8d0f06d7bf923354185ae7a68665d97481", kill_on_drop: false }`
[INFO] [stderr]    Compiling once_cell v1.20.2
[INFO] [stderr]    Compiling serde v1.0.214
[INFO] [stderr]    Compiling target-lexicon v0.12.16
[INFO] [stderr]    Compiling libm v0.2.11
[INFO] [stderr]    Compiling num-traits v0.2.19
[INFO] [stderr]    Compiling serde_json v1.0.132
[INFO] [stderr]    Compiling ryu v1.0.18
[INFO] [stderr]    Compiling serde_derive v1.0.214
[INFO] [stderr]    Compiling serde_derive_internals v0.29.1
[INFO] [stderr]    Compiling schemars v0.8.21
[INFO] [stderr]    Compiling rawpointer v0.2.1
[INFO] [stderr]    Compiling thiserror v1.0.66
[INFO] [stderr]    Compiling dyn-clone v1.0.17
[INFO] [stderr]    Compiling shlex v1.3.0
[INFO] [stderr]    Compiling thiserror-impl v1.0.66
[INFO] [stderr]    Compiling cc v1.1.31
[INFO] [stderr]    Compiling memoffset v0.9.1
[INFO] [stderr]    Compiling portable-atomic v1.9.0
[INFO] [stderr]    Compiling heck v0.4.1
[INFO] [stderr]    Compiling pyo3-build-config v0.21.2
[INFO] [stderr]    Compiling matrixmultiply v0.3.9
[INFO] [stderr]    Compiling vcpkg v0.2.15
[INFO] [stderr]    Compiling openssl-src v300.4.0+3.4.0
[INFO] [stderr]    Compiling schemars_derive v0.8.21
[INFO] [stderr]    Compiling pkg-config v0.3.31
[INFO] [stderr]    Compiling num-integer v0.1.46
[INFO] [stderr]    Compiling test-case-core v3.3.1
[INFO] [stderr]    Compiling indoc v2.0.5
[INFO] [stderr]    Compiling byteorder v1.5.0
[INFO] [stderr]    Compiling openssl-sys v0.9.104
[INFO] [stderr]    Compiling pyo3-macros-backend v0.21.2
[INFO] [stderr]    Compiling either v1.13.0
[INFO] [stderr]    Compiling unindent v0.2.3
[INFO] [stderr]    Compiling pyo3-ffi v0.21.2
[INFO] [stderr]    Compiling zerocopy v0.7.35
[INFO] [stderr]    Compiling test-case-macros v3.3.1
[INFO] [stderr]    Compiling getrandom v0.2.15
[INFO] [stderr]    Compiling test-case v3.3.1
[INFO] [stderr]    Compiling ppv-lite86 v0.2.20
[INFO] [stderr]    Compiling pyo3 v0.21.2
[INFO] [stderr]    Compiling rand_core v0.6.4
[INFO] [stderr]    Compiling itertools v0.13.0
[INFO] [stderr]    Compiling mio v1.0.2
[INFO] [stderr]    Compiling socket2 v0.5.7
[INFO] [stderr]    Compiling futures-core v0.3.31
[INFO] [stderr]    Compiling rand_chacha v0.3.1
[INFO] [stderr]    Compiling openssl v0.10.68
[INFO] [stderr]    Compiling tokio v1.41.0
[INFO] [stderr]    Compiling bytemuck v1.19.0
[INFO] [stderr]    Compiling foreign-types-shared v0.1.1
[INFO] [stderr]    Compiling paste v1.0.15
[INFO] [stderr]    Compiling foreign-types v0.3.2
[INFO] [stderr]    Compiling safe_arch v0.7.2
[INFO] [stderr]    Compiling rand v0.8.5
[INFO] [stderr]    Compiling tracing-core v0.1.32
[INFO] [stderr]    Compiling openssl-macros v0.1.1
[INFO] [stderr]    Compiling httparse v1.9.5
[INFO] [stderr]    Compiling futures-sink v0.3.31
[INFO] [stderr]    Compiling native-tls v0.2.12
[INFO] [stderr]    Compiling bitflags v2.6.0
[INFO] [stderr]    Compiling typenum v1.17.0
[INFO] [stderr]    Compiling futures-util v0.3.31
[INFO] [stderr]    Compiling tracing v0.1.40
[INFO] [stderr]    Compiling wide v0.7.28
[INFO] [stderr]    Compiling pyo3-macros v0.21.2
[INFO] [stderr]    Compiling num-complex v0.4.6
[INFO] [stderr]    Compiling tinyvec v1.8.0
[INFO] [stderr]    Compiling ndarray v0.15.6
[INFO] [stderr]    Compiling tokio-util v0.7.12
[INFO] [stderr]    Compiling approx v0.5.1
[INFO] [stderr]    Compiling utf8parse v0.2.2
[INFO] [stderr]    Compiling log v0.4.22
[INFO] [stderr]    Compiling openssl-probe v0.1.5
[INFO] [stderr]    Compiling inventory v0.3.15
[INFO] [stderr]    Compiling qoqo_calculator v1.2.4
[INFO] [stderr]    Compiling try-lock v0.2.5
[INFO] [stderr]    Compiling want v0.3.1
[INFO] [stderr]    Compiling struqture v1.9.2
[INFO] [stderr]    Compiling h2 v0.3.26
[INFO] [stderr]    Compiling anstyle-parse v0.2.6
[INFO] [stderr]    Compiling simba v0.8.1
[INFO] [stderr]    Compiling unicode-normalization v0.1.24
[INFO] [stderr]    Compiling bincode v1.3.3
[INFO] [stderr]    Compiling roqoqo v1.15.2
[INFO] [stderr]    Compiling http-body v0.4.6
[INFO] [stderr]    Compiling futures-channel v0.3.31
[INFO] [stderr]    Compiling itertools v0.12.1
[INFO] [stderr]    Compiling num-rational v0.4.2
[INFO] [stderr]    Compiling nalgebra-macros v0.2.2
[INFO] [stderr]    Compiling httpdate v1.0.3
[INFO] [stderr]    Compiling anstyle-query v1.1.2
[INFO] [stderr]    Compiling is_terminal_polyfill v1.70.1
[INFO] [stderr]    Compiling colorchoice v1.0.3
[INFO] [stderr]    Compiling anstyle v1.0.9
[INFO] [stderr]    Compiling fixedbitset v0.4.2
[INFO] [stderr]    Compiling tower-service v0.3.3
[INFO] [stderr]    Compiling anstream v0.6.17
[INFO] [stderr]    Compiling petgraph v0.6.5
[INFO] [stderr]    Compiling hyper v0.14.31
[INFO] [stderr]    Compiling idna v0.5.0
[INFO] [stderr]    Compiling struqture-py v1.9.2
[INFO] [stderr]    Compiling nalgebra v0.32.6
[INFO] [stderr]    Compiling rand_distr v0.4.3
[INFO] [stderr]    Compiling roqoqo-derive v1.15.2
[INFO] [stderr]    Compiling strsim v0.10.0
[INFO] [stderr]    Compiling base64 v0.21.7
[INFO] [stderr]    Compiling clap_lex v0.6.0
[INFO] [stderr]    Compiling rustc-hash v1.1.0
[INFO] [stderr]    Compiling numpy v0.21.0
[INFO] [stderr]    Compiling clap_builder v4.4.18
[INFO] [stderr]    Compiling rustls-pemfile v1.0.4
[INFO] [stderr]    Compiling qoqo_calculator_pyo3 v1.2.4
[INFO] [stderr]    Compiling url v2.5.2
[INFO] [stderr]    Compiling struqture v2.0.0-alpha.3
[INFO] [stderr]    Compiling qoqo v1.15.2
[INFO] [stderr]    Compiling serde_urlencoded v0.7.1
[INFO] [stderr]    Compiling struqture-py-macros v1.9.2
[INFO] [stderr]    Compiling encoding_rs v0.8.35
[INFO] [stderr]    Compiling ipnet v2.10.1
[INFO] [stderr]    Compiling sync_wrapper v0.1.2
[INFO] [stderr]    Compiling mime v0.3.17
[INFO] [stderr]    Compiling clap v4.4.18
[INFO] [stderr]    Compiling qoqo-macros v1.15.2
[INFO] [stderr]    Compiling tokio-native-tls v0.3.1
[INFO] [stderr]    Compiling hyper-tls v0.5.0
[INFO] [stderr]    Compiling reqwest v0.11.27
[INFO] [stderr]    Compiling roqoqo-iqm v0.10.2
[INFO] [stderr]    Compiling qoqo-iqm v0.10.2 (/opt/rustwide/workdir)
[INFO] [stderr]     Finished `dev` profile [unoptimized + debuginfo] target(s) in 2m 09s
[INFO] running `Command { std: "docker" "inspect" "350b6ff3829a6da20f9a48d817922e8d0f06d7bf923354185ae7a68665d97481", kill_on_drop: false }`
[INFO] running `Command { std: "docker" "rm" "-f" "350b6ff3829a6da20f9a48d817922e8d0f06d7bf923354185ae7a68665d97481", kill_on_drop: false }`
[INFO] [stdout] 350b6ff3829a6da20f9a48d817922e8d0f06d7bf923354185ae7a68665d97481
[INFO] running `Command { std: "docker" "create" "-v" "/var/lib/crater-agent-workspace/builds/worker-6-tc1/target:/opt/rustwide/target:rw,Z" "-v" "/var/lib/crater-agent-workspace/builds/worker-6-tc1/source:/opt/rustwide/workdir:ro,Z" "-v" "/var/lib/crater-agent-workspace/cargo-home:/opt/rustwide/cargo-home:ro,Z" "-v" "/var/lib/crater-agent-workspace/rustup-home:/opt/rustwide/rustup-home:ro,Z" "-e" "SOURCE_DIR=/opt/rustwide/workdir" "-e" "CARGO_TARGET_DIR=/opt/rustwide/target" "-e" "CARGO_INCREMENTAL=0" "-e" "RUST_BACKTRACE=full" "-e" "RUSTFLAGS=--cap-lints=forbid" "-e" "RUSTDOCFLAGS=--cap-lints=forbid" "-e" "CARGO_HOME=/opt/rustwide/cargo-home" "-e" "RUSTUP_HOME=/opt/rustwide/rustup-home" "-w" "/opt/rustwide/workdir" "-m" "1610612736" "--user" "0:0" "--network" "none" "ghcr.io/rust-lang/crates-build-env/linux@sha256:4a844ea9eb2546a2d2c7022eacef16ef2e8229c7fbb2c7d4d55a9ceca922f72d" "/opt/rustwide/cargo-home/bin/cargo" "+nightly-2024-10-28" "test" "--frozen" "--no-run" "--message-format=json", kill_on_drop: false }`
[INFO] [stdout] 0dc7f5925eaa9dcab2bdef7c5ce2376a41e6ed0d820f84e3a5f2c1c2f43267b1
[INFO] running `Command { std: "docker" "start" "-a" "0dc7f5925eaa9dcab2bdef7c5ce2376a41e6ed0d820f84e3a5f2c1c2f43267b1", kill_on_drop: false }`
[INFO] [stderr]    Compiling qoqo-iqm v0.10.2 (/opt/rustwide/workdir)
[INFO] [stdout] error: linking with `cc` failed: exit status: 1
[INFO] [stdout]   |
[INFO] [stdout]   = note: LC_ALL="C" PATH="/opt/rustwide/rustup-home/toolchains/nightly-2024-10-28-x86_64-unknown-linux-gnu/lib/rustlib/x86_64-unknown-linux-gnu/bin:/opt/rustwide/rustup-home/toolchains/nightly-2024-10-28-x86_64-unknown-linux-gnu/lib/rustlib/x86_64-unknown-linux-gnu/bin/self-contained:/opt/rustwide/cargo-home/bin:/usr/local/sbin:/usr/local/bin:/usr/sbin:/usr/bin:/sbin:/bin" VSLANG="1033" "cc" "-m64" "/tmp/rustcSXTPFl/symbols.o" "/opt/rustwide/target/debug/deps/qoqo_iqm-de072c9f0b4688ec.qoqo_iqm.77fe010905cc6a8b-cgu.0.rcgu.o" "/opt/rustwide/target/debug/deps/qoqo_iqm-de072c9f0b4688ec.qoqo_iqm.77fe010905cc6a8b-cgu.1.rcgu.o" "/opt/rustwide/target/debug/deps/qoqo_iqm-de072c9f0b4688ec.qoqo_iqm.77fe010905cc6a8b-cgu.2.rcgu.o" "/opt/rustwide/target/debug/deps/qoqo_iqm-de072c9f0b4688ec.qoqo_iqm.77fe010905cc6a8b-cgu.3.rcgu.o" "/opt/rustwide/target/debug/deps/qoqo_iqm-de072c9f0b4688ec.qoqo_iqm.77fe010905cc6a8b-cgu.4.rcgu.o" "/opt/rustwide/target/debug/deps/qoqo_iqm-de072c9f0b4688ec.qoqo_iqm.77fe010905cc6a8b-cgu.5.rcgu.o" "/opt/rustwide/target/debug/deps/qoqo_iqm-de072c9f0b4688ec.qoqo_iqm.77fe010905cc6a8b-cgu.6.rcgu.o" "/opt/rustwide/target/debug/deps/qoqo_iqm-de072c9f0b4688ec.qoqo_iqm.77fe010905cc6a8b-cgu.7.rcgu.o" "/opt/rustwide/target/debug/deps/qoqo_iqm-de072c9f0b4688ec.qoqo_iqm.77fe010905cc6a8b-cgu.8.rcgu.o" "/opt/rustwide/target/debug/deps/qoqo_iqm-de072c9f0b4688ec.2c5b8swxnodidfg1709duqihe.rcgu.o" "-Wl,--as-needed" "-Wl,-Bstatic" "/opt/rustwide/rustup-home/toolchains/nightly-2024-10-28-x86_64-unknown-linux-gnu/lib/rustlib/x86_64-unknown-linux-gnu/lib/libtest-a09fad3b5321e7d6.rlib" "/opt/rustwide/rustup-home/toolchains/nightly-2024-10-28-x86_64-unknown-linux-gnu/lib/rustlib/x86_64-unknown-linux-gnu/lib/libgetopts-f9c3dff41ad42661.rlib" "/opt/rustwide/rustup-home/toolchains/nightly-2024-10-28-x86_64-unknown-linux-gnu/lib/rustlib/x86_64-unknown-linux-gnu/lib/libunicode_width-ad2aef31af6addd3.rlib" "/opt/rustwide/rustup-home/toolchains/nightly-2024-10-28-x86_64-unknown-linux-gnu/lib/rustlib/x86_64-unknown-linux-gnu/lib/librustc_std_workspace_std-e3f907dc03deb913.rlib" "/opt/rustwide/target/debug/deps/libqoqo-a6ea9faa7c6fd861.rlib" "/opt/rustwide/target/debug/deps/libstruqture_py-9b87ecc4111eb17a.rlib" "/opt/rustwide/target/debug/deps/libstruqture-813635e1c71d5d56.rlib" "/opt/rustwide/target/debug/deps/libqoqo_calculator_pyo3-fc272b04ebdf3e08.rlib" "/opt/rustwide/target/debug/deps/libnumpy-cfbd49c44ea550a4.rlib" "/opt/rustwide/target/debug/deps/librustc_hash-449b4f68ddd88550.rlib" "/opt/rustwide/target/debug/deps/libroqoqo_iqm-5548998e3820be01.rlib" "/opt/rustwide/target/debug/deps/libreqwest-418c4a3b0ca7f36d.rlib" "/opt/rustwide/target/debug/deps/librustls_pemfile-ca091fbd60718fb1.rlib" "/opt/rustwide/target/debug/deps/libhyper_tls-4c74cdfd8084f410.rlib" "/opt/rustwide/target/debug/deps/libbase64-309ef582bd843d33.rlib" "/opt/rustwide/target/debug/deps/libipnet-f8f4f35acfc01e80.rlib" "/opt/rustwide/target/debug/deps/libtokio_native_tls-513967d0ba804488.rlib" "/opt/rustwide/target/debug/deps/libserde_urlencoded-a46d7305f14cba8f.rlib" "/opt/rustwide/target/debug/deps/libmime-34c62d26cca01717.rlib" "/opt/rustwide/target/debug/deps/libencoding_rs-87763af8bd0f20d8.rlib" "/opt/rustwide/target/debug/deps/libnative_tls-fd5124773b93cb85.rlib" "/opt/rustwide/target/debug/deps/libopenssl_probe-7a88c39453af999d.rlib" "/opt/rustwide/target/debug/deps/libopenssl-96e327e0d1169080.rlib" "/opt/rustwide/target/debug/deps/libbitflags-37f44213647a4ace.rlib" "/opt/rustwide/target/debug/deps/libforeign_types-635c4831cecdaa17.rlib" "/opt/rustwide/target/debug/deps/libforeign_types_shared-451e418c5f5a784d.rlib" "/opt/rustwide/target/debug/deps/libopenssl_sys-0db0422aee0e8411.rlib" "/opt/rustwide/target/debug/deps/libhyper-75855ad88718c2d3.rlib" "/opt/rustwide/target/debug/deps/libwant-e685d7a406130720.rlib" "/opt/rustwide/target/debug/deps/libtry_lock-c81c639303c73d15.rlib" "/opt/rustwide/target/debug/deps/libhttparse-51f001110b5a7f34.rlib" "/opt/rustwide/target/debug/deps/libh2-d5a15414e2e793f6.rlib" "/opt/rustwide/target/debug/deps/libtokio_util-5375a5d16354149a.rlib" "/opt/rustwide/target/debug/deps/libfutures_sink-96446479240e3330.rlib" "/opt/rustwide/target/debug/deps/libtower_service-44dbed632a843492.rlib" "/opt/rustwide/target/debug/deps/libtracing-bfddd9c3cfd3791c.rlib" "/opt/rustwide/target/debug/deps/libtracing_core-7c30351e8178d82b.rlib" "/opt/rustwide/target/debug/deps/libonce_cell-6dc575c335e8f5a1.rlib" "/opt/rustwide/target/debug/deps/libfutures_channel-481fc5026c84318a.rlib" "/opt/rustwide/target/debug/deps/libtokio-d6cc9dabd1d5f67a.rlib" "/opt/rustwide/target/debug/deps/libsocket2-94d402ae640d2535.rlib" "/opt/rustwide/target/debug/deps/libmio-b327f5bccc20d3a1.rlib" "/opt/rustwide/target/debug/deps/libsync_wrapper-e6943188b4be07f5.rlib" "/opt/rustwide/target/debug/deps/libhttp_body-05665cfcfea503ff.rlib" "/opt/rustwide/target/debug/deps/liblog-b6b1a89bf87ced53.rlib" "/opt/rustwide/target/debug/deps/libfutures_util-26d881d34888278e.rlib" "/opt/rustwide/target/debug/deps/libfutures_io-124a01bb0b35f096.rlib" "/opt/rustwide/target/debug/deps/libslab-d637e80c635d9ae6.rlib" "/opt/rustwide/target/debug/deps/libpin_project_lite-2633596a5f246a3b.rlib" "/opt/rustwide/target/debug/deps/libfutures_task-6b7e7a881f61604a.rlib" "/opt/rustwide/target/debug/deps/libpin_utils-76c2785263cdb1c1.rlib" "/opt/rustwide/target/debug/deps/libfutures_core-3267ce8fda4a14eb.rlib" "/opt/rustwide/target/debug/deps/liburl-9f018de026f8914a.rlib" "/opt/rustwide/target/debug/deps/libidna-23e000b4f692df0f.rlib" "/opt/rustwide/target/debug/deps/libunicode_normalization-f78141320a887cb5.rlib" "/opt/rustwide/target/debug/deps/libunicode_bidi-7cad909d6a4c23f7.rlib" "/opt/rustwide/target/debug/deps/libform_urlencoded-07a2dedb236e9598.rlib" "/opt/rustwide/target/debug/deps/libpercent_encoding-a400589552762a21.rlib" "/opt/rustwide/target/debug/deps/libhttp-97a25e6db0f40089.rlib" "/opt/rustwide/target/debug/deps/libbytes-6a4c7ea0a880895d.rlib" "/opt/rustwide/target/debug/deps/libfnv-574dedeaa4c89e1d.rlib" "/opt/rustwide/target/debug/deps/libitertools-083f35ac5086d8ef.rlib" "/opt/rustwide/target/debug/deps/libroqoqo-f9347554cef7a92c.rlib" "/opt/rustwide/target/debug/deps/libstruqture-c64802395ae02443.rlib" "/opt/rustwide/target/debug/deps/libitertools-606cceed5b988775.rlib" "/opt/rustwide/target/debug/deps/libeither-386a0ff0e76518e4.rlib" "/opt/rustwide/target/debug/deps/libtinyvec-eb856b9b33fa7524.rlib" "/opt/rustwide/target/debug/deps/libtinyvec_macros-66661c55905090ec.rlib" "/opt/rustwide/target/debug/deps/libnalgebra-095bfc12950ca4b1.rlib" "/opt/rustwide/target/debug/deps/libnum_rational-ba93393ac91e5639.rlib" "/opt/rustwide/target/debug/deps/libtypenum-5326f72807cfe834.rlib" "/opt/rustwide/target/debug/deps/libsimba-f8d9cfdc6f90bebd.rlib" "/opt/rustwide/target/debug/deps/libwide-0a54233eee15b652.rlib" "/opt/rustwide/target/debug/deps/libsafe_arch-add735df2d4c7dd7.rlib" "/opt/rustwide/target/debug/deps/libbytemuck-b219afd492cc01b6.rlib" "/opt/rustwide/target/debug/deps/libapprox-33a77d5496612780.rlib" "/opt/rustwide/target/debug/deps/librand_distr-b4f8abf85eeccbd8.rlib" "/opt/rustwide/target/debug/deps/librand-db870db990b885fe.rlib" "/opt/rustwide/target/debug/deps/librand_chacha-868c4e1762a879e6.rlib" "/opt/rustwide/target/debug/deps/libppv_lite86-76f44e4df6b2ad87.rlib" "/opt/rustwide/target/debug/deps/libzerocopy-6a61bae8578e2cc7.rlib" "/opt/rustwide/target/debug/deps/libbyteorder-7817d47eb31dfb0c.rlib" "/opt/rustwide/target/debug/deps/librand_core-0300dee92e55e3b5.rlib" "/opt/rustwide/target/debug/deps/libgetrandom-54cd17dd5507d029.rlib" "/opt/rustwide/target/debug/deps/libndarray-f72c12c79b8b2031.rlib" "/opt/rustwide/target/debug/deps/libmatrixmultiply-f4ef83edbd5be4df.rlib" "/opt/rustwide/target/debug/deps/libnum_integer-b9eaa4ef6c41fbb9.rlib" "/opt/rustwide/target/debug/deps/librawpointer-9a82b3d0237eca24.rlib" "/opt/rustwide/target/debug/deps/libpetgraph-09f8f5024603fda2.rlib" "/opt/rustwide/target/debug/deps/libindexmap-dc95a38cbf6415fa.rlib" "/opt/rustwide/target/debug/deps/libequivalent-9e89cbd86631a94f.rlib" "/opt/rustwide/target/debug/deps/libhashbrown-29cea3b674da82b3.rlib" "/opt/rustwide/target/debug/deps/libfixedbitset-e62d79dae90481b3.rlib" "/opt/rustwide/target/debug/deps/libqoqo_calculator-1bebf4b7962013a2.rlib" "/opt/rustwide/target/debug/deps/libthiserror-bd4dc20d74d8d012.rlib" "/opt/rustwide/target/debug/deps/libschemars-1d229620cef443e4.rlib" "/opt/rustwide/target/debug/deps/libdyn_clone-199529a542abdc70.rlib" "/opt/rustwide/target/debug/deps/libserde_json-8141f1adc8abde67.rlib" "/opt/rustwide/target/debug/deps/libmemchr-c7ff0286392b94eb.rlib" "/opt/rustwide/target/debug/deps/libitoa-add5260810035b6e.rlib" "/opt/rustwide/target/debug/deps/libryu-2ae7af5af0bb88e0.rlib" "/opt/rustwide/target/debug/deps/libbincode-9d93e3a7403abf9b.rlib" "/opt/rustwide/target/debug/deps/libpyo3-9b2b32d22a1aafad.rlib" "/opt/rustwide/target/debug/deps/libmemoffset-2a36707ba2ee8ddf.rlib" "/opt/rustwide/target/debug/deps/libportable_atomic-3fc6fe1a5f5af45f.rlib" "/opt/rustwide/target/debug/deps/libparking_lot-48105096751b50b5.rlib" "/opt/rustwide/target/debug/deps/libparking_lot_core-065241234d420790.rlib" "/opt/rustwide/target/debug/deps/libcfg_if-57bf25c23e31efdb.rlib" "/opt/rustwide/target/debug/deps/libsmallvec-756ee87804f0eec5.rlib" "/opt/rustwide/target/debug/deps/liblock_api-e2cb0d427dfba242.rlib" "/opt/rustwide/target/debug/deps/libscopeguard-003ee3b9b09cebdb.rlib" "/opt/rustwide/target/debug/deps/libpyo3_ffi-a6ecea3c6e46b23c.rlib" "/opt/rustwide/target/debug/deps/liblibc-663f09ba3db1840e.rlib" "/opt/rustwide/target/debug/deps/libnum_complex-4202e716ad3b0641.rlib" "/opt/rustwide/target/debug/deps/libserde-922368a761081130.rlib" "/opt/rustwide/target/debug/deps/libnum_traits-81eb09d354fc8f28.rlib" "/opt/rustwide/target/debug/deps/libinventory-1f923eb2f657efbc.rlib" "/opt/rustwide/target/debug/deps/libunindent-d4a81d586b9d0458.rlib" "/opt/rustwide/rustup-home/toolchains/nightly-2024-10-28-x86_64-unknown-linux-gnu/lib/rustlib/x86_64-unknown-linux-gnu/lib/libstd-fb8c387236db3c10.rlib" "/opt/rustwide/rustup-home/toolchains/nightly-2024-10-28-x86_64-unknown-linux-gnu/lib/rustlib/x86_64-unknown-linux-gnu/lib/libpanic_unwind-b251837809b2f64b.rlib" "/opt/rustwide/rustup-home/toolchains/nightly-2024-10-28-x86_64-unknown-linux-gnu/lib/rustlib/x86_64-unknown-linux-gnu/lib/libobject-cbef83eaa4e01f04.rlib" "/opt/rustwide/rustup-home/toolchains/nightly-2024-10-28-x86_64-unknown-linux-gnu/lib/rustlib/x86_64-unknown-linux-gnu/lib/libmemchr-12a772286de2fca7.rlib" "/opt/rustwide/rustup-home/toolchains/nightly-2024-10-28-x86_64-unknown-linux-gnu/lib/rustlib/x86_64-unknown-linux-gnu/lib/libaddr2line-023bbe5ada7abfc3.rlib" "/opt/rustwide/rustup-home/toolchains/nightly-2024-10-28-x86_64-unknown-linux-gnu/lib/rustlib/x86_64-unknown-linux-gnu/lib/libgimli-de2bcdf10ec69c2b.rlib" "/opt/rustwide/rustup-home/toolchains/nightly-2024-10-28-x86_64-unknown-linux-gnu/lib/rustlib/x86_64-unknown-linux-gnu/lib/librustc_demangle-8e1754df350800fd.rlib" "/opt/rustwide/rustup-home/toolchains/nightly-2024-10-28-x86_64-unknown-linux-gnu/lib/rustlib/x86_64-unknown-linux-gnu/lib/libstd_detect-06c2ab7b9c32e037.rlib" "/opt/rustwide/rustup-home/toolchains/nightly-2024-10-28-x86_64-unknown-linux-gnu/lib/rustlib/x86_64-unknown-linux-gnu/lib/libhashbrown-51d2621fc57a281b.rlib" "/opt/rustwide/rustup-home/toolchains/nightly-2024-10-28-x86_64-unknown-linux-gnu/lib/rustlib/x86_64-unknown-linux-gnu/lib/librustc_std_workspace_alloc-54a930408793772f.rlib" "/opt/rustwide/rustup-home/toolchains/nightly-2024-10-28-x86_64-unknown-linux-gnu/lib/rustlib/x86_64-unknown-linux-gnu/lib/libminiz_oxide-0c7d01cba400dcb2.rlib" "/opt/rustwide/rustup-home/toolchains/nightly-2024-10-28-x86_64-unknown-linux-gnu/lib/rustlib/x86_64-unknown-linux-gnu/lib/libadler-b9f84d69e331b75b.rlib" "/opt/rustwide/rustup-home/toolchains/nightly-2024-10-28-x86_64-unknown-linux-gnu/lib/rustlib/x86_64-unknown-linux-gnu/lib/libunwind-eec95493246aae39.rlib" "/opt/rustwide/rustup-home/toolchains/nightly-2024-10-28-x86_64-unknown-linux-gnu/lib/rustlib/x86_64-unknown-linux-gnu/lib/libcfg_if-6f6676c475e08ab0.rlib" "/opt/rustwide/rustup-home/toolchains/nightly-2024-10-28-x86_64-unknown-linux-gnu/lib/rustlib/x86_64-unknown-linux-gnu/lib/liblibc-799d520624f8b2e0.rlib" "/opt/rustwide/rustup-home/toolchains/nightly-2024-10-28-x86_64-unknown-linux-gnu/lib/rustlib/x86_64-unknown-linux-gnu/lib/liballoc-fcf93d4842acd9a9.rlib" "/opt/rustwide/rustup-home/toolchains/nightly-2024-10-28-x86_64-unknown-linux-gnu/lib/rustlib/x86_64-unknown-linux-gnu/lib/librustc_std_workspace_core-395a38b8e0851c9b.rlib" "/opt/rustwide/rustup-home/toolchains/nightly-2024-10-28-x86_64-unknown-linux-gnu/lib/rustlib/x86_64-unknown-linux-gnu/lib/libcore-d453bab70303062c.rlib" "/opt/rustwide/rustup-home/toolchains/nightly-2024-10-28-x86_64-unknown-linux-gnu/lib/rustlib/x86_64-unknown-linux-gnu/lib/libcompiler_builtins-0e6386368b0a24e8.rlib" "-Wl,-Bdynamic" "-lgcc_s" "-lutil" "-lrt" "-lpthread" "-lm" "-ldl" "-lc" "-B/opt/rustwide/rustup-home/toolchains/nightly-2024-10-28-x86_64-unknown-linux-gnu/lib/rustlib/x86_64-unknown-linux-gnu/bin/gcc-ld" "-fuse-ld=lld" "-Wl,--eh-frame-hdr" "-Wl,-z,noexecstack" "-L" "/opt/rustwide/target/debug/build/openssl-sys-6443baf683ae53af/out/openssl-build/install/lib" "-L" "/opt/rustwide/rustup-home/toolchains/nightly-2024-10-28-x86_64-unknown-linux-gnu/lib/rustlib/x86_64-unknown-linux-gnu/lib" "-o" "/opt/rustwide/target/debug/deps/qoqo_iqm-de072c9f0b4688ec" "-Wl,--gc-sections" "-pie" "-Wl,-z,relro,-z,now" "-nodefaultlibs"
[INFO] [stdout]   = note: rust-lld: error: undefined symbol: PyList_New
[INFO] [stdout]           >>> referenced by list.rs:33 (/opt/rustwide/cargo-home/registry/src/index.crates.io-6f17d22bba15001f/pyo3-0.21.2/src/types/list.rs:33)
[INFO] [stdout]           >>>               /opt/rustwide/target/debug/deps/qoqo_iqm-de072c9f0b4688ec.qoqo_iqm.77fe010905cc6a8b-cgu.0.rcgu.o:(pyo3::types::list::new_from_iter::hc7debabf2fc75218)
[INFO] [stdout]           >>> referenced by list.rs:33 (/opt/rustwide/cargo-home/registry/src/index.crates.io-6f17d22bba15001f/pyo3-0.21.2/src/types/list.rs:33)
[INFO] [stdout]           >>>               struqture_py-9b87ecc4111eb17a.struqture_py.41fc81bef7c6088-cgu.13.rcgu.o:(pyo3::types::list::new_from_iter::hd7c86265e20441e9) in archive /opt/rustwide/target/debug/deps/libstruqture_py-9b87ecc4111eb17a.rlib
[INFO] [stdout]           >>> referenced by list.rs:33 (/opt/rustwide/cargo-home/registry/src/index.crates.io-6f17d22bba15001f/pyo3-0.21.2/src/types/list.rs:33)
[INFO] [stdout]           >>>               qoqo-a6ea9faa7c6fd861.qoqo.e652ce1291268277-cgu.09.rcgu.o:(pyo3::types::list::new_from_iter::h4c46f639d2d63e76) in archive /opt/rustwide/target/debug/deps/libqoqo-a6ea9faa7c6fd861.rlib
[INFO] [stdout]           
[INFO] [stdout]           rust-lld: error: undefined symbol: PyFloat_Type
[INFO] [stdout]           >>> referenced by floatobject.rs:17 (/opt/rustwide/cargo-home/registry/src/index.crates.io-6f17d22bba15001f/pyo3-ffi-0.21.2/src/floatobject.rs:17)
[INFO] [stdout]           >>>               pyo3-9b2b32d22a1aafad.pyo3.ebeb0198c663908c-cgu.06.rcgu.o:(pyo3_ffi::floatobject::PyFloat_Check::h395b58edba37dee1) in archive /opt/rustwide/target/debug/deps/libpyo3-9b2b32d22a1aafad.rlib
[INFO] [stdout]           >>> referenced by mod.rs:226 (src/types/mod.rs:226)
[INFO] [stdout]           >>>               pyo3-9b2b32d22a1aafad.pyo3.ebeb0198c663908c-cgu.12.rcgu.o:(_$LT$pyo3..types..float..PyFloat$u20$as$u20$pyo3..type_object..PyTypeInfo$GT$::type_object_raw::_$u7b$$u7b$closure$u7d$$u7d$::hf2519bcaa73a431c) in archive /opt/rustwide/target/debug/deps/libpyo3-9b2b32d22a1aafad.rlib
[INFO] [stdout]           
[INFO] [stdout]           rust-lld: error: undefined symbol: PyException_SetTraceback
[INFO] [stdout]           >>> referenced by mod.rs:351 (src/err/mod.rs:351)
[INFO] [stdout]           >>>               pyo3-9b2b32d22a1aafad.pyo3.ebeb0198c663908c-cgu.13.rcgu.o:(pyo3::err::PyErr::into_value::h7b01907503935ef9) in archive /opt/rustwide/target/debug/deps/libpyo3-9b2b32d22a1aafad.rlib
[INFO] [stdout]           
[INFO] [stdout]           rust-lld: error: undefined symbol: PyErr_Fetch
[INFO] [stdout]           >>> referenced by mod.rs:409 (src/err/mod.rs:409)
[INFO] [stdout]           >>>               pyo3-9b2b32d22a1aafad.pyo3.ebeb0198c663908c-cgu.13.rcgu.o:(pyo3::err::PyErr::_take::h5a9a63864d7880b1) in archive /opt/rustwide/target/debug/deps/libpyo3-9b2b32d22a1aafad.rlib
[INFO] [stdout]           >>> referenced by err_state.rs:212 (src/err/err_state.rs:212)
[INFO] [stdout]           >>>               pyo3-9b2b32d22a1aafad.pyo3.ebeb0198c663908c-cgu.05.rcgu.o:(pyo3::err::err_state::lazy_into_normalized_ffi_tuple::h3f059b498071b667) in archive /opt/rustwide/target/debug/deps/libpyo3-9b2b32d22a1aafad.rlib
[INFO] [stdout]           
[INFO] [stdout]           rust-lld: error: undefined symbol: PyErr_PrintEx
[INFO] [stdout]           >>> referenced by mod.rs:480 (src/err/mod.rs:480)
[INFO] [stdout]           >>>               pyo3-9b2b32d22a1aafad.pyo3.ebeb0198c663908c-cgu.13.rcgu.o:(pyo3::err::PyErr::print_panic_and_unwind::h8ef15709894068f2) in archive /opt/rustwide/target/debug/deps/libpyo3-9b2b32d22a1aafad.rlib
[INFO] [stdout]           >>> referenced by mod.rs:616 (src/err/mod.rs:616)
[INFO] [stdout]           >>>               pyo3-9b2b32d22a1aafad.pyo3.ebeb0198c663908c-cgu.13.rcgu.o:(pyo3::err::PyErr::print::hd5d6f5c7a678856e) in archive /opt/rustwide/target/debug/deps/libpyo3-9b2b32d22a1aafad.rlib
[INFO] [stdout]           
[INFO] [stdout]           rust-lld: error: undefined symbol: PyErr_NewExceptionWithDoc
[INFO] [stdout]           >>> referenced by mod.rs:577 (src/err/mod.rs:577)
[INFO] [stdout]           >>>               pyo3-9b2b32d22a1aafad.pyo3.ebeb0198c663908c-cgu.13.rcgu.o:(pyo3::err::PyErr::new_type_bound::h39e1c68e69ec4eef) in archive /opt/rustwide/target/debug/deps/libpyo3-9b2b32d22a1aafad.rlib
[INFO] [stdout]           
[INFO] [stdout]           rust-lld: error: undefined symbol: PyErr_WriteUnraisable
[INFO] [stdout]           >>> referenced by mod.rs:721 (src/err/mod.rs:721)
[INFO] [stdout]           >>>               pyo3-9b2b32d22a1aafad.pyo3.ebeb0198c663908c-cgu.13.rcgu.o:(pyo3::err::PyErr::write_unraisable_bound::hbd5b5b0f4dd1ca5d) in archive /opt/rustwide/target/debug/deps/libpyo3-9b2b32d22a1aafad.rlib
[INFO] [stdout]           >>> referenced by mod.rs:721 (/opt/rustwide/cargo-home/registry/src/index.crates.io-6f17d22bba15001f/pyo3-0.21.2/src/err/mod.rs:721)
[INFO] [stdout]           >>>               numpy-cfbd49c44ea550a4.numpy.70d3666fece49dea-cgu.3.rcgu.o:(pyo3::err::PyErr::write_unraisable_bound::h59d7878fe4d83eaa) in archive /opt/rustwide/target/debug/deps/libnumpy-cfbd49c44ea550a4.rlib
[INFO] [stdout]           >>> referenced by mod.rs:721 (/opt/rustwide/cargo-home/registry/src/index.crates.io-6f17d22bba15001f/pyo3-0.21.2/src/err/mod.rs:721)
[INFO] [stdout]           >>>               qoqo_calculator_pyo3-fc272b04ebdf3e08.qoqo_calculator_pyo3.a3bf7f7a83acc99e-cgu.07.rcgu.o:(pyo3::err::PyErr::write_unraisable_bound::h88d3adb6a6dba9ab) in archive /opt/rustwide/target/debug/deps/libqoqo_calculator_pyo3-fc272b04ebdf3e08.rlib
[INFO] [stdout]           
[INFO] [stdout]           rust-lld: error: undefined symbol: PyException_GetCause
[INFO] [stdout]           >>> referenced by mod.rs:867 (src/err/mod.rs:867)
[INFO] [stdout]           >>>               pyo3-9b2b32d22a1aafad.pyo3.ebeb0198c663908c-cgu.13.rcgu.o:(pyo3::err::PyErr::cause::hef5dcd52cd2a764c) in archive /opt/rustwide/target/debug/deps/libpyo3-9b2b32d22a1aafad.rlib
[INFO] [stdout]           
[INFO] [stdout]           rust-lld: error: undefined symbol: PyException_SetCause
[INFO] [stdout]           >>> referenced by mod.rs:885 (src/err/mod.rs:885)
[INFO] [stdout]           >>>               pyo3-9b2b32d22a1aafad.pyo3.ebeb0198c663908c-cgu.13.rcgu.o:(pyo3::err::PyErr::set_cause::h8f7be3b7862ad240) in archive /opt/rustwide/target/debug/deps/libpyo3-9b2b32d22a1aafad.rlib
[INFO] [stdout]           
[INFO] [stdout]           rust-lld: error: undefined symbol: PyErr_Print
[INFO] [stdout]           >>> referenced by mod.rs:1096 (src/err/mod.rs:1096)
[INFO] [stdout]           >>>               pyo3-9b2b32d22a1aafad.pyo3.ebeb0198c663908c-cgu.13.rcgu.o:(pyo3::err::panic_after_error::hc3845013b74cd1a0) in archive /opt/rustwide/target/debug/deps/libpyo3-9b2b32d22a1aafad.rlib
[INFO] [stdout]           
[INFO] [stdout]           rust-lld: error: undefined symbol: PyBaseObject_Type
[INFO] [stdout]           >>> referenced by pyclass_init.rs:48 (src/pyclass_init.rs:48)
[INFO] [stdout]           >>>               pyo3-9b2b32d22a1aafad.pyo3.ebeb0198c663908c-cgu.13.rcgu.o:(_$LT$pyo3..pyclass_init..PyNativeTypeInitializer$LT$T$GT$$u20$as$u20$pyo3..pyclass_init..PyObjectInit$LT$T$GT$$GT$::into_new_object::inner::h7b44912d8936ff53) in archive /opt/rustwide/target/debug/deps/libpyo3-9b2b32d22a1aafad.rlib
[INFO] [stdout]           >>> referenced by impl_.rs:223 (/opt/rustwide/cargo-home/registry/src/index.crates.io-6f17d22bba15001f/pyo3-0.21.2/src/pycell/impl_.rs:223)
[INFO] [stdout]           >>>               numpy-cfbd49c44ea550a4.numpy.70d3666fece49dea-cgu.2.rcgu.o:(_$LT$pyo3..pycell..impl_..PyClassObjectBase$LT$U$GT$$u20$as$u20$pyo3..pycell..impl_..PyClassObjectLayout$LT$T$GT$$GT$::tp_dealloc::ha25d3414eab10f29) in archive /opt/rustwide/target/debug/deps/libnumpy-cfbd49c44ea550a4.rlib
[INFO] [stdout]           >>> referenced by mod.rs:226 (/opt/rustwide/cargo-home/registry/src/index.crates.io-6f17d22bba15001f/pyo3-0.21.2/src/types/mod.rs:226)
[INFO] [stdout]           >>>               numpy-cfbd49c44ea550a4.numpy.70d3666fece49dea-cgu.2.rcgu.o:(_$LT$pyo3..types..any..PyAny$u20$as$u20$pyo3..type_object..PyTypeInfo$GT$::type_object_raw::_$u7b$$u7b$closure$u7d$$u7d$::hf9748eaa4c13c9a4) in archive /opt/rustwide/target/debug/deps/libnumpy-cfbd49c44ea550a4.rlib
[INFO] [stdout]           >>> referenced 2 more times
[INFO] [stdout]           
[INFO] [stdout]           rust-lld: error: undefined symbol: PyType_GenericAlloc
[INFO] [stdout]           >>> referenced by pyclass_init.rs:50 (src/pyclass_init.rs:50)
[INFO] [stdout]           >>>               pyo3-9b2b32d22a1aafad.pyo3.ebeb0198c663908c-cgu.13.rcgu.o:(_$LT$pyo3..pyclass_init..PyNativeTypeInitializer$LT$T$GT$$u20$as$u20$pyo3..pyclass_init..PyObjectInit$LT$T$GT$$GT$::into_new_object::inner::h7b44912d8936ff53) in archive /opt/rustwide/target/debug/deps/libpyo3-9b2b32d22a1aafad.rlib
[INFO] [stdout]           
[INFO] [stdout]           rust-lld: error: undefined symbol: PyComplex_FromDoubles
[INFO] [stdout]           >>> referenced by num_complex.rs:146 (src/conversions/num_complex.rs:146)
[INFO] [stdout]           >>>               pyo3-9b2b32d22a1aafad.pyo3.ebeb0198c663908c-cgu.13.rcgu.o:(pyo3::conversions::num_complex::_$LT$impl$u20$pyo3..conversion..IntoPy$LT$pyo3..instance..Py$LT$pyo3..types..any..PyAny$GT$$GT$$u20$for$u20$num_complex..Complex$LT$f64$GT$$GT$::into_py::h5afdb8b9ec89b51f) in archive /opt/rustwide/target/debug/deps/libpyo3-9b2b32d22a1aafad.rlib
[INFO] [stdout]           
[INFO] [stdout]           rust-lld: error: undefined symbol: PyComplex_AsCComplex
[INFO] [stdout]           >>> referenced by num_complex.rs:157 (src/conversions/num_complex.rs:157)
[INFO] [stdout]           >>>               pyo3-9b2b32d22a1aafad.pyo3.ebeb0198c663908c-cgu.13.rcgu.o:(pyo3::conversions::num_complex::_$LT$impl$u20$pyo3..conversion..FromPyObject$u20$for$u20$num_complex..Complex$LT$f64$GT$$GT$::extract_bound::h6d72e2a42e56948b) in archive /opt/rustwide/target/debug/deps/libpyo3-9b2b32d22a1aafad.rlib
[INFO] [stdout]           
[INFO] [stdout]           rust-lld: error: undefined symbol: PyType_IsSubtype
[INFO] [stdout]           >>> referenced by object.rs:287 (/opt/rustwide/cargo-home/registry/src/index.crates.io-6f17d22bba15001f/pyo3-ffi-0.21.2/src/object.rs:287)
[INFO] [stdout]           >>>               pyo3-9b2b32d22a1aafad.pyo3.ebeb0198c663908c-cgu.11.rcgu.o:(pyo3_ffi::object::PyObject_TypeCheck::h82b1df31f4491edd) in archive /opt/rustwide/target/debug/deps/libpyo3-9b2b32d22a1aafad.rlib
[INFO] [stdout]           >>> referenced by object.rs:287 (/opt/rustwide/cargo-home/registry/src/index.crates.io-6f17d22bba15001f/pyo3-ffi-0.21.2/src/object.rs:287)
[INFO] [stdout]           >>>               numpy-cfbd49c44ea550a4.numpy.70d3666fece49dea-cgu.4.rcgu.o:(pyo3_ffi::object::PyObject_TypeCheck::h5803e8ae9ed8e6a7) in archive /opt/rustwide/target/debug/deps/libnumpy-cfbd49c44ea550a4.rlib
[INFO] [stdout]           >>> referenced by object.rs:287 (/opt/rustwide/cargo-home/registry/src/index.crates.io-6f17d22bba15001f/pyo3-ffi-0.21.2/src/object.rs:287)
[INFO] [stdout]           >>>               qoqo_calculator_pyo3-fc272b04ebdf3e08.qoqo_calculator_pyo3.a3bf7f7a83acc99e-cgu.04.rcgu.o:(pyo3_ffi::object::PyObject_TypeCheck::h36dbc0ae0bf99d31) in archive /opt/rustwide/target/debug/deps/libqoqo_calculator_pyo3-fc272b04ebdf3e08.rlib
[INFO] [stdout]           >>> referenced 3 more times
[INFO] [stdout]           
[INFO] [stdout]           rust-lld: error: undefined symbol: _Py_NoneStruct
[INFO] [stdout]           >>> referenced by object.rs:713 (/opt/rustwide/cargo-home/registry/src/index.crates.io-6f17d22bba15001f/pyo3-ffi-0.21.2/src/object.rs:713)
[INFO] [stdout]           >>>               pyo3-9b2b32d22a1aafad.pyo3.ebeb0198c663908c-cgu.11.rcgu.o:(pyo3_ffi::object::Py_None::h5ea14aadbc8074ea) in archive /opt/rustwide/target/debug/deps/libpyo3-9b2b32d22a1aafad.rlib
[INFO] [stdout]           >>> referenced by object.rs:713 (/opt/rustwide/cargo-home/registry/src/index.crates.io-6f17d22bba15001f/pyo3-ffi-0.21.2/src/object.rs:713)
[INFO] [stdout]           >>>               qoqo_calculator_pyo3-fc272b04ebdf3e08.qoqo_calculator_pyo3.a3bf7f7a83acc99e-cgu.04.rcgu.o:(pyo3_ffi::object::Py_None::hbc4037135864e29e) in archive /opt/rustwide/target/debug/deps/libqoqo_calculator_pyo3-fc272b04ebdf3e08.rlib
[INFO] [stdout]           >>> referenced by object.rs:713 (/opt/rustwide/cargo-home/registry/src/index.crates.io-6f17d22bba15001f/pyo3-ffi-0.21.2/src/object.rs:713)
[INFO] [stdout]           >>>               struqture_py-9b87ecc4111eb17a.struqture_py.41fc81bef7c6088-cgu.06.rcgu.o:(pyo3_ffi::object::Py_None::h4ec5a35fe4521c67) in archive /opt/rustwide/target/debug/deps/libstruqture_py-9b87ecc4111eb17a.rlib
[INFO] [stdout]           >>> referenced 2 more times
[INFO] [stdout]           
[INFO] [stdout]           rust-lld: error: undefined symbol: PyLong_Type
[INFO] [stdout]           >>> referenced by object.rs:123 (/opt/rustwide/cargo-home/registry/src/index.crates.io-6f17d22bba15001f/pyo3-ffi-0.21.2/src/object.rs:123)
[INFO] [stdout]           >>>               pyo3-9b2b32d22a1aafad.pyo3.ebeb0198c663908c-cgu.11.rcgu.o:(pyo3_ffi::object::Py_SIZE::h5962957cee238eae) in archive /opt/rustwide/target/debug/deps/libpyo3-9b2b32d22a1aafad.rlib
[INFO] [stdout]           
[INFO] [stdout]           rust-lld: error: undefined symbol: PyBool_Type
[INFO] [stdout]           >>> referenced by object.rs:124 (/opt/rustwide/cargo-home/registry/src/index.crates.io-6f17d22bba15001f/pyo3-ffi-0.21.2/src/object.rs:124)
[INFO] [stdout]           >>>               pyo3-9b2b32d22a1aafad.pyo3.ebeb0198c663908c-cgu.11.rcgu.o:(pyo3_ffi::object::Py_SIZE::h5962957cee238eae) in archive /opt/rustwide/target/debug/deps/libpyo3-9b2b32d22a1aafad.rlib
[INFO] [stdout]           >>> referenced by boolobject.rs:15 (/opt/rustwide/cargo-home/registry/src/index.crates.io-6f17d22bba15001f/pyo3-ffi-0.21.2/src/boolobject.rs:15)
[INFO] [stdout]           >>>               pyo3-9b2b32d22a1aafad.pyo3.ebeb0198c663908c-cgu.03.rcgu.o:(pyo3_ffi::boolobject::PyBool_Check::h03ebbfd476027817) in archive /opt/rustwide/target/debug/deps/libpyo3-9b2b32d22a1aafad.rlib
[INFO] [stdout]           
[INFO] [stdout]           rust-lld: error: undefined symbol: PyDict_New
[INFO] [stdout]           >>> referenced by dict.rs:74 (src/types/dict.rs:74)
[INFO] [stdout]           >>>               pyo3-9b2b32d22a1aafad.pyo3.ebeb0198c663908c-cgu.12.rcgu.o:(pyo3::types::dict::PyDict::new_bound::h79cc6ab63ce8e564) in archive /opt/rustwide/target/debug/deps/libpyo3-9b2b32d22a1aafad.rlib
[INFO] [stdout]           
[INFO] [stdout]           rust-lld: error: undefined symbol: PyDict_SetItem
[INFO] [stdout]           >>> referenced by dict.rs:459 (src/types/dict.rs:459)
[INFO] [stdout]           >>>               pyo3-9b2b32d22a1aafad.pyo3.ebeb0198c663908c-cgu.12.rcgu.o:(_$LT$pyo3..instance..Bound$LT$pyo3..types..dict..PyDict$GT$$u20$as$u20$pyo3..types..dict..PyDictMethods$GT$::set_item::inner::h0a9056f8ad5ed3d4) in archive /opt/rustwide/target/debug/deps/libpyo3-9b2b32d22a1aafad.rlib
[INFO] [stdout]           
[INFO] [stdout]           rust-lld: error: too many errors emitted, stopping now (use --error-limit=0 to see all errors)
[INFO] [stdout]           collect2: error: ld returned 1 exit status
[INFO] [stdout]           
[INFO] [stdout] 
[INFO] [stdout] 
[INFO] [stderr] error: could not compile `qoqo-iqm` (lib test) due to 1 previous error
[INFO] running `Command { std: "docker" "inspect" "0dc7f5925eaa9dcab2bdef7c5ce2376a41e6ed0d820f84e3a5f2c1c2f43267b1", kill_on_drop: false }`
[INFO] running `Command { std: "docker" "rm" "-f" "0dc7f5925eaa9dcab2bdef7c5ce2376a41e6ed0d820f84e3a5f2c1c2f43267b1", kill_on_drop: false }`
[INFO] [stdout] 0dc7f5925eaa9dcab2bdef7c5ce2376a41e6ed0d820f84e3a5f2c1c2f43267b1
