[INFO] fetching crate pyxel-engine 2.2.7...
[INFO] testing pyxel-engine-2.2.7 against nightly-2024-10-28 for randomize-layout
[INFO] extracting crate pyxel-engine 2.2.7 into /workspace/builds/worker-5-tc1/source
[INFO] validating manifest of crates.io crate pyxel-engine 2.2.7 on toolchain nightly-2024-10-28
[INFO] running `Command { std: CARGO_HOME="/workspace/cargo-home" RUSTUP_HOME="/workspace/rustup-home" "/workspace/cargo-home/bin/cargo" "+nightly-2024-10-28" "metadata" "--manifest-path" "Cargo.toml" "--no-deps", kill_on_drop: false }`
[INFO] started tweaking crates.io crate pyxel-engine 2.2.7
[INFO] removed 0 missing tests
[INFO] finished tweaking crates.io crate pyxel-engine 2.2.7
[INFO] tweaked toml for crates.io crate pyxel-engine 2.2.7 written to /workspace/builds/worker-5-tc1/source/Cargo.toml
[INFO] running `Command { std: CARGO_HOME="/workspace/cargo-home" RUSTUP_HOME="/workspace/rustup-home" "/workspace/cargo-home/bin/cargo" "+nightly-2024-10-28" "generate-lockfile" "--manifest-path" "Cargo.toml", kill_on_drop: false }`
[INFO] [stderr]     Updating crates.io index
[INFO] [stderr]      Locking 147 packages to latest compatible versions
[INFO] [stderr]       Adding image v0.24.9 (available: v0.25.4)
[INFO] running `Command { std: CARGO_HOME="/workspace/cargo-home" RUSTUP_HOME="/workspace/rustup-home" "/workspace/cargo-home/bin/cargo" "+nightly-2024-10-28" "fetch" "--manifest-path" "Cargo.toml", kill_on_drop: false }`
[INFO] [stderr]  Downloading crates ...
[INFO] [stderr]   Downloaded pyxel-platform v2.2.7
[INFO] running `Command { std: "docker" "create" "-v" "/var/lib/crater-agent-workspace/builds/worker-5-tc1/target:/opt/rustwide/target:rw,Z" "-v" "/var/lib/crater-agent-workspace/builds/worker-5-tc1/source:/opt/rustwide/workdir:ro,Z" "-v" "/var/lib/crater-agent-workspace/cargo-home:/opt/rustwide/cargo-home:ro,Z" "-v" "/var/lib/crater-agent-workspace/rustup-home:/opt/rustwide/rustup-home:ro,Z" "-e" "SOURCE_DIR=/opt/rustwide/workdir" "-e" "CARGO_TARGET_DIR=/opt/rustwide/target" "-e" "CARGO_HOME=/opt/rustwide/cargo-home" "-e" "RUSTUP_HOME=/opt/rustwide/rustup-home" "-w" "/opt/rustwide/workdir" "-m" "1610612736" "--user" "0:0" "--network" "none" "ghcr.io/rust-lang/crates-build-env/linux@sha256:4a844ea9eb2546a2d2c7022eacef16ef2e8229c7fbb2c7d4d55a9ceca922f72d" "/opt/rustwide/cargo-home/bin/cargo" "+nightly-2024-10-28" "metadata" "--no-deps" "--format-version=1", kill_on_drop: false }`
[INFO] [stdout] dd63914f3e04376fc8b26c39784731aa886d1d3f43bb1a129842912fd1a6ae90
[INFO] running `Command { std: "docker" "start" "-a" "dd63914f3e04376fc8b26c39784731aa886d1d3f43bb1a129842912fd1a6ae90", kill_on_drop: false }`
[INFO] running `Command { std: "docker" "inspect" "dd63914f3e04376fc8b26c39784731aa886d1d3f43bb1a129842912fd1a6ae90", kill_on_drop: false }`
[INFO] running `Command { std: "docker" "rm" "-f" "dd63914f3e04376fc8b26c39784731aa886d1d3f43bb1a129842912fd1a6ae90", kill_on_drop: false }`
[INFO] [stdout] dd63914f3e04376fc8b26c39784731aa886d1d3f43bb1a129842912fd1a6ae90
[INFO] running `Command { std: "docker" "create" "-v" "/var/lib/crater-agent-workspace/builds/worker-5-tc1/target:/opt/rustwide/target:rw,Z" "-v" "/var/lib/crater-agent-workspace/builds/worker-5-tc1/source:/opt/rustwide/workdir:ro,Z" "-v" "/var/lib/crater-agent-workspace/cargo-home:/opt/rustwide/cargo-home:ro,Z" "-v" "/var/lib/crater-agent-workspace/rustup-home:/opt/rustwide/rustup-home:ro,Z" "-e" "SOURCE_DIR=/opt/rustwide/workdir" "-e" "CARGO_TARGET_DIR=/opt/rustwide/target" "-e" "CARGO_INCREMENTAL=0" "-e" "RUST_BACKTRACE=full" "-e" "RUSTFLAGS=--cap-lints=forbid" "-e" "RUSTDOCFLAGS=--cap-lints=forbid" "-e" "CARGO_HOME=/opt/rustwide/cargo-home" "-e" "RUSTUP_HOME=/opt/rustwide/rustup-home" "-w" "/opt/rustwide/workdir" "-m" "1610612736" "--user" "0:0" "--network" "none" "ghcr.io/rust-lang/crates-build-env/linux@sha256:4a844ea9eb2546a2d2c7022eacef16ef2e8229c7fbb2c7d4d55a9ceca922f72d" "/opt/rustwide/cargo-home/bin/cargo" "+nightly-2024-10-28" "build" "--frozen" "--message-format=json", kill_on_drop: false }`
[INFO] [stdout] 5a140c0242c457ad9b74752290ef33c3d3854f79d3cc6070b752818602e7c8b9
[INFO] running `Command { std: "docker" "start" "-a" "5a140c0242c457ad9b74752290ef33c3d3854f79d3cc6070b752818602e7c8b9", kill_on_drop: false }`
[INFO] [stderr]    Compiling crc32fast v1.4.2
[INFO] [stderr]    Compiling simd-adler32 v0.3.7
[INFO] [stderr]    Compiling syn v2.0.86
[INFO] [stderr]    Compiling glob v0.3.1
[INFO] [stderr]    Compiling prettyplease v0.2.25
[INFO] [stderr]    Compiling bitflags v2.6.0
[INFO] [stderr]    Compiling rustix v0.38.38
[INFO] [stderr]    Compiling linux-raw-sys v0.4.14
[INFO] [stderr]    Compiling miniz_oxide v0.8.0
[INFO] [stderr]    Compiling regex-syntax v0.8.5
[INFO] [stderr]    Compiling minimal-lexical v0.2.1
[INFO] [stderr]    Compiling memchr v2.7.4
[INFO] [stderr]    Compiling clang-sys v1.8.1
[INFO] [stderr]    Compiling num-traits v0.2.19
[INFO] [stderr]    Compiling libloading v0.8.5
[INFO] [stderr]    Compiling bindgen v0.70.1
[INFO] [stderr]    Compiling flate2 v1.0.34
[INFO] [stderr]    Compiling nom v7.1.3
[INFO] [stderr]    Compiling filetime v0.2.25
[INFO] [stderr]    Compiling lock_api v0.4.12
[INFO] [stderr]    Compiling itertools v0.13.0
[INFO] [stderr]    Compiling regex-automata v0.4.8
[INFO] [stderr]    Compiling parking_lot_core v0.9.10
[INFO] [stderr]    Compiling xattr v1.3.1
[INFO] [stderr]    Compiling hashbrown v0.15.0
[INFO] [stderr]    Compiling equivalent v1.0.1
[INFO] [stderr]    Compiling rustc-hash v1.1.0
[INFO] [stderr]    Compiling tar v0.4.42
[INFO] [stderr]    Compiling cexpr v0.6.0
[INFO] [stderr]    Compiling regex v1.11.1
[INFO] [stderr]    Compiling indexmap v2.6.0
[INFO] [stderr]    Compiling paste v1.0.15
[INFO] [stderr]    Compiling weezl v0.1.8
[INFO] [stderr]    Compiling jpeg-decoder v0.3.1
[INFO] [stderr]    Compiling fdeflate v0.3.6
[INFO] [stderr]    Compiling zune-inflate v0.2.54
[INFO] [stderr]    Compiling half v2.4.1
[INFO] [stderr]    Compiling bytemuck v1.19.0
[INFO] [stderr]    Compiling lockfree-object-pool v0.1.6
[INFO] [stderr]    Compiling lebe v0.5.2
[INFO] [stderr]    Compiling bumpalo v3.16.0
[INFO] [stderr]    Compiling option-ext v0.2.0
[INFO] [stderr]    Compiling bit_field v0.10.2
[INFO] [stderr]    Compiling winnow v0.6.20
[INFO] [stderr]    Compiling zip v2.2.0
[INFO] [stderr]    Compiling png v0.17.14
[INFO] [stderr]    Compiling gif v0.13.1
[INFO] [stderr]    Compiling zopfli v0.8.1
[INFO] [stderr]    Compiling exr v1.73.0
[INFO] [stderr]    Compiling dirs-sys v0.4.1
[INFO] [stderr]    Compiling semver v1.0.23
[INFO] [stderr]    Compiling qoi v0.4.1
[INFO] [stderr]    Compiling serde_derive v1.0.214
[INFO] [stderr]    Compiling zerocopy-derive v0.7.35
[INFO] [stderr]    Compiling thiserror-impl v1.0.66
[INFO] [stderr]    Compiling displaydoc v0.2.5
[INFO] [stderr]    Compiling tiff v0.9.1
[INFO] [stderr]    Compiling parking_lot v0.12.3
[INFO] [stderr]    Compiling zerocopy v0.7.35
[INFO] [stderr]    Compiling thiserror v1.0.66
[INFO] [stderr]    Compiling glow v0.15.0
[INFO] [stderr]    Compiling chrono v0.4.38
[INFO] [stderr]    Compiling ppv-lite86 v0.2.20
[INFO] [stderr]    Compiling directories v5.0.1
[INFO] [stderr]    Compiling rand_chacha v0.3.1
[INFO] [stderr]    Compiling rand_xoshiro v0.6.0
[INFO] [stderr]    Compiling rand v0.8.5
[INFO] [stderr]    Compiling image v0.24.9
[INFO] [stderr]    Compiling serde v1.0.214
[INFO] [stderr]    Compiling noise v0.9.0
[INFO] [stderr]    Compiling pyxel-platform v2.2.7
[INFO] [stderr] error: failed to run custom build command for `pyxel-platform v2.2.7`
[INFO] [stderr] note: To improve backtraces for build dependencies, set the CARGO_PROFILE_DEV_BUILD_OVERRIDE_DEBUG=true environment variable to enable debug information generation.
[INFO] [stderr] 
[INFO] [stderr] Caused by:
[INFO] [stderr]   process didn't exit successfully: `/opt/rustwide/target/debug/build/pyxel-platform-a248e7767d1abb69/build-script-build` (exit status: 101)
[INFO] [stderr]   --- stdout
[INFO] [stderr]   cargo:rustc-flags=-l SDL2
[INFO] [stderr] 
[INFO] [stderr]   --- stderr
[INFO] [stderr]   wrapper.h:1:10: fatal error: 'SDL.h' file not found
[INFO] [stderr]   thread 'main' panicked at /opt/rustwide/cargo-home/registry/src/index.crates.io-6f17d22bba15001f/pyxel-platform-2.2.7/build.rs:220:14:
[INFO] [stderr]   Failed to generate bindings: ClangDiagnostic("wrapper.h:1:10: fatal error: 'SDL.h' file not found\n")
[INFO] [stderr]   stack backtrace:
[INFO] [stderr]      0:     0x59b8b4b548aa - std::backtrace_rs::backtrace::libunwind::trace::h207520d6e9873551
[INFO] [stderr]                                  at /rustc/df4ca44d3fbc9301ee17f30f4d474e6ae4b05252/library/std/src/../../backtrace/src/backtrace/libunwind.rs:116:5
[INFO] [stderr]      1:     0x59b8b4b548aa - std::backtrace_rs::backtrace::trace_unsynchronized::h2ed7433f370e3eca
[INFO] [stderr]                                  at /rustc/df4ca44d3fbc9301ee17f30f4d474e6ae4b05252/library/std/src/../../backtrace/src/backtrace/mod.rs:66:5
[INFO] [stderr]      2:     0x59b8b4b548aa - std::sys::backtrace::_print_fmt::h916fac51166b18d7
[INFO] [stderr]                                  at /rustc/df4ca44d3fbc9301ee17f30f4d474e6ae4b05252/library/std/src/sys/backtrace.rs:66:9
[INFO] [stderr]      3:     0x59b8b4b548aa - <std::sys::backtrace::BacktraceLock::print::DisplayBacktrace as core::fmt::Display>::fmt::ha0a4c9b8ce3802e6
[INFO] [stderr]                                  at /rustc/df4ca44d3fbc9301ee17f30f4d474e6ae4b05252/library/std/src/sys/backtrace.rs:39:26
[INFO] [stderr]      4:     0x59b8b4b7e883 - core::fmt::rt::Argument::fmt::h4cfc8587d52b3eb5
[INFO] [stderr]                                  at /rustc/df4ca44d3fbc9301ee17f30f4d474e6ae4b05252/library/core/src/fmt/rt.rs:177:76
[INFO] [stderr]      5:     0x59b8b4b7e883 - core::fmt::write::h522cc39e5b36ae9f
[INFO] [stderr]                                  at /rustc/df4ca44d3fbc9301ee17f30f4d474e6ae4b05252/library/core/src/fmt/mod.rs:1190:21
[INFO] [stderr]      6:     0x59b8b4b50d03 - std::io::Write::write_fmt::hf1c1dcc8cc1287f0
[INFO] [stderr]                                  at /rustc/df4ca44d3fbc9301ee17f30f4d474e6ae4b05252/library/std/src/io/mod.rs:1839:15
[INFO] [stderr]      7:     0x59b8b4b546f2 - std::sys::backtrace::BacktraceLock::print::h4b9e00b29e9c0942
[INFO] [stderr]                                  at /rustc/df4ca44d3fbc9301ee17f30f4d474e6ae4b05252/library/std/src/sys/backtrace.rs:42:9
[INFO] [stderr]      8:     0x59b8b4b558ec - std::panicking::default_hook::{{closure}}::hb59b88280d0324d9
[INFO] [stderr]                                  at /rustc/df4ca44d3fbc9301ee17f30f4d474e6ae4b05252/library/std/src/panicking.rs:268:22
[INFO] [stderr]      9:     0x59b8b4b55732 - std::panicking::default_hook::he1dd496665be4a29
[INFO] [stderr]                                  at /rustc/df4ca44d3fbc9301ee17f30f4d474e6ae4b05252/library/std/src/panicking.rs:295:9
[INFO] [stderr]     10:     0x59b8b4b55f27 - std::panicking::rust_panic_with_hook::h2ff17fe8f26dfcf8
[INFO] [stderr]                                  at /rustc/df4ca44d3fbc9301ee17f30f4d474e6ae4b05252/library/std/src/panicking.rs:801:13
[INFO] [stderr]     11:     0x59b8b4b55dba - std::panicking::begin_panic_handler::{{closure}}::h4fad77951c07e101
[INFO] [stderr]                                  at /rustc/df4ca44d3fbc9301ee17f30f4d474e6ae4b05252/library/std/src/panicking.rs:674:13
[INFO] [stderr]     12:     0x59b8b4b54d89 - std::sys::backtrace::__rust_end_short_backtrace::hb1a25b3da5d0ea08
[INFO] [stderr]                                  at /rustc/df4ca44d3fbc9301ee17f30f4d474e6ae4b05252/library/std/src/sys/backtrace.rs:170:18
[INFO] [stderr]     13:     0x59b8b4b55a4c - rust_begin_unwind
[INFO] [stderr]                                  at /rustc/df4ca44d3fbc9301ee17f30f4d474e6ae4b05252/library/std/src/panicking.rs:665:5
[INFO] [stderr]     14:     0x59b8b4b7cbd0 - core::panicking::panic_fmt::ha9db07b529f9b256
[INFO] [stderr]                                  at /rustc/df4ca44d3fbc9301ee17f30f4d474e6ae4b05252/library/core/src/panicking.rs:75:14
[INFO] [stderr]     15:     0x59b8b4b7d056 - core::result::unwrap_failed::h5e8218e4d4338b8a
[INFO] [stderr]                                  at /rustc/df4ca44d3fbc9301ee17f30f4d474e6ae4b05252/library/core/src/result.rs:1698:5
[INFO] [stderr]     16:     0x59b8b4548760 - core::result::Result<T,E>::expect::h26cb3b1413c4f081
[INFO] [stderr]     17:     0x59b8b4552f0b - build_script_build::SDL2BindingsBuilder::generate_bindings::h2a10eff24aa2aa9d
[INFO] [stderr]     18:     0x59b8b4553110 - build_script_build::SDL2BindingsBuilder::build::h8d48c51b30a6cd0d
[INFO] [stderr]     19:     0x59b8b455314b - build_script_build::main::h92b601f9ed149f77
[INFO] [stderr]     20:     0x59b8b454c423 - core::ops::function::FnOnce::call_once::hbc21bdc45b547126
[INFO] [stderr]     21:     0x59b8b454bed6 - std::sys::backtrace::__rust_begin_short_backtrace::h4a6e55295a3694b3
[INFO] [stderr]     22:     0x59b8b454beb9 - std::rt::lang_start::{{closure}}::h1b7c91569a1c2aea
[INFO] [stderr]     23:     0x59b8b4b4c3e7 - core::ops::function::impls::<impl core::ops::function::FnOnce<A> for &F>::call_once::hd87d66b906e0ccaf
[INFO] [stderr]                                  at /rustc/df4ca44d3fbc9301ee17f30f4d474e6ae4b05252/library/core/src/ops/function.rs:284:13
[INFO] [stderr]     24:     0x59b8b4b4c3e7 - std::panicking::try::do_call::hae3703de71fc9e3a
[INFO] [stderr]                                  at /rustc/df4ca44d3fbc9301ee17f30f4d474e6ae4b05252/library/std/src/panicking.rs:557:40
[INFO] [stderr]     25:     0x59b8b4b4c3e7 - std::panicking::try::h1178330e9a2b2645
[INFO] [stderr]                                  at /rustc/df4ca44d3fbc9301ee17f30f4d474e6ae4b05252/library/std/src/panicking.rs:520:19
[INFO] [stderr]     26:     0x59b8b4b4c3e7 - std::panic::catch_unwind::h0acf49d2305d32ad
[INFO] [stderr]                                  at /rustc/df4ca44d3fbc9301ee17f30f4d474e6ae4b05252/library/std/src/panic.rs:358:14
[INFO] [stderr]     27:     0x59b8b4b4c3e7 - std::rt::lang_start_internal::{{closure}}::h2d95182d798177be
[INFO] [stderr]                                  at /rustc/df4ca44d3fbc9301ee17f30f4d474e6ae4b05252/library/std/src/rt.rs:174:48
[INFO] [stderr]     28:     0x59b8b4b4c3e7 - std::panicking::try::do_call::hb506f5bfe11fd30c
[INFO] [stderr]                                  at /rustc/df4ca44d3fbc9301ee17f30f4d474e6ae4b05252/library/std/src/panicking.rs:557:40
[INFO] [stderr]     29:     0x59b8b4b4c3e7 - std::panicking::try::h54d825c46bd0fa95
[INFO] [stderr]                                  at /rustc/df4ca44d3fbc9301ee17f30f4d474e6ae4b05252/library/std/src/panicking.rs:520:19
[INFO] [stderr]     30:     0x59b8b4b4c3e7 - std::panic::catch_unwind::hffbb0ad20c4e9fac
[INFO] [stderr]                                  at /rustc/df4ca44d3fbc9301ee17f30f4d474e6ae4b05252/library/std/src/panic.rs:358:14
[INFO] [stderr]     31:     0x59b8b4b4c3e7 - std::rt::lang_start_internal::h52c291ef1962c925
[INFO] [stderr]                                  at /rustc/df4ca44d3fbc9301ee17f30f4d474e6ae4b05252/library/std/src/rt.rs:174:20
[INFO] [stderr]     32:     0x59b8b454be97 - std::rt::lang_start::h1fb69f0023199b88
[INFO] [stderr]     33:     0x59b8b45531a5 - main
[INFO] [stderr]     34:     0x7474f8931d90 - <unknown>
[INFO] [stderr]     35:     0x7474f8931e40 - __libc_start_main
[INFO] [stderr]     36:     0x59b8b4545505 - _start
[INFO] [stderr]     37:                0x0 - <unknown>
[INFO] [stderr] warning: build failed, waiting for other jobs to finish...
[INFO] running `Command { std: "docker" "inspect" "5a140c0242c457ad9b74752290ef33c3d3854f79d3cc6070b752818602e7c8b9", kill_on_drop: false }`
[INFO] running `Command { std: "docker" "rm" "-f" "5a140c0242c457ad9b74752290ef33c3d3854f79d3cc6070b752818602e7c8b9", kill_on_drop: false }`
[INFO] [stdout] 5a140c0242c457ad9b74752290ef33c3d3854f79d3cc6070b752818602e7c8b9
