[INFO] fetching crate pytrace 0.3.3...
[INFO] testing pytrace-0.3.3 against nightly-2024-10-28+rustflags=-Zrandomize-layout for randomize-layout
[INFO] extracting crate pytrace 0.3.3 into /workspace/builds/worker-5-tc2/source
[INFO] validating manifest of crates.io crate pytrace 0.3.3 on toolchain nightly-2024-10-28
[INFO] running `Command { std: CARGO_HOME="/workspace/cargo-home" RUSTUP_HOME="/workspace/rustup-home" "/workspace/cargo-home/bin/cargo" "+nightly-2024-10-28" "metadata" "--manifest-path" "Cargo.toml" "--no-deps", kill_on_drop: false }`
[INFO] started tweaking crates.io crate pytrace 0.3.3
[INFO] finished tweaking crates.io crate pytrace 0.3.3
[INFO] tweaked toml for crates.io crate pytrace 0.3.3 written to /workspace/builds/worker-5-tc2/source/Cargo.toml
[INFO] running `Command { std: CARGO_HOME="/workspace/cargo-home" RUSTUP_HOME="/workspace/rustup-home" "/workspace/cargo-home/bin/cargo" "+nightly-2024-10-28" "generate-lockfile" "--manifest-path" "Cargo.toml", kill_on_drop: false }`
[INFO] [stderr]     Updating crates.io index
[INFO] [stderr]      Locking 54 packages to latest compatible versions
[INFO] [stderr]       Adding ctrlc v3.1.10 (available: v3.4.5)
[INFO] [stderr]       Adding indoc-impl v0.3.6 (available: v0.3.7)
[INFO] [stderr]       Adding pyo3 v0.10.1 (available: v0.22.5)
[INFO] running `Command { std: CARGO_HOME="/workspace/cargo-home" RUSTUP_HOME="/workspace/rustup-home" "/workspace/cargo-home/bin/cargo" "+nightly-2024-10-28" "fetch" "--manifest-path" "Cargo.toml", kill_on_drop: false }`
[INFO] running `Command { std: "docker" "create" "-v" "/var/lib/crater-agent-workspace/builds/worker-5-tc2/target:/opt/rustwide/target:rw,Z" "-v" "/var/lib/crater-agent-workspace/builds/worker-5-tc2/source:/opt/rustwide/workdir:ro,Z" "-v" "/var/lib/crater-agent-workspace/cargo-home:/opt/rustwide/cargo-home:ro,Z" "-v" "/var/lib/crater-agent-workspace/rustup-home:/opt/rustwide/rustup-home:ro,Z" "-e" "SOURCE_DIR=/opt/rustwide/workdir" "-e" "CARGO_TARGET_DIR=/opt/rustwide/target" "-e" "CARGO_HOME=/opt/rustwide/cargo-home" "-e" "RUSTUP_HOME=/opt/rustwide/rustup-home" "-w" "/opt/rustwide/workdir" "-m" "1610612736" "--user" "0:0" "--network" "none" "ghcr.io/rust-lang/crates-build-env/linux@sha256:4a844ea9eb2546a2d2c7022eacef16ef2e8229c7fbb2c7d4d55a9ceca922f72d" "/opt/rustwide/cargo-home/bin/cargo" "+nightly-2024-10-28" "metadata" "--no-deps" "--format-version=1", kill_on_drop: false }`
[INFO] [stdout] c353c9e800969c283b67618633580dd7971963b741856155642da03b7afb8051
[INFO] running `Command { std: "docker" "start" "-a" "c353c9e800969c283b67618633580dd7971963b741856155642da03b7afb8051", kill_on_drop: false }`
[INFO] running `Command { std: "docker" "inspect" "c353c9e800969c283b67618633580dd7971963b741856155642da03b7afb8051", kill_on_drop: false }`
[INFO] running `Command { std: "docker" "rm" "-f" "c353c9e800969c283b67618633580dd7971963b741856155642da03b7afb8051", kill_on_drop: false }`
[INFO] [stdout] c353c9e800969c283b67618633580dd7971963b741856155642da03b7afb8051
[INFO] running `Command { std: "docker" "create" "-v" "/var/lib/crater-agent-workspace/builds/worker-5-tc2/target:/opt/rustwide/target:rw,Z" "-v" "/var/lib/crater-agent-workspace/builds/worker-5-tc2/source:/opt/rustwide/workdir:ro,Z" "-v" "/var/lib/crater-agent-workspace/cargo-home:/opt/rustwide/cargo-home:ro,Z" "-v" "/var/lib/crater-agent-workspace/rustup-home:/opt/rustwide/rustup-home:ro,Z" "-e" "SOURCE_DIR=/opt/rustwide/workdir" "-e" "CARGO_TARGET_DIR=/opt/rustwide/target" "-e" "CARGO_INCREMENTAL=0" "-e" "RUST_BACKTRACE=full" "-e" "RUSTFLAGS=--cap-lints=forbid -Zrandomize-layout" "-e" "RUSTDOCFLAGS=--cap-lints=forbid" "-e" "CARGO_HOME=/opt/rustwide/cargo-home" "-e" "RUSTUP_HOME=/opt/rustwide/rustup-home" "-w" "/opt/rustwide/workdir" "-m" "1610612736" "--user" "0:0" "--network" "none" "ghcr.io/rust-lang/crates-build-env/linux@sha256:4a844ea9eb2546a2d2c7022eacef16ef2e8229c7fbb2c7d4d55a9ceca922f72d" "/opt/rustwide/cargo-home/bin/cargo" "+nightly-2024-10-28" "build" "--frozen" "--message-format=json", kill_on_drop: false }`
[INFO] [stdout] 7e8877916993bba4b90ac2704a65dda6e33974def95e640ffccb483264c41ea9
[INFO] running `Command { std: "docker" "start" "-a" "7e8877916993bba4b90ac2704a65dda6e33974def95e640ffccb483264c41ea9", kill_on_drop: false }`
[INFO] [stderr]    Compiling libc v0.2.161
[INFO] [stderr]    Compiling syn v1.0.109
[INFO] [stderr]    Compiling proc-macro-hack v0.5.20+deprecated
[INFO] [stderr]    Compiling inventory v0.1.11
[INFO] [stderr]    Compiling unindent v0.1.11
[INFO] [stderr]    Compiling glob v0.3.1
[INFO] [stderr]    Compiling memoffset v0.6.5
[INFO] [stderr]    Compiling pyo3 v0.10.1
[INFO] [stderr]    Compiling lock_api v0.3.4
[INFO] [stderr]    Compiling ghost v0.1.17
[INFO] [stderr]    Compiling paste-impl v0.1.18
[INFO] [stderr]    Compiling paste v0.1.18
[INFO] [stderr]    Compiling getrandom v0.1.16
[INFO] [stderr]    Compiling parking_lot_core v0.7.3
[INFO] [stderr]    Compiling num_cpus v1.16.0
[INFO] [stderr]    Compiling nix v0.22.3
[INFO] [stderr]    Compiling rand_core v0.5.1
[INFO] [stderr]    Compiling threadpool v1.8.1
[INFO] [stderr]    Compiling parking_lot v0.10.2
[INFO] [stderr]    Compiling rand_chacha v0.2.2
[INFO] [stderr]    Compiling rand v0.7.3
[INFO] [stderr]    Compiling pytrace_core v0.2.5
[INFO] [stderr]    Compiling pyo3-derive-backend v0.10.1
[INFO] [stderr]    Compiling inventory-impl v0.1.11
[INFO] [stderr]    Compiling indoc-impl v0.3.6
[INFO] [stderr]    Compiling ctor v0.1.26
[INFO] [stderr]    Compiling indoc v0.3.6
[INFO] [stderr]    Compiling pyo3cls v0.10.1
[INFO] [stderr]    Compiling ctrlc v3.1.10
[INFO] [stderr]    Compiling pytrace v0.3.3 (/opt/rustwide/workdir)
[INFO] [stderr]     Finished `dev` profile [unoptimized + debuginfo] target(s) in 9.57s
[INFO] [stderr] warning: the following packages contain code that will be rejected by a future version of Rust: pyo3 v0.10.1, pyo3-derive-backend v0.10.1
[INFO] [stderr] note: to see what the problems were, use the option `--future-incompat-report`, or run `cargo report future-incompatibilities --id 1`
[INFO] running `Command { std: "docker" "inspect" "7e8877916993bba4b90ac2704a65dda6e33974def95e640ffccb483264c41ea9", kill_on_drop: false }`
[INFO] running `Command { std: "docker" "rm" "-f" "7e8877916993bba4b90ac2704a65dda6e33974def95e640ffccb483264c41ea9", kill_on_drop: false }`
[INFO] [stdout] 7e8877916993bba4b90ac2704a65dda6e33974def95e640ffccb483264c41ea9
[INFO] running `Command { std: "docker" "create" "-v" "/var/lib/crater-agent-workspace/builds/worker-5-tc2/target:/opt/rustwide/target:rw,Z" "-v" "/var/lib/crater-agent-workspace/builds/worker-5-tc2/source:/opt/rustwide/workdir:ro,Z" "-v" "/var/lib/crater-agent-workspace/cargo-home:/opt/rustwide/cargo-home:ro,Z" "-v" "/var/lib/crater-agent-workspace/rustup-home:/opt/rustwide/rustup-home:ro,Z" "-e" "SOURCE_DIR=/opt/rustwide/workdir" "-e" "CARGO_TARGET_DIR=/opt/rustwide/target" "-e" "CARGO_INCREMENTAL=0" "-e" "RUST_BACKTRACE=full" "-e" "RUSTFLAGS=--cap-lints=forbid -Zrandomize-layout" "-e" "RUSTDOCFLAGS=--cap-lints=forbid" "-e" "CARGO_HOME=/opt/rustwide/cargo-home" "-e" "RUSTUP_HOME=/opt/rustwide/rustup-home" "-w" "/opt/rustwide/workdir" "-m" "1610612736" "--user" "0:0" "--network" "none" "ghcr.io/rust-lang/crates-build-env/linux@sha256:4a844ea9eb2546a2d2c7022eacef16ef2e8229c7fbb2c7d4d55a9ceca922f72d" "/opt/rustwide/cargo-home/bin/cargo" "+nightly-2024-10-28" "test" "--frozen" "--no-run" "--message-format=json", kill_on_drop: false }`
[INFO] [stdout] c4bf4f54afa55f4400cd379e8967fad88f38696490e8d93ea662911d932508d8
[INFO] running `Command { std: "docker" "start" "-a" "c4bf4f54afa55f4400cd379e8967fad88f38696490e8d93ea662911d932508d8", kill_on_drop: false }`
[INFO] [stderr]    Compiling pytrace v0.3.3 (/opt/rustwide/workdir)
[INFO] [stdout] error: linking with `cc` failed: exit status: 1
[INFO] [stdout]   |
[INFO] [stdout]   = note: LC_ALL="C" PATH="/opt/rustwide/rustup-home/toolchains/nightly-2024-10-28-x86_64-unknown-linux-gnu/lib/rustlib/x86_64-unknown-linux-gnu/bin:/opt/rustwide/rustup-home/toolchains/nightly-2024-10-28-x86_64-unknown-linux-gnu/lib/rustlib/x86_64-unknown-linux-gnu/bin/self-contained:/opt/rustwide/cargo-home/bin:/usr/local/sbin:/usr/local/bin:/usr/sbin:/usr/bin:/sbin:/bin" VSLANG="1033" "cc" "-m64" "/tmp/rustc6hdhTe/symbols.o" "/opt/rustwide/target/debug/deps/pytrace-12ca8606ad77ee7c.pytrace.f07f8195d43c51e9-cgu.00.rcgu.o" "/opt/rustwide/target/debug/deps/pytrace-12ca8606ad77ee7c.pytrace.f07f8195d43c51e9-cgu.01.rcgu.o" "/opt/rustwide/target/debug/deps/pytrace-12ca8606ad77ee7c.pytrace.f07f8195d43c51e9-cgu.02.rcgu.o" "/opt/rustwide/target/debug/deps/pytrace-12ca8606ad77ee7c.pytrace.f07f8195d43c51e9-cgu.03.rcgu.o" "/opt/rustwide/target/debug/deps/pytrace-12ca8606ad77ee7c.pytrace.f07f8195d43c51e9-cgu.04.rcgu.o" "/opt/rustwide/target/debug/deps/pytrace-12ca8606ad77ee7c.pytrace.f07f8195d43c51e9-cgu.05.rcgu.o" "/opt/rustwide/target/debug/deps/pytrace-12ca8606ad77ee7c.pytrace.f07f8195d43c51e9-cgu.06.rcgu.o" "/opt/rustwide/target/debug/deps/pytrace-12ca8606ad77ee7c.pytrace.f07f8195d43c51e9-cgu.07.rcgu.o" "/opt/rustwide/target/debug/deps/pytrace-12ca8606ad77ee7c.pytrace.f07f8195d43c51e9-cgu.08.rcgu.o" "/opt/rustwide/target/debug/deps/pytrace-12ca8606ad77ee7c.pytrace.f07f8195d43c51e9-cgu.09.rcgu.o" "/opt/rustwide/target/debug/deps/pytrace-12ca8606ad77ee7c.pytrace.f07f8195d43c51e9-cgu.10.rcgu.o" "/opt/rustwide/target/debug/deps/pytrace-12ca8606ad77ee7c.pytrace.f07f8195d43c51e9-cgu.11.rcgu.o" "/opt/rustwide/target/debug/deps/pytrace-12ca8606ad77ee7c.pytrace.f07f8195d43c51e9-cgu.12.rcgu.o" "/opt/rustwide/target/debug/deps/pytrace-12ca8606ad77ee7c.pytrace.f07f8195d43c51e9-cgu.13.rcgu.o" "/opt/rustwide/target/debug/deps/pytrace-12ca8606ad77ee7c.pytrace.f07f8195d43c51e9-cgu.14.rcgu.o" "/opt/rustwide/target/debug/deps/pytrace-12ca8606ad77ee7c.pytrace.f07f8195d43c51e9-cgu.15.rcgu.o" "/opt/rustwide/target/debug/deps/pytrace-12ca8606ad77ee7c.e6wo6zm6r43lplh24awrys8fl.rcgu.o" "-Wl,--as-needed" "-Wl,-Bstatic" "/opt/rustwide/target/debug/deps/libctrlc-80ae004ca4931f0b.rlib" "/opt/rustwide/target/debug/deps/libnix-1e6c8e85c2e20b2a.rlib" "/opt/rustwide/target/debug/deps/libbitflags-560efdb99b117eef.rlib" "/opt/rustwide/target/debug/deps/libmemoffset-826871b0a2c2efb2.rlib" "/opt/rustwide/rustup-home/toolchains/nightly-2024-10-28-x86_64-unknown-linux-gnu/lib/rustlib/x86_64-unknown-linux-gnu/lib/libtest-a09fad3b5321e7d6.rlib" "/opt/rustwide/rustup-home/toolchains/nightly-2024-10-28-x86_64-unknown-linux-gnu/lib/rustlib/x86_64-unknown-linux-gnu/lib/libgetopts-f9c3dff41ad42661.rlib" "/opt/rustwide/rustup-home/toolchains/nightly-2024-10-28-x86_64-unknown-linux-gnu/lib/rustlib/x86_64-unknown-linux-gnu/lib/libunicode_width-ad2aef31af6addd3.rlib" "/opt/rustwide/rustup-home/toolchains/nightly-2024-10-28-x86_64-unknown-linux-gnu/lib/rustlib/x86_64-unknown-linux-gnu/lib/librustc_std_workspace_std-e3f907dc03deb913.rlib" "/opt/rustwide/target/debug/deps/libglob-001115221c71ed95.rlib" "/opt/rustwide/target/debug/deps/libpytrace_core-f9132198370da424.rlib" "/opt/rustwide/target/debug/deps/librand-434c88ada2f50c05.rlib" "/opt/rustwide/target/debug/deps/librand_chacha-29519b11c2a8458a.rlib" "/opt/rustwide/target/debug/deps/libppv_lite86-9227cdc9e09ec6a2.rlib" "/opt/rustwide/target/debug/deps/libzerocopy-eeaf851a59e44100.rlib" "/opt/rustwide/target/debug/deps/libbyteorder-7817d47eb31dfb0c.rlib" "/opt/rustwide/target/debug/deps/librand_core-d6cacd0fecab38eb.rlib" "/opt/rustwide/target/debug/deps/libgetrandom-99628b2e963a0709.rlib" "/opt/rustwide/target/debug/deps/libcfg_if-57bf25c23e31efdb.rlib" "/opt/rustwide/target/debug/deps/libthreadpool-145fd08a7a287cf8.rlib" "/opt/rustwide/target/debug/deps/libnum_cpus-9f00ffc1fed9ef56.rlib" "/opt/rustwide/target/debug/deps/libpyo3-1b6a583e794948e5.rlib" "/opt/rustwide/target/debug/deps/libparking_lot-a05935b8a9197f32.rlib" "/opt/rustwide/target/debug/deps/libparking_lot_core-5f4f03462984877e.rlib" "/opt/rustwide/target/debug/deps/libsmallvec-756ee87804f0eec5.rlib" "/opt/rustwide/target/debug/deps/libcfg_if-6065b8815e149626.rlib" "/opt/rustwide/target/debug/deps/liblock_api-ca9cafbc895a74e5.rlib" "/opt/rustwide/target/debug/deps/libscopeguard-003ee3b9b09cebdb.rlib" "/opt/rustwide/target/debug/deps/liblibc-cf06f29c0a4f6ede.rlib" "/opt/rustwide/target/debug/deps/libunindent-1e23dff4ebeeb400.rlib" "/opt/rustwide/target/debug/deps/libpaste-4723de8a0398679a.rlib" "/opt/rustwide/target/debug/deps/libinventory-2a9ed61f8663b724.rlib" "/opt/rustwide/target/debug/deps/libindoc-9d75ecdc7135abea.rlib" "/opt/rustwide/rustup-home/toolchains/nightly-2024-10-28-x86_64-unknown-linux-gnu/lib/rustlib/x86_64-unknown-linux-gnu/lib/libstd-fb8c387236db3c10.rlib" "/opt/rustwide/rustup-home/toolchains/nightly-2024-10-28-x86_64-unknown-linux-gnu/lib/rustlib/x86_64-unknown-linux-gnu/lib/libpanic_unwind-b251837809b2f64b.rlib" "/opt/rustwide/rustup-home/toolchains/nightly-2024-10-28-x86_64-unknown-linux-gnu/lib/rustlib/x86_64-unknown-linux-gnu/lib/libobject-cbef83eaa4e01f04.rlib" "/opt/rustwide/rustup-home/toolchains/nightly-2024-10-28-x86_64-unknown-linux-gnu/lib/rustlib/x86_64-unknown-linux-gnu/lib/libmemchr-12a772286de2fca7.rlib" "/opt/rustwide/rustup-home/toolchains/nightly-2024-10-28-x86_64-unknown-linux-gnu/lib/rustlib/x86_64-unknown-linux-gnu/lib/libaddr2line-023bbe5ada7abfc3.rlib" "/opt/rustwide/rustup-home/toolchains/nightly-2024-10-28-x86_64-unknown-linux-gnu/lib/rustlib/x86_64-unknown-linux-gnu/lib/libgimli-de2bcdf10ec69c2b.rlib" "/opt/rustwide/rustup-home/toolchains/nightly-2024-10-28-x86_64-unknown-linux-gnu/lib/rustlib/x86_64-unknown-linux-gnu/lib/librustc_demangle-8e1754df350800fd.rlib" "/opt/rustwide/rustup-home/toolchains/nightly-2024-10-28-x86_64-unknown-linux-gnu/lib/rustlib/x86_64-unknown-linux-gnu/lib/libstd_detect-06c2ab7b9c32e037.rlib" "/opt/rustwide/rustup-home/toolchains/nightly-2024-10-28-x86_64-unknown-linux-gnu/lib/rustlib/x86_64-unknown-linux-gnu/lib/libhashbrown-51d2621fc57a281b.rlib" "/opt/rustwide/rustup-home/toolchains/nightly-2024-10-28-x86_64-unknown-linux-gnu/lib/rustlib/x86_64-unknown-linux-gnu/lib/librustc_std_workspace_alloc-54a930408793772f.rlib" "/opt/rustwide/rustup-home/toolchains/nightly-2024-10-28-x86_64-unknown-linux-gnu/lib/rustlib/x86_64-unknown-linux-gnu/lib/libminiz_oxide-0c7d01cba400dcb2.rlib" "/opt/rustwide/rustup-home/toolchains/nightly-2024-10-28-x86_64-unknown-linux-gnu/lib/rustlib/x86_64-unknown-linux-gnu/lib/libadler-b9f84d69e331b75b.rlib" "/opt/rustwide/rustup-home/toolchains/nightly-2024-10-28-x86_64-unknown-linux-gnu/lib/rustlib/x86_64-unknown-linux-gnu/lib/libunwind-eec95493246aae39.rlib" "/opt/rustwide/rustup-home/toolchains/nightly-2024-10-28-x86_64-unknown-linux-gnu/lib/rustlib/x86_64-unknown-linux-gnu/lib/libcfg_if-6f6676c475e08ab0.rlib" "/opt/rustwide/rustup-home/toolchains/nightly-2024-10-28-x86_64-unknown-linux-gnu/lib/rustlib/x86_64-unknown-linux-gnu/lib/liblibc-799d520624f8b2e0.rlib" "/opt/rustwide/rustup-home/toolchains/nightly-2024-10-28-x86_64-unknown-linux-gnu/lib/rustlib/x86_64-unknown-linux-gnu/lib/liballoc-fcf93d4842acd9a9.rlib" "/opt/rustwide/rustup-home/toolchains/nightly-2024-10-28-x86_64-unknown-linux-gnu/lib/rustlib/x86_64-unknown-linux-gnu/lib/librustc_std_workspace_core-395a38b8e0851c9b.rlib" "/opt/rustwide/rustup-home/toolchains/nightly-2024-10-28-x86_64-unknown-linux-gnu/lib/rustlib/x86_64-unknown-linux-gnu/lib/libcore-d453bab70303062c.rlib" "/opt/rustwide/rustup-home/toolchains/nightly-2024-10-28-x86_64-unknown-linux-gnu/lib/rustlib/x86_64-unknown-linux-gnu/lib/libcompiler_builtins-0e6386368b0a24e8.rlib" "-Wl,-Bdynamic" "-lgcc_s" "-lutil" "-lrt" "-lpthread" "-lm" "-ldl" "-lc" "-B/opt/rustwide/rustup-home/toolchains/nightly-2024-10-28-x86_64-unknown-linux-gnu/lib/rustlib/x86_64-unknown-linux-gnu/bin/gcc-ld" "-fuse-ld=lld" "-Wl,--eh-frame-hdr" "-Wl,-z,noexecstack" "-L" "/opt/rustwide/rustup-home/toolchains/nightly-2024-10-28-x86_64-unknown-linux-gnu/lib/rustlib/x86_64-unknown-linux-gnu/lib" "-o" "/opt/rustwide/target/debug/deps/pytrace-12ca8606ad77ee7c" "-Wl,--gc-sections" "-pie" "-Wl,-z,relro,-z,now" "-nodefaultlibs"
[INFO] [stdout]   = note: rust-lld: error: undefined symbol: PyDict_SetItem
[INFO] [stdout]           >>> referenced by dict.rs:124 (/opt/rustwide/cargo-home/registry/src/index.crates.io-6f17d22bba15001f/pyo3-0.10.1/src/types/dict.rs:124)
[INFO] [stdout]           >>>               /opt/rustwide/target/debug/deps/pytrace-12ca8606ad77ee7c.pytrace.f07f8195d43c51e9-cgu.08.rcgu.o:(pyo3::types::dict::PyDict::set_item::_$u7b$$u7b$closure$u7d$$u7d$::_$u7b$$u7b$closure$u7d$$u7d$::hcd0279b907ab666c)
[INFO] [stdout]           
[INFO] [stdout]           rust-lld: error: undefined symbol: PyObject_CallFinalizerFromDealloc
[INFO] [stdout]           >>> referenced by pyclass.rs:43 (/opt/rustwide/cargo-home/registry/src/index.crates.io-6f17d22bba15001f/pyo3-0.10.1/src/pyclass.rs:43)
[INFO] [stdout]           >>>               /opt/rustwide/target/debug/deps/pytrace-12ca8606ad77ee7c.pytrace.f07f8195d43c51e9-cgu.08.rcgu.o:(pyo3::pyclass::PyClassAlloc::dealloc::h38e0b69157dd0cac)
[INFO] [stdout]           >>> referenced by pyclass.rs:43 (/opt/rustwide/cargo-home/registry/src/index.crates.io-6f17d22bba15001f/pyo3-0.10.1/src/pyclass.rs:43)
[INFO] [stdout]           >>>               /opt/rustwide/target/debug/deps/pytrace-12ca8606ad77ee7c.pytrace.f07f8195d43c51e9-cgu.08.rcgu.o:(pyo3::pyclass::PyClassAlloc::dealloc::h4fb261f587319cb6)
[INFO] [stdout]           >>> referenced by pyclass.rs:43 (/opt/rustwide/cargo-home/registry/src/index.crates.io-6f17d22bba15001f/pyo3-0.10.1/src/pyclass.rs:43)
[INFO] [stdout]           >>>               /opt/rustwide/target/debug/deps/pytrace-12ca8606ad77ee7c.pytrace.f07f8195d43c51e9-cgu.08.rcgu.o:(pyo3::pyclass::PyClassAlloc::dealloc::h6a9a4ef12af902b7)
[INFO] [stdout]           >>> referenced 11 more times
[INFO] [stdout]           
[INFO] [stdout]           rust-lld: error: undefined symbol: PyType_GenericAlloc
[INFO] [stdout]           >>> referenced by pyclass.rs:22 (/opt/rustwide/cargo-home/registry/src/index.crates.io-6f17d22bba15001f/pyo3-0.10.1/src/pyclass.rs:22)
[INFO] [stdout]           >>>               /opt/rustwide/target/debug/deps/pytrace-12ca8606ad77ee7c.pytrace.f07f8195d43c51e9-cgu.01.rcgu.o:(pyo3::pyclass::default_alloc::h11c31fa24720a08b)
[INFO] [stdout]           >>> referenced by pyclass.rs:22 (/opt/rustwide/cargo-home/registry/src/index.crates.io-6f17d22bba15001f/pyo3-0.10.1/src/pyclass.rs:22)
[INFO] [stdout]           >>>               /opt/rustwide/target/debug/deps/pytrace-12ca8606ad77ee7c.pytrace.f07f8195d43c51e9-cgu.01.rcgu.o:(pyo3::pyclass::default_alloc::h1f8e42c470c03e2f)
[INFO] [stdout]           >>> referenced by pyclass.rs:22 (/opt/rustwide/cargo-home/registry/src/index.crates.io-6f17d22bba15001f/pyo3-0.10.1/src/pyclass.rs:22)
[INFO] [stdout]           >>>               /opt/rustwide/target/debug/deps/pytrace-12ca8606ad77ee7c.pytrace.f07f8195d43c51e9-cgu.01.rcgu.o:(pyo3::pyclass::default_alloc::h3798be022bc28a2d)
[INFO] [stdout]           >>> referenced 11 more times
[INFO] [stdout]           
[INFO] [stdout]           rust-lld: error: undefined symbol: PyTuple_New
[INFO] [stdout]           >>> referenced by tuple.rs:150 (/opt/rustwide/cargo-home/registry/src/index.crates.io-6f17d22bba15001f/pyo3-0.10.1/src/types/tuple.rs:150)
[INFO] [stdout]           >>>               /opt/rustwide/target/debug/deps/pytrace-12ca8606ad77ee7c.pytrace.f07f8195d43c51e9-cgu.13.rcgu.o:(pyo3::types::tuple::_$LT$impl$u20$pyo3..conversion..ToPyObject$u20$for$u20$$LP$A$C$$RP$$GT$::to_object::h08453dfef3838c3b)
[INFO] [stdout]           >>> referenced by tuple.rs:150 (/opt/rustwide/cargo-home/registry/src/index.crates.io-6f17d22bba15001f/pyo3-0.10.1/src/types/tuple.rs:150)
[INFO] [stdout]           >>>               /opt/rustwide/target/debug/deps/pytrace-12ca8606ad77ee7c.pytrace.f07f8195d43c51e9-cgu.06.rcgu.o:(pyo3::types::tuple::_$LT$impl$u20$pyo3..conversion..ToPyObject$u20$for$u20$$LP$A$C$$RP$$GT$::to_object::h0d52fc8324679880)
[INFO] [stdout]           
[INFO] [stdout]           rust-lld: error: undefined symbol: PyTuple_SetItem
[INFO] [stdout]           >>> referenced by tuple.rs:151 (/opt/rustwide/cargo-home/registry/src/index.crates.io-6f17d22bba15001f/pyo3-0.10.1/src/types/tuple.rs:151)
[INFO] [stdout]           >>>               /opt/rustwide/target/debug/deps/pytrace-12ca8606ad77ee7c.pytrace.f07f8195d43c51e9-cgu.13.rcgu.o:(pyo3::types::tuple::_$LT$impl$u20$pyo3..conversion..ToPyObject$u20$for$u20$$LP$A$C$$RP$$GT$::to_object::h08453dfef3838c3b)
[INFO] [stdout]           >>> referenced by tuple.rs:151 (/opt/rustwide/cargo-home/registry/src/index.crates.io-6f17d22bba15001f/pyo3-0.10.1/src/types/tuple.rs:151)
[INFO] [stdout]           >>>               /opt/rustwide/target/debug/deps/pytrace-12ca8606ad77ee7c.pytrace.f07f8195d43c51e9-cgu.06.rcgu.o:(pyo3::types::tuple::_$LT$impl$u20$pyo3..conversion..ToPyObject$u20$for$u20$$LP$A$C$$RP$$GT$::to_object::h0d52fc8324679880)
[INFO] [stdout]           
[INFO] [stdout]           rust-lld: error: undefined symbol: PyErr_Restore
[INFO] [stdout]           >>> referenced by err.rs:363 (/opt/rustwide/cargo-home/registry/src/index.crates.io-6f17d22bba15001f/pyo3-0.10.1/src/err.rs:363)
[INFO] [stdout]           >>>               /opt/rustwide/target/debug/deps/pytrace-12ca8606ad77ee7c.pytrace.f07f8195d43c51e9-cgu.12.rcgu.o:(pyo3::err::PyErr::restore::h9dbb4c934cc96fbf)
[INFO] [stdout]           >>> referenced by err.rs:363 (src/err.rs:363)
[INFO] [stdout]           >>>               pyo3-1b6a583e794948e5.pyo3.c1dee14dea2fb194-cgu.0.rcgu.o:(pyo3::err::PyErr::restore::h62850cd8ece9f23f) in archive /opt/rustwide/target/debug/deps/libpyo3-1b6a583e794948e5.rlib
[INFO] [stdout]           
[INFO] [stdout]           rust-lld: error: undefined symbol: PyType_IsSubtype
[INFO] [stdout]           >>> referenced by object.rs:721 (/opt/rustwide/cargo-home/registry/src/index.crates.io-6f17d22bba15001f/pyo3-0.10.1/src/ffi/object.rs:721)
[INFO] [stdout]           >>>               /opt/rustwide/target/debug/deps/pytrace-12ca8606ad77ee7c.pytrace.f07f8195d43c51e9-cgu.12.rcgu.o:(pyo3::ffi::object::PyObject_TypeCheck::hfb04baedf613bfaa)
[INFO] [stdout]           
[INFO] [stdout]           rust-lld: error: undefined symbol: _Py_Dealloc
[INFO] [stdout]           >>> referenced by object.rs:931 (/opt/rustwide/cargo-home/registry/src/index.crates.io-6f17d22bba15001f/pyo3-0.10.1/src/ffi/object.rs:931)
[INFO] [stdout]           >>>               /opt/rustwide/target/debug/deps/pytrace-12ca8606ad77ee7c.pytrace.f07f8195d43c51e9-cgu.12.rcgu.o:(pyo3::ffi::object::Py_DECREF::hbae0985bfad0ccc8)
[INFO] [stdout]           >>> referenced by object.rs:931 (src/ffi/object.rs:931)
[INFO] [stdout]           >>>               pyo3-1b6a583e794948e5.pyo3.c1dee14dea2fb194-cgu.4.rcgu.o:(pyo3::ffi::object::Py_DECREF::he4e27f531f31a072) in archive /opt/rustwide/target/debug/deps/libpyo3-1b6a583e794948e5.rlib
[INFO] [stdout]           
[INFO] [stdout]           rust-lld: error: undefined symbol: PyBaseObject_Type
[INFO] [stdout]           >>> referenced by mod.rs:148 (/opt/rustwide/cargo-home/registry/src/index.crates.io-6f17d22bba15001f/pyo3-0.10.1/src/types/mod.rs:148)
[INFO] [stdout]           >>>               /opt/rustwide/target/debug/deps/pytrace-12ca8606ad77ee7c.pytrace.f07f8195d43c51e9-cgu.11.rcgu.o:(_$LT$pyo3..types..any..PyAny$u20$as$u20$pyo3..type_object..PyTypeInfo$GT$::type_object::hcb3adbb84e09db16)
[INFO] [stdout]           
[INFO] [stdout]           rust-lld: error: undefined symbol: PyType_Ready
[INFO] [stdout]           >>> referenced by pyclass.rs:208 (/opt/rustwide/cargo-home/registry/src/index.crates.io-6f17d22bba15001f/pyo3-0.10.1/src/pyclass.rs:208)
[INFO] [stdout]           >>>               /opt/rustwide/target/debug/deps/pytrace-12ca8606ad77ee7c.pytrace.f07f8195d43c51e9-cgu.01.rcgu.o:(pyo3::pyclass::initialize_type_object::h1774d7e2b23f7b98)
[INFO] [stdout]           >>> referenced by pyclass.rs:208 (/opt/rustwide/cargo-home/registry/src/index.crates.io-6f17d22bba15001f/pyo3-0.10.1/src/pyclass.rs:208)
[INFO] [stdout]           >>>               /opt/rustwide/target/debug/deps/pytrace-12ca8606ad77ee7c.pytrace.f07f8195d43c51e9-cgu.01.rcgu.o:(pyo3::pyclass::initialize_type_object::h1946439f17a8b3c2)
[INFO] [stdout]           >>> referenced by pyclass.rs:208 (/opt/rustwide/cargo-home/registry/src/index.crates.io-6f17d22bba15001f/pyo3-0.10.1/src/pyclass.rs:208)
[INFO] [stdout]           >>>               /opt/rustwide/target/debug/deps/pytrace-12ca8606ad77ee7c.pytrace.f07f8195d43c51e9-cgu.01.rcgu.o:(pyo3::pyclass::initialize_type_object::h318bf6953c192ee8)
[INFO] [stdout]           >>> referenced 11 more times
[INFO] [stdout]           
[INFO] [stdout]           rust-lld: error: undefined symbol: PyObject_GenericGetDict
[INFO] [stdout]           >>> referenced by pytrace.f07f8195d43c51e9-cgu.01
[INFO] [stdout]           >>>               /opt/rustwide/target/debug/deps/pytrace-12ca8606ad77ee7c.pytrace.f07f8195d43c51e9-cgu.01.rcgu.o:(.data.rel.ro..L__unnamed_24+0x8)
[INFO] [stdout]           
[INFO] [stdout]           rust-lld: error: undefined symbol: PyObject_GenericSetDict
[INFO] [stdout]           >>> referenced by pytrace.f07f8195d43c51e9-cgu.01
[INFO] [stdout]           >>>               /opt/rustwide/target/debug/deps/pytrace-12ca8606ad77ee7c.pytrace.f07f8195d43c51e9-cgu.01.rcgu.o:(.data.rel.ro..L__unnamed_24+0x10)
[INFO] [stdout]           
[INFO] [stdout]           rust-lld: error: undefined symbol: PyErr_Occurred
[INFO] [stdout]           >>> referenced by err.rs:165 (src/err.rs:165)
[INFO] [stdout]           >>>               pyo3-1b6a583e794948e5.pyo3.c1dee14dea2fb194-cgu.0.rcgu.o:(pyo3::err::PyErr::occurred::hfb2cdf667d9a432a) in archive /opt/rustwide/target/debug/deps/libpyo3-1b6a583e794948e5.rlib
[INFO] [stdout]           
[INFO] [stdout]           rust-lld: error: undefined symbol: PyErr_Fetch
[INFO] [stdout]           >>> referenced by err.rs:180 (src/err.rs:180)
[INFO] [stdout]           >>>               pyo3-1b6a583e794948e5.pyo3.c1dee14dea2fb194-cgu.0.rcgu.o:(pyo3::err::PyErr::fetch::h3827e112b2562f88) in archive /opt/rustwide/target/debug/deps/libpyo3-1b6a583e794948e5.rlib
[INFO] [stdout]           
[INFO] [stdout]           rust-lld: error: undefined symbol: PyDict_New
[INFO] [stdout]           >>> referenced by dict.rs:30 (src/types/dict.rs:30)
[INFO] [stdout]           >>>               pyo3-1b6a583e794948e5.pyo3.c1dee14dea2fb194-cgu.1.rcgu.o:(pyo3::types::dict::PyDict::new::h8871310e10a6ddab) in archive /opt/rustwide/target/debug/deps/libpyo3-1b6a583e794948e5.rlib
[INFO] [stdout]           
[INFO] [stdout]           rust-lld: error: undefined symbol: PyDict_Copy
[INFO] [stdout]           >>> referenced by dict.rs:58 (src/types/dict.rs:58)
[INFO] [stdout]           >>>               pyo3-1b6a583e794948e5.pyo3.c1dee14dea2fb194-cgu.1.rcgu.o:(pyo3::types::dict::PyDict::copy::hd68ec6b74285c2d4) in archive /opt/rustwide/target/debug/deps/libpyo3-1b6a583e794948e5.rlib
[INFO] [stdout]           
[INFO] [stdout]           rust-lld: error: undefined symbol: PyErr_NewException
[INFO] [stdout]           >>> referenced by err.rs:227 (src/err.rs:227)
[INFO] [stdout]           >>>               pyo3-1b6a583e794948e5.pyo3.c1dee14dea2fb194-cgu.0.rcgu.o:(pyo3::err::PyErr::new_type::h41694a986f6c7252) in archive /opt/rustwide/target/debug/deps/libpyo3-1b6a583e794948e5.rlib
[INFO] [stdout]           
[INFO] [stdout]           rust-lld: error: undefined symbol: PyDict_Size
[INFO] [stdout]           >>> referenced by dict.rs:71 (src/types/dict.rs:71)
[INFO] [stdout]           >>>               pyo3-1b6a583e794948e5.pyo3.c1dee14dea2fb194-cgu.1.rcgu.o:(pyo3::types::dict::PyDict::len::h1285212a0f705747) in archive /opt/rustwide/target/debug/deps/libpyo3-1b6a583e794948e5.rlib
[INFO] [stdout]           
[INFO] [stdout]           rust-lld: error: undefined symbol: PyErr_PrintEx
[INFO] [stdout]           >>> referenced by err.rs:267 (src/err.rs:267)
[INFO] [stdout]           >>>               pyo3-1b6a583e794948e5.pyo3.c1dee14dea2fb194-cgu.0.rcgu.o:(pyo3::err::PyErr::print::h57e96b9e743b6eaa) in archive /opt/rustwide/target/debug/deps/libpyo3-1b6a583e794948e5.rlib
[INFO] [stdout]           
[INFO] [stdout]           rust-lld: error: undefined symbol: PyDict_GetItem
[INFO] [stdout]           >>> referenced by dict.rs:105 (src/types/dict.rs:105)
[INFO] [stdout]           >>>               pyo3-1b6a583e794948e5.pyo3.c1dee14dea2fb194-cgu.1.rcgu.o:(pyo3::types::dict::PyDict::get_item::_$u7b$$u7b$closure$u7d$$u7d$::h728e98666c8b69a4) in archive /opt/rustwide/target/debug/deps/libpyo3-1b6a583e794948e5.rlib
[INFO] [stdout]           
[INFO] [stdout]           rust-lld: error: too many errors emitted, stopping now (use --error-limit=0 to see all errors)
[INFO] [stdout]           collect2: error: ld returned 1 exit status
[INFO] [stdout]           
[INFO] [stdout] 
[INFO] [stdout] 
[INFO] [stderr] error: could not compile `pytrace` (lib test) due to 1 previous error
[INFO] running `Command { std: "docker" "inspect" "c4bf4f54afa55f4400cd379e8967fad88f38696490e8d93ea662911d932508d8", kill_on_drop: false }`
[INFO] running `Command { std: "docker" "rm" "-f" "c4bf4f54afa55f4400cd379e8967fad88f38696490e8d93ea662911d932508d8", kill_on_drop: false }`
[INFO] [stdout] c4bf4f54afa55f4400cd379e8967fad88f38696490e8d93ea662911d932508d8
