[INFO] fetching crate pysprint-cli 0.1.0-alpha.0...
[INFO] testing pysprint-cli-0.1.0-alpha.0 against nightly-2024-10-28+rustflags=-Zrandomize-layout for randomize-layout
[INFO] extracting crate pysprint-cli 0.1.0-alpha.0 into /workspace/builds/worker-3-tc2/source
[INFO] validating manifest of crates.io crate pysprint-cli 0.1.0-alpha.0 on toolchain nightly-2024-10-28
[INFO] running `Command { std: CARGO_HOME="/workspace/cargo-home" RUSTUP_HOME="/workspace/rustup-home" "/workspace/cargo-home/bin/cargo" "+nightly-2024-10-28" "metadata" "--manifest-path" "Cargo.toml" "--no-deps", kill_on_drop: false }`
[INFO] removed /workspace/builds/worker-3-tc2/source/.cargo/config
[INFO] removed /workspace/builds/worker-3-tc2/source/rust-toolchain
[INFO] started tweaking crates.io crate pysprint-cli 0.1.0-alpha.0
[INFO] finished tweaking crates.io crate pysprint-cli 0.1.0-alpha.0
[INFO] tweaked toml for crates.io crate pysprint-cli 0.1.0-alpha.0 written to /workspace/builds/worker-3-tc2/source/Cargo.toml
[INFO] crate crates.io crate pysprint-cli 0.1.0-alpha.0 already has a lockfile, it will not be regenerated
[INFO] running `Command { std: CARGO_HOME="/workspace/cargo-home" RUSTUP_HOME="/workspace/rustup-home" "/workspace/cargo-home/bin/cargo" "+nightly-2024-10-28" "fetch" "--manifest-path" "Cargo.toml", kill_on_drop: false }`
[INFO] running `Command { std: "docker" "create" "-v" "/var/lib/crater-agent-workspace/builds/worker-3-tc2/target:/opt/rustwide/target:rw,Z" "-v" "/var/lib/crater-agent-workspace/builds/worker-3-tc2/source:/opt/rustwide/workdir:ro,Z" "-v" "/var/lib/crater-agent-workspace/cargo-home:/opt/rustwide/cargo-home:ro,Z" "-v" "/var/lib/crater-agent-workspace/rustup-home:/opt/rustwide/rustup-home:ro,Z" "-e" "SOURCE_DIR=/opt/rustwide/workdir" "-e" "CARGO_TARGET_DIR=/opt/rustwide/target" "-e" "CARGO_HOME=/opt/rustwide/cargo-home" "-e" "RUSTUP_HOME=/opt/rustwide/rustup-home" "-w" "/opt/rustwide/workdir" "-m" "1610612736" "--user" "0:0" "--network" "none" "ghcr.io/rust-lang/crates-build-env/linux@sha256:4a844ea9eb2546a2d2c7022eacef16ef2e8229c7fbb2c7d4d55a9ceca922f72d" "/opt/rustwide/cargo-home/bin/cargo" "+nightly-2024-10-28" "metadata" "--no-deps" "--format-version=1", kill_on_drop: false }`
[INFO] [stdout] 9380a776d363c072ea4ce55dfa9d53ca942285f6886e11921526a988b86ea03a
[INFO] running `Command { std: "docker" "start" "-a" "9380a776d363c072ea4ce55dfa9d53ca942285f6886e11921526a988b86ea03a", kill_on_drop: false }`
[INFO] running `Command { std: "docker" "inspect" "9380a776d363c072ea4ce55dfa9d53ca942285f6886e11921526a988b86ea03a", kill_on_drop: false }`
[INFO] running `Command { std: "docker" "rm" "-f" "9380a776d363c072ea4ce55dfa9d53ca942285f6886e11921526a988b86ea03a", kill_on_drop: false }`
[INFO] [stdout] 9380a776d363c072ea4ce55dfa9d53ca942285f6886e11921526a988b86ea03a
[INFO] running `Command { std: "docker" "create" "-v" "/var/lib/crater-agent-workspace/builds/worker-3-tc2/target:/opt/rustwide/target:rw,Z" "-v" "/var/lib/crater-agent-workspace/builds/worker-3-tc2/source:/opt/rustwide/workdir:ro,Z" "-v" "/var/lib/crater-agent-workspace/cargo-home:/opt/rustwide/cargo-home:ro,Z" "-v" "/var/lib/crater-agent-workspace/rustup-home:/opt/rustwide/rustup-home:ro,Z" "-e" "SOURCE_DIR=/opt/rustwide/workdir" "-e" "CARGO_TARGET_DIR=/opt/rustwide/target" "-e" "CARGO_INCREMENTAL=0" "-e" "RUST_BACKTRACE=full" "-e" "RUSTFLAGS=--cap-lints=forbid -Zrandomize-layout" "-e" "RUSTDOCFLAGS=--cap-lints=forbid" "-e" "CARGO_HOME=/opt/rustwide/cargo-home" "-e" "RUSTUP_HOME=/opt/rustwide/rustup-home" "-w" "/opt/rustwide/workdir" "-m" "1610612736" "--user" "0:0" "--network" "none" "ghcr.io/rust-lang/crates-build-env/linux@sha256:4a844ea9eb2546a2d2c7022eacef16ef2e8229c7fbb2c7d4d55a9ceca922f72d" "/opt/rustwide/cargo-home/bin/cargo" "+nightly-2024-10-28" "build" "--frozen" "--message-format=json", kill_on_drop: false }`
[INFO] [stdout] 4fcf1dbc692394185e3b4982d8ebf426690a0668aa1d5dd006ce7f628a083aa8
[INFO] running `Command { std: "docker" "start" "-a" "4fcf1dbc692394185e3b4982d8ebf426690a0668aa1d5dd006ce7f628a083aa8", kill_on_drop: false }`
[INFO] [stderr]    Compiling libc v0.2.91
[INFO] [stderr]    Compiling proc-macro2 v1.0.24
[INFO] [stderr]    Compiling unicode-xid v0.2.1
[INFO] [stderr]    Compiling syn v1.0.67
[INFO] [stderr]    Compiling autocfg v1.0.1
[INFO] [stderr]    Compiling memchr v2.3.4
[INFO] [stderr]    Compiling log v0.4.14
[INFO] [stderr]    Compiling bitflags v1.2.1
[INFO] [stderr]    Compiling regex-syntax v0.6.23
[INFO] [stderr]    Compiling proc-macro-hack v0.5.19
[INFO] [stderr]    Compiling getrandom v0.2.2
[INFO] [stderr]    Compiling ucd-trie v0.1.3
[INFO] [stderr]    Compiling num-traits v0.2.14
[INFO] [stderr]    Compiling aho-corasick v0.7.15
[INFO] [stderr]    Compiling crossbeam-utils v0.8.3
[INFO] [stderr]    Compiling quote v1.0.9
[INFO] [stderr]    Compiling num-integer v0.1.44
[INFO] [stderr]    Compiling serde v1.0.125
[INFO] [stderr]    Compiling walkdir v2.3.2
[INFO] [stderr]    Compiling bstr v0.2.15
[INFO] [stderr]    Compiling pest v2.1.3
[INFO] [stderr]    Compiling cfg-if v0.1.10
[INFO] [stderr]    Compiling rand_core v0.6.2
[INFO] [stderr]    Compiling ryu v1.0.5
[INFO] [stderr]    Compiling once_cell v1.7.2
[INFO] [stderr]    Compiling regex v1.4.5
[INFO] [stderr]    Compiling ppv-lite86 v0.2.10
[INFO] [stderr]    Compiling unic-common v0.9.0
[INFO] [stderr]    Compiling maplit v1.0.2
[INFO] [stderr]    Compiling unic-char-range v0.9.0
[INFO] [stderr]    Compiling pest_meta v2.1.3
[INFO] [stderr]    Compiling unic-ucd-version v0.9.0
[INFO] [stderr]    Compiling rand_chacha v0.3.0
[INFO] [stderr]    Compiling unic-char-property v0.9.0
[INFO] [stderr]    Compiling thread_local v1.1.3
[INFO] [stderr]    Compiling net2 v0.2.37
[INFO] [stderr]    Compiling iovec v0.1.4
[INFO] [stderr]    Compiling time v0.1.43
[INFO] [stderr]    Compiling parse-zoneinfo v0.3.0
[INFO] [stderr]    Compiling globset v0.4.6
[INFO] [stderr]    Compiling instant v0.1.9
[INFO] [stderr]    Compiling unindent v0.1.7
[INFO] [stderr]    Compiling slab v0.4.2
[INFO] [stderr]    Compiling serde_json v1.0.64
[INFO] [stderr]    Compiling inventory v0.1.10
[INFO] [stderr]    Compiling smallvec v1.6.1
[INFO] [stderr]    Compiling mio v0.6.23
[INFO] [stderr]    Compiling lock_api v0.4.2
[INFO] [stderr]    Compiling ignore v0.4.17
[INFO] [stderr]    Compiling parking_lot_core v0.8.3
[INFO] [stderr]    Compiling chrono v0.4.19
[INFO] [stderr]    Compiling rand v0.8.3
[INFO] [stderr]    Compiling unic-ucd-segment v0.9.0
[INFO] [stderr]    Compiling pyo3-macros-backend v0.13.2
[INFO] [stderr]    Compiling pest_generator v2.1.3
[INFO] [stderr]    Compiling inotify-sys v0.1.5
[INFO] [stderr]    Compiling paste-impl v0.1.18
[INFO] [stderr]    Compiling unicode-width v0.1.8
[INFO] [stderr]    Compiling itoa v0.4.7
[INFO] [stderr]    Compiling chrono-tz v0.5.3
[INFO] [stderr]    Compiling pyo3 v0.13.2
[INFO] [stderr]    Compiling deunicode v0.4.3
[INFO] [stderr]    Compiling lazycell v1.3.0
[INFO] [stderr]    Compiling linked-hash-map v0.5.4
[INFO] [stderr]    Compiling mio-extras v2.0.6
[INFO] [stderr]    Compiling yaml-rust v0.4.5
[INFO] [stderr]    Compiling slug v0.1.4
[INFO] [stderr]    Compiling paste v0.1.18
[INFO] [stderr]    Compiling textwrap v0.11.0
[INFO] [stderr]    Compiling inotify v0.7.1
[INFO] [stderr]    Compiling unic-segment v0.9.0
[INFO] [stderr]    Compiling globwalk v0.8.1
[INFO] [stderr]    Compiling parking_lot v0.11.1
[INFO] [stderr]    Compiling nix v0.20.0
[INFO] [stderr]    Compiling filetime v0.2.14
[INFO] [stderr]    Compiling atty v0.2.14
[INFO] [stderr]    Compiling percent-encoding v2.1.0
[INFO] [stderr]    Compiling ansi_term v0.11.0
[INFO] [stderr]    Compiling humansize v1.1.0
[INFO] [stderr]    Compiling dtoa v0.4.8
[INFO] [stderr]    Compiling tempfile v3.2.0
[INFO] [stderr]    Compiling notify v4.0.15
[INFO] [stderr]    Compiling clap v2.33.3
[INFO] [stderr]    Compiling serde_yaml v0.8.17
[INFO] [stderr]    Compiling indoc-impl v0.3.6
[INFO] [stderr]    Compiling inventory-impl v0.1.10
[INFO] [stderr]    Compiling ghost v0.1.2
[INFO] [stderr]    Compiling ctor v0.1.20
[INFO] [stderr]    Compiling indoc v0.3.6
[INFO] [stderr]    Compiling pest_derive v2.1.0
[INFO] [stderr]    Compiling pyo3-macros v0.13.2
[INFO] [stderr]    Compiling termcolor v1.1.2
[INFO] [stderr]    Compiling wildmatch v2.0.0
[INFO] [stderr]    Compiling ctrlc v3.1.8
[INFO] [stderr]    Compiling tera v1.7.0
[INFO] [stderr]    Compiling pysprint-cli v0.1.0-alpha.0 (/opt/rustwide/workdir)
[INFO] [stdout] warning: the feature `toowned_clone_into` has been stable since 1.63.0 and no longer requires an attribute to enable
[INFO] [stdout]  --> src/lib.rs:1:12
[INFO] [stdout]   |
[INFO] [stdout] 1 | #![feature(toowned_clone_into)]
[INFO] [stdout]   |            ^^^^^^^^^^^^^^^^^^
[INFO] [stdout]   |
[INFO] [stdout]   = note: `#[warn(stable_features)]` on by default
[INFO] [stdout] 
[INFO] [stdout] 
[INFO] [stdout] error: linking with `cc` failed: exit status: 1
[INFO] [stdout]   |
[INFO] [stdout]   = note: LC_ALL="C" PATH="/opt/rustwide/rustup-home/toolchains/nightly-2024-10-28-x86_64-unknown-linux-gnu/lib/rustlib/x86_64-unknown-linux-gnu/bin:/opt/rustwide/rustup-home/toolchains/nightly-2024-10-28-x86_64-unknown-linux-gnu/lib/rustlib/x86_64-unknown-linux-gnu/bin/self-contained:/opt/rustwide/cargo-home/bin:/usr/local/sbin:/usr/local/bin:/usr/sbin:/usr/bin:/sbin:/bin" VSLANG="1033" "cc" "-m64" "/tmp/rustcBF9zh6/symbols.o" "/opt/rustwide/target/debug/deps/pysprint_cli-57319154c42f21ce.pysprint_cli.b06a4c692754c367-cgu.0.rcgu.o" "/opt/rustwide/target/debug/deps/pysprint_cli-57319154c42f21ce.pysprint_cli.b06a4c692754c367-cgu.1.rcgu.o" "/opt/rustwide/target/debug/deps/pysprint_cli-57319154c42f21ce.pysprint_cli.b06a4c692754c367-cgu.2.rcgu.o" "/opt/rustwide/target/debug/deps/pysprint_cli-57319154c42f21ce.pysprint_cli.b06a4c692754c367-cgu.3.rcgu.o" "/opt/rustwide/target/debug/deps/pysprint_cli-57319154c42f21ce.pysprint_cli.b06a4c692754c367-cgu.4.rcgu.o" "/opt/rustwide/target/debug/deps/pysprint_cli-57319154c42f21ce.pysprint_cli.b06a4c692754c367-cgu.5.rcgu.o" "/opt/rustwide/target/debug/deps/pysprint_cli-57319154c42f21ce.b143iuvxchu1y5mr67slxschz.rcgu.o" "-Wl,--as-needed" "-Wl,-Bstatic" "/opt/rustwide/target/debug/deps/libtermcolor-75e8a229f3cc7d11.rlib" "/opt/rustwide/target/debug/deps/libpysprint_cli-dd77295fb30557f7.rlib" "/opt/rustwide/target/debug/deps/libserde_yaml-9e43741d6d58ee2f.rlib" "/opt/rustwide/target/debug/deps/libdtoa-9b2a050aa772a852.rlib" "/opt/rustwide/target/debug/deps/libyaml_rust-c8a2441acbdcd054.rlib" "/opt/rustwide/target/debug/deps/liblinked_hash_map-1a29a25d897d5886.rlib" "/opt/rustwide/target/debug/deps/libtera-28491777f041a4a5.rlib" "/opt/rustwide/target/debug/deps/libslug-b2a8f0f9eb1059da.rlib" "/opt/rustwide/target/debug/deps/libdeunicode-01069bc90830b787.rlib" "/opt/rustwide/target/debug/deps/libglobwalk-7e5871eaefb9cf40.rlib" "/opt/rustwide/target/debug/deps/libignore-81841f642a9e33c9.rlib" "/opt/rustwide/target/debug/deps/libcrossbeam_utils-3eb47e0c4970576e.rlib" "/opt/rustwide/target/debug/deps/libthread_local-3449a18bbf9c659d.rlib" "/opt/rustwide/target/debug/deps/libonce_cell-0f61af3f059e1cd6.rlib" "/opt/rustwide/target/debug/deps/libglobset-8f8c7f16237a58d7.rlib" "/opt/rustwide/target/debug/deps/libfnv-574dedeaa4c89e1d.rlib" "/opt/rustwide/target/debug/deps/libbstr-a1cbb76e6b8c7f05.rlib" "/opt/rustwide/target/debug/deps/libpest-7ec58aa764cee5e7.rlib" "/opt/rustwide/target/debug/deps/libucd_trie-06a2bcd66969f489.rlib" "/opt/rustwide/target/debug/deps/libunic_segment-47a974ebe8e87b27.rlib" "/opt/rustwide/target/debug/deps/libunic_ucd_segment-62bb033cfdf10c85.rlib" "/opt/rustwide/target/debug/deps/libunic_ucd_version-f1e8dd4b56689f4d.rlib" "/opt/rustwide/target/debug/deps/libunic_common-9967266d9f9f9803.rlib" "/opt/rustwide/target/debug/deps/libunic_char_property-59c2b2a39b4022ff.rlib" "/opt/rustwide/target/debug/deps/libunic_char_range-0c031c27a6001719.rlib" "/opt/rustwide/target/debug/deps/libpercent_encoding-728584a78b46a6c0.rlib" "/opt/rustwide/target/debug/deps/libregex-d62ddef1a0e61301.rlib" "/opt/rustwide/target/debug/deps/libregex_syntax-a3918cdf4f911b67.rlib" "/opt/rustwide/target/debug/deps/libaho_corasick-638f73e68de51540.rlib" "/opt/rustwide/target/debug/deps/libmemchr-eda4c84da0086cab.rlib" "/opt/rustwide/target/debug/deps/libhumansize-91fbb8c139782db8.rlib" "/opt/rustwide/target/debug/deps/libchrono_tz-59665a7e9354fc39.rlib" "/opt/rustwide/target/debug/deps/libchrono-fe0d187b03bacc42.rlib" "/opt/rustwide/target/debug/deps/libnum_integer-374dc01160954e61.rlib" "/opt/rustwide/target/debug/deps/libnum_traits-c042ce3dd3ebab4f.rlib" "/opt/rustwide/target/debug/deps/libtime-d78cfff32258dd93.rlib" "/opt/rustwide/target/debug/deps/libserde_json-41d8b48e9468b0b5.rlib" "/opt/rustwide/target/debug/deps/libryu-a9d03167471ca5ef.rlib" "/opt/rustwide/target/debug/deps/libitoa-ea5e7054e0cd7802.rlib" "/opt/rustwide/target/debug/deps/libserde-8945d39d6a771061.rlib" "/opt/rustwide/target/debug/deps/libtempfile-04c092087fa7e64a.rlib" "/opt/rustwide/target/debug/deps/librand-9d58d484f55f856e.rlib" "/opt/rustwide/target/debug/deps/librand_chacha-37c18ad011b4c669.rlib" "/opt/rustwide/target/debug/deps/libppv_lite86-541bb44a8539c640.rlib" "/opt/rustwide/target/debug/deps/librand_core-210226e9712faaea.rlib" "/opt/rustwide/target/debug/deps/libgetrandom-90b25070caf73516.rlib" "/opt/rustwide/target/debug/deps/libremove_dir_all-bfc75ec09beed3e1.rlib" "/opt/rustwide/target/debug/deps/liblazy_static-b82c15677deef9e2.rlib" "/opt/rustwide/target/debug/deps/libwildmatch-a68f2587ad102945.rlib" "/opt/rustwide/target/debug/deps/libpyo3-b5cc97333872394b.rlib" "/opt/rustwide/target/debug/deps/libparking_lot-144e3b3e55164721.rlib" "/opt/rustwide/target/debug/deps/libparking_lot_core-13cba025f1e63f7f.rlib" "/opt/rustwide/target/debug/deps/libsmallvec-ec3d532a58682045.rlib" "/opt/rustwide/target/debug/deps/liblock_api-92c13e2ecd9f6fe7.rlib" "/opt/rustwide/target/debug/deps/libscopeguard-6ebe5b14c8a6c2d8.rlib" "/opt/rustwide/target/debug/deps/libinstant-831fafc0cc2bd6fb.rlib" "/opt/rustwide/target/debug/deps/libunindent-4f76cfd59f46d4ab.rlib" "/opt/rustwide/target/debug/deps/libpaste-602c86438b4ce9ec.rlib" "/opt/rustwide/target/debug/deps/libinventory-a8c632288fe14730.rlib" "/opt/rustwide/target/debug/deps/libindoc-e403b5ccae661000.rlib" "/opt/rustwide/target/debug/deps/libnotify-88fa7e43f4452431.rlib" "/opt/rustwide/target/debug/deps/libwalkdir-f1fb062e139c421a.rlib" "/opt/rustwide/target/debug/deps/libsame_file-3c36b17025d91add.rlib" "/opt/rustwide/target/debug/deps/libinotify-1dfc75feed8726ae.rlib" "/opt/rustwide/target/debug/deps/libinotify_sys-04037506b8c840ae.rlib" "/opt/rustwide/target/debug/deps/libmio_extras-3cdf673610398e94.rlib" "/opt/rustwide/target/debug/deps/liblazycell-c2a1b2911705803e.rlib" "/opt/rustwide/target/debug/deps/libmio-655573c7732d8ff3.rlib" "/opt/rustwide/target/debug/deps/liblog-e97256dba8f0ccab.rlib" "/opt/rustwide/target/debug/deps/libslab-b2f2c2b52e54ee9b.rlib" "/opt/rustwide/target/debug/deps/libiovec-6ef840df3dc2295d.rlib" "/opt/rustwide/target/debug/deps/libnet2-27e792e9644b002a.rlib" "/opt/rustwide/target/debug/deps/libcfg_if-6065b8815e149626.rlib" "/opt/rustwide/target/debug/deps/libfiletime-2dd222ae6ba9034a.rlib" "/opt/rustwide/target/debug/deps/libcfg_if-57bf25c23e31efdb.rlib" "/opt/rustwide/target/debug/deps/libclap-a07d862de1c0df03.rlib" "/opt/rustwide/target/debug/deps/libvec_map-fc342719877893b6.rlib" "/opt/rustwide/target/debug/deps/libtextwrap-067bba7a6d406db6.rlib" "/opt/rustwide/target/debug/deps/libunicode_width-87ca8420365cd259.rlib" "/opt/rustwide/target/debug/deps/libstrsim-c58ca68092cf803b.rlib" "/opt/rustwide/target/debug/deps/libbitflags-b8f2fcfec265dfb2.rlib" "/opt/rustwide/target/debug/deps/libatty-03e7e5d1896bceee.rlib" "/opt/rustwide/target/debug/deps/liblibc-d38751b3b05700ec.rlib" "/opt/rustwide/target/debug/deps/libansi_term-c5d639f3e545ec5b.rlib" "/opt/rustwide/rustup-home/toolchains/nightly-2024-10-28-x86_64-unknown-linux-gnu/lib/rustlib/x86_64-unknown-linux-gnu/lib/libstd-fb8c387236db3c10.rlib" "/opt/rustwide/rustup-home/toolchains/nightly-2024-10-28-x86_64-unknown-linux-gnu/lib/rustlib/x86_64-unknown-linux-gnu/lib/libpanic_unwind-b251837809b2f64b.rlib" "/opt/rustwide/rustup-home/toolchains/nightly-2024-10-28-x86_64-unknown-linux-gnu/lib/rustlib/x86_64-unknown-linux-gnu/lib/libobject-cbef83eaa4e01f04.rlib" "/opt/rustwide/rustup-home/toolchains/nightly-2024-10-28-x86_64-unknown-linux-gnu/lib/rustlib/x86_64-unknown-linux-gnu/lib/libmemchr-12a772286de2fca7.rlib" "/opt/rustwide/rustup-home/toolchains/nightly-2024-10-28-x86_64-unknown-linux-gnu/lib/rustlib/x86_64-unknown-linux-gnu/lib/libaddr2line-023bbe5ada7abfc3.rlib" "/opt/rustwide/rustup-home/toolchains/nightly-2024-10-28-x86_64-unknown-linux-gnu/lib/rustlib/x86_64-unknown-linux-gnu/lib/libgimli-de2bcdf10ec69c2b.rlib" "/opt/rustwide/rustup-home/toolchains/nightly-2024-10-28-x86_64-unknown-linux-gnu/lib/rustlib/x86_64-unknown-linux-gnu/lib/librustc_demangle-8e1754df350800fd.rlib" "/opt/rustwide/rustup-home/toolchains/nightly-2024-10-28-x86_64-unknown-linux-gnu/lib/rustlib/x86_64-unknown-linux-gnu/lib/libstd_detect-06c2ab7b9c32e037.rlib" "/opt/rustwide/rustup-home/toolchains/nightly-2024-10-28-x86_64-unknown-linux-gnu/lib/rustlib/x86_64-unknown-linux-gnu/lib/libhashbrown-51d2621fc57a281b.rlib" "/opt/rustwide/rustup-home/toolchains/nightly-2024-10-28-x86_64-unknown-linux-gnu/lib/rustlib/x86_64-unknown-linux-gnu/lib/librustc_std_workspace_alloc-54a930408793772f.rlib" "/opt/rustwide/rustup-home/toolchains/nightly-2024-10-28-x86_64-unknown-linux-gnu/lib/rustlib/x86_64-unknown-linux-gnu/lib/libminiz_oxide-0c7d01cba400dcb2.rlib" "/opt/rustwide/rustup-home/toolchains/nightly-2024-10-28-x86_64-unknown-linux-gnu/lib/rustlib/x86_64-unknown-linux-gnu/lib/libadler-b9f84d69e331b75b.rlib" "/opt/rustwide/rustup-home/toolchains/nightly-2024-10-28-x86_64-unknown-linux-gnu/lib/rustlib/x86_64-unknown-linux-gnu/lib/libunwind-eec95493246aae39.rlib" "/opt/rustwide/rustup-home/toolchains/nightly-2024-10-28-x86_64-unknown-linux-gnu/lib/rustlib/x86_64-unknown-linux-gnu/lib/libcfg_if-6f6676c475e08ab0.rlib" "/opt/rustwide/rustup-home/toolchains/nightly-2024-10-28-x86_64-unknown-linux-gnu/lib/rustlib/x86_64-unknown-linux-gnu/lib/liblibc-799d520624f8b2e0.rlib" "/opt/rustwide/rustup-home/toolchains/nightly-2024-10-28-x86_64-unknown-linux-gnu/lib/rustlib/x86_64-unknown-linux-gnu/lib/liballoc-fcf93d4842acd9a9.rlib" "/opt/rustwide/rustup-home/toolchains/nightly-2024-10-28-x86_64-unknown-linux-gnu/lib/rustlib/x86_64-unknown-linux-gnu/lib/librustc_std_workspace_core-395a38b8e0851c9b.rlib" "/opt/rustwide/rustup-home/toolchains/nightly-2024-10-28-x86_64-unknown-linux-gnu/lib/rustlib/x86_64-unknown-linux-gnu/lib/libcore-d453bab70303062c.rlib" "/opt/rustwide/rustup-home/toolchains/nightly-2024-10-28-x86_64-unknown-linux-gnu/lib/rustlib/x86_64-unknown-linux-gnu/lib/libcompiler_builtins-0e6386368b0a24e8.rlib" "-Wl,-Bdynamic" "-lgcc_s" "-lutil" "-lrt" "-lpthread" "-lm" "-ldl" "-lc" "-B/opt/rustwide/rustup-home/toolchains/nightly-2024-10-28-x86_64-unknown-linux-gnu/lib/rustlib/x86_64-unknown-linux-gnu/bin/gcc-ld" "-fuse-ld=lld" "-Wl,--eh-frame-hdr" "-Wl,-z,noexecstack" "-L" "/opt/rustwide/rustup-home/toolchains/nightly-2024-10-28-x86_64-unknown-linux-gnu/lib/rustlib/x86_64-unknown-linux-gnu/lib" "-o" "/opt/rustwide/target/debug/deps/pysprint_cli-57319154c42f21ce" "-Wl,--gc-sections" "-pie" "-Wl,-z,relro,-z,now" "-nodefaultlibs"
[INFO] [stdout]   = note: rust-lld: error: undefined symbol: PyDict_SetItem
[INFO] [stdout]           >>> referenced by dict.rs:123 (/opt/rustwide/cargo-home/registry/src/index.crates.io-6f17d22bba15001f/pyo3-0.13.2/src/types/dict.rs:123)
[INFO] [stdout]           >>>               /opt/rustwide/target/debug/deps/pysprint_cli-57319154c42f21ce.pysprint_cli.b06a4c692754c367-cgu.3.rcgu.o:(pyo3::types::dict::PyDict::set_item::_$u7b$$u7b$closure$u7d$$u7d$::_$u7b$$u7b$closure$u7d$$u7d$::hb3e1a48d81f60a45)
[INFO] [stdout]           
[INFO] [stdout]           rust-lld: error: undefined symbol: _Py_Dealloc
[INFO] [stdout]           >>> referenced by object.rs:825 (/opt/rustwide/cargo-home/registry/src/index.crates.io-6f17d22bba15001f/pyo3-0.13.2/src/ffi/object.rs:825)
[INFO] [stdout]           >>>               /opt/rustwide/target/debug/deps/pysprint_cli-57319154c42f21ce.pysprint_cli.b06a4c692754c367-cgu.4.rcgu.o:(pyo3::ffi::object::Py_DECREF::h6b877ae8c1268a75)
[INFO] [stdout]           >>> referenced by object.rs:825 (src/ffi/object.rs:825)
[INFO] [stdout]           >>>               pyo3-b5cc97333872394b.pyo3.203a2d1f0a38ed7f-cgu.4.rcgu.o:(pyo3::ffi::object::Py_DECREF::he558d9acd4a4ba4e) in archive /opt/rustwide/target/debug/deps/libpyo3-b5cc97333872394b.rlib
[INFO] [stdout]           
[INFO] [stdout]           rust-lld: error: undefined symbol: PyExc_BaseException
[INFO] [stdout]           >>> referenced by exceptions.rs:217 (src/exceptions.rs:217)
[INFO] [stdout]           >>>               pyo3-b5cc97333872394b.pyo3.203a2d1f0a38ed7f-cgu.1.rcgu.o:(_$LT$pyo3..exceptions..PyBaseException$u20$as$u20$pyo3..type_object..PyTypeInfo$GT$::type_object_raw::h941be41345d35ae3) in archive /opt/rustwide/target/debug/deps/libpyo3-b5cc97333872394b.rlib
[INFO] [stdout]           
[INFO] [stdout]           rust-lld: error: undefined symbol: PyExc_OSError
[INFO] [stdout]           >>> referenced by exceptions.rs:217 (src/exceptions.rs:217)
[INFO] [stdout]           >>>               pyo3-b5cc97333872394b.pyo3.203a2d1f0a38ed7f-cgu.1.rcgu.o:(_$LT$pyo3..exceptions..PyOSError$u20$as$u20$pyo3..type_object..PyTypeInfo$GT$::type_object_raw::habf5fd4734b27d61) in archive /opt/rustwide/target/debug/deps/libpyo3-b5cc97333872394b.rlib
[INFO] [stdout]           
[INFO] [stdout]           rust-lld: error: undefined symbol: PyExc_SystemError
[INFO] [stdout]           >>> referenced by exceptions.rs:217 (src/exceptions.rs:217)
[INFO] [stdout]           >>>               pyo3-b5cc97333872394b.pyo3.203a2d1f0a38ed7f-cgu.1.rcgu.o:(_$LT$pyo3..exceptions..PySystemError$u20$as$u20$pyo3..type_object..PyTypeInfo$GT$::type_object_raw::h937a55a211c71b16) in archive /opt/rustwide/target/debug/deps/libpyo3-b5cc97333872394b.rlib
[INFO] [stdout]           
[INFO] [stdout]           rust-lld: error: undefined symbol: PyExc_TypeError
[INFO] [stdout]           >>> referenced by exceptions.rs:217 (src/exceptions.rs:217)
[INFO] [stdout]           >>>               pyo3-b5cc97333872394b.pyo3.203a2d1f0a38ed7f-cgu.1.rcgu.o:(_$LT$pyo3..exceptions..PyTypeError$u20$as$u20$pyo3..type_object..PyTypeInfo$GT$::type_object_raw::h65382ab76240fd71) in archive /opt/rustwide/target/debug/deps/libpyo3-b5cc97333872394b.rlib
[INFO] [stdout]           
[INFO] [stdout]           rust-lld: error: undefined symbol: PyExc_ValueError
[INFO] [stdout]           >>> referenced by exceptions.rs:217 (src/exceptions.rs:217)
[INFO] [stdout]           >>>               pyo3-b5cc97333872394b.pyo3.203a2d1f0a38ed7f-cgu.1.rcgu.o:(_$LT$pyo3..exceptions..PyValueError$u20$as$u20$pyo3..type_object..PyTypeInfo$GT$::type_object_raw::h9572758ca01821bb) in archive /opt/rustwide/target/debug/deps/libpyo3-b5cc97333872394b.rlib
[INFO] [stdout]           
[INFO] [stdout]           rust-lld: error: undefined symbol: PyExc_BlockingIOError
[INFO] [stdout]           >>> referenced by exceptions.rs:217 (src/exceptions.rs:217)
[INFO] [stdout]           >>>               pyo3-b5cc97333872394b.pyo3.203a2d1f0a38ed7f-cgu.1.rcgu.o:(_$LT$pyo3..exceptions..PyBlockingIOError$u20$as$u20$pyo3..type_object..PyTypeInfo$GT$::type_object_raw::h0a75d27ded7ac4c8) in archive /opt/rustwide/target/debug/deps/libpyo3-b5cc97333872394b.rlib
[INFO] [stdout]           
[INFO] [stdout]           rust-lld: error: undefined symbol: PyExc_BrokenPipeError
[INFO] [stdout]           >>> referenced by exceptions.rs:217 (src/exceptions.rs:217)
[INFO] [stdout]           >>>               pyo3-b5cc97333872394b.pyo3.203a2d1f0a38ed7f-cgu.1.rcgu.o:(_$LT$pyo3..exceptions..PyBrokenPipeError$u20$as$u20$pyo3..type_object..PyTypeInfo$GT$::type_object_raw::h0a680402f4abd5ce) in archive /opt/rustwide/target/debug/deps/libpyo3-b5cc97333872394b.rlib
[INFO] [stdout]           
[INFO] [stdout]           rust-lld: error: undefined symbol: PyExc_ConnectionAbortedError
[INFO] [stdout]           >>> referenced by exceptions.rs:217 (src/exceptions.rs:217)
[INFO] [stdout]           >>>               pyo3-b5cc97333872394b.pyo3.203a2d1f0a38ed7f-cgu.1.rcgu.o:(_$LT$pyo3..exceptions..PyConnectionAbortedError$u20$as$u20$pyo3..type_object..PyTypeInfo$GT$::type_object_raw::h7e5efe4005378270) in archive /opt/rustwide/target/debug/deps/libpyo3-b5cc97333872394b.rlib
[INFO] [stdout]           
[INFO] [stdout]           rust-lld: error: undefined symbol: PyExc_ConnectionRefusedError
[INFO] [stdout]           >>> referenced by exceptions.rs:217 (src/exceptions.rs:217)
[INFO] [stdout]           >>>               pyo3-b5cc97333872394b.pyo3.203a2d1f0a38ed7f-cgu.1.rcgu.o:(_$LT$pyo3..exceptions..PyConnectionRefusedError$u20$as$u20$pyo3..type_object..PyTypeInfo$GT$::type_object_raw::hf1ce9cbe243793da) in archive /opt/rustwide/target/debug/deps/libpyo3-b5cc97333872394b.rlib
[INFO] [stdout]           
[INFO] [stdout]           rust-lld: error: undefined symbol: PyErr_Fetch
[INFO] [stdout]           >>> referenced by mod.rs:224 (src/err/mod.rs:224)
[INFO] [stdout]           >>>               pyo3-b5cc97333872394b.pyo3.203a2d1f0a38ed7f-cgu.2.rcgu.o:(pyo3::err::PyErr::fetch::hae52c02728ec9901) in archive /opt/rustwide/target/debug/deps/libpyo3-b5cc97333872394b.rlib
[INFO] [stdout]           
[INFO] [stdout]           rust-lld: error: undefined symbol: PyExc_ConnectionResetError
[INFO] [stdout]           >>> referenced by exceptions.rs:217 (src/exceptions.rs:217)
[INFO] [stdout]           >>>               pyo3-b5cc97333872394b.pyo3.203a2d1f0a38ed7f-cgu.1.rcgu.o:(_$LT$pyo3..exceptions..PyConnectionResetError$u20$as$u20$pyo3..type_object..PyTypeInfo$GT$::type_object_raw::h425e84614a13e7d5) in archive /opt/rustwide/target/debug/deps/libpyo3-b5cc97333872394b.rlib
[INFO] [stdout]           
[INFO] [stdout]           rust-lld: error: undefined symbol: PyExc_FileNotFoundError
[INFO] [stdout]           >>> referenced by exceptions.rs:217 (src/exceptions.rs:217)
[INFO] [stdout]           >>>               pyo3-b5cc97333872394b.pyo3.203a2d1f0a38ed7f-cgu.1.rcgu.o:(_$LT$pyo3..exceptions..PyFileNotFoundError$u20$as$u20$pyo3..type_object..PyTypeInfo$GT$::type_object_raw::hbe0c9dfab6c17d42) in archive /opt/rustwide/target/debug/deps/libpyo3-b5cc97333872394b.rlib
[INFO] [stdout]           
[INFO] [stdout]           rust-lld: error: undefined symbol: PyExc_InterruptedError
[INFO] [stdout]           >>> referenced by exceptions.rs:217 (src/exceptions.rs:217)
[INFO] [stdout]           >>>               pyo3-b5cc97333872394b.pyo3.203a2d1f0a38ed7f-cgu.1.rcgu.o:(_$LT$pyo3..exceptions..PyInterruptedError$u20$as$u20$pyo3..type_object..PyTypeInfo$GT$::type_object_raw::hf572dc8d0899e4e4) in archive /opt/rustwide/target/debug/deps/libpyo3-b5cc97333872394b.rlib
[INFO] [stdout]           
[INFO] [stdout]           rust-lld: error: undefined symbol: PyErr_NewException
[INFO] [stdout]           >>> referenced by mod.rs:271 (src/err/mod.rs:271)
[INFO] [stdout]           >>>               pyo3-b5cc97333872394b.pyo3.203a2d1f0a38ed7f-cgu.2.rcgu.o:(pyo3::err::PyErr::new_type::hbd90582624e9aad1) in archive /opt/rustwide/target/debug/deps/libpyo3-b5cc97333872394b.rlib
[INFO] [stdout]           
[INFO] [stdout]           rust-lld: error: undefined symbol: PyExc_TimeoutError
[INFO] [stdout]           >>> referenced by exceptions.rs:217 (src/exceptions.rs:217)
[INFO] [stdout]           >>>               pyo3-b5cc97333872394b.pyo3.203a2d1f0a38ed7f-cgu.1.rcgu.o:(_$LT$pyo3..exceptions..PyTimeoutError$u20$as$u20$pyo3..type_object..PyTypeInfo$GT$::type_object_raw::h49089d2f0af262ac) in archive /opt/rustwide/target/debug/deps/libpyo3-b5cc97333872394b.rlib
[INFO] [stdout]           
[INFO] [stdout]           rust-lld: error: undefined symbol: PyErr_PrintEx
[INFO] [stdout]           >>> referenced by mod.rs:303 (src/err/mod.rs:303)
[INFO] [stdout]           >>>               pyo3-b5cc97333872394b.pyo3.203a2d1f0a38ed7f-cgu.2.rcgu.o:(pyo3::err::PyErr::print::hf1984a56c8721307) in archive /opt/rustwide/target/debug/deps/libpyo3-b5cc97333872394b.rlib
[INFO] [stdout]           
[INFO] [stdout]           rust-lld: error: undefined symbol: PyErr_Restore
[INFO] [stdout]           >>> referenced by mod.rs:357 (src/err/mod.rs:357)
[INFO] [stdout]           >>>               pyo3-b5cc97333872394b.pyo3.203a2d1f0a38ed7f-cgu.2.rcgu.o:(pyo3::err::PyErr::restore::h5662567bb064ce88) in archive /opt/rustwide/target/debug/deps/libpyo3-b5cc97333872394b.rlib
[INFO] [stdout]           
[INFO] [stdout]           rust-lld: error: undefined symbol: PyErr_NormalizeException
[INFO] [stdout]           >>> referenced by mod.rs:428 (src/err/mod.rs:428)
[INFO] [stdout]           >>>               pyo3-b5cc97333872394b.pyo3.203a2d1f0a38ed7f-cgu.2.rcgu.o:(pyo3::err::PyErr::normalized::hd170e318baefeaa1) in archive /opt/rustwide/target/debug/deps/libpyo3-b5cc97333872394b.rlib
[INFO] [stdout]           
[INFO] [stdout]           rust-lld: error: too many errors emitted, stopping now (use --error-limit=0 to see all errors)
[INFO] [stdout]           collect2: error: ld returned 1 exit status
[INFO] [stdout]           
[INFO] [stdout] 
[INFO] [stdout] 
[INFO] [stderr] error: could not compile `pysprint-cli` (bin "pysprint-cli") due to 1 previous error
[INFO] running `Command { std: "docker" "inspect" "4fcf1dbc692394185e3b4982d8ebf426690a0668aa1d5dd006ce7f628a083aa8", kill_on_drop: false }`
[INFO] running `Command { std: "docker" "rm" "-f" "4fcf1dbc692394185e3b4982d8ebf426690a0668aa1d5dd006ce7f628a083aa8", kill_on_drop: false }`
[INFO] [stdout] 4fcf1dbc692394185e3b4982d8ebf426690a0668aa1d5dd006ce7f628a083aa8
