[INFO] fetching crate pyroscope_pyspy 0.2.3...
[INFO] testing pyroscope_pyspy-0.2.3 against nightly-2024-10-28+rustflags=-Zrandomize-layout for randomize-layout
[INFO] extracting crate pyroscope_pyspy 0.2.3 into /workspace/builds/worker-6-tc2/source
[INFO] validating manifest of crates.io crate pyroscope_pyspy 0.2.3 on toolchain nightly-2024-10-28
[INFO] running `Command { std: CARGO_HOME="/workspace/cargo-home" RUSTUP_HOME="/workspace/rustup-home" "/workspace/cargo-home/bin/cargo" "+nightly-2024-10-28" "metadata" "--manifest-path" "Cargo.toml" "--no-deps", kill_on_drop: false }`
[INFO] started tweaking crates.io crate pyroscope_pyspy 0.2.3
[INFO] finished tweaking crates.io crate pyroscope_pyspy 0.2.3
[INFO] tweaked toml for crates.io crate pyroscope_pyspy 0.2.3 written to /workspace/builds/worker-6-tc2/source/Cargo.toml
[INFO] running `Command { std: CARGO_HOME="/workspace/cargo-home" RUSTUP_HOME="/workspace/rustup-home" "/workspace/cargo-home/bin/cargo" "+nightly-2024-10-28" "generate-lockfile" "--manifest-path" "Cargo.toml", kill_on_drop: false }`
[INFO] [stderr]     Updating crates.io index
[INFO] [stderr]      Locking 284 packages to latest compatible versions
[INFO] running `Command { std: CARGO_HOME="/workspace/cargo-home" RUSTUP_HOME="/workspace/rustup-home" "/workspace/cargo-home/bin/cargo" "+nightly-2024-10-28" "fetch" "--manifest-path" "Cargo.toml", kill_on_drop: false }`
[INFO] running `Command { std: "docker" "create" "-v" "/var/lib/crater-agent-workspace/builds/worker-6-tc2/target:/opt/rustwide/target:rw,Z" "-v" "/var/lib/crater-agent-workspace/builds/worker-6-tc2/source:/opt/rustwide/workdir:ro,Z" "-v" "/var/lib/crater-agent-workspace/cargo-home:/opt/rustwide/cargo-home:ro,Z" "-v" "/var/lib/crater-agent-workspace/rustup-home:/opt/rustwide/rustup-home:ro,Z" "-e" "SOURCE_DIR=/opt/rustwide/workdir" "-e" "CARGO_TARGET_DIR=/opt/rustwide/target" "-e" "CARGO_HOME=/opt/rustwide/cargo-home" "-e" "RUSTUP_HOME=/opt/rustwide/rustup-home" "-w" "/opt/rustwide/workdir" "-m" "1610612736" "--user" "0:0" "--network" "none" "ghcr.io/rust-lang/crates-build-env/linux@sha256:4a844ea9eb2546a2d2c7022eacef16ef2e8229c7fbb2c7d4d55a9ceca922f72d" "/opt/rustwide/cargo-home/bin/cargo" "+nightly-2024-10-28" "metadata" "--no-deps" "--format-version=1", kill_on_drop: false }`
[INFO] [stdout] 0d671aa175e86351a9bfa5961153bb9a94da5f3377225ffa7683b61cc49d80b2
[INFO] running `Command { std: "docker" "start" "-a" "0d671aa175e86351a9bfa5961153bb9a94da5f3377225ffa7683b61cc49d80b2", kill_on_drop: false }`
[INFO] running `Command { std: "docker" "inspect" "0d671aa175e86351a9bfa5961153bb9a94da5f3377225ffa7683b61cc49d80b2", kill_on_drop: false }`
[INFO] running `Command { std: "docker" "rm" "-f" "0d671aa175e86351a9bfa5961153bb9a94da5f3377225ffa7683b61cc49d80b2", kill_on_drop: false }`
[INFO] [stdout] 0d671aa175e86351a9bfa5961153bb9a94da5f3377225ffa7683b61cc49d80b2
[INFO] running `Command { std: "docker" "create" "-v" "/var/lib/crater-agent-workspace/builds/worker-6-tc2/target:/opt/rustwide/target:rw,Z" "-v" "/var/lib/crater-agent-workspace/builds/worker-6-tc2/source:/opt/rustwide/workdir:ro,Z" "-v" "/var/lib/crater-agent-workspace/cargo-home:/opt/rustwide/cargo-home:ro,Z" "-v" "/var/lib/crater-agent-workspace/rustup-home:/opt/rustwide/rustup-home:ro,Z" "-e" "SOURCE_DIR=/opt/rustwide/workdir" "-e" "CARGO_TARGET_DIR=/opt/rustwide/target" "-e" "CARGO_INCREMENTAL=0" "-e" "RUST_BACKTRACE=full" "-e" "RUSTFLAGS=--cap-lints=forbid -Zrandomize-layout" "-e" "RUSTDOCFLAGS=--cap-lints=forbid" "-e" "CARGO_HOME=/opt/rustwide/cargo-home" "-e" "RUSTUP_HOME=/opt/rustwide/rustup-home" "-w" "/opt/rustwide/workdir" "-m" "1610612736" "--user" "0:0" "--network" "none" "ghcr.io/rust-lang/crates-build-env/linux@sha256:4a844ea9eb2546a2d2c7022eacef16ef2e8229c7fbb2c7d4d55a9ceca922f72d" "/opt/rustwide/cargo-home/bin/cargo" "+nightly-2024-10-28" "build" "--frozen" "--message-format=json", kill_on_drop: false }`
[INFO] [stdout] 2e254b17a2b992acb3db19b294a5d4f053524b50ba8c2d2105085c12b94a973c
[INFO] running `Command { std: "docker" "start" "-a" "2e254b17a2b992acb3db19b294a5d4f053524b50ba8c2d2105085c12b94a973c", kill_on_drop: false }`
[INFO] [stderr]    Compiling libc v0.2.161
[INFO] [stderr]    Compiling cfg-if v1.0.0
[INFO] [stderr]    Compiling proc-macro2 v1.0.89
[INFO] [stderr]    Compiling unicode-ident v1.0.13
[INFO] [stderr]    Compiling version_check v0.9.5
[INFO] [stderr]    Compiling once_cell v1.20.2
[INFO] [stderr]    Compiling memchr v2.7.4
[INFO] [stderr]    Compiling log v0.4.22
[INFO] [stderr]    Compiling byteorder v1.5.0
[INFO] [stderr]    Compiling itoa v1.0.11
[INFO] [stderr]    Compiling shlex v1.3.0
[INFO] [stderr]    Compiling pin-project-lite v0.2.15
[INFO] [stderr]    Compiling syn v1.0.109
[INFO] [stderr]    Compiling bytes v1.8.0
[INFO] [stderr]    Compiling cc v1.1.31
[INFO] [stderr]    Compiling ahash v0.7.8
[INFO] [stderr]    Compiling io-lifetimes v1.0.11
[INFO] [stderr]    Compiling bitflags v1.3.2
[INFO] [stderr]    Compiling proc-macro-error-attr v1.0.4
[INFO] [stderr]    Compiling rustix v0.37.27
[INFO] [stderr]    Compiling quote v1.0.37
[INFO] [stderr]    Compiling proc-macro-error v1.0.4
[INFO] [stderr]    Compiling syn v2.0.86
[INFO] [stderr]    Compiling slab v0.4.9
[INFO] [stderr]    Compiling spin v0.9.8
[INFO] [stderr]    Compiling linux-raw-sys v0.3.8
[INFO] [stderr]    Compiling futures-core v0.3.31
[INFO] [stderr]    Compiling hashbrown v0.15.0
[INFO] [stderr]    Compiling equivalent v1.0.1
[INFO] [stderr]    Compiling untrusted v0.9.0
[INFO] [stderr]    Compiling crc32fast v1.4.2
[INFO] [stderr]    Compiling indexmap v1.9.3
[INFO] [stderr]    Compiling anyhow v1.0.92
[INFO] [stderr]    Compiling fnv v1.0.7
[INFO] [stderr]    Compiling serde v1.0.214
[INFO] [stderr]    Compiling getrandom v0.2.15
[INFO] [stderr]    Compiling socket2 v0.5.7
[INFO] [stderr]    Compiling ring v0.17.8
[INFO] [stderr]    Compiling mio v1.0.2
[INFO] [stderr]    Compiling indexmap v2.6.0
[INFO] [stderr]    Compiling hashbrown v0.12.3
[INFO] [stderr]    Compiling tokio v1.41.0
[INFO] [stderr]    Compiling rand_core v0.6.4
[INFO] [stderr]    Compiling atty v0.2.14
[INFO] [stderr]    Compiling http v0.2.12
[INFO] [stderr]    Compiling aho-corasick v1.1.3
[INFO] [stderr]    Compiling tracing-core v0.1.32
[INFO] [stderr]    Compiling terminal_size v0.2.6
[INFO] [stderr]    Compiling os_str_bytes v6.6.1
[INFO] [stderr]    Compiling utf8parse v0.2.2
[INFO] [stderr]    Compiling static_assertions v1.1.0
[INFO] [stderr]    Compiling heck v0.4.1
[INFO] [stderr]    Compiling futures-sink v0.3.31
[INFO] [stderr]    Compiling futures-task v0.3.31
[INFO] [stderr]    Compiling adler2 v2.0.0
[INFO] [stderr]    Compiling libm v0.2.11
[INFO] [stderr]    Compiling termcolor v1.4.1
[INFO] [stderr]    Compiling tinyvec_macros v0.1.1
[INFO] [stderr]    Compiling regex-syntax v0.8.5
[INFO] [stderr]    Compiling pin-utils v0.1.0
[INFO] [stderr]    Compiling httparse v1.9.5
[INFO] [stderr]    Compiling smallvec v1.13.2
[INFO] [stderr]    Compiling rustls v0.21.12
[INFO] [stderr]    Compiling futures-io v0.3.31
[INFO] [stderr]    Compiling futures-util v0.3.31
[INFO] [stderr]    Compiling tinyvec v1.8.0
[INFO] [stderr]    Compiling miniz_oxide v0.8.0
[INFO] [stderr]    Compiling tokio-util v0.7.12
[INFO] [stderr]    Compiling zerocopy-derive v0.7.35
[INFO] [stderr]    Compiling derive_more v0.99.18
[INFO] [stderr]    Compiling clap_derive v3.2.25
[INFO] [stderr]    Compiling scroll_derive v0.11.1
[INFO] [stderr]    Compiling regex-automata v0.4.8
[INFO] [stderr]    Compiling zerocopy v0.7.35
[INFO] [stderr]    Compiling sct v0.7.1
[INFO] [stderr]    Compiling rustls-webpki v0.101.7
[INFO] [stderr]    Compiling twox-hash v1.6.3
[INFO] [stderr]    Compiling anstyle-parse v0.2.6
[INFO] [stderr]    Compiling clap_lex v0.2.4
[INFO] [stderr]    Compiling textwrap v0.16.1
[INFO] [stderr]    Compiling tracing v0.1.40
[INFO] [stderr]    Compiling ppv-lite86 v0.2.20
[INFO] [stderr]    Compiling num-traits v0.2.19
[INFO] [stderr]    Compiling cfg_aliases v0.2.1
[INFO] [stderr]    Compiling strsim v0.10.0
[INFO] [stderr]    Compiling rand_chacha v0.3.1
[INFO] [stderr]    Compiling anstyle-query v1.1.2
[INFO] [stderr]    Compiling is_terminal_polyfill v1.70.1
[INFO] [stderr]    Compiling try-lock v0.2.5
[INFO] [stderr]    Compiling cpp_demangle v0.4.4
[INFO] [stderr]    Compiling percent-encoding v2.3.1
[INFO] [stderr]    Compiling colorchoice v1.0.3
[INFO] [stderr]    Compiling bitflags v2.6.0
[INFO] [stderr]    Compiling ryu v1.0.18
[INFO] [stderr]    Compiling anstyle v1.0.9
[INFO] [stderr]    Compiling clap v3.2.25
[INFO] [stderr]    Compiling form_urlencoded v1.2.1
[INFO] [stderr]    Compiling rand v0.8.5
[INFO] [stderr]    Compiling regex v1.11.1
[INFO] [stderr]    Compiling anstream v0.6.17
[INFO] [stderr]    Compiling want v0.3.1
[INFO] [stderr]    Compiling nix v0.29.0
[INFO] [stderr]    Compiling ruzstd v0.5.0
[INFO] [stderr]    Compiling h2 v0.3.26
[INFO] [stderr]    Compiling scroll v0.11.0
[INFO] [stderr]    Compiling flate2 v1.0.34
[INFO] [stderr]    Compiling unicode-normalization v0.1.24
[INFO] [stderr]    Compiling crossbeam-utils v0.8.20
[INFO] [stderr]    Compiling http-body v0.4.6
[INFO] [stderr]    Compiling futures-channel v0.3.31
[INFO] [stderr]    Compiling ahash v0.8.11
[INFO] [stderr]    Compiling httpdate v1.0.3
[INFO] [stderr]    Compiling unicode-bidi v0.3.17
[INFO] [stderr]    Compiling stable_deref_trait v1.2.0
[INFO] [stderr]    Compiling plain v0.2.3
[INFO] [stderr]    Compiling heck v0.5.0
[INFO] [stderr]    Compiling either v1.13.0
[INFO] [stderr]    Compiling tower-service v0.3.3
[INFO] [stderr]    Compiling rustix v0.38.38
[INFO] [stderr]    Compiling scopeguard v1.2.0
[INFO] [stderr]    Compiling lazy_static v1.5.0
[INFO] [stderr]    Compiling clap_lex v0.7.2
[INFO] [stderr]    Compiling proc-maps v0.3.2
[INFO] [stderr]    Compiling strsim v0.11.1
[INFO] [stderr]    Compiling lock_api v0.4.12
[INFO] [stderr]    Compiling tokio-rustls v0.24.1
[INFO] [stderr]    Compiling hyper v0.14.31
[INFO] [stderr]    Compiling clap_builder v4.5.20
[INFO] [stderr]    Compiling clap_derive v4.5.18
[INFO] [stderr]    Compiling itertools v0.10.5
[INFO] [stderr]    Compiling idna v0.5.0
[INFO] [stderr]    Compiling gimli v0.28.1
[INFO] [stderr]    Compiling object v0.32.2
[INFO] [stderr]    Compiling parking_lot_core v0.9.10
[INFO] [stderr]    Compiling memmap2 v0.5.10
[INFO] [stderr]    Compiling env_filter v0.1.2
[INFO] [stderr]    Compiling fallible-iterator v0.3.0
[INFO] [stderr]    Compiling serde_json v1.0.132
[INFO] [stderr]    Compiling rle-decode-fast v1.0.3
[INFO] [stderr]    Compiling names v0.14.0
[INFO] [stderr]    Compiling hashbrown v0.14.5
[INFO] [stderr]    Compiling linux-raw-sys v0.4.14
[INFO] [stderr]    Compiling bytemuck v1.19.0
[INFO] [stderr]    Compiling thiserror v1.0.66
[INFO] [stderr]    Compiling proc-maps v0.2.1
[INFO] [stderr]    Compiling unicode-width v0.1.14
[INFO] [stderr]    Compiling cpp_demangle v0.3.5
[INFO] [stderr]    Compiling arrayvec v0.7.6
[INFO] [stderr]    Compiling base64 v0.21.7
[INFO] [stderr]    Compiling remoteprocess v0.4.13
[INFO] [stderr]    Compiling winapi v0.3.9
[INFO] [stderr]    Compiling rustc-demangle v0.1.24
[INFO] [stderr]    Compiling rustls-pemfile v1.0.4
[INFO] [stderr]    Compiling dashmap v6.1.0
[INFO] [stderr]    Compiling console v0.15.8
[INFO] [stderr]    Compiling num-format v0.4.4
[INFO] [stderr]    Compiling rgb v0.8.50
[INFO] [stderr]    Compiling libflate_lz77 v1.2.0
[INFO] [stderr]    Compiling env_logger v0.11.5
[INFO] [stderr]    Compiling prost-derive v0.11.9
[INFO] [stderr]    Compiling hyper-rustls v0.24.2
[INFO] [stderr]    Compiling addr2line v0.21.0
[INFO] [stderr]    Compiling clap v4.5.20
[INFO] [stderr]    Compiling url v2.5.2
[INFO] [stderr]    Compiling goblin v0.7.1
[INFO] [stderr]    Compiling crossbeam-channel v0.5.13
[INFO] [stderr]    Compiling serde_urlencoded v0.7.1
[INFO] [stderr]    Compiling thiserror-impl v1.0.66
[INFO] [stderr]    Compiling nix v0.26.4
[INFO] [stderr]    Compiling memmap v0.7.0
[INFO] [stderr]    Compiling is-terminal v0.4.13
[INFO] [stderr]    Compiling read-process-memory v0.1.6
[INFO] [stderr]    Compiling quick-xml v0.26.0
[INFO] [stderr]    Compiling encoding_rs v0.8.35
[INFO] [stderr]    Compiling mime v0.3.17
[INFO] [stderr]    Compiling number_prefix v0.4.0
[INFO] [stderr]    Compiling ipnet v2.10.1
[INFO] [stderr]    Compiling adler32 v1.2.0
[INFO] [stderr]    Compiling str_stack v0.1.0
[INFO] [stderr]    Compiling iana-time-zone v0.1.61
[INFO] [stderr]    Compiling fastrand v2.1.1
[INFO] [stderr]    Compiling humantime v2.1.0
[INFO] [stderr]    Compiling py-spy v0.3.14
[INFO] [stderr]    Compiling sync_wrapper v0.1.2
[INFO] [stderr]    Compiling webpki-roots v0.25.4
[INFO] [stderr]    Compiling tempfile v3.13.0
[INFO] [stderr]    Compiling env_logger v0.9.3
[INFO] [stderr]    Compiling chrono v0.4.38
[INFO] [stderr]    Compiling inferno v0.11.21
[INFO] [stderr]    Compiling libflate v1.4.0
[INFO] [stderr]    Compiling indicatif v0.16.2
[INFO] [stderr]    Compiling reqwest v0.11.27
[INFO] [stderr]    Compiling prost v0.11.9
[INFO] [stderr]    Compiling ctrlc v3.4.5
[INFO] [stderr]    Compiling rand_distr v0.4.3
[INFO] [stderr]    Compiling clap_complete v3.2.5
[INFO] [stderr]    Compiling goblin v0.5.4
[INFO] [stderr]    Compiling serde_derive v1.0.214
[INFO] [stderr]    Compiling lru v0.7.8
[INFO] [stderr]    Compiling termios v0.3.3
[INFO] [stderr]    Compiling json v0.12.4
[INFO] [stderr]    Compiling pyroscope v0.5.7
[INFO] [stderr]    Compiling pyroscope_pyspy v0.2.3 (/opt/rustwide/workdir)
[INFO] [stdout] warning: unused variable: `config`
[INFO] [stdout]    --> src/lib.rs:220:26
[INFO] [stdout]     |
[INFO] [stdout] 220 |     fn set_config(&self, config: BackendConfig) {}
[INFO] [stdout]     |                          ^^^^^^ help: if this is intentional, prefix it with an underscore: `_config`
[INFO] [stdout]     |
[INFO] [stdout]     = note: `#[warn(unused_variables)]` on by default
[INFO] [stdout] 
[INFO] [stdout] 
[INFO] [stderr]     Finished `dev` profile [unoptimized + debuginfo] target(s) in 1m 21s
[INFO] running `Command { std: "docker" "inspect" "2e254b17a2b992acb3db19b294a5d4f053524b50ba8c2d2105085c12b94a973c", kill_on_drop: false }`
[INFO] running `Command { std: "docker" "rm" "-f" "2e254b17a2b992acb3db19b294a5d4f053524b50ba8c2d2105085c12b94a973c", kill_on_drop: false }`
[INFO] [stdout] 2e254b17a2b992acb3db19b294a5d4f053524b50ba8c2d2105085c12b94a973c
[INFO] running `Command { std: "docker" "create" "-v" "/var/lib/crater-agent-workspace/builds/worker-6-tc2/target:/opt/rustwide/target:rw,Z" "-v" "/var/lib/crater-agent-workspace/builds/worker-6-tc2/source:/opt/rustwide/workdir:ro,Z" "-v" "/var/lib/crater-agent-workspace/cargo-home:/opt/rustwide/cargo-home:ro,Z" "-v" "/var/lib/crater-agent-workspace/rustup-home:/opt/rustwide/rustup-home:ro,Z" "-e" "SOURCE_DIR=/opt/rustwide/workdir" "-e" "CARGO_TARGET_DIR=/opt/rustwide/target" "-e" "CARGO_INCREMENTAL=0" "-e" "RUST_BACKTRACE=full" "-e" "RUSTFLAGS=--cap-lints=forbid -Zrandomize-layout" "-e" "RUSTDOCFLAGS=--cap-lints=forbid" "-e" "CARGO_HOME=/opt/rustwide/cargo-home" "-e" "RUSTUP_HOME=/opt/rustwide/rustup-home" "-w" "/opt/rustwide/workdir" "-m" "1610612736" "--user" "0:0" "--network" "none" "ghcr.io/rust-lang/crates-build-env/linux@sha256:4a844ea9eb2546a2d2c7022eacef16ef2e8229c7fbb2c7d4d55a9ceca922f72d" "/opt/rustwide/cargo-home/bin/cargo" "+nightly-2024-10-28" "test" "--frozen" "--no-run" "--message-format=json", kill_on_drop: false }`
[INFO] [stdout] d3228e4031b8a4a6611d1e0948337cc7c7d6bdea5c4f0e2090cb278ea0992ae5
[INFO] running `Command { std: "docker" "start" "-a" "d3228e4031b8a4a6611d1e0948337cc7c7d6bdea5c4f0e2090cb278ea0992ae5", kill_on_drop: false }`
[INFO] [stderr]    Compiling libc v0.2.161
[INFO] [stderr]    Compiling cfg-if v1.0.0
[INFO] [stderr]    Compiling once_cell v1.20.2
[INFO] [stderr]    Compiling memchr v2.7.4
[INFO] [stderr]    Compiling byteorder v1.5.0
[INFO] [stderr]    Compiling log v0.4.22
[INFO] [stderr]    Compiling itoa v1.0.11
[INFO] [stderr]    Compiling pin-project-lite v0.2.15
[INFO] [stderr]    Compiling bytes v1.8.0
[INFO] [stderr]    Compiling bitflags v1.3.2
[INFO] [stderr]    Compiling io-lifetimes v1.0.11
[INFO] [stderr]    Compiling ahash v0.7.8
[INFO] [stderr]    Compiling zerocopy v0.7.35
[INFO] [stderr]    Compiling ring v0.17.8
[INFO] [stderr]    Compiling rustix v0.37.27
[INFO] [stderr]    Compiling futures-core v0.3.31
[INFO] [stderr]    Compiling untrusted v0.9.0
[INFO] [stderr]    Compiling linux-raw-sys v0.3.8
[INFO] [stderr]    Compiling hashbrown v0.15.0
[INFO] [stderr]    Compiling equivalent v1.0.1
[INFO] [stderr]    Compiling spin v0.9.8
[INFO] [stderr]    Compiling slab v0.4.9
[INFO] [stderr]    Compiling crc32fast v1.4.2
[INFO] [stderr]    Compiling fnv v1.0.7
[INFO] [stderr]    Compiling serde v1.0.214
[INFO] [stderr]    Compiling http v0.2.12
[INFO] [stderr]    Compiling ppv-lite86 v0.2.20
[INFO] [stderr]    Compiling indexmap v2.6.0
[INFO] [stderr]    Compiling indexmap v1.9.3
[INFO] [stderr]    Compiling aho-corasick v1.1.3
[INFO] [stderr]    Compiling tracing-core v0.1.32
[INFO] [stderr]    Compiling smallvec v1.13.2
[INFO] [stderr]    Compiling getrandom v0.2.15
[INFO] [stderr]    Compiling socket2 v0.5.7
[INFO] [stderr]    Compiling mio v1.0.2
[INFO] [stderr]    Compiling hashbrown v0.12.3
[INFO] [stderr]    Compiling tokio v1.41.0
[INFO] [stderr]    Compiling rand_core v0.6.4
[INFO] [stderr]    Compiling terminal_size v0.2.6
[INFO] [stderr]    Compiling atty v0.2.14
[INFO] [stderr]    Compiling futures-sink v0.3.31
[INFO] [stderr]    Compiling pin-utils v0.1.0
[INFO] [stderr]    Compiling utf8parse v0.2.2
[INFO] [stderr]    Compiling adler2 v2.0.0
[INFO] [stderr]    Compiling futures-io v0.3.31
[INFO] [stderr]    Compiling regex-syntax v0.8.5
[INFO] [stderr]    Compiling futures-task v0.3.31
[INFO] [stderr]    Compiling termcolor v1.4.1
[INFO] [stderr]    Compiling static_assertions v1.1.0
[INFO] [stderr]    Compiling tinyvec_macros v0.1.1
[INFO] [stderr]    Compiling os_str_bytes v6.6.1
[INFO] [stderr]    Compiling futures-util v0.3.31
[INFO] [stderr]    Compiling clap_lex v0.2.4
[INFO] [stderr]    Compiling tinyvec v1.8.0
[INFO] [stderr]    Compiling libm v0.2.11
[INFO] [stderr]    Compiling twox-hash v1.6.3
[INFO] [stderr]    Compiling rustls v0.21.12
[INFO] [stderr]    Compiling crossbeam-utils v0.8.20
[INFO] [stderr]    Compiling httparse v1.9.5
[INFO] [stderr]    Compiling miniz_oxide v0.8.0
[INFO] [stderr]    Compiling rustls-webpki v0.101.7
[INFO] [stderr]    Compiling sct v0.7.1
[INFO] [stderr]    Compiling anstyle-parse v0.2.6
[INFO] [stderr]    Compiling regex-automata v0.4.8
[INFO] [stderr]    Compiling textwrap v0.16.1
[INFO] [stderr]    Compiling tokio-util v0.7.12
[INFO] [stderr]    Compiling rand_chacha v0.3.1
[INFO] [stderr]    Compiling tracing v0.1.40
[INFO] [stderr]    Compiling colorchoice v1.0.3
[INFO] [stderr]    Compiling bitflags v2.6.0
[INFO] [stderr]    Compiling anstyle v1.0.9
[INFO] [stderr]    Compiling try-lock v0.2.5
[INFO] [stderr]    Compiling strsim v0.10.0
[INFO] [stderr]    Compiling ryu v1.0.18
[INFO] [stderr]    Compiling anstyle-query v1.1.2
[INFO] [stderr]    Compiling is_terminal_polyfill v1.70.1
[INFO] [stderr]    Compiling percent-encoding v2.3.1
[INFO] [stderr]    Compiling form_urlencoded v1.2.1
[INFO] [stderr]    Compiling anstream v0.6.17
[INFO] [stderr]    Compiling parking_lot_core v0.9.10
[INFO] [stderr]    Compiling cpp_demangle v0.4.4
[INFO] [stderr]    Compiling clap v3.2.25
[INFO] [stderr]    Compiling want v0.3.1
[INFO] [stderr]    Compiling h2 v0.3.26
[INFO] [stderr]    Compiling lock_api v0.4.12
[INFO] [stderr]    Compiling num-traits v0.2.19
[INFO] [stderr]    Compiling scroll v0.11.0
[INFO] [stderr]    Compiling ruzstd v0.5.0
[INFO] [stderr]    Compiling rand v0.8.5
[INFO] [stderr]    Compiling regex v1.11.1
[INFO] [stderr]    Compiling flate2 v1.0.34
[INFO] [stderr]    Compiling unicode-normalization v0.1.24
[INFO] [stderr]    Compiling http-body v0.4.6
[INFO] [stderr]    Compiling anyhow v1.0.92
[INFO] [stderr]    Compiling futures-channel v0.3.31
[INFO] [stderr]    Compiling unicode-bidi v0.3.17
[INFO] [stderr]    Compiling httpdate v1.0.3
[INFO] [stderr]    Compiling lazy_static v1.5.0
[INFO] [stderr]    Compiling stable_deref_trait v1.2.0
[INFO] [stderr]    Compiling plain v0.2.3
[INFO] [stderr]    Compiling strsim v0.11.1
[INFO] [stderr]    Compiling scopeguard v1.2.0
[INFO] [stderr]    Compiling clap_lex v0.7.2
[INFO] [stderr]    Compiling tower-service v0.3.3
[INFO] [stderr]    Compiling proc-maps v0.3.2
[INFO] [stderr]    Compiling hyper v0.14.31
[INFO] [stderr]    Compiling tokio-rustls v0.24.1
[INFO] [stderr]    Compiling clap_builder v4.5.20
[INFO] [stderr]    Compiling gimli v0.28.1
[INFO] [stderr]    Compiling rustix v0.38.38
[INFO] [stderr]    Compiling idna v0.5.0
[INFO] [stderr]    Compiling ahash v0.8.11
[INFO] [stderr]    Compiling object v0.32.2
[INFO] [stderr]    Compiling nix v0.29.0
[INFO] [stderr]    Compiling memmap2 v0.5.10
[INFO] [stderr]    Compiling env_filter v0.1.2
[INFO] [stderr]    Compiling rustc-demangle v0.1.24
[INFO] [stderr]    Compiling hashbrown v0.14.5
[INFO] [stderr]    Compiling arrayvec v0.7.6
[INFO] [stderr]    Compiling bytemuck v1.19.0
[INFO] [stderr]    Compiling base64 v0.21.7
[INFO] [stderr]    Compiling unicode-width v0.1.14
[INFO] [stderr]    Compiling fallible-iterator v0.3.0
[INFO] [stderr]    Compiling rle-decode-fast v1.0.3
[INFO] [stderr]    Compiling linux-raw-sys v0.4.14
[INFO] [stderr]    Compiling thiserror v1.0.66
[INFO] [stderr]    Compiling libflate_lz77 v1.2.0
[INFO] [stderr]    Compiling winapi v0.3.9
[INFO] [stderr]    Compiling addr2line v0.21.0
[INFO] [stderr]    Compiling proc-maps v0.2.1
[INFO] [stderr]    Compiling rustls-pemfile v1.0.4
[INFO] [stderr]    Compiling console v0.15.8
[INFO] [stderr]    Compiling cpp_demangle v0.3.5
[INFO] [stderr]    Compiling serde_json v1.0.132
[INFO] [stderr]    Compiling rgb v0.8.50
[INFO] [stderr]    Compiling num-format v0.4.4
[INFO] [stderr]    Compiling dashmap v6.1.0
[INFO] [stderr]    Compiling remoteprocess v0.4.13
[INFO] [stderr]    Compiling names v0.14.0
[INFO] [stderr]    Compiling env_logger v0.11.5
[INFO] [stderr]    Compiling prost-derive v0.11.9
[INFO] [stderr]    Compiling clap v4.5.20
[INFO] [stderr]    Compiling hyper-rustls v0.24.2
[INFO] [stderr]    Compiling url v2.5.2
[INFO] [stderr]    Compiling goblin v0.7.1
[INFO] [stderr]    Compiling crossbeam-channel v0.5.13
[INFO] [stderr]    Compiling serde_urlencoded v0.7.1
[INFO] [stderr]    Compiling memmap v0.7.0
[INFO] [stderr]    Compiling is-terminal v0.4.13
[INFO] [stderr]    Compiling nix v0.26.4
[INFO] [stderr]    Compiling read-process-memory v0.1.6
[INFO] [stderr]    Compiling quick-xml v0.26.0
[INFO] [stderr]    Compiling encoding_rs v0.8.35
[INFO] [stderr]    Compiling number_prefix v0.4.0
[INFO] [stderr]    Compiling mime v0.3.17
[INFO] [stderr]    Compiling ipnet v2.10.1
[INFO] [stderr]    Compiling webpki-roots v0.25.4
[INFO] [stderr]    Compiling iana-time-zone v0.1.61
[INFO] [stderr]    Compiling str_stack v0.1.0
[INFO] [stderr]    Compiling fastrand v2.1.1
[INFO] [stderr]    Compiling humantime v2.1.0
[INFO] [stderr]    Compiling sync_wrapper v0.1.2
[INFO] [stderr]    Compiling adler32 v1.2.0
[INFO] [stderr]    Compiling libflate v1.4.0
[INFO] [stderr]    Compiling reqwest v0.11.27
[INFO] [stderr]    Compiling env_logger v0.9.3
[INFO] [stderr]    Compiling tempfile v3.13.0
[INFO] [stderr]    Compiling inferno v0.11.21
[INFO] [stderr]    Compiling chrono v0.4.38
[INFO] [stderr]    Compiling py-spy v0.3.14
[INFO] [stderr]    Compiling indicatif v0.16.2
[INFO] [stderr]    Compiling prost v0.11.9
[INFO] [stderr]    Compiling ctrlc v3.4.5
[INFO] [stderr]    Compiling rand_distr v0.4.3
[INFO] [stderr]    Compiling goblin v0.5.4
[INFO] [stderr]    Compiling clap_complete v3.2.5
[INFO] [stderr]    Compiling lru v0.7.8
[INFO] [stderr]    Compiling termios v0.3.3
[INFO] [stderr]    Compiling json v0.12.4
[INFO] [stderr]    Compiling pyroscope v0.5.7
[INFO] [stderr]    Compiling pyroscope_pyspy v0.2.3 (/opt/rustwide/workdir)
[INFO] [stdout] warning: unused variable: `config`
[INFO] [stdout]    --> src/lib.rs:220:26
[INFO] [stdout]     |
[INFO] [stdout] 220 |     fn set_config(&self, config: BackendConfig) {}
[INFO] [stdout]     |                          ^^^^^^ help: if this is intentional, prefix it with an underscore: `_config`
[INFO] [stdout]     |
[INFO] [stdout]     = note: `#[warn(unused_variables)]` on by default
[INFO] [stdout] 
[INFO] [stdout] 
[INFO] [stdout] warning: unused variable: `config`
[INFO] [stdout]    --> src/lib.rs:220:26
[INFO] [stdout]     |
[INFO] [stdout] 220 |     fn set_config(&self, config: BackendConfig) {}
[INFO] [stdout]     |                          ^^^^^^ help: if this is intentional, prefix it with an underscore: `_config`
[INFO] [stdout]     |
[INFO] [stdout]     = note: `#[warn(unused_variables)]` on by default
[INFO] [stdout] 
[INFO] [stdout] 
[INFO] [stdout] error: linking with `cc` failed: exit status: 1
[INFO] [stdout]   |
[INFO] [stdout]   = note: LC_ALL="C" PATH="/opt/rustwide/rustup-home/toolchains/nightly-2024-10-28-x86_64-unknown-linux-gnu/lib/rustlib/x86_64-unknown-linux-gnu/bin:/opt/rustwide/rustup-home/toolchains/nightly-2024-10-28-x86_64-unknown-linux-gnu/lib/rustlib/x86_64-unknown-linux-gnu/bin/self-contained:/opt/rustwide/cargo-home/bin:/usr/local/sbin:/usr/local/bin:/usr/sbin:/usr/bin:/sbin:/bin" VSLANG="1033" "cc" "-m64" "/tmp/rustcjw2vKs/symbols.o" "/opt/rustwide/target/debug/deps/pyroscope_pyspy-94421de931c2e982.pyroscope_pyspy.f61caed26804e085-cgu.0.rcgu.o" "/opt/rustwide/target/debug/deps/pyroscope_pyspy-94421de931c2e982.pyroscope_pyspy.f61caed26804e085-cgu.1.rcgu.o" "/opt/rustwide/target/debug/deps/pyroscope_pyspy-94421de931c2e982.pyroscope_pyspy.f61caed26804e085-cgu.2.rcgu.o" "/opt/rustwide/target/debug/deps/pyroscope_pyspy-94421de931c2e982.eoyz6f36pzt3p64i6d7xbmit0.rcgu.o" "-Wl,--as-needed" "-Wl,-Bstatic" "/opt/rustwide/rustup-home/toolchains/nightly-2024-10-28-x86_64-unknown-linux-gnu/lib/rustlib/x86_64-unknown-linux-gnu/lib/libtest-a09fad3b5321e7d6.rlib" "/opt/rustwide/rustup-home/toolchains/nightly-2024-10-28-x86_64-unknown-linux-gnu/lib/rustlib/x86_64-unknown-linux-gnu/lib/libgetopts-f9c3dff41ad42661.rlib" "/opt/rustwide/rustup-home/toolchains/nightly-2024-10-28-x86_64-unknown-linux-gnu/lib/rustlib/x86_64-unknown-linux-gnu/lib/libunicode_width-ad2aef31af6addd3.rlib" "/opt/rustwide/rustup-home/toolchains/nightly-2024-10-28-x86_64-unknown-linux-gnu/lib/rustlib/x86_64-unknown-linux-gnu/lib/librustc_std_workspace_std-e3f907dc03deb913.rlib" "/opt/rustwide/target/debug/deps/libpyroscope-b0b530da1adcec77.rlib" "/opt/rustwide/target/debug/deps/libnames-28f2af744c5c5374.rlib" "/opt/rustwide/target/debug/deps/libthiserror-7a21052bc0473dcb.rlib" "/opt/rustwide/target/debug/deps/libprost-05ea5fff1782e0fe.rlib" "/opt/rustwide/target/debug/deps/liblibflate-64063713a6020384.rlib" "/opt/rustwide/target/debug/deps/libadler32-c0fbf98c1f116de3.rlib" "/opt/rustwide/target/debug/deps/liblibflate_lz77-7841bdc481839849.rlib" "/opt/rustwide/target/debug/deps/librle_decode_fast-dddccb3f6885845b.rlib" "/opt/rustwide/target/debug/deps/libreqwest-2d61822b8ed34eb9.rlib" "/opt/rustwide/target/debug/deps/librustls_pemfile-3cc80e28e385aa2a.rlib" "/opt/rustwide/target/debug/deps/libhyper_rustls-1c38842b306cec0f.rlib" "/opt/rustwide/target/debug/deps/libwebpki_roots-e1039643213d2077.rlib" "/opt/rustwide/target/debug/deps/libbase64-044cc4b147d0e36b.rlib" "/opt/rustwide/target/debug/deps/libipnet-8dde01e631d244ae.rlib" "/opt/rustwide/target/debug/deps/libtokio_rustls-555f6552a831f19e.rlib" "/opt/rustwide/target/debug/deps/libserde_urlencoded-9a14c349e050ac11.rlib" "/opt/rustwide/target/debug/deps/libryu-5f017db8a134b321.rlib" "/opt/rustwide/target/debug/deps/libmime-18402de6e4cddda8.rlib" "/opt/rustwide/target/debug/deps/libencoding_rs-6fe5cfd37f00d311.rlib" "/opt/rustwide/target/debug/deps/librustls-4bb403e5e1c2eef0.rlib" "/opt/rustwide/target/debug/deps/libsct-52cc160320a1f242.rlib" "/opt/rustwide/target/debug/deps/libwebpki-a7cfc05f3a9f5c04.rlib" "/opt/rustwide/target/debug/deps/libring-dc67b3e45d055d54.rlib" "/opt/rustwide/target/debug/deps/libspin-4ba3ba1bd1d4b745.rlib" "/opt/rustwide/target/debug/deps/libuntrusted-18c5ea9d0419b060.rlib" "/opt/rustwide/target/debug/deps/libhyper-bb9f68ea493cc11e.rlib" "/opt/rustwide/target/debug/deps/libwant-31fff837d2c9abae.rlib" "/opt/rustwide/target/debug/deps/libtry_lock-8770a9757053c72b.rlib" "/opt/rustwide/target/debug/deps/libhttparse-05042699a75c6580.rlib" "/opt/rustwide/target/debug/deps/libh2-c9f59bb808feded3.rlib" "/opt/rustwide/target/debug/deps/libindexmap-6a518c06420c03d8.rlib" "/opt/rustwide/target/debug/deps/libequivalent-62a9cf267e70d60a.rlib" "/opt/rustwide/target/debug/deps/libhashbrown-a9af6072deb54722.rlib" "/opt/rustwide/target/debug/deps/libtokio_util-6142bf2119eb4445.rlib" "/opt/rustwide/target/debug/deps/libfutures_sink-0d7905464f25b0b0.rlib" "/opt/rustwide/target/debug/deps/libtower_service-459fdc9fe57961e2.rlib" "/opt/rustwide/target/debug/deps/libtracing-3e07e2011063b0df.rlib" "/opt/rustwide/target/debug/deps/libtracing_core-acc28d7c5d00a38a.rlib" "/opt/rustwide/target/debug/deps/libfutures_channel-e4c65ab3d8d366d2.rlib" "/opt/rustwide/target/debug/deps/libtokio-8c106d4a581db7fb.rlib" "/opt/rustwide/target/debug/deps/libsocket2-0a9f74639ca1b6d5.rlib" "/opt/rustwide/target/debug/deps/libmio-ae94ff6cec5997f0.rlib" "/opt/rustwide/target/debug/deps/libsync_wrapper-c9cd3f7a91e1aea6.rlib" "/opt/rustwide/target/debug/deps/libhttp_body-5f20dfee660d3725.rlib" "/opt/rustwide/target/debug/deps/libfutures_util-6705b043271106f4.rlib" "/opt/rustwide/target/debug/deps/libfutures_io-57b478c228bfc992.rlib" "/opt/rustwide/target/debug/deps/libslab-0b459f47ae20e738.rlib" "/opt/rustwide/target/debug/deps/libpin_project_lite-b11401832da11516.rlib" "/opt/rustwide/target/debug/deps/libfutures_task-fb3524b57c208d61.rlib" "/opt/rustwide/target/debug/deps/libpin_utils-2a1d94099c35005e.rlib" "/opt/rustwide/target/debug/deps/libfutures_core-f5e153eff5bfbba8.rlib" "/opt/rustwide/target/debug/deps/liburl-2eeab623107f4b3e.rlib" "/opt/rustwide/target/debug/deps/libidna-1fd8f6c78e37b46c.rlib" "/opt/rustwide/target/debug/deps/libunicode_normalization-d553ea1534531f01.rlib" "/opt/rustwide/target/debug/deps/libtinyvec-5c790d8f12740d62.rlib" "/opt/rustwide/target/debug/deps/libtinyvec_macros-b47cfba8a749aa5e.rlib" "/opt/rustwide/target/debug/deps/libunicode_bidi-24b4ad2a76606fd5.rlib" "/opt/rustwide/target/debug/deps/libform_urlencoded-fd5a57f5feced852.rlib" "/opt/rustwide/target/debug/deps/libpercent_encoding-16f2552a85fed5d8.rlib" "/opt/rustwide/target/debug/deps/libhttp-799b4758a6bc7e67.rlib" "/opt/rustwide/target/debug/deps/libitoa-847d08341cf17afd.rlib" "/opt/rustwide/target/debug/deps/libbytes-f302d1b7158737db.rlib" "/opt/rustwide/target/debug/deps/libfnv-1b999e2ef8934aec.rlib" "/opt/rustwide/target/debug/deps/libjson-1fc50cc738e8a96e.rlib" "/opt/rustwide/target/debug/deps/libpy_spy-9549aad7b24fa455.rlib" "/opt/rustwide/target/debug/deps/libclap_complete-a2ce542b0dca6141.rlib" "/opt/rustwide/target/debug/deps/libserde-79084fc3682dba5d.rlib" "/opt/rustwide/target/debug/deps/librand_distr-a0c61c27535af29c.rlib" "/opt/rustwide/target/debug/deps/libnum_traits-be76700365d4c3f7.rlib" "/opt/rustwide/target/debug/deps/liblibm-a82ce4a411a9c08b.rlib" "/opt/rustwide/target/debug/deps/librand-bef6ed4955a5f486.rlib" "/opt/rustwide/target/debug/deps/librand_chacha-c9cad2dac4b0693e.rlib" "/opt/rustwide/target/debug/deps/libppv_lite86-e51d4ec096200ad1.rlib" "/opt/rustwide/target/debug/deps/libzerocopy-3478856bba326ea2.rlib" "/opt/rustwide/target/debug/deps/librand_core-94d6fd170592e5c9.rlib" "/opt/rustwide/target/debug/deps/libproc_maps-35e1507a91f439b6.rlib" "/opt/rustwide/target/debug/deps/liblru-8d89bafc58f51860.rlib" "/opt/rustwide/target/debug/deps/libcpp_demangle-af7876603ebf7de2.rlib" "/opt/rustwide/target/debug/deps/libgoblin-5bf057472a89f321.rlib" "/opt/rustwide/target/debug/deps/libremoteprocess-07c200298c89fdb7.rlib" "/opt/rustwide/target/debug/deps/libregex-a80a1f2cab9c0f35.rlib" "/opt/rustwide/target/debug/deps/libregex_automata-bdf42ad5c058c5b7.rlib" "/opt/rustwide/target/debug/deps/libaho_corasick-2b8cea2f2039117b.rlib" "/opt/rustwide/target/debug/deps/libregex_syntax-a0bd3566b8b5183e.rlib" "/opt/rustwide/target/debug/deps/libproc_maps-e943024b25a02130.rlib" "/opt/rustwide/target/debug/deps/libread_process_memory-0884652793692b33.rlib" "/opt/rustwide/target/debug/deps/libnix-d0efa6fd62fd4d9a.rlib" "/opt/rustwide/target/debug/deps/liblazy_static-ab0538ebcac69ddd.rlib" "/opt/rustwide/target/debug/deps/libgoblin-1c4106df43856fa6.rlib" "/opt/rustwide/target/debug/deps/libplain-ad771bb683a7324b.rlib" "/opt/rustwide/target/debug/deps/libscroll-d840d009cf2fdde0.rlib" "/opt/rustwide/target/debug/deps/libaddr2line-cc5616288cf945b8.rlib" "/opt/rustwide/target/debug/deps/libcpp_demangle-2f121ab3694ceb0c.rlib" "/opt/rustwide/target/debug/deps/librustc_demangle-cf799f3a4a283241.rlib" "/opt/rustwide/target/debug/deps/libmemmap2-f9b0e4e33db1636f.rlib" "/opt/rustwide/target/debug/deps/libsmallvec-e7c283f5ace81926.rlib" "/opt/rustwide/target/debug/deps/libobject-8af5db13cf5f2c94.rlib" "/opt/rustwide/target/debug/deps/libruzstd-91696a3e92036c77.rlib" "/opt/rustwide/target/debug/deps/libtwox_hash-e3dae666afc50b41.rlib" "/opt/rustwide/target/debug/deps/libstatic_assertions-3c42ce9d860bbf14.rlib" "/opt/rustwide/target/debug/deps/libbyteorder-d30f512627a98371.rlib" "/opt/rustwide/target/debug/deps/libflate2-f816a2b3a3e14525.rlib" "/opt/rustwide/target/debug/deps/libminiz_oxide-861fd4ab9856fa9c.rlib" "/opt/rustwide/target/debug/deps/libadler2-853281c672470b44.rlib" "/opt/rustwide/target/debug/deps/libcrc32fast-cb3593b64a40a91a.rlib" "/opt/rustwide/target/debug/deps/libmemchr-4258a5b958ec15c4.rlib" "/opt/rustwide/target/debug/deps/libgimli-06ca3d7b21a5beff.rlib" "/opt/rustwide/target/debug/deps/libstable_deref_trait-48b451d092d37e43.rlib" "/opt/rustwide/target/debug/deps/libfallible_iterator-235ca65f697ad958.rlib" "/opt/rustwide/target/debug/deps/libmemmap-08e0ee545254f6f4.rlib" "/opt/rustwide/target/debug/deps/libclap-961736ee830b6328.rlib" "/opt/rustwide/target/debug/deps/libatty-cbb671581baa0076.rlib" "/opt/rustwide/target/debug/deps/libstrsim-9e9ceb782fda4dc8.rlib" "/opt/rustwide/target/debug/deps/libtermcolor-dbdbd778764566a3.rlib" "/opt/rustwide/target/debug/deps/libtextwrap-091433c98b815cc3.rlib" "/opt/rustwide/target/debug/deps/libterminal_size-cc9ac88d0930f4e9.rlib" "/opt/rustwide/target/debug/deps/librustix-6be647ee0f2a1a66.rlib" "/opt/rustwide/target/debug/deps/libio_lifetimes-74e270bbb1d08671.rlib" "/opt/rustwide/target/debug/deps/liblinux_raw_sys-9ee7749a42c539a5.rlib" "/opt/rustwide/target/debug/deps/libindexmap-101b1d579ffa00dc.rlib" "/opt/rustwide/target/debug/deps/libhashbrown-ad295c5f725c04a4.rlib" "/opt/rustwide/target/debug/deps/libahash-d0921f5d8ecfcd75.rlib" "/opt/rustwide/target/debug/deps/libgetrandom-ab20e33ca83e046c.rlib" "/opt/rustwide/target/debug/deps/liblibc-95e70c6b671be362.rlib" "/opt/rustwide/target/debug/deps/libcfg_if-dcdb2a1e53d236d3.rlib" "/opt/rustwide/target/debug/deps/libclap_lex-6483ba9b64e392eb.rlib" "/opt/rustwide/target/debug/deps/libos_str_bytes-bbfa484c4e296a5e.rlib" "/opt/rustwide/target/debug/deps/libbitflags-eda84265d681ee63.rlib" "/opt/rustwide/target/debug/deps/libonce_cell-b92170cfa999c5ad.rlib" "/opt/rustwide/target/debug/deps/liblog-ee7c2e26955f871d.rlib" "/opt/rustwide/target/debug/deps/libanyhow-6211cefeb076a995.rlib" "/opt/rustwide/rustup-home/toolchains/nightly-2024-10-28-x86_64-unknown-linux-gnu/lib/rustlib/x86_64-unknown-linux-gnu/lib/libstd-fb8c387236db3c10.rlib" "/opt/rustwide/rustup-home/toolchains/nightly-2024-10-28-x86_64-unknown-linux-gnu/lib/rustlib/x86_64-unknown-linux-gnu/lib/libpanic_unwind-b251837809b2f64b.rlib" "/opt/rustwide/rustup-home/toolchains/nightly-2024-10-28-x86_64-unknown-linux-gnu/lib/rustlib/x86_64-unknown-linux-gnu/lib/libobject-cbef83eaa4e01f04.rlib" "/opt/rustwide/rustup-home/toolchains/nightly-2024-10-28-x86_64-unknown-linux-gnu/lib/rustlib/x86_64-unknown-linux-gnu/lib/libmemchr-12a772286de2fca7.rlib" "/opt/rustwide/rustup-home/toolchains/nightly-2024-10-28-x86_64-unknown-linux-gnu/lib/rustlib/x86_64-unknown-linux-gnu/lib/libaddr2line-023bbe5ada7abfc3.rlib" "/opt/rustwide/rustup-home/toolchains/nightly-2024-10-28-x86_64-unknown-linux-gnu/lib/rustlib/x86_64-unknown-linux-gnu/lib/libgimli-de2bcdf10ec69c2b.rlib" "/opt/rustwide/rustup-home/toolchains/nightly-2024-10-28-x86_64-unknown-linux-gnu/lib/rustlib/x86_64-unknown-linux-gnu/lib/librustc_demangle-8e1754df350800fd.rlib" "/opt/rustwide/rustup-home/toolchains/nightly-2024-10-28-x86_64-unknown-linux-gnu/lib/rustlib/x86_64-unknown-linux-gnu/lib/libstd_detect-06c2ab7b9c32e037.rlib" "/opt/rustwide/rustup-home/toolchains/nightly-2024-10-28-x86_64-unknown-linux-gnu/lib/rustlib/x86_64-unknown-linux-gnu/lib/libhashbrown-51d2621fc57a281b.rlib" "/opt/rustwide/rustup-home/toolchains/nightly-2024-10-28-x86_64-unknown-linux-gnu/lib/rustlib/x86_64-unknown-linux-gnu/lib/librustc_std_workspace_alloc-54a930408793772f.rlib" "/opt/rustwide/rustup-home/toolchains/nightly-2024-10-28-x86_64-unknown-linux-gnu/lib/rustlib/x86_64-unknown-linux-gnu/lib/libminiz_oxide-0c7d01cba400dcb2.rlib" "/opt/rustwide/rustup-home/toolchains/nightly-2024-10-28-x86_64-unknown-linux-gnu/lib/rustlib/x86_64-unknown-linux-gnu/lib/libadler-b9f84d69e331b75b.rlib" "/opt/rustwide/rustup-home/toolchains/nightly-2024-10-28-x86_64-unknown-linux-gnu/lib/rustlib/x86_64-unknown-linux-gnu/lib/libunwind-eec95493246aae39.rlib" "/opt/rustwide/rustup-home/toolchains/nightly-2024-10-28-x86_64-unknown-linux-gnu/lib/rustlib/x86_64-unknown-linux-gnu/lib/libcfg_if-6f6676c475e08ab0.rlib" "/opt/rustwide/rustup-home/toolchains/nightly-2024-10-28-x86_64-unknown-linux-gnu/lib/rustlib/x86_64-unknown-linux-gnu/lib/liblibc-799d520624f8b2e0.rlib" "/opt/rustwide/rustup-home/toolchains/nightly-2024-10-28-x86_64-unknown-linux-gnu/lib/rustlib/x86_64-unknown-linux-gnu/lib/liballoc-fcf93d4842acd9a9.rlib" "/opt/rustwide/rustup-home/toolchains/nightly-2024-10-28-x86_64-unknown-linux-gnu/lib/rustlib/x86_64-unknown-linux-gnu/lib/librustc_std_workspace_core-395a38b8e0851c9b.rlib" "/opt/rustwide/rustup-home/toolchains/nightly-2024-10-28-x86_64-unknown-linux-gnu/lib/rustlib/x86_64-unknown-linux-gnu/lib/libcore-d453bab70303062c.rlib" "/opt/rustwide/rustup-home/toolchains/nightly-2024-10-28-x86_64-unknown-linux-gnu/lib/rustlib/x86_64-unknown-linux-gnu/lib/libcompiler_builtins-0e6386368b0a24e8.rlib" "-Wl,-Bdynamic" "-lunwind" "-lunwind-ptrace" "-lunwind-x86_64" "-lgcc_s" "-lutil" "-lrt" "-lpthread" "-lm" "-ldl" "-lc" "-B/opt/rustwide/rustup-home/toolchains/nightly-2024-10-28-x86_64-unknown-linux-gnu/lib/rustlib/x86_64-unknown-linux-gnu/bin/gcc-ld" "-fuse-ld=lld" "-Wl,--eh-frame-hdr" "-Wl,-z,noexecstack" "-L" "/opt/rustwide/target/debug/build/ring-874475a37926827d/out" "-L" "/opt/rustwide/rustup-home/toolchains/nightly-2024-10-28-x86_64-unknown-linux-gnu/lib/rustlib/x86_64-unknown-linux-gnu/lib" "-o" "/opt/rustwide/target/debug/deps/pyroscope_pyspy-94421de931c2e982" "-Wl,--gc-sections" "-pie" "-Wl,-z,relro,-z,now" "-nodefaultlibs"
[INFO] [stdout]   = note: rust-lld: error: undefined reference: lzma_stream_buffer_decode
[INFO] [stdout]           >>> referenced by /usr/lib/gcc/x86_64-linux-gnu/11/../../../x86_64-linux-gnu/libunwind-ptrace.so (disallowed by --no-allow-shlib-undefined)
[INFO] [stdout]           
[INFO] [stdout]           rust-lld: error: undefined reference: lzma_index_uncompressed_size
[INFO] [stdout]           >>> referenced by /usr/lib/gcc/x86_64-linux-gnu/11/../../../x86_64-linux-gnu/libunwind-ptrace.so (disallowed by --no-allow-shlib-undefined)
[INFO] [stdout]           
[INFO] [stdout]           rust-lld: error: undefined reference: lzma_index_end
[INFO] [stdout]           >>> referenced by /usr/lib/gcc/x86_64-linux-gnu/11/../../../x86_64-linux-gnu/libunwind-ptrace.so (disallowed by --no-allow-shlib-undefined)
[INFO] [stdout]           
[INFO] [stdout]           rust-lld: error: undefined reference: lzma_index_buffer_decode
[INFO] [stdout]           >>> referenced by /usr/lib/gcc/x86_64-linux-gnu/11/../../../x86_64-linux-gnu/libunwind-ptrace.so (disallowed by --no-allow-shlib-undefined)
[INFO] [stdout]           
[INFO] [stdout]           rust-lld: error: undefined reference: lzma_stream_footer_decode
[INFO] [stdout]           >>> referenced by /usr/lib/gcc/x86_64-linux-gnu/11/../../../x86_64-linux-gnu/libunwind-ptrace.so (disallowed by --no-allow-shlib-undefined)
[INFO] [stdout]           
[INFO] [stdout]           rust-lld: error: undefined reference: lzma_index_size
[INFO] [stdout]           >>> referenced by /usr/lib/gcc/x86_64-linux-gnu/11/../../../x86_64-linux-gnu/libunwind-ptrace.so (disallowed by --no-allow-shlib-undefined)
[INFO] [stdout]           collect2: error: ld returned 1 exit status
[INFO] [stdout]           
[INFO] [stdout] 
[INFO] [stdout] 
[INFO] [stderr] error: could not compile `pyroscope_pyspy` (lib test) due to 1 previous error; 1 warning emitted
[INFO] running `Command { std: "docker" "inspect" "d3228e4031b8a4a6611d1e0948337cc7c7d6bdea5c4f0e2090cb278ea0992ae5", kill_on_drop: false }`
[INFO] running `Command { std: "docker" "rm" "-f" "d3228e4031b8a4a6611d1e0948337cc7c7d6bdea5c4f0e2090cb278ea0992ae5", kill_on_drop: false }`
[INFO] [stdout] d3228e4031b8a4a6611d1e0948337cc7c7d6bdea5c4f0e2090cb278ea0992ae5
