[INFO] fetching crate pyluwen 0.5.2...
[INFO] testing pyluwen-0.5.2 against nightly-2024-10-28+rustflags=-Zrandomize-layout for randomize-layout
[INFO] extracting crate pyluwen 0.5.2 into /workspace/builds/worker-3-tc2/source
[INFO] validating manifest of crates.io crate pyluwen 0.5.2 on toolchain nightly-2024-10-28
[INFO] running `Command { std: CARGO_HOME="/workspace/cargo-home" RUSTUP_HOME="/workspace/rustup-home" "/workspace/cargo-home/bin/cargo" "+nightly-2024-10-28" "metadata" "--manifest-path" "Cargo.toml" "--no-deps", kill_on_drop: false }`
[INFO] started tweaking crates.io crate pyluwen 0.5.2
[INFO] finished tweaking crates.io crate pyluwen 0.5.2
[INFO] tweaked toml for crates.io crate pyluwen 0.5.2 written to /workspace/builds/worker-3-tc2/source/Cargo.toml
[INFO] running `Command { std: CARGO_HOME="/workspace/cargo-home" RUSTUP_HOME="/workspace/rustup-home" "/workspace/cargo-home/bin/cargo" "+nightly-2024-10-28" "generate-lockfile" "--manifest-path" "Cargo.toml", kill_on_drop: false }`
[INFO] [stderr]     Updating crates.io index
[INFO] [stderr]      Locking 78 packages to latest compatible versions
[INFO] [stderr]       Adding pyo3 v0.19.2 (available: v0.22.5)
[INFO] running `Command { std: CARGO_HOME="/workspace/cargo-home" RUSTUP_HOME="/workspace/rustup-home" "/workspace/cargo-home/bin/cargo" "+nightly-2024-10-28" "fetch" "--manifest-path" "Cargo.toml", kill_on_drop: false }`
[INFO] running `Command { std: "docker" "create" "-v" "/var/lib/crater-agent-workspace/builds/worker-3-tc2/target:/opt/rustwide/target:rw,Z" "-v" "/var/lib/crater-agent-workspace/builds/worker-3-tc2/source:/opt/rustwide/workdir:ro,Z" "-v" "/var/lib/crater-agent-workspace/cargo-home:/opt/rustwide/cargo-home:ro,Z" "-v" "/var/lib/crater-agent-workspace/rustup-home:/opt/rustwide/rustup-home:ro,Z" "-e" "SOURCE_DIR=/opt/rustwide/workdir" "-e" "CARGO_TARGET_DIR=/opt/rustwide/target" "-e" "CARGO_HOME=/opt/rustwide/cargo-home" "-e" "RUSTUP_HOME=/opt/rustwide/rustup-home" "-w" "/opt/rustwide/workdir" "-m" "1610612736" "--user" "0:0" "--network" "none" "ghcr.io/rust-lang/crates-build-env/linux@sha256:4a844ea9eb2546a2d2c7022eacef16ef2e8229c7fbb2c7d4d55a9ceca922f72d" "/opt/rustwide/cargo-home/bin/cargo" "+nightly-2024-10-28" "metadata" "--no-deps" "--format-version=1", kill_on_drop: false }`
[INFO] [stdout] 41fd5a41bc6782cf4e9227289078afde480bb107e00675bd26a711f23a2798ab
[INFO] running `Command { std: "docker" "start" "-a" "41fd5a41bc6782cf4e9227289078afde480bb107e00675bd26a711f23a2798ab", kill_on_drop: false }`
[INFO] running `Command { std: "docker" "inspect" "41fd5a41bc6782cf4e9227289078afde480bb107e00675bd26a711f23a2798ab", kill_on_drop: false }`
[INFO] running `Command { std: "docker" "rm" "-f" "41fd5a41bc6782cf4e9227289078afde480bb107e00675bd26a711f23a2798ab", kill_on_drop: false }`
[INFO] [stdout] 41fd5a41bc6782cf4e9227289078afde480bb107e00675bd26a711f23a2798ab
[INFO] running `Command { std: "docker" "create" "-v" "/var/lib/crater-agent-workspace/builds/worker-3-tc2/target:/opt/rustwide/target:rw,Z" "-v" "/var/lib/crater-agent-workspace/builds/worker-3-tc2/source:/opt/rustwide/workdir:ro,Z" "-v" "/var/lib/crater-agent-workspace/cargo-home:/opt/rustwide/cargo-home:ro,Z" "-v" "/var/lib/crater-agent-workspace/rustup-home:/opt/rustwide/rustup-home:ro,Z" "-e" "SOURCE_DIR=/opt/rustwide/workdir" "-e" "CARGO_TARGET_DIR=/opt/rustwide/target" "-e" "CARGO_INCREMENTAL=0" "-e" "RUST_BACKTRACE=full" "-e" "RUSTFLAGS=--cap-lints=forbid -Zrandomize-layout" "-e" "RUSTDOCFLAGS=--cap-lints=forbid" "-e" "CARGO_HOME=/opt/rustwide/cargo-home" "-e" "RUSTUP_HOME=/opt/rustwide/rustup-home" "-w" "/opt/rustwide/workdir" "-m" "1610612736" "--user" "0:0" "--network" "none" "ghcr.io/rust-lang/crates-build-env/linux@sha256:4a844ea9eb2546a2d2c7022eacef16ef2e8229c7fbb2c7d4d55a9ceca922f72d" "/opt/rustwide/cargo-home/bin/cargo" "+nightly-2024-10-28" "build" "--frozen" "--message-format=json", kill_on_drop: false }`
[INFO] [stdout] 615893ea08642e07040861b80bc9c0fe113a8fc397cf6557f7e2dbdfc73bf282
[INFO] running `Command { std: "docker" "start" "-a" "615893ea08642e07040861b80bc9c0fe113a8fc397cf6557f7e2dbdfc73bf282", kill_on_drop: false }`
[INFO] [stderr]    Compiling proc-macro2 v1.0.89
[INFO] [stderr]    Compiling unicode-ident v1.0.13
[INFO] [stderr]    Compiling autocfg v1.4.0
[INFO] [stderr]    Compiling libc v0.2.161
[INFO] [stderr]    Compiling version_check v0.9.5
[INFO] [stderr]    Compiling once_cell v1.20.2
[INFO] [stderr]    Compiling typenum v1.17.0
[INFO] [stderr]    Compiling target-lexicon v0.12.16
[INFO] [stderr]    Compiling cfg-if v1.0.0
[INFO] [stderr]    Compiling same-file v1.0.6
[INFO] [stderr]    Compiling cpufeatures v0.2.14
[INFO] [stderr]    Compiling thiserror v1.0.66
[INFO] [stderr]    Compiling serde v1.0.214
[INFO] [stderr]    Compiling syn v1.0.109
[INFO] [stderr]    Compiling portable-atomic v1.9.0
[INFO] [stderr]    Compiling parking_lot_core v0.9.10
[INFO] [stderr]    Compiling lazy_static v1.5.0
[INFO] [stderr]    Compiling smallvec v1.13.2
[INFO] [stderr]    Compiling walkdir v2.5.0
[INFO] [stderr]    Compiling scopeguard v1.2.0
[INFO] [stderr]    Compiling unicode-width v0.1.14
[INFO] [stderr]    Compiling tracing-core v0.1.32
[INFO] [stderr]    Compiling pin-utils v0.1.0
[INFO] [stderr]    Compiling pin-project-lite v0.2.15
[INFO] [stderr]    Compiling number_prefix v0.4.0
[INFO] [stderr]    Compiling inventory v0.3.15
[INFO] [stderr]    Compiling unindent v0.1.11
[INFO] [stderr]    Compiling indoc v1.0.9
[INFO] [stderr]    Compiling generic-array v0.14.7
[INFO] [stderr]    Compiling memoffset v0.7.1
[INFO] [stderr]    Compiling lock_api v0.4.12
[INFO] [stderr]    Compiling memoffset v0.9.1
[INFO] [stderr]    Compiling pyo3-build-config v0.19.2
[INFO] [stderr]    Compiling quote v1.0.37
[INFO] [stderr]    Compiling syn v2.0.86
[INFO] [stderr]    Compiling crypto-common v0.1.6
[INFO] [stderr]    Compiling block-buffer v0.10.4
[INFO] [stderr]    Compiling digest v0.10.7
[INFO] [stderr]    Compiling console v0.15.8
[INFO] [stderr]    Compiling memmap2 v0.7.1
[INFO] [stderr]    Compiling nix v0.26.4
[INFO] [stderr]    Compiling pyo3-ffi v0.19.2
[INFO] [stderr]    Compiling pyo3 v0.19.2
[INFO] [stderr]    Compiling sha2 v0.10.8
[INFO] [stderr]    Compiling parking_lot v0.12.3
[INFO] [stderr]    Compiling indicatif v0.17.8
[INFO] [stderr]    Compiling rust-embed-utils v8.5.0
[INFO] [stderr]    Compiling pyo3-macros-backend v0.19.2
[INFO] [stderr]    Compiling thiserror-impl v1.0.66
[INFO] [stderr]    Compiling serde_derive v1.0.214
[INFO] [stderr]    Compiling rust-embed-impl v8.5.0
[INFO] [stderr]    Compiling tracing-attributes v0.1.27
[INFO] [stderr]    Compiling bitfield-struct v0.4.4
[INFO] [stderr]    Compiling rust-embed v8.5.0
[INFO] [stderr]    Compiling tracing v0.1.40
[INFO] [stderr]    Compiling luwen-core v0.1.0
[INFO] [stderr]    Compiling pyo3-macros v0.19.2
[INFO] [stderr]    Compiling ttkmd-if v0.1.0
[INFO] [stderr]    Compiling bincode v1.3.3
[INFO] [stderr]    Compiling luwen-if v0.4.4
[INFO] [stderr]    Compiling luwen-ref v0.3.1
[INFO] [stderr]    Compiling pyluwen v0.5.2 (/opt/rustwide/workdir)
[INFO] [stdout] warning: non-local `impl` definition, `impl` blocks should be written at the same level as their item
[INFO] [stdout]    --> src/lib.rs:499:1
[INFO] [stdout]     |
[INFO] [stdout] 499 | #[pymethods]
[INFO] [stdout]     | -^^^^^^^^^^^
[INFO] [stdout]     | |
[INFO] [stdout]     | `PyClassImplCollector` is not local
[INFO] [stdout]     | `PyClassNewTextSignature` is not local
[INFO] [stdout]     | move the `impl` block outside of this function `trampoline` and up 4 bodies
[INFO] [stdout] 500 | impl PciChip {
[INFO] [stdout]     |      -------
[INFO] [stdout]     |      |
[INFO] [stdout]     |      `PciChip` is not local
[INFO] [stdout]     |      `PciChip` is not local
[INFO] [stdout]     |
[INFO] [stdout]     = note: the attribute macro `pymethods` defines the non-local `impl`, and may need to be changed
[INFO] [stdout]     = note: the attribute macro `pymethods` may come from an old version of the `pyo3_macros` crate, try updating your dependency with `cargo update -p pyo3_macros`
[INFO] [stdout]     = note: an `impl` is never scoped, even when it is nested inside an item, as it may impact type checking outside of that item, which can be the case if neither the trait or the self type are at the same nesting level as the `impl`
[INFO] [stdout]     = note: `#[warn(non_local_definitions)]` on by default
[INFO] [stdout]     = note: this warning originates in the attribute macro `pymethods` (in Nightly builds, run with -Z macro-backtrace for more info)
[INFO] [stdout] 
[INFO] [stdout] 
[INFO] [stderr]     Finished `dev` profile [unoptimized + debuginfo] target(s) in 11.71s
[INFO] running `Command { std: "docker" "inspect" "615893ea08642e07040861b80bc9c0fe113a8fc397cf6557f7e2dbdfc73bf282", kill_on_drop: false }`
[INFO] running `Command { std: "docker" "rm" "-f" "615893ea08642e07040861b80bc9c0fe113a8fc397cf6557f7e2dbdfc73bf282", kill_on_drop: false }`
[INFO] [stdout] 615893ea08642e07040861b80bc9c0fe113a8fc397cf6557f7e2dbdfc73bf282
[INFO] running `Command { std: "docker" "create" "-v" "/var/lib/crater-agent-workspace/builds/worker-3-tc2/target:/opt/rustwide/target:rw,Z" "-v" "/var/lib/crater-agent-workspace/builds/worker-3-tc2/source:/opt/rustwide/workdir:ro,Z" "-v" "/var/lib/crater-agent-workspace/cargo-home:/opt/rustwide/cargo-home:ro,Z" "-v" "/var/lib/crater-agent-workspace/rustup-home:/opt/rustwide/rustup-home:ro,Z" "-e" "SOURCE_DIR=/opt/rustwide/workdir" "-e" "CARGO_TARGET_DIR=/opt/rustwide/target" "-e" "CARGO_INCREMENTAL=0" "-e" "RUST_BACKTRACE=full" "-e" "RUSTFLAGS=--cap-lints=forbid -Zrandomize-layout" "-e" "RUSTDOCFLAGS=--cap-lints=forbid" "-e" "CARGO_HOME=/opt/rustwide/cargo-home" "-e" "RUSTUP_HOME=/opt/rustwide/rustup-home" "-w" "/opt/rustwide/workdir" "-m" "1610612736" "--user" "0:0" "--network" "none" "ghcr.io/rust-lang/crates-build-env/linux@sha256:4a844ea9eb2546a2d2c7022eacef16ef2e8229c7fbb2c7d4d55a9ceca922f72d" "/opt/rustwide/cargo-home/bin/cargo" "+nightly-2024-10-28" "test" "--frozen" "--no-run" "--message-format=json", kill_on_drop: false }`
[INFO] [stdout] 372feaec62255a96c5696be165d78e9c52137941706cd1a9c9b2880f0632b9df
[INFO] running `Command { std: "docker" "start" "-a" "372feaec62255a96c5696be165d78e9c52137941706cd1a9c9b2880f0632b9df", kill_on_drop: false }`
[INFO] [stderr]    Compiling pyluwen v0.5.2 (/opt/rustwide/workdir)
[INFO] [stdout] warning: non-local `impl` definition, `impl` blocks should be written at the same level as their item
[INFO] [stdout]    --> src/lib.rs:499:1
[INFO] [stdout]     |
[INFO] [stdout] 499 | #[pymethods]
[INFO] [stdout]     | -^^^^^^^^^^^
[INFO] [stdout]     | |
[INFO] [stdout]     | `PyClassImplCollector` is not local
[INFO] [stdout]     | `PyClassNewTextSignature` is not local
[INFO] [stdout]     | move the `impl` block outside of this function `trampoline` and up 4 bodies
[INFO] [stdout] 500 | impl PciChip {
[INFO] [stdout]     |      -------
[INFO] [stdout]     |      |
[INFO] [stdout]     |      `PciChip` is not local
[INFO] [stdout]     |      `PciChip` is not local
[INFO] [stdout]     |
[INFO] [stdout]     = note: the attribute macro `pymethods` defines the non-local `impl`, and may need to be changed
[INFO] [stdout]     = note: the attribute macro `pymethods` may come from an old version of the `pyo3_macros` crate, try updating your dependency with `cargo update -p pyo3_macros`
[INFO] [stdout]     = note: an `impl` is never scoped, even when it is nested inside an item, as it may impact type checking outside of that item, which can be the case if neither the trait or the self type are at the same nesting level as the `impl`
[INFO] [stdout]     = note: `#[warn(non_local_definitions)]` on by default
[INFO] [stdout]     = note: this warning originates in the attribute macro `pymethods` (in Nightly builds, run with -Z macro-backtrace for more info)
[INFO] [stdout] 
[INFO] [stdout] 
[INFO] [stdout] error: linking with `cc` failed: exit status: 1
[INFO] [stdout]   |
[INFO] [stdout]   = note: LC_ALL="C" PATH="/opt/rustwide/rustup-home/toolchains/nightly-2024-10-28-x86_64-unknown-linux-gnu/lib/rustlib/x86_64-unknown-linux-gnu/bin:/opt/rustwide/rustup-home/toolchains/nightly-2024-10-28-x86_64-unknown-linux-gnu/lib/rustlib/x86_64-unknown-linux-gnu/bin/self-contained:/opt/rustwide/cargo-home/bin:/usr/local/sbin:/usr/local/bin:/usr/sbin:/usr/bin:/sbin:/bin" VSLANG="1033" "cc" "-m64" "/tmp/rustc14MD1K/symbols.o" "/opt/rustwide/target/debug/deps/pyluwen-5cb3771988b834da.pyluwen.5da6982a54610f2f-cgu.00.rcgu.o" "/opt/rustwide/target/debug/deps/pyluwen-5cb3771988b834da.pyluwen.5da6982a54610f2f-cgu.01.rcgu.o" "/opt/rustwide/target/debug/deps/pyluwen-5cb3771988b834da.pyluwen.5da6982a54610f2f-cgu.02.rcgu.o" "/opt/rustwide/target/debug/deps/pyluwen-5cb3771988b834da.pyluwen.5da6982a54610f2f-cgu.03.rcgu.o" "/opt/rustwide/target/debug/deps/pyluwen-5cb3771988b834da.pyluwen.5da6982a54610f2f-cgu.04.rcgu.o" "/opt/rustwide/target/debug/deps/pyluwen-5cb3771988b834da.pyluwen.5da6982a54610f2f-cgu.05.rcgu.o" "/opt/rustwide/target/debug/deps/pyluwen-5cb3771988b834da.pyluwen.5da6982a54610f2f-cgu.06.rcgu.o" "/opt/rustwide/target/debug/deps/pyluwen-5cb3771988b834da.pyluwen.5da6982a54610f2f-cgu.07.rcgu.o" "/opt/rustwide/target/debug/deps/pyluwen-5cb3771988b834da.pyluwen.5da6982a54610f2f-cgu.08.rcgu.o" "/opt/rustwide/target/debug/deps/pyluwen-5cb3771988b834da.pyluwen.5da6982a54610f2f-cgu.09.rcgu.o" "/opt/rustwide/target/debug/deps/pyluwen-5cb3771988b834da.a0376jd1wdrly5m36hg5agx0c.rcgu.o" "-Wl,--as-needed" "-Wl,-Bstatic" "/opt/rustwide/rustup-home/toolchains/nightly-2024-10-28-x86_64-unknown-linux-gnu/lib/rustlib/x86_64-unknown-linux-gnu/lib/libtest-a09fad3b5321e7d6.rlib" "/opt/rustwide/rustup-home/toolchains/nightly-2024-10-28-x86_64-unknown-linux-gnu/lib/rustlib/x86_64-unknown-linux-gnu/lib/libgetopts-f9c3dff41ad42661.rlib" "/opt/rustwide/rustup-home/toolchains/nightly-2024-10-28-x86_64-unknown-linux-gnu/lib/rustlib/x86_64-unknown-linux-gnu/lib/libunicode_width-ad2aef31af6addd3.rlib" "/opt/rustwide/rustup-home/toolchains/nightly-2024-10-28-x86_64-unknown-linux-gnu/lib/rustlib/x86_64-unknown-linux-gnu/lib/librustc_std_workspace_std-e3f907dc03deb913.rlib" "/opt/rustwide/target/debug/deps/libpyo3-592105b79a6eceec.rlib" "/opt/rustwide/target/debug/deps/libmemoffset-2a36707ba2ee8ddf.rlib" "/opt/rustwide/target/debug/deps/libparking_lot-09b7a4a9b5951eeb.rlib" "/opt/rustwide/target/debug/deps/libparking_lot_core-a109529253807ce3.rlib" "/opt/rustwide/target/debug/deps/libsmallvec-756ee87804f0eec5.rlib" "/opt/rustwide/target/debug/deps/liblock_api-e2cb0d427dfba242.rlib" "/opt/rustwide/target/debug/deps/libscopeguard-003ee3b9b09cebdb.rlib" "/opt/rustwide/target/debug/deps/libpyo3_ffi-83588ef947e4adb7.rlib" "/opt/rustwide/target/debug/deps/libinventory-1f923eb2f657efbc.rlib" "/opt/rustwide/target/debug/deps/libunindent-1e23dff4ebeeb400.rlib" "/opt/rustwide/target/debug/deps/libluwen_ref-110771ef47bcfd72.rlib" "/opt/rustwide/target/debug/deps/libindicatif-c2f8c4a116db7012.rlib" "/opt/rustwide/target/debug/deps/libportable_atomic-3fc6fe1a5f5af45f.rlib" "/opt/rustwide/target/debug/deps/libnumber_prefix-bd9f8621c542a95f.rlib" "/opt/rustwide/target/debug/deps/libconsole-92ec30e40f25e455.rlib" "/opt/rustwide/target/debug/deps/libunicode_width-496d455ef4b56198.rlib" "/opt/rustwide/target/debug/deps/liblazy_static-7af2f34f8b124b26.rlib" "/opt/rustwide/target/debug/deps/libttkmd_if-669638df6e688371.rlib" "/opt/rustwide/target/debug/deps/libmemmap2-4290ec31455de480.rlib" "/opt/rustwide/target/debug/deps/libtracing-cda535108c0c5c2d.rlib" "/opt/rustwide/target/debug/deps/libpin_project_lite-2633596a5f246a3b.rlib" "/opt/rustwide/target/debug/deps/libtracing_core-7c30351e8178d82b.rlib" "/opt/rustwide/target/debug/deps/libnix-174ea86e1dbd9bea.rlib" "/opt/rustwide/target/debug/deps/libmemoffset-f96fa19368e24378.rlib" "/opt/rustwide/target/debug/deps/libpin_utils-76c2785263cdb1c1.rlib" "/opt/rustwide/target/debug/deps/libbitflags-560efdb99b117eef.rlib" "/opt/rustwide/target/debug/deps/liblibc-cf06f29c0a4f6ede.rlib" "/opt/rustwide/target/debug/deps/libluwen_if-54d441d270ff6a19.rlib" "/opt/rustwide/target/debug/deps/libonce_cell-6dc575c335e8f5a1.rlib" "/opt/rustwide/target/debug/deps/libbincode-11117a2dc0f56352.rlib" "/opt/rustwide/target/debug/deps/libserde-849f8ed29239dba6.rlib" "/opt/rustwide/target/debug/deps/librust_embed-c5155475f371df84.rlib" "/opt/rustwide/target/debug/deps/librust_embed_utils-eccc9767fd12fae5.rlib" "/opt/rustwide/target/debug/deps/libwalkdir-099221edb7b94a9e.rlib" "/opt/rustwide/target/debug/deps/libsame_file-3c36b17025d91add.rlib" "/opt/rustwide/target/debug/deps/libsha2-c69856493cb6098c.rlib" "/opt/rustwide/target/debug/deps/libcpufeatures-41282f1ae5bdd7cf.rlib" "/opt/rustwide/target/debug/deps/libcfg_if-57bf25c23e31efdb.rlib" "/opt/rustwide/target/debug/deps/libdigest-ad270720b64b56a0.rlib" "/opt/rustwide/target/debug/deps/libblock_buffer-90f91f4f164fc7ea.rlib" "/opt/rustwide/target/debug/deps/libcrypto_common-b04de5b5712dc49f.rlib" "/opt/rustwide/target/debug/deps/libgeneric_array-d2a92b2da2a24109.rlib" "/opt/rustwide/target/debug/deps/libtypenum-5326f72807cfe834.rlib" "/opt/rustwide/target/debug/deps/libthiserror-1f7a2bf0ce1639a5.rlib" "/opt/rustwide/target/debug/deps/libluwen_core-1a6f2f0a476d3aeb.rlib" "/opt/rustwide/rustup-home/toolchains/nightly-2024-10-28-x86_64-unknown-linux-gnu/lib/rustlib/x86_64-unknown-linux-gnu/lib/libstd-fb8c387236db3c10.rlib" "/opt/rustwide/rustup-home/toolchains/nightly-2024-10-28-x86_64-unknown-linux-gnu/lib/rustlib/x86_64-unknown-linux-gnu/lib/libpanic_unwind-b251837809b2f64b.rlib" "/opt/rustwide/rustup-home/toolchains/nightly-2024-10-28-x86_64-unknown-linux-gnu/lib/rustlib/x86_64-unknown-linux-gnu/lib/libobject-cbef83eaa4e01f04.rlib" "/opt/rustwide/rustup-home/toolchains/nightly-2024-10-28-x86_64-unknown-linux-gnu/lib/rustlib/x86_64-unknown-linux-gnu/lib/libmemchr-12a772286de2fca7.rlib" "/opt/rustwide/rustup-home/toolchains/nightly-2024-10-28-x86_64-unknown-linux-gnu/lib/rustlib/x86_64-unknown-linux-gnu/lib/libaddr2line-023bbe5ada7abfc3.rlib" "/opt/rustwide/rustup-home/toolchains/nightly-2024-10-28-x86_64-unknown-linux-gnu/lib/rustlib/x86_64-unknown-linux-gnu/lib/libgimli-de2bcdf10ec69c2b.rlib" "/opt/rustwide/rustup-home/toolchains/nightly-2024-10-28-x86_64-unknown-linux-gnu/lib/rustlib/x86_64-unknown-linux-gnu/lib/librustc_demangle-8e1754df350800fd.rlib" "/opt/rustwide/rustup-home/toolchains/nightly-2024-10-28-x86_64-unknown-linux-gnu/lib/rustlib/x86_64-unknown-linux-gnu/lib/libstd_detect-06c2ab7b9c32e037.rlib" "/opt/rustwide/rustup-home/toolchains/nightly-2024-10-28-x86_64-unknown-linux-gnu/lib/rustlib/x86_64-unknown-linux-gnu/lib/libhashbrown-51d2621fc57a281b.rlib" "/opt/rustwide/rustup-home/toolchains/nightly-2024-10-28-x86_64-unknown-linux-gnu/lib/rustlib/x86_64-unknown-linux-gnu/lib/librustc_std_workspace_alloc-54a930408793772f.rlib" "/opt/rustwide/rustup-home/toolchains/nightly-2024-10-28-x86_64-unknown-linux-gnu/lib/rustlib/x86_64-unknown-linux-gnu/lib/libminiz_oxide-0c7d01cba400dcb2.rlib" "/opt/rustwide/rustup-home/toolchains/nightly-2024-10-28-x86_64-unknown-linux-gnu/lib/rustlib/x86_64-unknown-linux-gnu/lib/libadler-b9f84d69e331b75b.rlib" "/opt/rustwide/rustup-home/toolchains/nightly-2024-10-28-x86_64-unknown-linux-gnu/lib/rustlib/x86_64-unknown-linux-gnu/lib/libunwind-eec95493246aae39.rlib" "/opt/rustwide/rustup-home/toolchains/nightly-2024-10-28-x86_64-unknown-linux-gnu/lib/rustlib/x86_64-unknown-linux-gnu/lib/libcfg_if-6f6676c475e08ab0.rlib" "/opt/rustwide/rustup-home/toolchains/nightly-2024-10-28-x86_64-unknown-linux-gnu/lib/rustlib/x86_64-unknown-linux-gnu/lib/liblibc-799d520624f8b2e0.rlib" "/opt/rustwide/rustup-home/toolchains/nightly-2024-10-28-x86_64-unknown-linux-gnu/lib/rustlib/x86_64-unknown-linux-gnu/lib/liballoc-fcf93d4842acd9a9.rlib" "/opt/rustwide/rustup-home/toolchains/nightly-2024-10-28-x86_64-unknown-linux-gnu/lib/rustlib/x86_64-unknown-linux-gnu/lib/librustc_std_workspace_core-395a38b8e0851c9b.rlib" "/opt/rustwide/rustup-home/toolchains/nightly-2024-10-28-x86_64-unknown-linux-gnu/lib/rustlib/x86_64-unknown-linux-gnu/lib/libcore-d453bab70303062c.rlib" "/opt/rustwide/rustup-home/toolchains/nightly-2024-10-28-x86_64-unknown-linux-gnu/lib/rustlib/x86_64-unknown-linux-gnu/lib/libcompiler_builtins-0e6386368b0a24e8.rlib" "-Wl,-Bdynamic" "-lgcc_s" "-lutil" "-lrt" "-lpthread" "-lm" "-ldl" "-lc" "-B/opt/rustwide/rustup-home/toolchains/nightly-2024-10-28-x86_64-unknown-linux-gnu/lib/rustlib/x86_64-unknown-linux-gnu/bin/gcc-ld" "-fuse-ld=lld" "-Wl,--eh-frame-hdr" "-Wl,-z,noexecstack" "-L" "/opt/rustwide/rustup-home/toolchains/nightly-2024-10-28-x86_64-unknown-linux-gnu/lib/rustlib/x86_64-unknown-linux-gnu/lib" "-o" "/opt/rustwide/target/debug/deps/pyluwen-5cb3771988b834da" "-Wl,--gc-sections" "-pie" "-Wl,-z,relro,-z,now" "-nodefaultlibs"
[INFO] [stdout]   = note: rust-lld: error: undefined symbol: PyTuple_New
[INFO] [stdout]           >>> referenced by tuple.rs:314 (/opt/rustwide/cargo-home/registry/src/index.crates.io-6f17d22bba15001f/pyo3-0.19.2/src/types/tuple.rs:314)
[INFO] [stdout]           >>>               /opt/rustwide/target/debug/deps/pyluwen-5cb3771988b834da.pyluwen.5da6982a54610f2f-cgu.00.rcgu.o:(pyo3::types::tuple::_$LT$impl$u20$pyo3..conversion..IntoPy$LT$pyo3..instance..Py$LT$pyo3..types..tuple..PyTuple$GT$$GT$$u20$for$u20$$LP$T0$C$$RP$$GT$::into_py::hc7e03132803098b2)
[INFO] [stdout]           >>> referenced by tuple.rs:298 (/opt/rustwide/cargo-home/registry/src/index.crates.io-6f17d22bba15001f/pyo3-0.19.2/src/types/tuple.rs:298)
[INFO] [stdout]           >>>               /opt/rustwide/target/debug/deps/pyluwen-5cb3771988b834da.pyluwen.5da6982a54610f2f-cgu.06.rcgu.o:(pyo3::types::tuple::_$LT$impl$u20$pyo3..conversion..IntoPy$LT$pyo3..instance..Py$LT$pyo3..types..any..PyAny$GT$$GT$$u20$for$u20$$LP$T0$C$T1$RP$$GT$::into_py::h30d7c0892c4d3045)
[INFO] [stdout]           >>> referenced by tuple.rs:298 (/opt/rustwide/cargo-home/registry/src/index.crates.io-6f17d22bba15001f/pyo3-0.19.2/src/types/tuple.rs:298)
[INFO] [stdout]           >>>               /opt/rustwide/target/debug/deps/pyluwen-5cb3771988b834da.pyluwen.5da6982a54610f2f-cgu.06.rcgu.o:(pyo3::types::tuple::_$LT$impl$u20$pyo3..conversion..IntoPy$LT$pyo3..instance..Py$LT$pyo3..types..any..PyAny$GT$$GT$$u20$for$u20$$LP$T0$C$T1$RP$$GT$::into_py::h7a6f674a05482a86)
[INFO] [stdout]           >>> referenced 3 more times
[INFO] [stdout]           
[INFO] [stdout]           rust-lld: error: undefined symbol: PyTuple_SetItem
[INFO] [stdout]           >>> referenced by tuple.rs:316 (/opt/rustwide/cargo-home/registry/src/index.crates.io-6f17d22bba15001f/pyo3-0.19.2/src/types/tuple.rs:316)
[INFO] [stdout]           >>>               /opt/rustwide/target/debug/deps/pyluwen-5cb3771988b834da.pyluwen.5da6982a54610f2f-cgu.00.rcgu.o:(pyo3::types::tuple::_$LT$impl$u20$pyo3..conversion..IntoPy$LT$pyo3..instance..Py$LT$pyo3..types..tuple..PyTuple$GT$$GT$$u20$for$u20$$LP$T0$C$$RP$$GT$::into_py::hc7e03132803098b2)
[INFO] [stdout]           >>> referenced by tuple.rs:300 (/opt/rustwide/cargo-home/registry/src/index.crates.io-6f17d22bba15001f/pyo3-0.19.2/src/types/tuple.rs:300)
[INFO] [stdout]           >>>               /opt/rustwide/target/debug/deps/pyluwen-5cb3771988b834da.pyluwen.5da6982a54610f2f-cgu.06.rcgu.o:(pyo3::types::tuple::_$LT$impl$u20$pyo3..conversion..IntoPy$LT$pyo3..instance..Py$LT$pyo3..types..any..PyAny$GT$$GT$$u20$for$u20$$LP$T0$C$T1$RP$$GT$::into_py::h30d7c0892c4d3045)
[INFO] [stdout]           >>> referenced by tuple.rs:300 (/opt/rustwide/cargo-home/registry/src/index.crates.io-6f17d22bba15001f/pyo3-0.19.2/src/types/tuple.rs:300)
[INFO] [stdout]           >>>               /opt/rustwide/target/debug/deps/pyluwen-5cb3771988b834da.pyluwen.5da6982a54610f2f-cgu.06.rcgu.o:(pyo3::types::tuple::_$LT$impl$u20$pyo3..conversion..IntoPy$LT$pyo3..instance..Py$LT$pyo3..types..any..PyAny$GT$$GT$$u20$for$u20$$LP$T0$C$T1$RP$$GT$::into_py::h30d7c0892c4d3045)
[INFO] [stdout]           >>> referenced 6 more times
[INFO] [stdout]           
[INFO] [stdout]           rust-lld: error: undefined symbol: PyObject_GetBuffer
[INFO] [stdout]           >>> referenced by buffer.rs:198 (/opt/rustwide/cargo-home/registry/src/index.crates.io-6f17d22bba15001f/pyo3-0.19.2/src/buffer.rs:198)
[INFO] [stdout]           >>>               /opt/rustwide/target/debug/deps/pyluwen-5cb3771988b834da.pyluwen.5da6982a54610f2f-cgu.02.rcgu.o:(pyo3::buffer::PyBuffer$LT$T$GT$::get::hb4d8b19c3b6deb0b)
[INFO] [stdout]           
[INFO] [stdout]           rust-lld: error: undefined symbol: PyBuffer_Release
[INFO] [stdout]           >>> referenced by buffer.rs:635 (/opt/rustwide/cargo-home/registry/src/index.crates.io-6f17d22bba15001f/pyo3-0.19.2/src/buffer.rs:635)
[INFO] [stdout]           >>>               /opt/rustwide/target/debug/deps/pyluwen-5cb3771988b834da.pyluwen.5da6982a54610f2f-cgu.02.rcgu.o:(_$LT$pyo3..buffer..PyBuffer$LT$T$GT$$u20$as$u20$core..ops..drop..Drop$GT$::drop::_$u7b$$u7b$closure$u7d$$u7d$::h19dc808d84eaa9a9)
[INFO] [stdout]           
[INFO] [stdout]           rust-lld: error: undefined symbol: PyErr_WriteUnraisable
[INFO] [stdout]           >>> referenced by mod.rs:532 (/opt/rustwide/cargo-home/registry/src/index.crates.io-6f17d22bba15001f/pyo3-0.19.2/src/err/mod.rs:532)
[INFO] [stdout]           >>>               /opt/rustwide/target/debug/deps/pyluwen-5cb3771988b834da.pyluwen.5da6982a54610f2f-cgu.06.rcgu.o:(pyo3::err::PyErr::write_unraisable::hb21e154aa15a92fc)
[INFO] [stdout]           >>> referenced by mod.rs:532 (src/err/mod.rs:532)
[INFO] [stdout]           >>>               pyo3-592105b79a6eceec.pyo3.b4d786cd0eb3ef72-cgu.03.rcgu.o:(pyo3::err::PyErr::write_unraisable::hf0f7815ff41b1c3d) in archive /opt/rustwide/target/debug/deps/libpyo3-592105b79a6eceec.rlib
[INFO] [stdout]           
[INFO] [stdout]           rust-lld: error: undefined symbol: PyLong_FromUnsignedLongLong
[INFO] [stdout]           >>> referenced by num.rs:59 (/opt/rustwide/cargo-home/registry/src/index.crates.io-6f17d22bba15001f/pyo3-0.19.2/src/conversions/std/num.rs:59)
[INFO] [stdout]           >>>               /opt/rustwide/target/debug/deps/pyluwen-5cb3771988b834da.pyluwen.5da6982a54610f2f-cgu.07.rcgu.o:(pyo3::conversions::std::num::_$LT$impl$u20$pyo3..conversion..IntoPy$LT$pyo3..instance..Py$LT$pyo3..types..any..PyAny$GT$$GT$$u20$for$u20$u64$GT$::into_py::hd70d5bbb83780b56)
[INFO] [stdout]           >>> referenced by num.rs:59 (src/conversions/std/num.rs:59)
[INFO] [stdout]           >>>               pyo3-592105b79a6eceec.pyo3.b4d786cd0eb3ef72-cgu.09.rcgu.o:(pyo3::conversions::std::num::_$LT$impl$u20$pyo3..conversion..IntoPy$LT$pyo3..instance..Py$LT$pyo3..types..any..PyAny$GT$$GT$$u20$for$u20$u64$GT$::into_py::hb44ba0788e73cce5) in archive /opt/rustwide/target/debug/deps/libpyo3-592105b79a6eceec.rlib
[INFO] [stdout]           
[INFO] [stdout]           rust-lld: error: undefined symbol: PyList_New
[INFO] [stdout]           >>> referenced by list.rs:28 (/opt/rustwide/cargo-home/registry/src/index.crates.io-6f17d22bba15001f/pyo3-0.19.2/src/types/list.rs:28)
[INFO] [stdout]           >>>               /opt/rustwide/target/debug/deps/pyluwen-5cb3771988b834da.pyluwen.5da6982a54610f2f-cgu.06.rcgu.o:(pyo3::types::list::new_from_iter::hf3e44e56e3e39eb4)
[INFO] [stdout]           
[INFO] [stdout]           rust-lld: error: undefined symbol: PyType_IsSubtype
[INFO] [stdout]           >>> referenced by object.rs:275 (/opt/rustwide/cargo-home/registry/src/index.crates.io-6f17d22bba15001f/pyo3-ffi-0.19.2/src/object.rs:275)
[INFO] [stdout]           >>>               pyo3-592105b79a6eceec.pyo3.b4d786cd0eb3ef72-cgu.11.rcgu.o:(pyo3_ffi::object::PyObject_TypeCheck::h456abea395f4adf4) in archive /opt/rustwide/target/debug/deps/libpyo3-592105b79a6eceec.rlib
[INFO] [stdout]           >>> referenced by object.rs:275 (/opt/rustwide/cargo-home/registry/src/index.crates.io-6f17d22bba15001f/pyo3-ffi-0.19.2/src/object.rs:275)
[INFO] [stdout]           >>>               /opt/rustwide/target/debug/deps/pyluwen-5cb3771988b834da.pyluwen.5da6982a54610f2f-cgu.03.rcgu.o:(pyo3_ffi::object::PyObject_TypeCheck::h6a43da26d8dd6c97)
[INFO] [stdout]           
[INFO] [stdout]           rust-lld: error: undefined symbol: PyObject_SetAttrString
[INFO] [stdout]           >>> referenced by lazy_type_object.rs:206 (src/impl_/pyclass/lazy_type_object.rs:206)
[INFO] [stdout]           >>>               pyo3-592105b79a6eceec.pyo3.b4d786cd0eb3ef72-cgu.14.rcgu.o:(pyo3::impl_::pyclass::lazy_type_object::initialize_tp_dict::h68387351f6b37246) in archive /opt/rustwide/target/debug/deps/libpyo3-592105b79a6eceec.rlib
[INFO] [stdout]           
[INFO] [stdout]           rust-lld: error: undefined symbol: _Py_NoneStruct
[INFO] [stdout]           >>> referenced by object.rs:672 (/opt/rustwide/cargo-home/registry/src/index.crates.io-6f17d22bba15001f/pyo3-ffi-0.19.2/src/object.rs:672)
[INFO] [stdout]           >>>               pyo3-592105b79a6eceec.pyo3.b4d786cd0eb3ef72-cgu.11.rcgu.o:(pyo3_ffi::object::Py_None::hd26c45258a89ea19) in archive /opt/rustwide/target/debug/deps/libpyo3-592105b79a6eceec.rlib
[INFO] [stdout]           >>> referenced by object.rs:672 (/opt/rustwide/cargo-home/registry/src/index.crates.io-6f17d22bba15001f/pyo3-ffi-0.19.2/src/object.rs:672)
[INFO] [stdout]           >>>               /opt/rustwide/target/debug/deps/pyluwen-5cb3771988b834da.pyluwen.5da6982a54610f2f-cgu.03.rcgu.o:(pyo3_ffi::object::Py_None::ha681d01ca76b7656)
[INFO] [stdout]           
[INFO] [stdout]           rust-lld: error: undefined symbol: PyLong_Type
[INFO] [stdout]           >>> referenced by lib.rs:265 (/opt/rustwide/cargo-home/registry/src/index.crates.io-6f17d22bba15001f/pyo3-ffi-0.19.2/src/lib.rs:265)
[INFO] [stdout]           >>>               pyo3-592105b79a6eceec.pyo3.b4d786cd0eb3ef72-cgu.11.rcgu.o:(pyo3_ffi::object::Py_SIZE::hfd18f80f39fa3fd3) in archive /opt/rustwide/target/debug/deps/libpyo3-592105b79a6eceec.rlib
[INFO] [stdout]           
[INFO] [stdout]           rust-lld: error: undefined symbol: PyBool_Type
[INFO] [stdout]           >>> referenced by lib.rs:265 (/opt/rustwide/cargo-home/registry/src/index.crates.io-6f17d22bba15001f/pyo3-ffi-0.19.2/src/lib.rs:265)
[INFO] [stdout]           >>>               pyo3-592105b79a6eceec.pyo3.b4d786cd0eb3ef72-cgu.11.rcgu.o:(pyo3_ffi::object::Py_SIZE::hfd18f80f39fa3fd3) in archive /opt/rustwide/target/debug/deps/libpyo3-592105b79a6eceec.rlib
[INFO] [stdout]           >>> referenced by boolobject.rs:13 (/opt/rustwide/cargo-home/registry/src/index.crates.io-6f17d22bba15001f/pyo3-ffi-0.19.2/src/boolobject.rs:13)
[INFO] [stdout]           >>>               pyo3-592105b79a6eceec.pyo3.b4d786cd0eb3ef72-cgu.02.rcgu.o:(pyo3_ffi::boolobject::PyBool_Check::hb448f7af0daa5b09) in archive /opt/rustwide/target/debug/deps/libpyo3-592105b79a6eceec.rlib
[INFO] [stdout]           
[INFO] [stdout]           rust-lld: error: undefined symbol: PyDict_Next
[INFO] [stdout]           >>> referenced by dict.rs:376 (src/types/dict.rs:376)
[INFO] [stdout]           >>>               pyo3-592105b79a6eceec.pyo3.b4d786cd0eb3ef72-cgu.14.rcgu.o:(pyo3::types::dict::PyDictIterator::next_unchecked::h5ee0437e33dcc407) in archive /opt/rustwide/target/debug/deps/libpyo3-592105b79a6eceec.rlib
[INFO] [stdout]           
[INFO] [stdout]           rust-lld: error: undefined symbol: PyLong_FromLong
[INFO] [stdout]           >>> referenced by num.rs:99 (src/conversions/std/num.rs:99)
[INFO] [stdout]           >>>               pyo3-592105b79a6eceec.pyo3.b4d786cd0eb3ef72-cgu.09.rcgu.o:(pyo3::conversions::std::num::_$LT$impl$u20$pyo3..conversion..IntoPy$LT$pyo3..instance..Py$LT$pyo3..types..any..PyAny$GT$$GT$$u20$for$u20$u8$GT$::into_py::h64796aa494651027) in archive /opt/rustwide/target/debug/deps/libpyo3-592105b79a6eceec.rlib
[INFO] [stdout]           >>> referenced by num.rs:99 (src/conversions/std/num.rs:99)
[INFO] [stdout]           >>>               pyo3-592105b79a6eceec.pyo3.b4d786cd0eb3ef72-cgu.09.rcgu.o:(pyo3::conversions::std::num::_$LT$impl$u20$pyo3..conversion..IntoPy$LT$pyo3..instance..Py$LT$pyo3..types..any..PyAny$GT$$GT$$u20$for$u20$u16$GT$::into_py::hfbef6e1be43c0f8d) in archive /opt/rustwide/target/debug/deps/libpyo3-592105b79a6eceec.rlib
[INFO] [stdout]           >>> referenced by num.rs:99 (src/conversions/std/num.rs:99)
[INFO] [stdout]           >>>               pyo3-592105b79a6eceec.pyo3.b4d786cd0eb3ef72-cgu.09.rcgu.o:(pyo3::conversions::std::num::_$LT$impl$u20$pyo3..conversion..IntoPy$LT$pyo3..instance..Py$LT$pyo3..types..any..PyAny$GT$$GT$$u20$for$u20$u32$GT$::into_py::h50110d7b07bc1e91) in archive /opt/rustwide/target/debug/deps/libpyo3-592105b79a6eceec.rlib
[INFO] [stdout]           
[INFO] [stdout]           rust-lld: error: undefined symbol: PyNumber_Index
[INFO] [stdout]           >>> referenced by num.rs:112 (src/conversions/std/num.rs:112)
[INFO] [stdout]           >>>               pyo3-592105b79a6eceec.pyo3.b4d786cd0eb3ef72-cgu.09.rcgu.o:(pyo3::conversions::std::num::_$LT$impl$u20$pyo3..conversion..FromPyObject$u20$for$u20$u8$GT$::extract::h00798fec1a6659c9) in archive /opt/rustwide/target/debug/deps/libpyo3-592105b79a6eceec.rlib
[INFO] [stdout]           >>> referenced by num.rs:112 (src/conversions/std/num.rs:112)
[INFO] [stdout]           >>>               pyo3-592105b79a6eceec.pyo3.b4d786cd0eb3ef72-cgu.09.rcgu.o:(pyo3::conversions::std::num::_$LT$impl$u20$pyo3..conversion..FromPyObject$u20$for$u20$u16$GT$::extract::h5c2ffccd87dbbd95) in archive /opt/rustwide/target/debug/deps/libpyo3-592105b79a6eceec.rlib
[INFO] [stdout]           >>> referenced by num.rs:112 (src/conversions/std/num.rs:112)
[INFO] [stdout]           >>>               pyo3-592105b79a6eceec.pyo3.b4d786cd0eb3ef72-cgu.09.rcgu.o:(pyo3::conversions::std::num::_$LT$impl$u20$pyo3..conversion..FromPyObject$u20$for$u20$u32$GT$::extract::he10d57ebd3675760) in archive /opt/rustwide/target/debug/deps/libpyo3-592105b79a6eceec.rlib
[INFO] [stdout]           >>> referenced 1 more times
[INFO] [stdout]           
[INFO] [stdout]           rust-lld: error: undefined symbol: PyObject_GetAttr
[INFO] [stdout]           >>> referenced by any.rs:153 (src/types/any.rs:153)
[INFO] [stdout]           >>>               pyo3-592105b79a6eceec.pyo3.b4d786cd0eb3ef72-cgu.06.rcgu.o:(pyo3::types::any::PyAny::_getattr::h29b7637065a40c16) in archive /opt/rustwide/target/debug/deps/libpyo3-592105b79a6eceec.rlib
[INFO] [stdout]           
[INFO] [stdout]           rust-lld: error: undefined symbol: PyLong_AsLong
[INFO] [stdout]           >>> referenced by num.rs:116 (src/conversions/std/num.rs:116)
[INFO] [stdout]           >>>               pyo3-592105b79a6eceec.pyo3.b4d786cd0eb3ef72-cgu.09.rcgu.o:(pyo3::conversions::std::num::_$LT$impl$u20$pyo3..conversion..FromPyObject$u20$for$u20$u8$GT$::extract::h00798fec1a6659c9) in archive /opt/rustwide/target/debug/deps/libpyo3-592105b79a6eceec.rlib
[INFO] [stdout]           >>> referenced by num.rs:116 (src/conversions/std/num.rs:116)
[INFO] [stdout]           >>>               pyo3-592105b79a6eceec.pyo3.b4d786cd0eb3ef72-cgu.09.rcgu.o:(pyo3::conversions::std::num::_$LT$impl$u20$pyo3..conversion..FromPyObject$u20$for$u20$u16$GT$::extract::h5c2ffccd87dbbd95) in archive /opt/rustwide/target/debug/deps/libpyo3-592105b79a6eceec.rlib
[INFO] [stdout]           >>> referenced by num.rs:116 (src/conversions/std/num.rs:116)
[INFO] [stdout]           >>>               pyo3-592105b79a6eceec.pyo3.b4d786cd0eb3ef72-cgu.09.rcgu.o:(pyo3::conversions::std::num::_$LT$impl$u20$pyo3..conversion..FromPyObject$u20$for$u20$u32$GT$::extract::he10d57ebd3675760) in archive /opt/rustwide/target/debug/deps/libpyo3-592105b79a6eceec.rlib
[INFO] [stdout]           
[INFO] [stdout]           rust-lld: error: undefined symbol: _Py_Dealloc
[INFO] [stdout]           >>> referenced by object.rs:599 (/opt/rustwide/cargo-home/registry/src/index.crates.io-6f17d22bba15001f/pyo3-ffi-0.19.2/src/object.rs:599)
[INFO] [stdout]           >>>               pyo3-592105b79a6eceec.pyo3.b4d786cd0eb3ef72-cgu.09.rcgu.o:(pyo3::conversions::std::num::_$LT$impl$u20$pyo3..conversion..FromPyObject$u20$for$u20$u8$GT$::extract::h00798fec1a6659c9) in archive /opt/rustwide/target/debug/deps/libpyo3-592105b79a6eceec.rlib
[INFO] [stdout]           >>> referenced by object.rs:599 (/opt/rustwide/cargo-home/registry/src/index.crates.io-6f17d22bba15001f/pyo3-ffi-0.19.2/src/object.rs:599)
[INFO] [stdout]           >>>               pyo3-592105b79a6eceec.pyo3.b4d786cd0eb3ef72-cgu.09.rcgu.o:(pyo3::conversions::std::num::_$LT$impl$u20$pyo3..conversion..FromPyObject$u20$for$u20$u16$GT$::extract::h5c2ffccd87dbbd95) in archive /opt/rustwide/target/debug/deps/libpyo3-592105b79a6eceec.rlib
[INFO] [stdout]           >>> referenced by object.rs:599 (/opt/rustwide/cargo-home/registry/src/index.crates.io-6f17d22bba15001f/pyo3-ffi-0.19.2/src/object.rs:599)
[INFO] [stdout]           >>>               pyo3-592105b79a6eceec.pyo3.b4d786cd0eb3ef72-cgu.09.rcgu.o:(pyo3::conversions::std::num::_$LT$impl$u20$pyo3..conversion..FromPyObject$u20$for$u20$u32$GT$::extract::he10d57ebd3675760) in archive /opt/rustwide/target/debug/deps/libpyo3-592105b79a6eceec.rlib
[INFO] [stdout]           >>> referenced 7 more times
[INFO] [stdout]           
[INFO] [stdout]           rust-lld: error: undefined symbol: _Py_TrueStruct
[INFO] [stdout]           >>> referenced by boolobject.rs:32 (/opt/rustwide/cargo-home/registry/src/index.crates.io-6f17d22bba15001f/pyo3-ffi-0.19.2/src/boolobject.rs:32)
[INFO] [stdout]           >>>               pyo3-592105b79a6eceec.pyo3.b4d786cd0eb3ef72-cgu.02.rcgu.o:(pyo3_ffi::boolobject::Py_True::hcf691a0cf7758db3) in archive /opt/rustwide/target/debug/deps/libpyo3-592105b79a6eceec.rlib
[INFO] [stdout]           >>> referenced by boolobject.rs:32 (/opt/rustwide/cargo-home/registry/src/index.crates.io-6f17d22bba15001f/pyo3-ffi-0.19.2/src/boolobject.rs:32)
[INFO] [stdout]           >>>               /opt/rustwide/target/debug/deps/pyluwen-5cb3771988b834da.pyluwen.5da6982a54610f2f-cgu.04.rcgu.o:(pyo3_ffi::boolobject::Py_True::h52891b076ea26e23)
[INFO] [stdout]           
[INFO] [stdout]           rust-lld: error: undefined symbol: PyUnicode_AsUTF8AndSize
[INFO] [stdout]           >>> referenced by string.rs:187 (/opt/rustwide/cargo-home/registry/src/index.crates.io-6f17d22bba15001f/pyo3-0.19.2/src/types/string.rs:187)
[INFO] [stdout]           >>>               /opt/rustwide/target/debug/deps/pyluwen-5cb3771988b834da.pyluwen.5da6982a54610f2f-cgu.05.rcgu.o:(pyo3::types::string::PyString::to_str::h13ed3cb0b4dceb72)
[INFO] [stdout]           >>> referenced by string.rs:187 (src/types/string.rs:187)
[INFO] [stdout]           >>>               pyo3-592105b79a6eceec.pyo3.b4d786cd0eb3ef72-cgu.02.rcgu.o:(pyo3::types::string::PyString::to_str::h0fb2b1f147d26aa0) in archive /opt/rustwide/target/debug/deps/libpyo3-592105b79a6eceec.rlib
[INFO] [stdout]           
[INFO] [stdout]           rust-lld: error: too many errors emitted, stopping now (use --error-limit=0 to see all errors)
[INFO] [stdout]           collect2: error: ld returned 1 exit status
[INFO] [stdout]           
[INFO] [stdout] 
[INFO] [stdout] 
[INFO] [stderr] error: could not compile `pyluwen` (lib test) due to 1 previous error; 1 warning emitted
[INFO] running `Command { std: "docker" "inspect" "372feaec62255a96c5696be165d78e9c52137941706cd1a9c9b2880f0632b9df", kill_on_drop: false }`
[INFO] running `Command { std: "docker" "rm" "-f" "372feaec62255a96c5696be165d78e9c52137941706cd1a9c9b2880f0632b9df", kill_on_drop: false }`
[INFO] [stdout] 372feaec62255a96c5696be165d78e9c52137941706cd1a9c9b2880f0632b9df
