[INFO] fetching crate pybadge-high 0.2.0...
[INFO] testing pybadge-high-0.2.0 against nightly-2024-10-28 for randomize-layout
[INFO] extracting crate pybadge-high 0.2.0 into /workspace/builds/worker-2-tc1/source
[INFO] validating manifest of crates.io crate pybadge-high 0.2.0 on toolchain nightly-2024-10-28
[INFO] running `Command { std: CARGO_HOME="/workspace/cargo-home" RUSTUP_HOME="/workspace/rustup-home" "/workspace/cargo-home/bin/cargo" "+nightly-2024-10-28" "metadata" "--manifest-path" "Cargo.toml" "--no-deps", kill_on_drop: false }`
[INFO] started tweaking crates.io crate pybadge-high 0.2.0
[INFO] finished tweaking crates.io crate pybadge-high 0.2.0
[INFO] tweaked toml for crates.io crate pybadge-high 0.2.0 written to /workspace/builds/worker-2-tc1/source/Cargo.toml
[INFO] running `Command { std: CARGO_HOME="/workspace/cargo-home" RUSTUP_HOME="/workspace/rustup-home" "/workspace/cargo-home/bin/cargo" "+nightly-2024-10-28" "generate-lockfile" "--manifest-path" "Cargo.toml", kill_on_drop: false }`
[INFO] [stderr]     Updating crates.io index
[INFO] [stderr]      Locking 78 packages to latest compatible versions
[INFO] [stderr]       Adding embedded-graphics v0.7.1 (available: v0.8.1)
[INFO] [stderr]       Adding embedded-hal v0.2.7 (available: v1.0.0)
[INFO] [stderr]       Adding heapless v0.7.17 (available: v0.8.0)
[INFO] [stderr]       Adding num_enum v0.6.1 (available: v0.7.3)
[INFO] [stderr]       Adding smart-leds-trait v0.2.1 (available: v0.3.0)
[INFO] [stderr]       Adding st7735-lcd v0.8.1 (available: v0.10.0)
[INFO] [stderr]       Adding usb-device v0.2.9 (available: v0.3.2)
[INFO] [stderr]       Adding usbd-serial v0.1.1 (available: v0.2.2)
[INFO] running `Command { std: CARGO_HOME="/workspace/cargo-home" RUSTUP_HOME="/workspace/rustup-home" "/workspace/cargo-home/bin/cargo" "+nightly-2024-10-28" "fetch" "--manifest-path" "Cargo.toml", kill_on_drop: false }`
[INFO] [stderr]  Downloading crates ...
[INFO] [stderr]   Downloaded usbd-serial v0.1.1
[INFO] [stderr]   Downloaded st7735-lcd v0.8.1
[INFO] [stderr]   Downloaded st7735-lcd v0.9.0
[INFO] [stderr]   Downloaded ws2812-timer-delay v0.3.0
[INFO] [stderr]   Downloaded seq-macro v0.2.2
[INFO] [stderr]   Downloaded build-alert v0.1.6
[INFO] [stderr]   Downloaded edgebadge v0.9.1
[INFO] [stderr]   Downloaded atsamd-hal v0.14.0
[INFO] [stderr]   Downloaded atsamd51j v0.11.0
[INFO] running `Command { std: "docker" "create" "-v" "/var/lib/crater-agent-workspace/builds/worker-2-tc1/target:/opt/rustwide/target:rw,Z" "-v" "/var/lib/crater-agent-workspace/builds/worker-2-tc1/source:/opt/rustwide/workdir:ro,Z" "-v" "/var/lib/crater-agent-workspace/cargo-home:/opt/rustwide/cargo-home:ro,Z" "-v" "/var/lib/crater-agent-workspace/rustup-home:/opt/rustwide/rustup-home:ro,Z" "-e" "SOURCE_DIR=/opt/rustwide/workdir" "-e" "CARGO_TARGET_DIR=/opt/rustwide/target" "-e" "CARGO_HOME=/opt/rustwide/cargo-home" "-e" "RUSTUP_HOME=/opt/rustwide/rustup-home" "-w" "/opt/rustwide/workdir" "-m" "1610612736" "--user" "0:0" "--network" "none" "ghcr.io/rust-lang/crates-build-env/linux@sha256:4a844ea9eb2546a2d2c7022eacef16ef2e8229c7fbb2c7d4d55a9ceca922f72d" "/opt/rustwide/cargo-home/bin/cargo" "+nightly-2024-10-28" "metadata" "--no-deps" "--format-version=1", kill_on_drop: false }`
[INFO] [stdout] 831a64ba7c4ee8081c1404c9b4c7f812d4b07b331a7502ee82a0ba93df79e510
[INFO] running `Command { std: "docker" "start" "-a" "831a64ba7c4ee8081c1404c9b4c7f812d4b07b331a7502ee82a0ba93df79e510", kill_on_drop: false }`
[INFO] running `Command { std: "docker" "inspect" "831a64ba7c4ee8081c1404c9b4c7f812d4b07b331a7502ee82a0ba93df79e510", kill_on_drop: false }`
[INFO] running `Command { std: "docker" "rm" "-f" "831a64ba7c4ee8081c1404c9b4c7f812d4b07b331a7502ee82a0ba93df79e510", kill_on_drop: false }`
[INFO] [stdout] 831a64ba7c4ee8081c1404c9b4c7f812d4b07b331a7502ee82a0ba93df79e510
[INFO] running `Command { std: "docker" "create" "-v" "/var/lib/crater-agent-workspace/builds/worker-2-tc1/target:/opt/rustwide/target:rw,Z" "-v" "/var/lib/crater-agent-workspace/builds/worker-2-tc1/source:/opt/rustwide/workdir:ro,Z" "-v" "/var/lib/crater-agent-workspace/cargo-home:/opt/rustwide/cargo-home:ro,Z" "-v" "/var/lib/crater-agent-workspace/rustup-home:/opt/rustwide/rustup-home:ro,Z" "-e" "SOURCE_DIR=/opt/rustwide/workdir" "-e" "CARGO_TARGET_DIR=/opt/rustwide/target" "-e" "CARGO_INCREMENTAL=0" "-e" "RUST_BACKTRACE=full" "-e" "RUSTFLAGS=--cap-lints=forbid" "-e" "RUSTDOCFLAGS=--cap-lints=forbid" "-e" "CARGO_HOME=/opt/rustwide/cargo-home" "-e" "RUSTUP_HOME=/opt/rustwide/rustup-home" "-w" "/opt/rustwide/workdir" "-m" "1610612736" "--user" "0:0" "--network" "none" "ghcr.io/rust-lang/crates-build-env/linux@sha256:4a844ea9eb2546a2d2c7022eacef16ef2e8229c7fbb2c7d4d55a9ceca922f72d" "/opt/rustwide/cargo-home/bin/cargo" "+nightly-2024-10-28" "build" "--frozen" "--message-format=json", kill_on_drop: false }`
[INFO] [stdout] 2f7f843989b24cea0a051e83e2c6e81f0213fe4381e21d7d5a8ef73796991fa9
[INFO] running `Command { std: "docker" "start" "-a" "2f7f843989b24cea0a051e83e2c6e81f0213fe4381e21d7d5a8ef73796991fa9", kill_on_drop: false }`
[INFO] [stderr]    Compiling nb v1.1.0
[INFO] [stderr]    Compiling void v1.0.2
[INFO] [stderr]    Compiling syn v1.0.109
[INFO] [stderr]    Compiling semver-parser v0.7.0
[INFO] [stderr]    Compiling az v1.2.1
[INFO] [stderr]    Compiling semver v1.0.23
[INFO] [stderr]    Compiling num-traits v0.2.19
[INFO] [stderr]    Compiling byteorder v1.5.0
[INFO] [stderr]    Compiling cortex-m v0.7.7
[INFO] [stderr]    Compiling cortex-m-rt v0.7.3
[INFO] [stderr]    Compiling vcell v0.1.3
[INFO] [stderr]    Compiling lock_api v0.4.12
[INFO] [stderr]    Compiling bytemuck v1.19.0
[INFO] [stderr]    Compiling typenum v1.17.0
[INFO] [stderr]    Compiling bitfield v0.13.2
[INFO] [stderr]    Compiling atsamd51j v0.11.0
[INFO] [stderr]    Compiling nb v0.1.3
[INFO] [stderr]    Compiling volatile-register v0.2.2
[INFO] [stderr]    Compiling static_assertions v1.1.0
[INFO] [stderr]    Compiling embedded-hal v0.2.7
[INFO] [stderr]    Compiling micromath v2.1.0
[INFO] [stderr]    Compiling scopeguard v1.2.0
[INFO] [stderr]    Compiling semver v0.9.0
[INFO] [stderr]    Compiling bitflags v1.3.2
[INFO] [stderr]    Compiling rgb v0.8.50
[INFO] [stderr]    Compiling seq-macro v0.2.2
[INFO] [stderr]    Compiling rand_core v0.5.1
[INFO] [stderr]    Compiling edgebadge v0.9.1
[INFO] [stderr]    Compiling replace_with v0.1.7
[INFO] [stderr]    Compiling hash32 v0.2.1
[INFO] [stderr]    Compiling num_enum_derive v0.6.1
[INFO] [stderr]    Compiling litrs v0.4.1
[INFO] [stderr]    Compiling micromath v1.1.1
[INFO] [stderr]    Compiling stable_deref_trait v1.2.0
[INFO] [stderr]    Compiling usb-device v0.2.9
[INFO] [stderr]    Compiling rustc_version v0.2.3
[INFO] [stderr]    Compiling build-alert v0.1.6
[INFO] [stderr]    Compiling st7735-lcd v0.8.1
[INFO] [stderr]    Compiling spin v0.9.8
[INFO] [stderr]    Compiling rustc_version v0.4.1
[INFO] [stderr]    Compiling bare-metal v0.2.5
[INFO] [stderr]    Compiling usbd-serial v0.1.1
[INFO] [stderr]    Compiling smart-leds-trait v0.2.1
[INFO] [stderr]    Compiling ws2812-timer-delay v0.3.0
[INFO] [stderr]    Compiling heapless v0.7.17
[INFO] [stderr]    Compiling pybadge-high v0.2.0 (/opt/rustwide/workdir)
[INFO] [stderr]    Compiling document-features v0.2.10
[INFO] [stderr]    Compiling num_enum v0.6.1
[INFO] [stderr]    Compiling float-cmp v0.9.0
[INFO] [stderr]    Compiling float-cmp v0.8.0
[INFO] [stderr]    Compiling embedded-graphics-core v0.4.0
[INFO] [stderr]    Compiling embedded-graphics-core v0.3.3
[INFO] [stderr]    Compiling embedded-graphics v0.7.1
[INFO] [stderr]    Compiling embedded-graphics v0.8.1
[INFO] [stderr]    Compiling st7735-lcd v0.9.0
[INFO] [stderr]    Compiling cortex-m-rt-macros v0.7.0
[INFO] [stderr]    Compiling modular-bitfield-impl v0.11.2
[INFO] [stderr]    Compiling modular-bitfield v0.11.2
[INFO] [stderr]    Compiling atsamd-hal v0.14.0
[INFO] [stdout] warning: unexpected `cfg` condition name: `nightly`
[INFO] [stdout]  --> src/lib.rs:4:22
[INFO] [stdout]   |
[INFO] [stdout] 4 | #![cfg_attr(all(doc, nightly), feature(doc_auto_cfg))]
[INFO] [stdout]   |                      ^^^^^^^
[INFO] [stdout]   |
[INFO] [stdout]   = help: expected names are: `clippy`, `debug_assertions`, `doc`, `docsrs`, `doctest`, `feature`, `fmt_debug`, `miri`, `overflow_checks`, `panic`, `proc_macro`, `relocation_model`, `rustfmt`, `sanitize`, `sanitizer_cfi_generalize_pointers`, `sanitizer_cfi_normalize_integers`, `target_abi`, `target_arch`, `target_endian`, `target_env`, `target_family`, `target_feature`, `target_has_atomic`, `target_has_atomic_equal_alignment`, `target_has_atomic_load_store`, `target_os`, `target_pointer_width`, `target_thread_local`, `target_vendor`, `test`, `ub_checks`, `unix`, and `windows`
[INFO] [stdout]   = help: consider using a Cargo feature instead
[INFO] [stdout]   = help: or consider adding in `Cargo.toml` the `check-cfg` lint config for the lint:
[INFO] [stdout]            [lints.rust]
[INFO] [stdout]            unexpected_cfgs = { level = "warn", check-cfg = ['cfg(nightly)'] }
[INFO] [stdout]   = help: or consider adding `println!("cargo::rustc-check-cfg=cfg(nightly)");` to the top of the `build.rs`
[INFO] [stdout]   = note: see <https://doc.rust-lang.org/nightly/rustc/check-cfg/cargo-specifics.html> for more information about checking conditional configuration
[INFO] [stdout]   = note: `#[warn(unexpected_cfgs)]` on by default
[INFO] [stdout] 
[INFO] [stdout] 
[INFO] [stdout] warning: unexpected `cfg` condition name: `nightly`
[INFO] [stdout]  --> src/lib.rs:7:46
[INFO] [stdout]   |
[INFO] [stdout] 7 |     all(feature = "bluescreen-message-nightly", nightly),
[INFO] [stdout]   |                                                 ^^^^^^^
[INFO] [stdout]   |
[INFO] [stdout]   = help: consider using a Cargo feature instead
[INFO] [stdout]   = help: or consider adding in `Cargo.toml` the `check-cfg` lint config for the lint:
[INFO] [stdout]            [lints.rust]
[INFO] [stdout]            unexpected_cfgs = { level = "warn", check-cfg = ['cfg(nightly)'] }
[INFO] [stdout]   = help: or consider adding `println!("cargo::rustc-check-cfg=cfg(nightly)");` to the top of the `build.rs`
[INFO] [stdout]   = note: see <https://doc.rust-lang.org/nightly/rustc/check-cfg/cargo-specifics.html> for more information about checking conditional configuration
[INFO] [stdout] 
[INFO] [stdout] 
[INFO] [stdout] warning: unexpected `cfg` condition value: `flash`
[INFO] [stdout]    --> src/lib.rs:164:7
[INFO] [stdout]     |
[INFO] [stdout] 164 | #[cfg(feature = "flash")]
[INFO] [stdout]     |       ^^^^^^^^^^^^^^^^^
[INFO] [stdout]     |
[INFO] [stdout]     = note: expected values for `feature` are: `beep_panic`, `bluescreen`, `bluescreen-message-nightly`, `default`, `neopixel`, `pwm_sound`, `time`, and `usb`
[INFO] [stdout]     = help: consider adding `flash` as a feature in `Cargo.toml`
[INFO] [stdout]     = note: see <https://doc.rust-lang.org/nightly/rustc/check-cfg/cargo-specifics.html> for more information about checking conditional configuration
[INFO] [stdout] 
[INFO] [stdout] 
[INFO] [stdout] warning: unexpected `cfg` condition value: `flash`
[INFO] [stdout]    --> src/lib.rs:167:7
[INFO] [stdout]     |
[INFO] [stdout] 167 | #[cfg(feature = "flash")]
[INFO] [stdout]     |       ^^^^^^^^^^^^^^^^^
[INFO] [stdout]     |
[INFO] [stdout]     = note: expected values for `feature` are: `beep_panic`, `bluescreen`, `bluescreen-message-nightly`, `default`, `neopixel`, `pwm_sound`, `time`, and `usb`
[INFO] [stdout]     = help: consider adding `flash` as a feature in `Cargo.toml`
[INFO] [stdout]     = note: see <https://doc.rust-lang.org/nightly/rustc/check-cfg/cargo-specifics.html> for more information about checking conditional configuration
[INFO] [stdout] 
[INFO] [stdout] 
[INFO] [stdout] warning: unexpected `cfg` condition name: `nightly`
[INFO] [stdout]    --> src/lib.rs:210:55
[INFO] [stdout]     |
[INFO] [stdout] 210 | #[cfg(all(feature = "bluescreen-message-nightly", not(nightly)))]
[INFO] [stdout]     |                                                       ^^^^^^^
[INFO] [stdout]     |
[INFO] [stdout]     = help: consider using a Cargo feature instead
[INFO] [stdout]     = help: or consider adding in `Cargo.toml` the `check-cfg` lint config for the lint:
[INFO] [stdout]              [lints.rust]
[INFO] [stdout]              unexpected_cfgs = { level = "warn", check-cfg = ['cfg(nightly)'] }
[INFO] [stdout]     = help: or consider adding `println!("cargo::rustc-check-cfg=cfg(nightly)");` to the top of the `build.rs`
[INFO] [stdout]     = note: see <https://doc.rust-lang.org/nightly/rustc/check-cfg/cargo-specifics.html> for more information about checking conditional configuration
[INFO] [stdout] 
[INFO] [stdout] 
[INFO] [stdout] warning: unexpected `cfg` condition value: `flash`
[INFO] [stdout]    --> src/lib.rs:245:8
[INFO] [stdout]     |
[INFO] [stdout] 245 |     #[cfg(feature = "flash")]
[INFO] [stdout]     |           ^^^^^^^^^^^^^^^^^
[INFO] [stdout]     |
[INFO] [stdout]     = note: expected values for `feature` are: `beep_panic`, `bluescreen`, `bluescreen-message-nightly`, `default`, `neopixel`, `pwm_sound`, `time`, and `usb`
[INFO] [stdout]     = help: consider adding `flash` as a feature in `Cargo.toml`
[INFO] [stdout]     = note: see <https://doc.rust-lang.org/nightly/rustc/check-cfg/cargo-specifics.html> for more information about checking conditional configuration
[INFO] [stdout] 
[INFO] [stdout] 
[INFO] [stdout] warning: unexpected `cfg` condition value: `flash`
[INFO] [stdout]    --> src/lib.rs:313:9
[INFO] [stdout]     |
[INFO] [stdout] 313 |         #[cfg(feature = "flash")]
[INFO] [stdout]     |               ^^^^^^^^^^^^^^^^^
[INFO] [stdout]     |
[INFO] [stdout]     = note: expected values for `feature` are: `beep_panic`, `bluescreen`, `bluescreen-message-nightly`, `default`, `neopixel`, `pwm_sound`, `time`, and `usb`
[INFO] [stdout]     = help: consider adding `flash` as a feature in `Cargo.toml`
[INFO] [stdout]     = note: see <https://doc.rust-lang.org/nightly/rustc/check-cfg/cargo-specifics.html> for more information about checking conditional configuration
[INFO] [stdout] 
[INFO] [stdout] 
[INFO] [stdout] warning: unexpected `cfg` condition value: `flash`
[INFO] [stdout]    --> src/lib.rs:387:10
[INFO] [stdout]     |
[INFO] [stdout] 387 |             #[cfg(feature = "flash")]
[INFO] [stdout]     |                   ^^^^^^^^^^^^^^^^^
[INFO] [stdout]     |
[INFO] [stdout]     = note: expected values for `feature` are: `beep_panic`, `bluescreen`, `bluescreen-message-nightly`, `default`, `neopixel`, `pwm_sound`, `time`, and `usb`
[INFO] [stdout]     = help: consider adding `flash` as a feature in `Cargo.toml`
[INFO] [stdout]     = note: see <https://doc.rust-lang.org/nightly/rustc/check-cfg/cargo-specifics.html> for more information about checking conditional configuration
[INFO] [stdout] 
[INFO] [stdout] 
[INFO] [stdout] warning: unexpected `cfg` condition name: `nightly`
[INFO] [stdout]    --> src/lib.rs:450:54
[INFO] [stdout]     |
[INFO] [stdout] 450 |             #[cfg(all(feature = "bluescreen-message-nightly", nightly))]
[INFO] [stdout]     |                                                               ^^^^^^^
[INFO] [stdout]     |
[INFO] [stdout]     = help: consider using a Cargo feature instead
[INFO] [stdout]     = help: or consider adding in `Cargo.toml` the `check-cfg` lint config for the lint:
[INFO] [stdout]              [lints.rust]
[INFO] [stdout]              unexpected_cfgs = { level = "warn", check-cfg = ['cfg(nightly)'] }
[INFO] [stdout]     = help: or consider adding `println!("cargo::rustc-check-cfg=cfg(nightly)");` to the top of the `build.rs`
[INFO] [stdout]     = note: see <https://doc.rust-lang.org/nightly/rustc/check-cfg/cargo-specifics.html> for more information about checking conditional configuration
[INFO] [stdout] 
[INFO] [stdout] 
[INFO] [stdout] error[E0308]: mismatched types
[INFO] [stdout]    --> src/lib.rs:382:4
[INFO] [stdout]     |
[INFO] [stdout] 382 |             display,
[INFO] [stdout]     |             ^^^^^^^ expected `ST7735<SPIMaster4<..., ..., ...>, ..., ...>`, found a different `ST7735<SPIMaster4<..., ..., ...>, ..., ...>`
[INFO] [stdout]     |
[INFO] [stdout]     = note: `ST7735<SPIMaster4<..., ..., ...>, ..., ...>` and `ST7735<SPIMaster4<..., ..., ...>, ..., ...>` have similar names, but are actually distinct types
[INFO] [stdout] note: `ST7735<SPIMaster4<..., ..., ...>, ..., ...>` is defined in crate `st7735_lcd`
[INFO] [stdout]    --> /opt/rustwide/cargo-home/registry/src/index.crates.io-6f17d22bba15001f/st7735-lcd-0.9.0/src/lib.rs:14:1
[INFO] [stdout]     |
[INFO] [stdout] 14  | pub struct ST7735<SPI, DC, RST>
[INFO] [stdout]     | ^^^^^^^^^^^^^^^^^^^^^^^^^^^^^^^
[INFO] [stdout] note: `ST7735<SPIMaster4<..., ..., ...>, ..., ...>` is defined in crate `st7735_lcd`
[INFO] [stdout]    --> /opt/rustwide/cargo-home/registry/src/index.crates.io-6f17d22bba15001f/st7735-lcd-0.8.1/src/lib.rs:14:1
[INFO] [stdout]     |
[INFO] [stdout] 14  | pub struct ST7735<SPI, DC, RST>
[INFO] [stdout]     | ^^^^^^^^^^^^^^^^^^^^^^^^^^^^^^^
[INFO] [stdout]     = note: perhaps two different versions of crate `st7735_lcd` are being used?
[INFO] [stdout] 
[INFO] [stdout] 
[INFO] [stdout] error[E0599]: no method named `clear` found for struct `ST7735` in the current scope
[INFO] [stdout]    --> src/lib.rs:437:12
[INFO] [stdout]     |
[INFO] [stdout] 437 |             display.clear(Color::BLUE).unwrap();
[INFO] [stdout]     |                     ^^^^^ method not found in `ST7735<SPIMaster4<Pad<SERCOM4, Pad2, Pin<PB14, Alternate<C>>>, Pad<SERCOM4, Pad3, ...>, ...>, ..., ...>`
[INFO] [stdout]     |
[INFO] [stdout]     = note: the full type name has been written to '/opt/rustwide/target/debug/deps/pybadge_high-598178fc734d6c41.long-type-387926826110547415.txt'
[INFO] [stdout]     = note: consider using `--verbose` to print the full type name to the console
[INFO] [stdout] note: there are multiple different versions of crate `embedded_graphics_core` in the dependency graph
[INFO] [stdout]    --> /opt/rustwide/cargo-home/registry/src/index.crates.io-6f17d22bba15001f/embedded-graphics-core-0.4.0/src/draw_target/mod.rs:281:1
[INFO] [stdout]     |
[INFO] [stdout] 281 | pub trait DrawTarget: Dimensions {
[INFO] [stdout]     | ^^^^^^^^^^^^^^^^^^^^^^^^^^^^^^^^ this is the trait that is needed
[INFO] [stdout] ...
[INFO] [stdout] 422 |     fn clear(&mut self, color: Self::Color) -> Result<(), Self::Error> {
[INFO] [stdout]     |     ------------------------------------------------------------------ the method is available for `st7735_lcd::ST7735<SPIMaster4<Pad<SERCOM4, Pad2, edgebadge::gpio::Pin<PB14, edgebadge::gpio::v2::Alternate<edgebadge::gpio::v2::C>>>, Pad<SERCOM4, Pad3, edgebadge::gpio::Pin<PB15, edgebadge::gpio::v2::Alternate<edgebadge::gpio::v2::C>>>, Pad<SERCOM4, Pad1, edgebadge::gpio::Pin<PB13, edgebadge::gpio::v2::Alternate<edgebadge::gpio::v2::C>>>>, edgebadge::gpio::Pin<PB05, edgebadge::gpio::v2::Output<edgebadge::gpio::v2::PushPull>>, edgebadge::gpio::Pin<PA00, edgebadge::gpio::v2::Output<edgebadge::gpio::v2::PushPull>>>` here
[INFO] [stdout]     |
[INFO] [stdout]    ::: src/lib.rs:125:2
[INFO] [stdout]     |
[INFO] [stdout] 125 |     prelude::*,
[INFO] [stdout]     |     ------- `DrawTarget` imported here doesn't correspond to the right version of crate `embedded_graphics_core`
[INFO] [stdout]     |
[INFO] [stdout]    ::: /opt/rustwide/cargo-home/registry/src/index.crates.io-6f17d22bba15001f/embedded-graphics-core-0.3.3/src/draw_target/mod.rs:281:1
[INFO] [stdout]     |
[INFO] [stdout] 281 | pub trait DrawTarget: Dimensions {
[INFO] [stdout]     | -------------------------------- this is the trait that was imported
[INFO] [stdout] 
[INFO] [stdout] 
[INFO] [stdout] error[E0277]: the trait bound `st7735_lcd::ST7735<SPIMaster4<Pad<SERCOM4, Pad2, edgebadge::gpio::Pin<PB14, edgebadge::gpio::v2::Alternate<edgebadge::gpio::v2::C>>>, Pad<SERCOM4, Pad3, edgebadge::gpio::Pin<PB15, edgebadge::gpio::v2::Alternate<edgebadge::gpio::v2::C>>>, Pad<SERCOM4, Pad1, edgebadge::gpio::Pin<PB13, edgebadge::gpio::v2::Alternate<edgebadge::gpio::v2::C>>>>, edgebadge::gpio::Pin<PB05, edgebadge::gpio::v2::Output<edgebadge::gpio::v2::PushPull>>, edgebadge::gpio::Pin<PA00, edgebadge::gpio::v2::Output<edgebadge::gpio::v2::PushPull>>>: embedded_graphics::draw_target::DrawTarget` is not satisfied
[INFO] [stdout]    --> src/lib.rs:471:11
[INFO] [stdout]     |
[INFO] [stdout] 471 |                 .draw(&mut display)
[INFO] [stdout]     |                  ---- ^^^^^^^^^^^^ the trait `embedded_graphics::draw_target::DrawTarget` is not implemented for `ST7735<SPIMaster4<Pad<SERCOM4, Pad2, Pin<PB14, Alternate<C>>>, Pad<SERCOM4, Pad3, ...>, ...>, ..., ...>`
[INFO] [stdout]     |                  |
[INFO] [stdout]     |                  required by a bound introduced by this call
[INFO] [stdout]     |
[INFO] [stdout]     = help: the following other types implement trait `embedded_graphics::draw_target::DrawTarget`:
[INFO] [stdout]               Clipped<'_, T>
[INFO] [stdout]               ColorConverted<'_, T, C>
[INFO] [stdout]               Cropped<'_, T>
[INFO] [stdout]               MockDisplay<C>
[INFO] [stdout]               embedded_graphics::draw_target::Translated<'_, T>
[INFO] [stdout]               mono_font::draw_target::MonoFontDrawTarget<'_, T, mono_font::draw_target::Background<<T as embedded_graphics::draw_target::DrawTarget>::Color>>
[INFO] [stdout]               mono_font::draw_target::MonoFontDrawTarget<'_, T, mono_font::draw_target::Both<<T as embedded_graphics::draw_target::DrawTarget>::Color>>
[INFO] [stdout]               mono_font::draw_target::MonoFontDrawTarget<'_, T, mono_font::draw_target::Foreground<<T as embedded_graphics::draw_target::DrawTarget>::Color>>
[INFO] [stdout] note: required by a bound in `embedded_graphics::Drawable::draw`
[INFO] [stdout]    --> /opt/rustwide/cargo-home/registry/src/index.crates.io-6f17d22bba15001f/embedded-graphics-core-0.3.3/src/drawable.rs:106:12
[INFO] [stdout]     |
[INFO] [stdout] 104 |     fn draw<D>(&self, target: &mut D) -> Result<Self::Output, D::Error>
[INFO] [stdout]     |        ---- required by a bound in this associated function
[INFO] [stdout] 105 |     where
[INFO] [stdout] 106 |         D: DrawTarget<Color = Self::Color>;
[INFO] [stdout]     |            ^^^^^^^^^^^^^^^^^^^^^^^^^^^^^^^ required by this bound in `Drawable::draw`
[INFO] [stdout] 
[INFO] [stdout] 
[INFO] [stdout] Some errors have detailed explanations: E0277, E0308, E0599.
[INFO] [stdout] 
[INFO] [stdout] For more information about an error, try `rustc --explain E0277`.
[INFO] [stdout] 
[INFO] [stderr] error: could not compile `pybadge-high` (lib) due to 3 previous errors; 9 warnings emitted
[INFO] running `Command { std: "docker" "inspect" "2f7f843989b24cea0a051e83e2c6e81f0213fe4381e21d7d5a8ef73796991fa9", kill_on_drop: false }`
[INFO] running `Command { std: "docker" "rm" "-f" "2f7f843989b24cea0a051e83e2c6e81f0213fe4381e21d7d5a8ef73796991fa9", kill_on_drop: false }`
[INFO] [stdout] 2f7f843989b24cea0a051e83e2c6e81f0213fe4381e21d7d5a8ef73796991fa9
