[INFO] fetching crate py-pkstl 0.1.0...
[INFO] testing py-pkstl-0.1.0 against nightly-2024-10-28 for randomize-layout
[INFO] extracting crate py-pkstl 0.1.0 into /workspace/builds/worker-7-tc1/source
[INFO] validating manifest of crates.io crate py-pkstl 0.1.0 on toolchain nightly-2024-10-28
[INFO] running `Command { std: CARGO_HOME="/workspace/cargo-home" RUSTUP_HOME="/workspace/rustup-home" "/workspace/cargo-home/bin/cargo" "+nightly-2024-10-28" "metadata" "--manifest-path" "Cargo.toml" "--no-deps", kill_on_drop: false }`
[INFO] started tweaking crates.io crate py-pkstl 0.1.0
[INFO] finished tweaking crates.io crate py-pkstl 0.1.0
[INFO] tweaked toml for crates.io crate py-pkstl 0.1.0 written to /workspace/builds/worker-7-tc1/source/Cargo.toml
[INFO] running `Command { std: CARGO_HOME="/workspace/cargo-home" RUSTUP_HOME="/workspace/rustup-home" "/workspace/cargo-home/bin/cargo" "+nightly-2024-10-28" "generate-lockfile" "--manifest-path" "Cargo.toml", kill_on_drop: false }`
[INFO] [stderr]     Updating crates.io index
[INFO] [stderr]      Locking 78 packages to latest compatible versions
[INFO] [stderr]       Adding indoc-impl v0.3.6 (available: v0.3.7)
[INFO] [stderr]       Adding pyo3 v0.8.5 (available: v0.22.5)
[INFO] [stderr]       Adding ring v0.16.20 (available: v0.17.8)
[INFO] running `Command { std: CARGO_HOME="/workspace/cargo-home" RUSTUP_HOME="/workspace/rustup-home" "/workspace/cargo-home/bin/cargo" "+nightly-2024-10-28" "fetch" "--manifest-path" "Cargo.toml", kill_on_drop: false }`
[INFO] [stderr]  Downloading crates ...
[INFO] [stderr]   Downloaded pyo3cls v0.8.5
[INFO] [stderr]   Downloaded pyo3-derive-backend v0.8.5
[INFO] [stderr]   Downloaded pyo3 v0.8.5
[INFO] [stderr]   Downloaded chacha20-poly1305-aead v0.1.2
[INFO] [stderr]   Downloaded pkstl v0.1.0
[INFO] running `Command { std: "docker" "create" "-v" "/var/lib/crater-agent-workspace/builds/worker-7-tc1/target:/opt/rustwide/target:rw,Z" "-v" "/var/lib/crater-agent-workspace/builds/worker-7-tc1/source:/opt/rustwide/workdir:ro,Z" "-v" "/var/lib/crater-agent-workspace/cargo-home:/opt/rustwide/cargo-home:ro,Z" "-v" "/var/lib/crater-agent-workspace/rustup-home:/opt/rustwide/rustup-home:ro,Z" "-e" "SOURCE_DIR=/opt/rustwide/workdir" "-e" "CARGO_TARGET_DIR=/opt/rustwide/target" "-e" "CARGO_HOME=/opt/rustwide/cargo-home" "-e" "RUSTUP_HOME=/opt/rustwide/rustup-home" "-w" "/opt/rustwide/workdir" "-m" "1610612736" "--user" "0:0" "--network" "none" "ghcr.io/rust-lang/crates-build-env/linux@sha256:4a844ea9eb2546a2d2c7022eacef16ef2e8229c7fbb2c7d4d55a9ceca922f72d" "/opt/rustwide/cargo-home/bin/cargo" "+nightly-2024-10-28" "metadata" "--no-deps" "--format-version=1", kill_on_drop: false }`
[INFO] [stdout] 46aad9eff69e44c2e6406550509364c3b672cc206d145a3bf7c74edb1e757d03
[INFO] running `Command { std: "docker" "start" "-a" "46aad9eff69e44c2e6406550509364c3b672cc206d145a3bf7c74edb1e757d03", kill_on_drop: false }`
[INFO] running `Command { std: "docker" "inspect" "46aad9eff69e44c2e6406550509364c3b672cc206d145a3bf7c74edb1e757d03", kill_on_drop: false }`
[INFO] running `Command { std: "docker" "rm" "-f" "46aad9eff69e44c2e6406550509364c3b672cc206d145a3bf7c74edb1e757d03", kill_on_drop: false }`
[INFO] [stdout] 46aad9eff69e44c2e6406550509364c3b672cc206d145a3bf7c74edb1e757d03
[INFO] running `Command { std: "docker" "create" "-v" "/var/lib/crater-agent-workspace/builds/worker-7-tc1/target:/opt/rustwide/target:rw,Z" "-v" "/var/lib/crater-agent-workspace/builds/worker-7-tc1/source:/opt/rustwide/workdir:ro,Z" "-v" "/var/lib/crater-agent-workspace/cargo-home:/opt/rustwide/cargo-home:ro,Z" "-v" "/var/lib/crater-agent-workspace/rustup-home:/opt/rustwide/rustup-home:ro,Z" "-e" "SOURCE_DIR=/opt/rustwide/workdir" "-e" "CARGO_TARGET_DIR=/opt/rustwide/target" "-e" "CARGO_INCREMENTAL=0" "-e" "RUST_BACKTRACE=full" "-e" "RUSTFLAGS=--cap-lints=forbid" "-e" "RUSTDOCFLAGS=--cap-lints=forbid" "-e" "CARGO_HOME=/opt/rustwide/cargo-home" "-e" "RUSTUP_HOME=/opt/rustwide/rustup-home" "-w" "/opt/rustwide/workdir" "-m" "1610612736" "--user" "0:0" "--network" "none" "ghcr.io/rust-lang/crates-build-env/linux@sha256:4a844ea9eb2546a2d2c7022eacef16ef2e8229c7fbb2c7d4d55a9ceca922f72d" "/opt/rustwide/cargo-home/bin/cargo" "+nightly-2024-10-28" "build" "--frozen" "--message-format=json", kill_on_drop: false }`
[INFO] [stdout] e026a5f80a67bfcc11001389349a593e6e2ed7005311644344b0abef6481c32e
[INFO] running `Command { std: "docker" "start" "-a" "e026a5f80a67bfcc11001389349a593e6e2ed7005311644344b0abef6481c32e", kill_on_drop: false }`
[INFO] [stderr]    Compiling syn v1.0.109
[INFO] [stderr]    Compiling regex-syntax v0.8.5
[INFO] [stderr]    Compiling adler2 v2.0.0
[INFO] [stderr]    Compiling gimli v0.31.1
[INFO] [stderr]    Compiling failure_derive v0.1.8
[INFO] [stderr]    Compiling ryu v1.0.18
[INFO] [stderr]    Compiling serde v1.0.214
[INFO] [stderr]    Compiling aho-corasick v1.1.3
[INFO] [stderr]    Compiling serde_json v1.0.132
[INFO] [stderr]    Compiling itoa v1.0.11
[INFO] [stderr]    Compiling unicode-xid v0.2.6
[INFO] [stderr]    Compiling object v0.36.5
[INFO] [stderr]    Compiling clear_on_drop v0.2.5
[INFO] [stderr]    Compiling unindent v0.1.11
[INFO] [stderr]    Compiling inventory v0.1.11
[INFO] [stderr]    Compiling lazy_static v1.5.0
[INFO] [stderr]    Compiling ghost v0.1.17
[INFO] [stderr]    Compiling miniz_oxide v0.8.0
[INFO] [stderr]    Compiling paste-impl v0.1.18
[INFO] [stderr]    Compiling crc32fast v1.4.2
[INFO] [stderr]    Compiling constant_time_eq v0.1.5
[INFO] [stderr]    Compiling ring v0.16.20
[INFO] [stderr]    Compiling chacha20-poly1305-aead v0.1.2
[INFO] [stderr]    Compiling paste v0.1.18
[INFO] [stderr]    Compiling flate2 v1.0.34
[INFO] [stderr]    Compiling regex-automata v0.4.8
[INFO] [stderr]    Compiling addr2line v0.24.2
[INFO] [stderr]    Compiling synstructure v0.12.6
[INFO] [stderr]    Compiling pyo3-derive-backend v0.8.5
[INFO] [stderr]    Compiling backtrace v0.3.74
[INFO] [stderr]    Compiling ctor v0.1.26
[INFO] [stderr]    Compiling inventory-impl v0.1.11
[INFO] [stderr]    Compiling indoc-impl v0.3.6
[INFO] [stderr]    Compiling regex v1.11.1
[INFO] [stderr]    Compiling indoc v0.3.6
[INFO] [stderr]    Compiling failure v0.1.8
[INFO] [stderr]    Compiling pyo3cls v0.8.5
[INFO] [stderr]    Compiling pkstl v0.1.0
[INFO] [stderr]    Compiling pyo3 v0.8.5
[INFO] [stderr]    Compiling py-pkstl v0.1.0 (/opt/rustwide/workdir)
[INFO] [stdout] warning: field `inner` is never read
[INFO] [stdout]   --> src/lib.rs:82:2
[INFO] [stdout]    |
[INFO] [stdout] 81 | struct MinimalSecureLayer {
[INFO] [stdout]    |        ------------------ field in this struct
[INFO] [stdout] 82 |     inner: pkstl::MinimalSecureLayer
[INFO] [stdout]    |     ^^^^^
[INFO] [stdout]    |
[INFO] [stdout]    = note: `#[warn(dead_code)]` on by default
[INFO] [stdout] 
[INFO] [stdout] 
[INFO] [stderr]     Finished `dev` profile [unoptimized + debuginfo] target(s) in 6.55s
[INFO] [stderr] warning: the following packages contain code that will be rejected by a future version of Rust: pyo3 v0.8.5
[INFO] [stderr] note: to see what the problems were, use the option `--future-incompat-report`, or run `cargo report future-incompatibilities --id 2`
[INFO] running `Command { std: "docker" "inspect" "e026a5f80a67bfcc11001389349a593e6e2ed7005311644344b0abef6481c32e", kill_on_drop: false }`
[INFO] running `Command { std: "docker" "rm" "-f" "e026a5f80a67bfcc11001389349a593e6e2ed7005311644344b0abef6481c32e", kill_on_drop: false }`
[INFO] [stdout] e026a5f80a67bfcc11001389349a593e6e2ed7005311644344b0abef6481c32e
[INFO] running `Command { std: "docker" "create" "-v" "/var/lib/crater-agent-workspace/builds/worker-7-tc1/target:/opt/rustwide/target:rw,Z" "-v" "/var/lib/crater-agent-workspace/builds/worker-7-tc1/source:/opt/rustwide/workdir:ro,Z" "-v" "/var/lib/crater-agent-workspace/cargo-home:/opt/rustwide/cargo-home:ro,Z" "-v" "/var/lib/crater-agent-workspace/rustup-home:/opt/rustwide/rustup-home:ro,Z" "-e" "SOURCE_DIR=/opt/rustwide/workdir" "-e" "CARGO_TARGET_DIR=/opt/rustwide/target" "-e" "CARGO_INCREMENTAL=0" "-e" "RUST_BACKTRACE=full" "-e" "RUSTFLAGS=--cap-lints=forbid" "-e" "RUSTDOCFLAGS=--cap-lints=forbid" "-e" "CARGO_HOME=/opt/rustwide/cargo-home" "-e" "RUSTUP_HOME=/opt/rustwide/rustup-home" "-w" "/opt/rustwide/workdir" "-m" "1610612736" "--user" "0:0" "--network" "none" "ghcr.io/rust-lang/crates-build-env/linux@sha256:4a844ea9eb2546a2d2c7022eacef16ef2e8229c7fbb2c7d4d55a9ceca922f72d" "/opt/rustwide/cargo-home/bin/cargo" "+nightly-2024-10-28" "test" "--frozen" "--no-run" "--message-format=json", kill_on_drop: false }`
[INFO] [stdout] 1aabb71e6bf92f40f12c47fe9e12af6c95e2ddbecf8da6d7c39dff8fb9786a3b
[INFO] running `Command { std: "docker" "start" "-a" "1aabb71e6bf92f40f12c47fe9e12af6c95e2ddbecf8da6d7c39dff8fb9786a3b", kill_on_drop: false }`
[INFO] [stderr]    Compiling py-pkstl v0.1.0 (/opt/rustwide/workdir)
[INFO] [stdout] warning: field `inner` is never read
[INFO] [stdout]   --> src/lib.rs:82:2
[INFO] [stdout]    |
[INFO] [stdout] 81 | struct MinimalSecureLayer {
[INFO] [stdout]    |        ------------------ field in this struct
[INFO] [stdout] 82 |     inner: pkstl::MinimalSecureLayer
[INFO] [stdout]    |     ^^^^^
[INFO] [stdout]    |
[INFO] [stdout]    = note: `#[warn(dead_code)]` on by default
[INFO] [stdout] 
[INFO] [stdout] 
[INFO] [stdout] error: linking with `cc` failed: exit status: 1
[INFO] [stdout]   |
[INFO] [stdout]   = note: LC_ALL="C" PATH="/opt/rustwide/rustup-home/toolchains/nightly-2024-10-28-x86_64-unknown-linux-gnu/lib/rustlib/x86_64-unknown-linux-gnu/bin:/opt/rustwide/rustup-home/toolchains/nightly-2024-10-28-x86_64-unknown-linux-gnu/lib/rustlib/x86_64-unknown-linux-gnu/bin/self-contained:/opt/rustwide/cargo-home/bin:/usr/local/sbin:/usr/local/bin:/usr/sbin:/usr/bin:/sbin:/bin" VSLANG="1033" "cc" "-m64" "/tmp/rustc31NEpb/symbols.o" "/opt/rustwide/target/debug/deps/py_pkstl-03695b386190898f.py_pkstl.748fa55c40b28887-cgu.00.rcgu.o" "/opt/rustwide/target/debug/deps/py_pkstl-03695b386190898f.py_pkstl.748fa55c40b28887-cgu.01.rcgu.o" "/opt/rustwide/target/debug/deps/py_pkstl-03695b386190898f.py_pkstl.748fa55c40b28887-cgu.02.rcgu.o" "/opt/rustwide/target/debug/deps/py_pkstl-03695b386190898f.py_pkstl.748fa55c40b28887-cgu.03.rcgu.o" "/opt/rustwide/target/debug/deps/py_pkstl-03695b386190898f.py_pkstl.748fa55c40b28887-cgu.04.rcgu.o" "/opt/rustwide/target/debug/deps/py_pkstl-03695b386190898f.py_pkstl.748fa55c40b28887-cgu.05.rcgu.o" "/opt/rustwide/target/debug/deps/py_pkstl-03695b386190898f.py_pkstl.748fa55c40b28887-cgu.06.rcgu.o" "/opt/rustwide/target/debug/deps/py_pkstl-03695b386190898f.py_pkstl.748fa55c40b28887-cgu.07.rcgu.o" "/opt/rustwide/target/debug/deps/py_pkstl-03695b386190898f.py_pkstl.748fa55c40b28887-cgu.08.rcgu.o" "/opt/rustwide/target/debug/deps/py_pkstl-03695b386190898f.py_pkstl.748fa55c40b28887-cgu.09.rcgu.o" "/opt/rustwide/target/debug/deps/py_pkstl-03695b386190898f.efck8xi4vqizf22payqrwwkrg.rcgu.o" "-Wl,--as-needed" "-Wl,-Bstatic" "/opt/rustwide/rustup-home/toolchains/nightly-2024-10-28-x86_64-unknown-linux-gnu/lib/rustlib/x86_64-unknown-linux-gnu/lib/libtest-a09fad3b5321e7d6.rlib" "/opt/rustwide/rustup-home/toolchains/nightly-2024-10-28-x86_64-unknown-linux-gnu/lib/rustlib/x86_64-unknown-linux-gnu/lib/libgetopts-f9c3dff41ad42661.rlib" "/opt/rustwide/rustup-home/toolchains/nightly-2024-10-28-x86_64-unknown-linux-gnu/lib/rustlib/x86_64-unknown-linux-gnu/lib/libunicode_width-ad2aef31af6addd3.rlib" "/opt/rustwide/rustup-home/toolchains/nightly-2024-10-28-x86_64-unknown-linux-gnu/lib/rustlib/x86_64-unknown-linux-gnu/lib/librustc_std_workspace_std-e3f907dc03deb913.rlib" "/opt/rustwide/target/debug/deps/libpyo3-97fb7b59dbb4f8d0.rlib" "/opt/rustwide/target/debug/deps/libnum_traits-e35ec60fee4843d4.rlib" "/opt/rustwide/target/debug/deps/libunindent-1e23dff4ebeeb400.rlib" "/opt/rustwide/target/debug/deps/libinventory-9dba8ad4ad082882.rlib" "/opt/rustwide/target/debug/deps/libindoc-8e642599dcd351a6.rlib" "/opt/rustwide/target/debug/deps/libpaste-4723de8a0398679a.rlib" "/opt/rustwide/target/debug/deps/libpkstl-060f38ac07212c38.rlib" "/opt/rustwide/target/debug/deps/libchacha20_poly1305_aead-212d2fc3a1f30d26.rlib" "/opt/rustwide/target/debug/deps/libconstant_time_eq-982a3b848f88ac37.rlib" "/opt/rustwide/target/debug/deps/libclear_on_drop-290ba8a344b6c9b1.rlib" "/opt/rustwide/target/debug/deps/libflate2-a35c4f2443aaaaf6.rlib" "/opt/rustwide/target/debug/deps/libminiz_oxide-6c9ecd25b915c77e.rlib" "/opt/rustwide/target/debug/deps/libadler2-b3e8bf616d8ed0c4.rlib" "/opt/rustwide/target/debug/deps/libcrc32fast-f57ab9ea1a06cb05.rlib" "/opt/rustwide/target/debug/deps/libcfg_if-57bf25c23e31efdb.rlib" "/opt/rustwide/target/debug/deps/libring-20df0d55b000a7bb.rlib" "/opt/rustwide/target/debug/deps/libspin-aba4c1570e9c644e.rlib" "/opt/rustwide/target/debug/deps/libuntrusted-b2518a6a9207ec5b.rlib" "/opt/rustwide/target/debug/deps/libonce_cell-6dc575c335e8f5a1.rlib" "/opt/rustwide/target/debug/deps/liblibc-663f09ba3db1840e.rlib" "/opt/rustwide/rustup-home/toolchains/nightly-2024-10-28-x86_64-unknown-linux-gnu/lib/rustlib/x86_64-unknown-linux-gnu/lib/libstd-fb8c387236db3c10.rlib" "/opt/rustwide/rustup-home/toolchains/nightly-2024-10-28-x86_64-unknown-linux-gnu/lib/rustlib/x86_64-unknown-linux-gnu/lib/libpanic_unwind-b251837809b2f64b.rlib" "/opt/rustwide/rustup-home/toolchains/nightly-2024-10-28-x86_64-unknown-linux-gnu/lib/rustlib/x86_64-unknown-linux-gnu/lib/libobject-cbef83eaa4e01f04.rlib" "/opt/rustwide/rustup-home/toolchains/nightly-2024-10-28-x86_64-unknown-linux-gnu/lib/rustlib/x86_64-unknown-linux-gnu/lib/libmemchr-12a772286de2fca7.rlib" "/opt/rustwide/rustup-home/toolchains/nightly-2024-10-28-x86_64-unknown-linux-gnu/lib/rustlib/x86_64-unknown-linux-gnu/lib/libaddr2line-023bbe5ada7abfc3.rlib" "/opt/rustwide/rustup-home/toolchains/nightly-2024-10-28-x86_64-unknown-linux-gnu/lib/rustlib/x86_64-unknown-linux-gnu/lib/libgimli-de2bcdf10ec69c2b.rlib" "/opt/rustwide/rustup-home/toolchains/nightly-2024-10-28-x86_64-unknown-linux-gnu/lib/rustlib/x86_64-unknown-linux-gnu/lib/librustc_demangle-8e1754df350800fd.rlib" "/opt/rustwide/rustup-home/toolchains/nightly-2024-10-28-x86_64-unknown-linux-gnu/lib/rustlib/x86_64-unknown-linux-gnu/lib/libstd_detect-06c2ab7b9c32e037.rlib" "/opt/rustwide/rustup-home/toolchains/nightly-2024-10-28-x86_64-unknown-linux-gnu/lib/rustlib/x86_64-unknown-linux-gnu/lib/libhashbrown-51d2621fc57a281b.rlib" "/opt/rustwide/rustup-home/toolchains/nightly-2024-10-28-x86_64-unknown-linux-gnu/lib/rustlib/x86_64-unknown-linux-gnu/lib/librustc_std_workspace_alloc-54a930408793772f.rlib" "/opt/rustwide/rustup-home/toolchains/nightly-2024-10-28-x86_64-unknown-linux-gnu/lib/rustlib/x86_64-unknown-linux-gnu/lib/libminiz_oxide-0c7d01cba400dcb2.rlib" "/opt/rustwide/rustup-home/toolchains/nightly-2024-10-28-x86_64-unknown-linux-gnu/lib/rustlib/x86_64-unknown-linux-gnu/lib/libadler-b9f84d69e331b75b.rlib" "/opt/rustwide/rustup-home/toolchains/nightly-2024-10-28-x86_64-unknown-linux-gnu/lib/rustlib/x86_64-unknown-linux-gnu/lib/libunwind-eec95493246aae39.rlib" "/opt/rustwide/rustup-home/toolchains/nightly-2024-10-28-x86_64-unknown-linux-gnu/lib/rustlib/x86_64-unknown-linux-gnu/lib/libcfg_if-6f6676c475e08ab0.rlib" "/opt/rustwide/rustup-home/toolchains/nightly-2024-10-28-x86_64-unknown-linux-gnu/lib/rustlib/x86_64-unknown-linux-gnu/lib/liblibc-799d520624f8b2e0.rlib" "/opt/rustwide/rustup-home/toolchains/nightly-2024-10-28-x86_64-unknown-linux-gnu/lib/rustlib/x86_64-unknown-linux-gnu/lib/liballoc-fcf93d4842acd9a9.rlib" "/opt/rustwide/rustup-home/toolchains/nightly-2024-10-28-x86_64-unknown-linux-gnu/lib/rustlib/x86_64-unknown-linux-gnu/lib/librustc_std_workspace_core-395a38b8e0851c9b.rlib" "/opt/rustwide/rustup-home/toolchains/nightly-2024-10-28-x86_64-unknown-linux-gnu/lib/rustlib/x86_64-unknown-linux-gnu/lib/libcore-d453bab70303062c.rlib" "/opt/rustwide/rustup-home/toolchains/nightly-2024-10-28-x86_64-unknown-linux-gnu/lib/rustlib/x86_64-unknown-linux-gnu/lib/libcompiler_builtins-0e6386368b0a24e8.rlib" "-Wl,-Bdynamic" "-lgcc_s" "-lutil" "-lrt" "-lpthread" "-lm" "-ldl" "-lc" "-B/opt/rustwide/rustup-home/toolchains/nightly-2024-10-28-x86_64-unknown-linux-gnu/lib/rustlib/x86_64-unknown-linux-gnu/bin/gcc-ld" "-fuse-ld=lld" "-Wl,--eh-frame-hdr" "-Wl,-z,noexecstack" "-L" "/opt/rustwide/target/debug/build/clear_on_drop-20a4979facf1b632/out" "-L" "/opt/rustwide/target/debug/build/ring-00089c5f09bb2422/out" "-L" "/opt/rustwide/rustup-home/toolchains/nightly-2024-10-28-x86_64-unknown-linux-gnu/lib/rustlib/x86_64-unknown-linux-gnu/lib" "-o" "/opt/rustwide/target/debug/deps/py_pkstl-03695b386190898f" "-Wl,--gc-sections" "-pie" "-Wl,-z,relro,-z,now" "-nodefaultlibs"
[INFO] [stdout]   = note: rust-lld: error: undefined symbol: PyList_New
[INFO] [stdout]           >>> referenced by list.rs:196 (/opt/rustwide/cargo-home/registry/src/index.crates.io-6f17d22bba15001f/pyo3-0.8.5/src/types/list.rs:196)
[INFO] [stdout]           >>>               /opt/rustwide/target/debug/deps/py_pkstl-03695b386190898f.py_pkstl.748fa55c40b28887-cgu.02.rcgu.o:(pyo3::types::list::_$LT$impl$u20$pyo3..conversion..IntoPy$LT$pyo3..object..PyObject$GT$$u20$for$u20$alloc..vec..Vec$LT$T$GT$$GT$::into_py::hf9a6ddcb484348a0)
[INFO] [stdout]           >>> referenced by list.rs:196 (/opt/rustwide/cargo-home/registry/src/index.crates.io-6f17d22bba15001f/pyo3-0.8.5/src/types/list.rs:196)
[INFO] [stdout]           >>>               /opt/rustwide/target/debug/deps/py_pkstl-03695b386190898f.py_pkstl.748fa55c40b28887-cgu.02.rcgu.o:(pyo3::types::list::_$LT$impl$u20$pyo3..conversion..IntoPy$LT$pyo3..object..PyObject$GT$$u20$for$u20$alloc..vec..Vec$LT$T$GT$$GT$::into_py::hfaf9f2045eb0d049)
[INFO] [stdout]           
[INFO] [stdout]           rust-lld: error: undefined symbol: PyList_SetItem
[INFO] [stdout]           >>> referenced by list.rs:199 (/opt/rustwide/cargo-home/registry/src/index.crates.io-6f17d22bba15001f/pyo3-0.8.5/src/types/list.rs:199)
[INFO] [stdout]           >>>               /opt/rustwide/target/debug/deps/py_pkstl-03695b386190898f.py_pkstl.748fa55c40b28887-cgu.02.rcgu.o:(pyo3::types::list::_$LT$impl$u20$pyo3..conversion..IntoPy$LT$pyo3..object..PyObject$GT$$u20$for$u20$alloc..vec..Vec$LT$T$GT$$GT$::into_py::hf9a6ddcb484348a0)
[INFO] [stdout]           >>> referenced by list.rs:199 (/opt/rustwide/cargo-home/registry/src/index.crates.io-6f17d22bba15001f/pyo3-0.8.5/src/types/list.rs:199)
[INFO] [stdout]           >>>               /opt/rustwide/target/debug/deps/py_pkstl-03695b386190898f.py_pkstl.748fa55c40b28887-cgu.02.rcgu.o:(pyo3::types::list::_$LT$impl$u20$pyo3..conversion..IntoPy$LT$pyo3..object..PyObject$GT$$u20$for$u20$alloc..vec..Vec$LT$T$GT$$GT$::into_py::hfaf9f2045eb0d049)
[INFO] [stdout]           
[INFO] [stdout]           rust-lld: error: undefined symbol: PyType_Ready
[INFO] [stdout]           >>> referenced by type_object.rs:402 (/opt/rustwide/cargo-home/registry/src/index.crates.io-6f17d22bba15001f/pyo3-0.8.5/src/type_object.rs:402)
[INFO] [stdout]           >>>               /opt/rustwide/target/debug/deps/py_pkstl-03695b386190898f.py_pkstl.748fa55c40b28887-cgu.03.rcgu.o:(pyo3::type_object::initialize_type::h564b9e6d2e81571a)
[INFO] [stdout]           >>> referenced by type_object.rs:402 (/opt/rustwide/cargo-home/registry/src/index.crates.io-6f17d22bba15001f/pyo3-0.8.5/src/type_object.rs:402)
[INFO] [stdout]           >>>               /opt/rustwide/target/debug/deps/py_pkstl-03695b386190898f.py_pkstl.748fa55c40b28887-cgu.03.rcgu.o:(pyo3::type_object::initialize_type::h75f26f4c9edc8efe)
[INFO] [stdout]           >>> referenced by type_object.rs:402 (/opt/rustwide/cargo-home/registry/src/index.crates.io-6f17d22bba15001f/pyo3-0.8.5/src/type_object.rs:402)
[INFO] [stdout]           >>>               /opt/rustwide/target/debug/deps/py_pkstl-03695b386190898f.py_pkstl.748fa55c40b28887-cgu.03.rcgu.o:(pyo3::type_object::initialize_type::h8379a40b0d04e189)
[INFO] [stdout]           >>> referenced 3 more times
[INFO] [stdout]           
[INFO] [stdout]           rust-lld: error: undefined symbol: PyType_GenericAlloc
[INFO] [stdout]           >>> referenced by type_object.rs:195 (/opt/rustwide/cargo-home/registry/src/index.crates.io-6f17d22bba15001f/pyo3-0.8.5/src/type_object.rs:195)
[INFO] [stdout]           >>>               /opt/rustwide/target/debug/deps/py_pkstl-03695b386190898f.py_pkstl.748fa55c40b28887-cgu.05.rcgu.o:(pyo3::type_object::PyObjectAlloc::alloc::h083303ec83b1910a)
[INFO] [stdout]           >>> referenced by type_object.rs:195 (/opt/rustwide/cargo-home/registry/src/index.crates.io-6f17d22bba15001f/pyo3-0.8.5/src/type_object.rs:195)
[INFO] [stdout]           >>>               /opt/rustwide/target/debug/deps/py_pkstl-03695b386190898f.py_pkstl.748fa55c40b28887-cgu.05.rcgu.o:(pyo3::type_object::PyObjectAlloc::alloc::h0e133997afaddbfc)
[INFO] [stdout]           >>> referenced by type_object.rs:195 (/opt/rustwide/cargo-home/registry/src/index.crates.io-6f17d22bba15001f/pyo3-0.8.5/src/type_object.rs:195)
[INFO] [stdout]           >>>               /opt/rustwide/target/debug/deps/py_pkstl-03695b386190898f.py_pkstl.748fa55c40b28887-cgu.05.rcgu.o:(pyo3::type_object::PyObjectAlloc::alloc::h3d1775d9b0b4f54f)
[INFO] [stdout]           >>> referenced 3 more times
[INFO] [stdout]           
[INFO] [stdout]           rust-lld: error: undefined symbol: PyObject_CallFinalizerFromDealloc
[INFO] [stdout]           >>> referenced by type_object.rs:205 (/opt/rustwide/cargo-home/registry/src/index.crates.io-6f17d22bba15001f/pyo3-0.8.5/src/type_object.rs:205)
[INFO] [stdout]           >>>               /opt/rustwide/target/debug/deps/py_pkstl-03695b386190898f.py_pkstl.748fa55c40b28887-cgu.05.rcgu.o:(pyo3::type_object::PyObjectAlloc::dealloc::h19768d41e4400287)
[INFO] [stdout]           >>> referenced by type_object.rs:205 (/opt/rustwide/cargo-home/registry/src/index.crates.io-6f17d22bba15001f/pyo3-0.8.5/src/type_object.rs:205)
[INFO] [stdout]           >>>               /opt/rustwide/target/debug/deps/py_pkstl-03695b386190898f.py_pkstl.748fa55c40b28887-cgu.05.rcgu.o:(pyo3::type_object::PyObjectAlloc::dealloc::h33bfa99ddabd5477)
[INFO] [stdout]           >>> referenced by type_object.rs:205 (/opt/rustwide/cargo-home/registry/src/index.crates.io-6f17d22bba15001f/pyo3-0.8.5/src/type_object.rs:205)
[INFO] [stdout]           >>>               /opt/rustwide/target/debug/deps/py_pkstl-03695b386190898f.py_pkstl.748fa55c40b28887-cgu.05.rcgu.o:(pyo3::type_object::PyObjectAlloc::dealloc::h55f0ac6e7162d842)
[INFO] [stdout]           >>> referenced 3 more times
[INFO] [stdout]           
[INFO] [stdout]           rust-lld: error: undefined symbol: PyObject_Free
[INFO] [stdout]           >>> referenced by type_object.rs:216 (/opt/rustwide/cargo-home/registry/src/index.crates.io-6f17d22bba15001f/pyo3-0.8.5/src/type_object.rs:216)
[INFO] [stdout]           >>>               /opt/rustwide/target/debug/deps/py_pkstl-03695b386190898f.py_pkstl.748fa55c40b28887-cgu.05.rcgu.o:(pyo3::type_object::PyObjectAlloc::dealloc::h19768d41e4400287)
[INFO] [stdout]           >>> referenced by type_object.rs:216 (/opt/rustwide/cargo-home/registry/src/index.crates.io-6f17d22bba15001f/pyo3-0.8.5/src/type_object.rs:216)
[INFO] [stdout]           >>>               /opt/rustwide/target/debug/deps/py_pkstl-03695b386190898f.py_pkstl.748fa55c40b28887-cgu.05.rcgu.o:(pyo3::type_object::PyObjectAlloc::dealloc::h33bfa99ddabd5477)
[INFO] [stdout]           >>> referenced by type_object.rs:216 (/opt/rustwide/cargo-home/registry/src/index.crates.io-6f17d22bba15001f/pyo3-0.8.5/src/type_object.rs:216)
[INFO] [stdout]           >>>               /opt/rustwide/target/debug/deps/py_pkstl-03695b386190898f.py_pkstl.748fa55c40b28887-cgu.05.rcgu.o:(pyo3::type_object::PyObjectAlloc::dealloc::h55f0ac6e7162d842)
[INFO] [stdout]           >>> referenced 3 more times
[INFO] [stdout]           
[INFO] [stdout]           rust-lld: error: undefined symbol: PyObject_GC_Del
[INFO] [stdout]           >>> referenced by type_object.rs:214 (/opt/rustwide/cargo-home/registry/src/index.crates.io-6f17d22bba15001f/pyo3-0.8.5/src/type_object.rs:214)
[INFO] [stdout]           >>>               /opt/rustwide/target/debug/deps/py_pkstl-03695b386190898f.py_pkstl.748fa55c40b28887-cgu.05.rcgu.o:(pyo3::type_object::PyObjectAlloc::dealloc::h19768d41e4400287)
[INFO] [stdout]           >>> referenced by type_object.rs:214 (/opt/rustwide/cargo-home/registry/src/index.crates.io-6f17d22bba15001f/pyo3-0.8.5/src/type_object.rs:214)
[INFO] [stdout]           >>>               /opt/rustwide/target/debug/deps/py_pkstl-03695b386190898f.py_pkstl.748fa55c40b28887-cgu.05.rcgu.o:(pyo3::type_object::PyObjectAlloc::dealloc::h33bfa99ddabd5477)
[INFO] [stdout]           >>> referenced by type_object.rs:214 (/opt/rustwide/cargo-home/registry/src/index.crates.io-6f17d22bba15001f/pyo3-0.8.5/src/type_object.rs:214)
[INFO] [stdout]           >>>               /opt/rustwide/target/debug/deps/py_pkstl-03695b386190898f.py_pkstl.748fa55c40b28887-cgu.05.rcgu.o:(pyo3::type_object::PyObjectAlloc::dealloc::h55f0ac6e7162d842)
[INFO] [stdout]           >>> referenced 3 more times
[INFO] [stdout]           
[INFO] [stdout]           rust-lld: error: undefined symbol: PyErr_Restore
[INFO] [stdout]           >>> referenced by err.rs:326 (/opt/rustwide/cargo-home/registry/src/index.crates.io-6f17d22bba15001f/pyo3-0.8.5/src/err.rs:326)
[INFO] [stdout]           >>>               /opt/rustwide/target/debug/deps/py_pkstl-03695b386190898f.py_pkstl.748fa55c40b28887-cgu.07.rcgu.o:(pyo3::err::PyErr::restore::h15d21d9a115402b3)
[INFO] [stdout]           >>> referenced by err.rs:326 (src/err.rs:326)
[INFO] [stdout]           >>>               pyo3-97fb7b59dbb4f8d0.pyo3.c9a4008ed4f74d7a-cgu.1.rcgu.o:(pyo3::err::PyErr::restore::h5b0742e4c4f79ef3) in archive /opt/rustwide/target/debug/deps/libpyo3-97fb7b59dbb4f8d0.rlib
[INFO] [stdout]           
[INFO] [stdout]           rust-lld: error: undefined symbol: PyBytes_AsString
[INFO] [stdout]           >>> referenced by bytes.rs:53 (/opt/rustwide/cargo-home/registry/src/index.crates.io-6f17d22bba15001f/pyo3-0.8.5/src/types/bytes.rs:53)
[INFO] [stdout]           >>>               /opt/rustwide/target/debug/deps/py_pkstl-03695b386190898f.py_pkstl.748fa55c40b28887-cgu.07.rcgu.o:(pyo3::types::bytes::PyBytes::as_bytes::haa830a6810dfabb5)
[INFO] [stdout]           >>> referenced by string.rs:94 (src/types/string.rs:94)
[INFO] [stdout]           >>>               pyo3-97fb7b59dbb4f8d0.pyo3.c9a4008ed4f74d7a-cgu.2.rcgu.o:(pyo3::types::string::PyString::to_string_lossy::h30e0271301ec5b8b) in archive /opt/rustwide/target/debug/deps/libpyo3-97fb7b59dbb4f8d0.rlib
[INFO] [stdout]           
[INFO] [stdout]           rust-lld: error: undefined symbol: PyBytes_Size
[INFO] [stdout]           >>> referenced by bytes.rs:54 (/opt/rustwide/cargo-home/registry/src/index.crates.io-6f17d22bba15001f/pyo3-0.8.5/src/types/bytes.rs:54)
[INFO] [stdout]           >>>               /opt/rustwide/target/debug/deps/py_pkstl-03695b386190898f.py_pkstl.748fa55c40b28887-cgu.07.rcgu.o:(pyo3::types::bytes::PyBytes::as_bytes::haa830a6810dfabb5)
[INFO] [stdout]           >>> referenced by string.rs:96 (src/types/string.rs:96)
[INFO] [stdout]           >>>               pyo3-97fb7b59dbb4f8d0.pyo3.c9a4008ed4f74d7a-cgu.2.rcgu.o:(pyo3::types::string::PyString::to_string_lossy::h30e0271301ec5b8b) in archive /opt/rustwide/target/debug/deps/libpyo3-97fb7b59dbb4f8d0.rlib
[INFO] [stdout]           
[INFO] [stdout]           rust-lld: error: undefined symbol: PyType_IsSubtype
[INFO] [stdout]           >>> referenced by object.rs:723 (/opt/rustwide/cargo-home/registry/src/index.crates.io-6f17d22bba15001f/pyo3-0.8.5/src/ffi/object.rs:723)
[INFO] [stdout]           >>>               /opt/rustwide/target/debug/deps/py_pkstl-03695b386190898f.py_pkstl.748fa55c40b28887-cgu.09.rcgu.o:(pyo3::ffi::object::PyObject_TypeCheck::h7ca574a675db57c7)
[INFO] [stdout]           
[INFO] [stdout]           rust-lld: error: undefined symbol: _Py_Dealloc
[INFO] [stdout]           >>> referenced by object.rs:933 (/opt/rustwide/cargo-home/registry/src/index.crates.io-6f17d22bba15001f/pyo3-0.8.5/src/ffi/object.rs:933)
[INFO] [stdout]           >>>               /opt/rustwide/target/debug/deps/py_pkstl-03695b386190898f.py_pkstl.748fa55c40b28887-cgu.09.rcgu.o:(pyo3::ffi::object::Py_DECREF::h445349842bf46a18)
[INFO] [stdout]           >>> referenced by object.rs:933 (src/ffi/object.rs:933)
[INFO] [stdout]           >>>               pyo3-97fb7b59dbb4f8d0.pyo3.c9a4008ed4f74d7a-cgu.6.rcgu.o:(pyo3::ffi::object::Py_DECREF::hd7160b8b0a6ebae3) in archive /opt/rustwide/target/debug/deps/libpyo3-97fb7b59dbb4f8d0.rlib
[INFO] [stdout]           
[INFO] [stdout]           rust-lld: error: undefined symbol: PyBaseObject_Type
[INFO] [stdout]           >>> referenced by mod.rs:113 (/opt/rustwide/cargo-home/registry/src/index.crates.io-6f17d22bba15001f/pyo3-0.8.5/src/types/mod.rs:113)
[INFO] [stdout]           >>>               /opt/rustwide/target/debug/deps/py_pkstl-03695b386190898f.py_pkstl.748fa55c40b28887-cgu.07.rcgu.o:(_$LT$pyo3..types..any..PyAny$u20$as$u20$pyo3..type_object..PyTypeInfo$GT$::type_object::hc2b478d209dc9ffa)
[INFO] [stdout]           
[INFO] [stdout]           rust-lld: error: undefined symbol: PyObject_Str
[INFO] [stdout]           >>> referenced by objectprotocol.rs:318 (src/objectprotocol.rs:318)
[INFO] [stdout]           >>>               pyo3-97fb7b59dbb4f8d0.pyo3.c9a4008ed4f74d7a-cgu.0.rcgu.o:(_$LT$T$u20$as$u20$pyo3..objectprotocol..ObjectProtocol$GT$::str::heb219aa748ef11a0) in archive /opt/rustwide/target/debug/deps/libpyo3-97fb7b59dbb4f8d0.rlib
[INFO] [stdout]           
[INFO] [stdout]           rust-lld: error: undefined symbol: _Py_NoneStruct
[INFO] [stdout]           >>> referenced by object.rs:977 (src/ffi/object.rs:977)
[INFO] [stdout]           >>>               pyo3-97fb7b59dbb4f8d0.pyo3.c9a4008ed4f74d7a-cgu.6.rcgu.o:(pyo3::ffi::object::Py_None::h8c717ff11765e406) in archive /opt/rustwide/target/debug/deps/libpyo3-97fb7b59dbb4f8d0.rlib
[INFO] [stdout]           
[INFO] [stdout]           rust-lld: error: undefined symbol: Py_IsInitialized
[INFO] [stdout]           >>> referenced by gil.rs:43 (src/gil.rs:43)
[INFO] [stdout]           >>>               pyo3-97fb7b59dbb4f8d0.pyo3.c9a4008ed4f74d7a-cgu.6.rcgu.o:(pyo3::gil::prepare_freethreaded_python::_$u7b$$u7b$closure$u7d$$u7d$::h8662d2420c216699) in archive /opt/rustwide/target/debug/deps/libpyo3-97fb7b59dbb4f8d0.rlib
[INFO] [stdout]           
[INFO] [stdout]           rust-lld: error: undefined symbol: Py_InitializeEx
[INFO] [stdout]           >>> referenced by gil.rs:61 (src/gil.rs:61)
[INFO] [stdout]           >>>               pyo3-97fb7b59dbb4f8d0.pyo3.c9a4008ed4f74d7a-cgu.6.rcgu.o:(pyo3::gil::prepare_freethreaded_python::_$u7b$$u7b$closure$u7d$$u7d$::h8662d2420c216699) in archive /opt/rustwide/target/debug/deps/libpyo3-97fb7b59dbb4f8d0.rlib
[INFO] [stdout]           
[INFO] [stdout]           rust-lld: error: undefined symbol: PyEval_SaveThread
[INFO] [stdout]           >>> referenced by gil.rs:72 (src/gil.rs:72)
[INFO] [stdout]           >>>               pyo3-97fb7b59dbb4f8d0.pyo3.c9a4008ed4f74d7a-cgu.6.rcgu.o:(pyo3::gil::prepare_freethreaded_python::_$u7b$$u7b$closure$u7d$$u7d$::h8662d2420c216699) in archive /opt/rustwide/target/debug/deps/libpyo3-97fb7b59dbb4f8d0.rlib
[INFO] [stdout]           
[INFO] [stdout]           rust-lld: error: undefined symbol: PyGILState_Release
[INFO] [stdout]           >>> referenced by gil.rs:116 (src/gil.rs:116)
[INFO] [stdout]           >>>               pyo3-97fb7b59dbb4f8d0.pyo3.c9a4008ed4f74d7a-cgu.6.rcgu.o:(_$LT$pyo3..gil..GILGuard$u20$as$u20$core..ops..drop..Drop$GT$::drop::hbf7756f0c84d8b0a) in archive /opt/rustwide/target/debug/deps/libpyo3-97fb7b59dbb4f8d0.rlib
[INFO] [stdout]           
[INFO] [stdout]           rust-lld: error: undefined symbol: PyBytes_FromStringAndSize
[INFO] [stdout]           >>> referenced by bytes.rs:36 (src/types/bytes.rs:36)
[INFO] [stdout]           >>>               pyo3-97fb7b59dbb4f8d0.pyo3.c9a4008ed4f74d7a-cgu.3.rcgu.o:(pyo3::types::bytes::PyBytes::new::h18f08ec3d90339c5) in archive /opt/rustwide/target/debug/deps/libpyo3-97fb7b59dbb4f8d0.rlib
[INFO] [stdout]           
[INFO] [stdout]           rust-lld: error: too many errors emitted, stopping now (use --error-limit=0 to see all errors)
[INFO] [stdout]           collect2: error: ld returned 1 exit status
[INFO] [stdout]           
[INFO] [stdout] 
[INFO] [stdout] 
[INFO] [stderr] error: could not compile `py-pkstl` (lib test) due to 1 previous error; 1 warning emitted
[INFO] running `Command { std: "docker" "inspect" "1aabb71e6bf92f40f12c47fe9e12af6c95e2ddbecf8da6d7c39dff8fb9786a3b", kill_on_drop: false }`
[INFO] running `Command { std: "docker" "rm" "-f" "1aabb71e6bf92f40f12c47fe9e12af6c95e2ddbecf8da6d7c39dff8fb9786a3b", kill_on_drop: false }`
[INFO] [stdout] 1aabb71e6bf92f40f12c47fe9e12af6c95e2ddbecf8da6d7c39dff8fb9786a3b
