[INFO] fetching crate pwin 1.0.1...
[INFO] testing pwin-1.0.1 against nightly-2024-10-28 for randomize-layout
[INFO] extracting crate pwin 1.0.1 into /workspace/builds/worker-6-tc1/source
[INFO] validating manifest of crates.io crate pwin 1.0.1 on toolchain nightly-2024-10-28
[INFO] running `Command { std: CARGO_HOME="/workspace/cargo-home" RUSTUP_HOME="/workspace/rustup-home" "/workspace/cargo-home/bin/cargo" "+nightly-2024-10-28" "metadata" "--manifest-path" "Cargo.toml" "--no-deps", kill_on_drop: false }`
[INFO] started tweaking crates.io crate pwin 1.0.1
[INFO] finished tweaking crates.io crate pwin 1.0.1
[INFO] tweaked toml for crates.io crate pwin 1.0.1 written to /workspace/builds/worker-6-tc1/source/Cargo.toml
[INFO] crate crates.io crate pwin 1.0.1 already has a lockfile, it will not be regenerated
[INFO] running `Command { std: CARGO_HOME="/workspace/cargo-home" RUSTUP_HOME="/workspace/rustup-home" "/workspace/cargo-home/bin/cargo" "+nightly-2024-10-28" "fetch" "--manifest-path" "Cargo.toml", kill_on_drop: false }`
[INFO] [stderr]     Blocking waiting for file lock on package cache
[INFO] [stderr]     Blocking waiting for file lock on package cache
[INFO] [stderr]  Downloading crates ...
[INFO] [stderr]   Downloaded termion v3.0.0
[INFO] running `Command { std: "docker" "create" "-v" "/var/lib/crater-agent-workspace/builds/worker-6-tc1/target:/opt/rustwide/target:rw,Z" "-v" "/var/lib/crater-agent-workspace/builds/worker-6-tc1/source:/opt/rustwide/workdir:ro,Z" "-v" "/var/lib/crater-agent-workspace/cargo-home:/opt/rustwide/cargo-home:ro,Z" "-v" "/var/lib/crater-agent-workspace/rustup-home:/opt/rustwide/rustup-home:ro,Z" "-e" "SOURCE_DIR=/opt/rustwide/workdir" "-e" "CARGO_TARGET_DIR=/opt/rustwide/target" "-e" "CARGO_HOME=/opt/rustwide/cargo-home" "-e" "RUSTUP_HOME=/opt/rustwide/rustup-home" "-w" "/opt/rustwide/workdir" "-m" "1610612736" "--user" "0:0" "--network" "none" "ghcr.io/rust-lang/crates-build-env/linux@sha256:4a844ea9eb2546a2d2c7022eacef16ef2e8229c7fbb2c7d4d55a9ceca922f72d" "/opt/rustwide/cargo-home/bin/cargo" "+nightly-2024-10-28" "metadata" "--no-deps" "--format-version=1", kill_on_drop: false }`
[INFO] [stdout] 421c482fd625a27697c9185bb2095b40b2e21eb3a2d9cd9f05fc1ec57b316d46
[INFO] running `Command { std: "docker" "start" "-a" "421c482fd625a27697c9185bb2095b40b2e21eb3a2d9cd9f05fc1ec57b316d46", kill_on_drop: false }`
[INFO] running `Command { std: "docker" "inspect" "421c482fd625a27697c9185bb2095b40b2e21eb3a2d9cd9f05fc1ec57b316d46", kill_on_drop: false }`
[INFO] running `Command { std: "docker" "rm" "-f" "421c482fd625a27697c9185bb2095b40b2e21eb3a2d9cd9f05fc1ec57b316d46", kill_on_drop: false }`
[INFO] [stdout] 421c482fd625a27697c9185bb2095b40b2e21eb3a2d9cd9f05fc1ec57b316d46
[INFO] running `Command { std: "docker" "create" "-v" "/var/lib/crater-agent-workspace/builds/worker-6-tc1/target:/opt/rustwide/target:rw,Z" "-v" "/var/lib/crater-agent-workspace/builds/worker-6-tc1/source:/opt/rustwide/workdir:ro,Z" "-v" "/var/lib/crater-agent-workspace/cargo-home:/opt/rustwide/cargo-home:ro,Z" "-v" "/var/lib/crater-agent-workspace/rustup-home:/opt/rustwide/rustup-home:ro,Z" "-e" "SOURCE_DIR=/opt/rustwide/workdir" "-e" "CARGO_TARGET_DIR=/opt/rustwide/target" "-e" "CARGO_INCREMENTAL=0" "-e" "RUST_BACKTRACE=full" "-e" "RUSTFLAGS=--cap-lints=forbid" "-e" "RUSTDOCFLAGS=--cap-lints=forbid" "-e" "CARGO_HOME=/opt/rustwide/cargo-home" "-e" "RUSTUP_HOME=/opt/rustwide/rustup-home" "-w" "/opt/rustwide/workdir" "-m" "1610612736" "--user" "0:0" "--network" "none" "ghcr.io/rust-lang/crates-build-env/linux@sha256:4a844ea9eb2546a2d2c7022eacef16ef2e8229c7fbb2c7d4d55a9ceca922f72d" "/opt/rustwide/cargo-home/bin/cargo" "+nightly-2024-10-28" "build" "--frozen" "--message-format=json", kill_on_drop: false }`
[INFO] [stdout] f9125ab5799985e430d0fa19e66d8e0a93bc68ff05a9ff9383bffc9f4916bb0d
[INFO] running `Command { std: "docker" "start" "-a" "f9125ab5799985e430d0fa19e66d8e0a93bc68ff05a9ff9383bffc9f4916bb0d", kill_on_drop: false }`
[INFO] [stderr]    Compiling libc v0.2.153
[INFO] [stderr]    Compiling numtoa v0.1.0
[INFO] [stderr]    Compiling termion v3.0.0
[INFO] [stderr]    Compiling pwin v1.0.1 (/opt/rustwide/workdir)
[INFO] [stderr]     Finished `dev` profile [unoptimized + debuginfo] target(s) in 1.02s
[INFO] running `Command { std: "docker" "inspect" "f9125ab5799985e430d0fa19e66d8e0a93bc68ff05a9ff9383bffc9f4916bb0d", kill_on_drop: false }`
[INFO] running `Command { std: "docker" "rm" "-f" "f9125ab5799985e430d0fa19e66d8e0a93bc68ff05a9ff9383bffc9f4916bb0d", kill_on_drop: false }`
[INFO] [stdout] f9125ab5799985e430d0fa19e66d8e0a93bc68ff05a9ff9383bffc9f4916bb0d
[INFO] running `Command { std: "docker" "create" "-v" "/var/lib/crater-agent-workspace/builds/worker-6-tc1/target:/opt/rustwide/target:rw,Z" "-v" "/var/lib/crater-agent-workspace/builds/worker-6-tc1/source:/opt/rustwide/workdir:ro,Z" "-v" "/var/lib/crater-agent-workspace/cargo-home:/opt/rustwide/cargo-home:ro,Z" "-v" "/var/lib/crater-agent-workspace/rustup-home:/opt/rustwide/rustup-home:ro,Z" "-e" "SOURCE_DIR=/opt/rustwide/workdir" "-e" "CARGO_TARGET_DIR=/opt/rustwide/target" "-e" "CARGO_INCREMENTAL=0" "-e" "RUST_BACKTRACE=full" "-e" "RUSTFLAGS=--cap-lints=forbid" "-e" "RUSTDOCFLAGS=--cap-lints=forbid" "-e" "CARGO_HOME=/opt/rustwide/cargo-home" "-e" "RUSTUP_HOME=/opt/rustwide/rustup-home" "-w" "/opt/rustwide/workdir" "-m" "1610612736" "--user" "0:0" "--network" "none" "ghcr.io/rust-lang/crates-build-env/linux@sha256:4a844ea9eb2546a2d2c7022eacef16ef2e8229c7fbb2c7d4d55a9ceca922f72d" "/opt/rustwide/cargo-home/bin/cargo" "+nightly-2024-10-28" "test" "--frozen" "--no-run" "--message-format=json", kill_on_drop: false }`
[INFO] [stdout] d8aa966a772871a582893139185d40454c39d5b5af60a0a547dd2e284a1505d0
[INFO] running `Command { std: "docker" "start" "-a" "d8aa966a772871a582893139185d40454c39d5b5af60a0a547dd2e284a1505d0", kill_on_drop: false }`
[INFO] [stderr]    Compiling pwin v1.0.1 (/opt/rustwide/workdir)
[INFO] [stdout] error: expected `;`, found keyword `use`
[INFO] [stdout]  --> examples/main.rs:1:18
[INFO] [stdout]   |
[INFO] [stdout] 1 | extern crate pwin
[INFO] [stdout]   |                  ^ help: add `;` here
[INFO] [stdout] 2 |
[INFO] [stdout] 3 | use pwin::pw;
[INFO] [stdout]   | --- unexpected token
[INFO] [stdout] 
[INFO] [stdout] 
[INFO] [stdout] error[E0433]: failed to resolve: use of undeclared crate or module `io`
[INFO] [stdout]  --> examples/main.rs:7:5
[INFO] [stdout]   |
[INFO] [stdout] 7 |     io::stdin().read_line(&mut username).expect("Failed to read username.");
[INFO] [stdout]   |     ^^ use of undeclared crate or module `io`
[INFO] [stdout]   |
[INFO] [stdout] help: a builtin type with a similar name exists
[INFO] [stdout]   |
[INFO] [stdout] 7 |     i8::stdin().read_line(&mut username).expect("Failed to read username.");
[INFO] [stdout]   |     ~~
[INFO] [stdout] help: consider importing this module
[INFO] [stdout]   |
[INFO] [stdout] 3 + use std::io;
[INFO] [stdout]   |
[INFO] [stdout] 
[INFO] [stdout] 
[INFO] [stdout] error[E0425]: cannot find value `username` in this scope
[INFO] [stdout]  --> examples/main.rs:7:32
[INFO] [stdout]   |
[INFO] [stdout] 7 |     io::stdin().read_line(&mut username).expect("Failed to read username.");
[INFO] [stdout]   |                                ^^^^^^^^ not found in this scope
[INFO] [stdout] 
[INFO] [stdout] 
[INFO] [stdout] error[E0425]: cannot find function `readpw` in module `pw`
[INFO] [stdout]   --> examples/main.rs:10:24
[INFO] [stdout]    |
[INFO] [stdout] 10 |     let password = pw::readpw();
[INFO] [stdout]    |                        ^^^^^^ not found in `pw`
[INFO] [stdout]    |
[INFO] [stdout] help: consider importing one of these functions
[INFO] [stdout]    |
[INFO] [stdout] 3  + use crate::pw::pw::readpw;
[INFO] [stdout]    |
[INFO] [stdout] 3  + use pwin::readpw;
[INFO] [stdout]    |
[INFO] [stdout] help: if you import `readpw`, refer to it directly
[INFO] [stdout]    |
[INFO] [stdout] 10 -     let password = pw::readpw();
[INFO] [stdout] 10 +     let password = readpw();
[INFO] [stdout]    |
[INFO] [stdout] 
[INFO] [stdout] 
[INFO] [stdout] error[E0425]: cannot find value `username` in this scope
[INFO] [stdout]   --> examples/main.rs:12:24
[INFO] [stdout]    |
[INFO] [stdout] 12 |     println!("{}, {}", username, password)
[INFO] [stdout]    |                        ^^^^^^^^ not found in this scope
[INFO] [stdout] 
[INFO] [stdout] 
[INFO] [stdout] Some errors have detailed explanations: E0425, E0433.
[INFO] [stdout] 
[INFO] [stdout] For more information about an error, try `rustc --explain E0425`.
[INFO] [stdout] 
[INFO] [stderr] error: could not compile `pwin` (example "main") due to 5 previous errors
[INFO] [stderr] warning: build failed, waiting for other jobs to finish...
[INFO] running `Command { std: "docker" "inspect" "d8aa966a772871a582893139185d40454c39d5b5af60a0a547dd2e284a1505d0", kill_on_drop: false }`
[INFO] running `Command { std: "docker" "rm" "-f" "d8aa966a772871a582893139185d40454c39d5b5af60a0a547dd2e284a1505d0", kill_on_drop: false }`
[INFO] [stdout] d8aa966a772871a582893139185d40454c39d5b5af60a0a547dd2e284a1505d0
