[INFO] fetching crate pupper 0.1.0...
[INFO] testing pupper-0.1.0 against nightly-2024-10-28+rustflags=-Zrandomize-layout for randomize-layout
[INFO] extracting crate pupper 0.1.0 into /workspace/builds/worker-0-tc2/source
[INFO] validating manifest of crates.io crate pupper 0.1.0 on toolchain nightly-2024-10-28
[INFO] running `Command { std: CARGO_HOME="/workspace/cargo-home" RUSTUP_HOME="/workspace/rustup-home" "/workspace/cargo-home/bin/cargo" "+nightly-2024-10-28" "metadata" "--manifest-path" "Cargo.toml" "--no-deps", kill_on_drop: false }`
[INFO] started tweaking crates.io crate pupper 0.1.0
[INFO] finished tweaking crates.io crate pupper 0.1.0
[INFO] tweaked toml for crates.io crate pupper 0.1.0 written to /workspace/builds/worker-0-tc2/source/Cargo.toml
[INFO] crate crates.io crate pupper 0.1.0 already has a lockfile, it will not be regenerated
[INFO] running `Command { std: CARGO_HOME="/workspace/cargo-home" RUSTUP_HOME="/workspace/rustup-home" "/workspace/cargo-home/bin/cargo" "+nightly-2024-10-28" "fetch" "--manifest-path" "Cargo.toml", kill_on_drop: false }`
[INFO] running `Command { std: "docker" "create" "-v" "/var/lib/crater-agent-workspace/builds/worker-0-tc2/target:/opt/rustwide/target:rw,Z" "-v" "/var/lib/crater-agent-workspace/builds/worker-0-tc2/source:/opt/rustwide/workdir:ro,Z" "-v" "/var/lib/crater-agent-workspace/cargo-home:/opt/rustwide/cargo-home:ro,Z" "-v" "/var/lib/crater-agent-workspace/rustup-home:/opt/rustwide/rustup-home:ro,Z" "-e" "SOURCE_DIR=/opt/rustwide/workdir" "-e" "CARGO_TARGET_DIR=/opt/rustwide/target" "-e" "CARGO_HOME=/opt/rustwide/cargo-home" "-e" "RUSTUP_HOME=/opt/rustwide/rustup-home" "-w" "/opt/rustwide/workdir" "-m" "1610612736" "--user" "0:0" "--network" "none" "ghcr.io/rust-lang/crates-build-env/linux@sha256:4a844ea9eb2546a2d2c7022eacef16ef2e8229c7fbb2c7d4d55a9ceca922f72d" "/opt/rustwide/cargo-home/bin/cargo" "+nightly-2024-10-28" "metadata" "--no-deps" "--format-version=1", kill_on_drop: false }`
[INFO] [stdout] 7479fc86b0793f12379e3d915e8902ad6e51f07d6f9da957e405b7bb478377d7
[INFO] running `Command { std: "docker" "start" "-a" "7479fc86b0793f12379e3d915e8902ad6e51f07d6f9da957e405b7bb478377d7", kill_on_drop: false }`
[INFO] running `Command { std: "docker" "inspect" "7479fc86b0793f12379e3d915e8902ad6e51f07d6f9da957e405b7bb478377d7", kill_on_drop: false }`
[INFO] running `Command { std: "docker" "rm" "-f" "7479fc86b0793f12379e3d915e8902ad6e51f07d6f9da957e405b7bb478377d7", kill_on_drop: false }`
[INFO] [stdout] 7479fc86b0793f12379e3d915e8902ad6e51f07d6f9da957e405b7bb478377d7
[INFO] running `Command { std: "docker" "create" "-v" "/var/lib/crater-agent-workspace/builds/worker-0-tc2/target:/opt/rustwide/target:rw,Z" "-v" "/var/lib/crater-agent-workspace/builds/worker-0-tc2/source:/opt/rustwide/workdir:ro,Z" "-v" "/var/lib/crater-agent-workspace/cargo-home:/opt/rustwide/cargo-home:ro,Z" "-v" "/var/lib/crater-agent-workspace/rustup-home:/opt/rustwide/rustup-home:ro,Z" "-e" "SOURCE_DIR=/opt/rustwide/workdir" "-e" "CARGO_TARGET_DIR=/opt/rustwide/target" "-e" "CARGO_INCREMENTAL=0" "-e" "RUST_BACKTRACE=full" "-e" "RUSTFLAGS=--cap-lints=forbid -Zrandomize-layout" "-e" "RUSTDOCFLAGS=--cap-lints=forbid" "-e" "CARGO_HOME=/opt/rustwide/cargo-home" "-e" "RUSTUP_HOME=/opt/rustwide/rustup-home" "-w" "/opt/rustwide/workdir" "-m" "1610612736" "--user" "0:0" "--network" "none" "ghcr.io/rust-lang/crates-build-env/linux@sha256:4a844ea9eb2546a2d2c7022eacef16ef2e8229c7fbb2c7d4d55a9ceca922f72d" "/opt/rustwide/cargo-home/bin/cargo" "+nightly-2024-10-28" "build" "--frozen" "--message-format=json", kill_on_drop: false }`
[INFO] [stdout] 356e5924d63afd074827d77c698f4ffd2512fd4217849a513f9a58ea3e77dfea
[INFO] running `Command { std: "docker" "start" "-a" "356e5924d63afd074827d77c698f4ffd2512fd4217849a513f9a58ea3e77dfea", kill_on_drop: false }`
[INFO] [stderr]    Compiling textwrap v0.11.0
[INFO] [stderr]    Compiling clap v2.33.3
[INFO] [stderr]    Compiling pupper v0.1.0 (/opt/rustwide/workdir)
[INFO] [stdout] error[E0557]: feature has been removed
[INFO] [stdout]   --> src/lib/lib.rs:72:12
[INFO] [stdout]    |
[INFO] [stdout] 72 | #![feature(const_evaluatable_checked, const_generics)]
[INFO] [stdout]    |            ^^^^^^^^^^^^^^^^^^^^^^^^^ feature has been removed
[INFO] [stdout]    |
[INFO] [stdout]    = note: renamed to `generic_const_exprs`
[INFO] [stdout] 
[INFO] [stdout] 
[INFO] [stdout] error[E0557]: feature has been removed
[INFO] [stdout]   --> src/lib/lib.rs:72:39
[INFO] [stdout]    |
[INFO] [stdout] 72 | #![feature(const_evaluatable_checked, const_generics)]
[INFO] [stdout]    |                                       ^^^^^^^^^^^^^^ feature has been removed
[INFO] [stdout]    |
[INFO] [stdout]    = note: removed in favor of `#![feature(adt_const_params)]` and `#![feature(generic_const_exprs)]`
[INFO] [stdout] 
[INFO] [stdout] 
[INFO] [stdout] error: generic parameters may not be used in const operations
[INFO] [stdout]  --> src/lib/header/table.rs:8:42
[INFO] [stdout]   |
[INFO] [stdout] 8 | impl<'a, T: FixedSize + TryFrom<&'a [u8; T::SIZE]>> TryFrom<&'a [u8]> for Table<T>
[INFO] [stdout]   |                                          ^^^^^^^ cannot perform const operation using `T`
[INFO] [stdout]   |
[INFO] [stdout]   = note: type parameters may not be used in const expressions
[INFO] [stdout]   = help: add `#![feature(generic_const_exprs)]` to allow generic const expressions
[INFO] [stdout] 
[INFO] [stdout] 
[INFO] [stdout] error: generic parameters may not be used in const operations
[INFO] [stdout]   --> src/lib/header/table.rs:10:10
[INFO] [stdout]    |
[INFO] [stdout] 10 |     [(); T::SIZE]: Sized,
[INFO] [stdout]    |          ^^^^^^^ cannot perform const operation using `T`
[INFO] [stdout]    |
[INFO] [stdout]    = note: type parameters may not be used in const expressions
[INFO] [stdout]    = help: add `#![feature(generic_const_exprs)]` to allow generic const expressions
[INFO] [stdout] 
[INFO] [stdout] 
[INFO] [stdout] error: generic parameters may not be used in const operations
[INFO] [stdout]   --> src/lib/header/table.rs:17:34
[INFO] [stdout]    |
[INFO] [stdout] 17 |             .flat_map(|x| <&[u8; T::SIZE]>::try_from(x).unwrap().try_into())
[INFO] [stdout]    |                                  ^^^^^^^ cannot perform const operation using `T`
[INFO] [stdout]    |
[INFO] [stdout]    = note: type parameters may not be used in const expressions
[INFO] [stdout]    = help: add `#![feature(generic_const_exprs)]` to allow generic const expressions
[INFO] [stdout] 
[INFO] [stdout] 
[INFO] [stdout] error: generic parameters may not be used in const operations
[INFO] [stdout]   --> src/lib/header/table.rs:26:10
[INFO] [stdout]    |
[INFO] [stdout] 26 |     [u8; T::SIZE]: From<T>,
[INFO] [stdout]    |          ^^^^^^^ cannot perform const operation using `T`
[INFO] [stdout]    |
[INFO] [stdout]    = note: type parameters may not be used in const expressions
[INFO] [stdout]    = help: add `#![feature(generic_const_exprs)]` to allow generic const expressions
[INFO] [stdout] 
[INFO] [stdout] 
[INFO] [stdout] error: generic parameters may not be used in const operations
[INFO] [stdout]   --> src/lib/header/table.rs:32:33
[INFO] [stdout]    |
[INFO] [stdout] 32 |             .flat_map(|x| <[u8; T::SIZE]>::from(*x).to_vec())
[INFO] [stdout]    |                                 ^^^^^^^ cannot perform const operation using `T`
[INFO] [stdout]    |
[INFO] [stdout]    = note: type parameters may not be used in const expressions
[INFO] [stdout]    = help: add `#![feature(generic_const_exprs)]` to allow generic const expressions
[INFO] [stdout] 
[INFO] [stdout] 
[INFO] [stdout] error[E0277]: the trait bound `Table<T>: TryFrom<&'a [u8]>` is not satisfied
[INFO] [stdout]  --> src/lib/header/table.rs:8:75
[INFO] [stdout]   |
[INFO] [stdout] 8 | impl<'a, T: FixedSize + TryFrom<&'a [u8; T::SIZE]>> TryFrom<&'a [u8]> for Table<T>
[INFO] [stdout]   |                                                                           ^^^^^^^^ the trait `TryFrom<&'a [u8]>` is not implemented for `Table<T>`
[INFO] [stdout]   |
[INFO] [stdout]   = help: the trait `TryFrom<&[u8]>` is implemented for `Table<T>`
[INFO] [stdout] 
[INFO] [stdout] 
[INFO] [stdout] error[E0277]: the trait bound `Table<T>: TryFrom<&'a [u8]>` is not satisfied
[INFO] [stdout]   --> src/lib/header/table.rs:12:18
[INFO] [stdout]    |
[INFO] [stdout] 12 |     type Error = crate::Error;
[INFO] [stdout]    |                  ^^^^^^^^^^^^ the trait `TryFrom<&'a [u8]>` is not implemented for `Table<T>`
[INFO] [stdout]    |
[INFO] [stdout]    = help: the trait `TryFrom<&[u8]>` is implemented for `Table<T>`
[INFO] [stdout] 
[INFO] [stdout] 
[INFO] [stdout] error[E0277]: the trait bound `Table<T>: TryFrom<&'a [u8]>` is not satisfied
[INFO] [stdout]   --> src/lib/header/table.rs:14:5
[INFO] [stdout]    |
[INFO] [stdout] 14 |     fn try_from(data: &'a [u8]) -> Result<Self, Self::Error> {
[INFO] [stdout]    |     ^^^^^^^^^^^^^^^^^^^^^^^^^^^^^^^^^^^^^^^^^^^^^^^^^^^^^^^^ the trait `TryFrom<&'a [u8]>` is not implemented for `Table<T>`
[INFO] [stdout]    |
[INFO] [stdout]    = help: the trait `TryFrom<&[u8]>` is implemented for `Table<T>`
[INFO] [stdout] 
[INFO] [stdout] 
[INFO] [stdout] error[E0277]: the trait bound `Table<T>: TryFrom<&'a [u8]>` is not satisfied
[INFO] [stdout]   --> src/lib/header/table.rs:14:36
[INFO] [stdout]    |
[INFO] [stdout] 14 |     fn try_from(data: &'a [u8]) -> Result<Self, Self::Error> {
[INFO] [stdout]    |                                    ^^^^^^^^^^^^^^^^^^^^^^^^^ the trait `TryFrom<&'a [u8]>` is not implemented for `Table<T>`
[INFO] [stdout]    |
[INFO] [stdout]    = help: the trait `TryFrom<&[u8]>` is implemented for `Table<T>`
[INFO] [stdout] 
[INFO] [stdout] 
[INFO] [stdout] error[E0277]: the trait bound `Table<T>: TryFrom<&'a [u8]>` is not satisfied
[INFO] [stdout]   --> src/lib/header/table.rs:14:62
[INFO] [stdout]    |
[INFO] [stdout] 14 |       fn try_from(data: &'a [u8]) -> Result<Self, Self::Error> {
[INFO] [stdout]    |  ______________________________________________________________^
[INFO] [stdout] 15 | |         let entries = data
[INFO] [stdout] 16 | |             .chunks_exact(T::SIZE)
[INFO] [stdout] 17 | |             .flat_map(|x| <&[u8; T::SIZE]>::try_from(x).unwrap().try_into())
[INFO] [stdout] ...  |
[INFO] [stdout] 20 | |         Ok(Self(entries))
[INFO] [stdout] 21 | |     }
[INFO] [stdout]    | |_____^ the trait `TryFrom<&'a [u8]>` is not implemented for `Table<T>`
[INFO] [stdout]    |
[INFO] [stdout]    = help: the trait `TryFrom<&[u8]>` is implemented for `Table<T>`
[INFO] [stdout] 
[INFO] [stdout] 
[INFO] [stdout] error[E0277]: the trait bound `Table<seg::Entry>: TryFrom<&[u8]>` is not satisfied
[INFO] [stdout]   --> src/lib/header.rs:54:29
[INFO] [stdout]    |
[INFO] [stdout] 54 |             .and_then(|x| x.try_into())?;
[INFO] [stdout]    |                             ^^^^^^^^ the trait `TryFrom<&[u8]>` is not implemented for `Table<seg::Entry>`, which is required by `&[u8]: TryInto<_>`
[INFO] [stdout]    |
[INFO] [stdout]    = help: the trait `TryFrom<&[u8]>` is implemented for `Table<T>`
[INFO] [stdout]    = note: required for `&[u8]` to implement `TryInto<Table<seg::Entry>>`
[INFO] [stdout] 
[INFO] [stdout] 
[INFO] [stdout] error[E0277]: the trait bound `Table<sig::Entry>: TryFrom<&[u8]>` is not satisfied
[INFO] [stdout]   --> src/lib/header.rs:61:29
[INFO] [stdout]    |
[INFO] [stdout] 61 |             .and_then(|x| x.try_into())?;
[INFO] [stdout]    |                             ^^^^^^^^ the trait `TryFrom<&[u8]>` is not implemented for `Table<sig::Entry>`, which is required by `&[u8]: TryInto<_>`
[INFO] [stdout]    |
[INFO] [stdout]    = help: the trait `TryFrom<&[u8]>` is implemented for `Table<T>`
[INFO] [stdout]    = note: required for `&[u8]` to implement `TryInto<Table<sig::Entry>>`
[INFO] [stdout] 
[INFO] [stdout] 
[INFO] [stdout] Some errors have detailed explanations: E0277, E0557.
[INFO] [stdout] 
[INFO] [stdout] For more information about an error, try `rustc --explain E0277`.
[INFO] [stdout] 
[INFO] [stderr] error: could not compile `pupper` (lib) due to 14 previous errors
[INFO] [stderr] warning: build failed, waiting for other jobs to finish...
[INFO] running `Command { std: "docker" "inspect" "356e5924d63afd074827d77c698f4ffd2512fd4217849a513f9a58ea3e77dfea", kill_on_drop: false }`
[INFO] running `Command { std: "docker" "rm" "-f" "356e5924d63afd074827d77c698f4ffd2512fd4217849a513f9a58ea3e77dfea", kill_on_drop: false }`
[INFO] [stdout] 356e5924d63afd074827d77c698f4ffd2512fd4217849a513f9a58ea3e77dfea
