[INFO] fetching crate punkt_n 1.0.5...
[INFO] testing punkt_n-1.0.5 against nightly-2024-10-28+rustflags=-Zrandomize-layout for randomize-layout
[INFO] extracting crate punkt_n 1.0.5 into /workspace/builds/worker-4-tc2/source
[INFO] validating manifest of crates.io crate punkt_n 1.0.5 on toolchain nightly-2024-10-28
[INFO] running `Command { std: CARGO_HOME="/workspace/cargo-home" RUSTUP_HOME="/workspace/rustup-home" "/workspace/cargo-home/bin/cargo" "+nightly-2024-10-28" "metadata" "--manifest-path" "Cargo.toml" "--no-deps", kill_on_drop: false }`
[INFO] started tweaking crates.io crate punkt_n 1.0.5
[INFO] removed 0 missing examples
[INFO] finished tweaking crates.io crate punkt_n 1.0.5
[INFO] tweaked toml for crates.io crate punkt_n 1.0.5 written to /workspace/builds/worker-4-tc2/source/Cargo.toml
[INFO] crate crates.io crate punkt_n 1.0.5 already has a lockfile, it will not be regenerated
[INFO] running `Command { std: CARGO_HOME="/workspace/cargo-home" RUSTUP_HOME="/workspace/rustup-home" "/workspace/cargo-home/bin/cargo" "+nightly-2024-10-28" "fetch" "--manifest-path" "Cargo.toml", kill_on_drop: false }`
[INFO] [stderr] warning: no edition set: defaulting to the 2015 edition while the latest is 2021
[INFO] running `Command { std: "docker" "create" "-v" "/var/lib/crater-agent-workspace/builds/worker-4-tc2/target:/opt/rustwide/target:rw,Z" "-v" "/var/lib/crater-agent-workspace/builds/worker-4-tc2/source:/opt/rustwide/workdir:ro,Z" "-v" "/var/lib/crater-agent-workspace/cargo-home:/opt/rustwide/cargo-home:ro,Z" "-v" "/var/lib/crater-agent-workspace/rustup-home:/opt/rustwide/rustup-home:ro,Z" "-e" "SOURCE_DIR=/opt/rustwide/workdir" "-e" "CARGO_TARGET_DIR=/opt/rustwide/target" "-e" "CARGO_HOME=/opt/rustwide/cargo-home" "-e" "RUSTUP_HOME=/opt/rustwide/rustup-home" "-w" "/opt/rustwide/workdir" "-m" "1610612736" "--user" "0:0" "--network" "none" "ghcr.io/rust-lang/crates-build-env/linux@sha256:4a844ea9eb2546a2d2c7022eacef16ef2e8229c7fbb2c7d4d55a9ceca922f72d" "/opt/rustwide/cargo-home/bin/cargo" "+nightly-2024-10-28" "metadata" "--no-deps" "--format-version=1", kill_on_drop: false }`
[INFO] [stdout] 09361a002efb577b76539e15cfdda5b0690103fa7f475adc8f8229e62a7d8d6c
[INFO] running `Command { std: "docker" "start" "-a" "09361a002efb577b76539e15cfdda5b0690103fa7f475adc8f8229e62a7d8d6c", kill_on_drop: false }`
[INFO] running `Command { std: "docker" "inspect" "09361a002efb577b76539e15cfdda5b0690103fa7f475adc8f8229e62a7d8d6c", kill_on_drop: false }`
[INFO] running `Command { std: "docker" "rm" "-f" "09361a002efb577b76539e15cfdda5b0690103fa7f475adc8f8229e62a7d8d6c", kill_on_drop: false }`
[INFO] [stdout] 09361a002efb577b76539e15cfdda5b0690103fa7f475adc8f8229e62a7d8d6c
[INFO] running `Command { std: "docker" "create" "-v" "/var/lib/crater-agent-workspace/builds/worker-4-tc2/target:/opt/rustwide/target:rw,Z" "-v" "/var/lib/crater-agent-workspace/builds/worker-4-tc2/source:/opt/rustwide/workdir:ro,Z" "-v" "/var/lib/crater-agent-workspace/cargo-home:/opt/rustwide/cargo-home:ro,Z" "-v" "/var/lib/crater-agent-workspace/rustup-home:/opt/rustwide/rustup-home:ro,Z" "-e" "SOURCE_DIR=/opt/rustwide/workdir" "-e" "CARGO_TARGET_DIR=/opt/rustwide/target" "-e" "CARGO_INCREMENTAL=0" "-e" "RUST_BACKTRACE=full" "-e" "RUSTFLAGS=--cap-lints=forbid -Zrandomize-layout" "-e" "RUSTDOCFLAGS=--cap-lints=forbid" "-e" "CARGO_HOME=/opt/rustwide/cargo-home" "-e" "RUSTUP_HOME=/opt/rustwide/rustup-home" "-w" "/opt/rustwide/workdir" "-m" "1610612736" "--user" "0:0" "--network" "none" "ghcr.io/rust-lang/crates-build-env/linux@sha256:4a844ea9eb2546a2d2c7022eacef16ef2e8229c7fbb2c7d4d55a9ceca922f72d" "/opt/rustwide/cargo-home/bin/cargo" "+nightly-2024-10-28" "build" "--frozen" "--message-format=json", kill_on_drop: false }`
[INFO] [stdout] 0adc97407e24d29ca64562dac43b10fe937bdcb4cfdcd97d204dba9fcd4e401a
[INFO] running `Command { std: "docker" "start" "-a" "0adc97407e24d29ca64562dac43b10fe937bdcb4cfdcd97d204dba9fcd4e401a", kill_on_drop: false }`
[INFO] [stderr] warning: no edition set: defaulting to the 2015 edition while the latest is 2021
[INFO] [stderr]    Compiling num-traits v0.2.19
[INFO] [stderr]    Compiling rust-freqdist v0.1.5
[INFO] [stderr]    Compiling phf_shared v0.11.2
[INFO] [stderr]    Compiling quote v1.0.37
[INFO] [stderr]    Compiling phf_generator v0.11.2
[INFO] [stderr]    Compiling syn v2.0.77
[INFO] [stderr]    Compiling num-integer v0.1.46
[INFO] [stderr]    Compiling num-complex v0.4.6
[INFO] [stderr]    Compiling num-bigint v0.4.6
[INFO] [stderr]    Compiling num-iter v0.1.45
[INFO] [stderr]    Compiling num-rational v0.4.2
[INFO] [stderr]    Compiling num v0.4.3
[INFO] [stderr]    Compiling phf_macros v0.11.2
[INFO] [stderr]    Compiling phf v0.11.2
[INFO] [stderr]    Compiling punkt_n v1.0.5 (/opt/rustwide/workdir)
[INFO] [stderr]     Finished `dev` profile [unoptimized + debuginfo] target(s) in 4.35s
[INFO] running `Command { std: "docker" "inspect" "0adc97407e24d29ca64562dac43b10fe937bdcb4cfdcd97d204dba9fcd4e401a", kill_on_drop: false }`
[INFO] running `Command { std: "docker" "rm" "-f" "0adc97407e24d29ca64562dac43b10fe937bdcb4cfdcd97d204dba9fcd4e401a", kill_on_drop: false }`
[INFO] [stdout] 0adc97407e24d29ca64562dac43b10fe937bdcb4cfdcd97d204dba9fcd4e401a
[INFO] running `Command { std: "docker" "create" "-v" "/var/lib/crater-agent-workspace/builds/worker-4-tc2/target:/opt/rustwide/target:rw,Z" "-v" "/var/lib/crater-agent-workspace/builds/worker-4-tc2/source:/opt/rustwide/workdir:ro,Z" "-v" "/var/lib/crater-agent-workspace/cargo-home:/opt/rustwide/cargo-home:ro,Z" "-v" "/var/lib/crater-agent-workspace/rustup-home:/opt/rustwide/rustup-home:ro,Z" "-e" "SOURCE_DIR=/opt/rustwide/workdir" "-e" "CARGO_TARGET_DIR=/opt/rustwide/target" "-e" "CARGO_INCREMENTAL=0" "-e" "RUST_BACKTRACE=full" "-e" "RUSTFLAGS=--cap-lints=forbid -Zrandomize-layout" "-e" "RUSTDOCFLAGS=--cap-lints=forbid" "-e" "CARGO_HOME=/opt/rustwide/cargo-home" "-e" "RUSTUP_HOME=/opt/rustwide/rustup-home" "-w" "/opt/rustwide/workdir" "-m" "1610612736" "--user" "0:0" "--network" "none" "ghcr.io/rust-lang/crates-build-env/linux@sha256:4a844ea9eb2546a2d2c7022eacef16ef2e8229c7fbb2c7d4d55a9ceca922f72d" "/opt/rustwide/cargo-home/bin/cargo" "+nightly-2024-10-28" "test" "--frozen" "--no-run" "--message-format=json", kill_on_drop: false }`
[INFO] [stdout] 8599c12012090eee2b7702bb524ad8f334fba7c0d4b737df0cff3bc41aca2ff3
[INFO] running `Command { std: "docker" "start" "-a" "8599c12012090eee2b7702bb524ad8f334fba7c0d4b737df0cff3bc41aca2ff3", kill_on_drop: false }`
[INFO] [stderr] warning: no edition set: defaulting to the 2015 edition while the latest is 2021
[INFO] [stderr]    Compiling punkt_n v1.0.5 (/opt/rustwide/workdir)
[INFO] [stdout] error[E0463]: can't find crate for `punkt`
[INFO] [stdout]  --> examples/typical-usage.rs:1:1
[INFO] [stdout]   |
[INFO] [stdout] 1 | extern crate punkt;
[INFO] [stdout]   | ^^^^^^^^^^^^^^^^^^^ can't find crate
[INFO] [stdout] 
[INFO] [stdout] 
[INFO] [stdout] error[E0463]: can't find crate for `punkt`
[INFO] [stdout]  --> examples/custom-parameters.rs:4:1
[INFO] [stdout]   |
[INFO] [stdout] 4 | extern crate punkt;
[INFO] [stdout]   | ^^^^^^^^^^^^^^^^^^^ can't find crate
[INFO] [stdout] 
[INFO] [stdout] 
[INFO] [stdout] For more information about this error, try `rustc --explain E0463`.
[INFO] [stdout] 
[INFO] [stderr] error: could not compile `punkt_n` (example "typical-usage") due to 1 previous error
[INFO] [stderr] warning: build failed, waiting for other jobs to finish...
[INFO] [stdout] error[E0405]: cannot find trait `DefinesInternalPunctuation` in this scope
[INFO] [stdout]   --> examples/custom-parameters.rs:12:6
[INFO] [stdout]    |
[INFO] [stdout] 12 | impl DefinesInternalPunctuation for MyParams {}
[INFO] [stdout]    |      ^^^^^^^^^^^^^^^^^^^^^^^^^^ not found in this scope
[INFO] [stdout] 
[INFO] [stdout] 
[INFO] [stdout] error[E0405]: cannot find trait `DefinesNonPrefixCharacters` in this scope
[INFO] [stdout]   --> examples/custom-parameters.rs:13:6
[INFO] [stdout]    |
[INFO] [stdout] 13 | impl DefinesNonPrefixCharacters for MyParams {}
[INFO] [stdout]    |      ^^^^^^^^^^^^^^^^^^^^^^^^^^ not found in this scope
[INFO] [stdout] 
[INFO] [stdout] 
[INFO] [stdout] error[E0405]: cannot find trait `DefinesNonWordCharacters` in this scope
[INFO] [stdout]   --> examples/custom-parameters.rs:14:6
[INFO] [stdout]    |
[INFO] [stdout] 14 | impl DefinesNonWordCharacters for MyParams {
[INFO] [stdout]    |      ^^^^^^^^^^^^^^^^^^^^^^^^ not found in this scope
[INFO] [stdout] 
[INFO] [stdout] 
[INFO] [stdout] error[E0412]: cannot find type `Set` in this scope
[INFO] [stdout]   --> examples/custom-parameters.rs:15:33
[INFO] [stdout]    |
[INFO] [stdout] 15 |   const NONWORD_CHARS: &'static Set<char> = &phf_set![
[INFO] [stdout]    |                                 ^^^ not found in this scope
[INFO] [stdout]    |
[INFO] [stdout] help: consider importing this struct
[INFO] [stdout]    |
[INFO] [stdout] 6  + use phf::Set;
[INFO] [stdout]    |
[INFO] [stdout] 
[INFO] [stdout] 
[INFO] [stdout] error[E0405]: cannot find trait `DefinesPunctuation` in this scope
[INFO] [stdout]   --> examples/custom-parameters.rs:19:6
[INFO] [stdout]    |
[INFO] [stdout] 19 | impl DefinesPunctuation for MyParams {}
[INFO] [stdout]    |      ^^^^^^^^^^^^^^^^^^ not found in this scope
[INFO] [stdout] 
[INFO] [stdout] 
[INFO] [stdout] error[E0405]: cannot find trait `DefinesSentenceEndings` in this scope
[INFO] [stdout]   --> examples/custom-parameters.rs:20:6
[INFO] [stdout]    |
[INFO] [stdout] 20 | impl DefinesSentenceEndings for MyParams {}
[INFO] [stdout]    |      ^^^^^^^^^^^^^^^^^^^^^^ not found in this scope
[INFO] [stdout] 
[INFO] [stdout] 
[INFO] [stdout] error[E0405]: cannot find trait `TrainerParameters` in this scope
[INFO] [stdout]   --> examples/custom-parameters.rs:22:6
[INFO] [stdout]    |
[INFO] [stdout] 22 | impl TrainerParameters for MyParams {
[INFO] [stdout]    |      ^^^^^^^^^^^^^^^^^ not found in this scope
[INFO] [stdout] 
[INFO] [stdout] 
[INFO] [stdout] Some errors have detailed explanations: E0405, E0412, E0463.
[INFO] [stdout] 
[INFO] [stdout] For more information about an error, try `rustc --explain E0405`.
[INFO] [stdout] 
[INFO] [stderr] error: could not compile `punkt_n` (example "custom-parameters") due to 8 previous errors
[INFO] running `Command { std: "docker" "inspect" "8599c12012090eee2b7702bb524ad8f334fba7c0d4b737df0cff3bc41aca2ff3", kill_on_drop: false }`
[INFO] running `Command { std: "docker" "rm" "-f" "8599c12012090eee2b7702bb524ad8f334fba7c0d4b737df0cff3bc41aca2ff3", kill_on_drop: false }`
[INFO] [stdout] 8599c12012090eee2b7702bb524ad8f334fba7c0d4b737df0cff3bc41aca2ff3
