[INFO] fetching crate pulldown-latex 0.7.0...
[INFO] testing pulldown-latex-0.7.0 against nightly-2024-10-28 for randomize-layout
[INFO] extracting crate pulldown-latex 0.7.0 into /workspace/builds/worker-2-tc1/source
[INFO] validating manifest of crates.io crate pulldown-latex 0.7.0 on toolchain nightly-2024-10-28
[INFO] running `Command { std: CARGO_HOME="/workspace/cargo-home" RUSTUP_HOME="/workspace/rustup-home" "/workspace/cargo-home/bin/cargo" "+nightly-2024-10-28" "metadata" "--manifest-path" "Cargo.toml" "--no-deps", kill_on_drop: false }`
[INFO] removed /workspace/builds/worker-2-tc1/source/.cargo/config.toml
[INFO] started tweaking crates.io crate pulldown-latex 0.7.0
[INFO] removed 0 missing examples
[INFO] removed 0 missing tests
[INFO] finished tweaking crates.io crate pulldown-latex 0.7.0
[INFO] tweaked toml for crates.io crate pulldown-latex 0.7.0 written to /workspace/builds/worker-2-tc1/source/Cargo.toml
[INFO] crate crates.io crate pulldown-latex 0.7.0 already has a lockfile, it will not be regenerated
[INFO] running `Command { std: CARGO_HOME="/workspace/cargo-home" RUSTUP_HOME="/workspace/rustup-home" "/workspace/cargo-home/bin/cargo" "+nightly-2024-10-28" "fetch" "--manifest-path" "Cargo.toml", kill_on_drop: false }`
[INFO] [stderr]     Updating crates.io index
[INFO] [stderr]  Downloading crates ...
[INFO] [stderr]   Downloaded signal-hook-registry v1.1.1
[INFO] [stderr]   Downloaded cfg-if v0.1.2
[INFO] [stderr]   Downloaded socket2 v0.3.18
[INFO] [stderr]   Downloaded redox_syscall v0.1.0
[INFO] [stderr]   Downloaded remove_dir_all v0.5.0
[INFO] [stderr]   Downloaded arc-swap v0.4.0
[INFO] [stderr]   Downloaded ctor v0.1.0
[INFO] [stderr]   Downloaded foreign-types-shared v0.1.0
[INFO] [stderr]   Downloaded ntapi v0.3.0
[INFO] [stderr]   Downloaded same-file v1.0.1
[INFO] [stderr]   Downloaded ghost v0.1.4
[INFO] [stderr]   Downloaded gcc v0.3.3
[INFO] [stderr]   Downloaded fuchsia-zircon v0.3.1
[INFO] [stderr]   Downloaded anes v0.1.4
[INFO] [stderr]   Downloaded schannel v0.1.13
[INFO] [stderr]   Downloaded clap v4.2.0
[INFO] [stderr]   Downloaded openssl-sys v0.9.96
[INFO] [stderr]   Downloaded cookie v0.18.0
[INFO] [stderr]   Downloaded criterion v0.5.0
[INFO] [stderr]   Downloaded tower v0.4.1
[INFO] [stderr]   Downloaded syn v0.15.22
[INFO] [stderr]   Downloaded openssl v0.10.60
[INFO] [stderr]   Downloaded regex v1.5.1
[INFO] [stderr]   Downloaded rustix v0.37.0
[INFO] [stderr]   Downloaded regex-syntax v0.6.24
[INFO] [stderr]   Downloaded syn v1.0.67
[INFO] [stderr]   Downloaded clap_builder v4.2.0
[INFO] [stderr]   Downloaded fantoccini v0.21.0
[INFO] [stderr]   Downloaded either v1.0.0
[INFO] [stderr]   Downloaded linux-raw-sys v0.3.0
[INFO] [stderr]   Downloaded anyhow v1.0.0
[INFO] [stderr]   Downloaded openssl-probe v0.1.0
[INFO] [stderr]   Downloaded fnv v1.0.5
[INFO] [stderr]   Downloaded tempfile v3.0.2
[INFO] [stderr]   Downloaded rustversion v1.0.0
[INFO] [stderr]   Downloaded rand v0.4.1
[INFO] [stderr]   Downloaded serde v1.0.103
[INFO] [stderr]   Downloaded time v0.3.0
[INFO] [stderr]   Downloaded unicode-segmentation v1.2.0
[INFO] [stderr]   Downloaded serde_derive v1.0.103
[INFO] [stderr]   Downloaded futures-channel v0.3.0
[INFO] [stderr]   Downloaded socket2 v0.5.0
[INFO] [stderr]   Downloaded webdriver v0.50.0
[INFO] [stderr]   Downloaded quote v0.6.10
[INFO] [stderr]   Downloaded inventory v0.3.0
[INFO] [stderr]   Downloaded io-lifetimes v1.0.1
[INFO] [stderr]   Downloaded anstream v0.2.5
[INFO] [stderr]   Downloaded libtest-mimic v0.7.3
[INFO] [stderr]   Downloaded walkdir v2.3.0
[INFO] [stderr]   Downloaded core-foundation v0.6.3
[INFO] [stderr]   Downloaded lazy_static v1.0.0
[INFO] [stderr]   Downloaded unicase v2.0.0
[INFO] [stderr]   Downloaded mime v0.3.9
[INFO] [stderr]   Downloaded pkg-config v0.3.9
[INFO] [stderr]   Downloaded tinyvec v1.0.0
[INFO] [stderr]   Downloaded proc-macro2 v0.4.21
[INFO] [stderr]   Downloaded concolor-query v0.3.1
[INFO] [stderr]   Downloaded itoa v1.0.0
[INFO] [stderr]   Downloaded try-lock v0.2.0
[INFO] [stderr]   Downloaded foreign-types v0.3.1
[INFO] [stderr]   Downloaded thiserror-impl v1.0.0
[INFO] [stderr]   Downloaded thiserror v1.0.0
[INFO] [stderr]   Downloaded time-macros v0.2.0
[INFO] [stderr]   Downloaded anstyle-parse v0.1.0
[INFO] [stderr]   Downloaded clap_lex v0.4.0
[INFO] [stderr]   Downloaded fuchsia-zircon-sys v0.3.1
[INFO] running `Command { std: "docker" "create" "-v" "/var/lib/crater-agent-workspace/builds/worker-2-tc1/target:/opt/rustwide/target:rw,Z" "-v" "/var/lib/crater-agent-workspace/builds/worker-2-tc1/source:/opt/rustwide/workdir:ro,Z" "-v" "/var/lib/crater-agent-workspace/cargo-home:/opt/rustwide/cargo-home:ro,Z" "-v" "/var/lib/crater-agent-workspace/rustup-home:/opt/rustwide/rustup-home:ro,Z" "-e" "SOURCE_DIR=/opt/rustwide/workdir" "-e" "CARGO_TARGET_DIR=/opt/rustwide/target" "-e" "CARGO_HOME=/opt/rustwide/cargo-home" "-e" "RUSTUP_HOME=/opt/rustwide/rustup-home" "-w" "/opt/rustwide/workdir" "-m" "1610612736" "--user" "0:0" "--network" "none" "ghcr.io/rust-lang/crates-build-env/linux@sha256:4a844ea9eb2546a2d2c7022eacef16ef2e8229c7fbb2c7d4d55a9ceca922f72d" "/opt/rustwide/cargo-home/bin/cargo" "+nightly-2024-10-28" "metadata" "--no-deps" "--format-version=1", kill_on_drop: false }`
[INFO] [stdout] 5182cb5d0fc8177be24bd9a93eb73b1bd37f25ec0dd2e6c623975bfbf2f254e6
[INFO] running `Command { std: "docker" "start" "-a" "5182cb5d0fc8177be24bd9a93eb73b1bd37f25ec0dd2e6c623975bfbf2f254e6", kill_on_drop: false }`
[INFO] running `Command { std: "docker" "inspect" "5182cb5d0fc8177be24bd9a93eb73b1bd37f25ec0dd2e6c623975bfbf2f254e6", kill_on_drop: false }`
[INFO] running `Command { std: "docker" "rm" "-f" "5182cb5d0fc8177be24bd9a93eb73b1bd37f25ec0dd2e6c623975bfbf2f254e6", kill_on_drop: false }`
[INFO] [stdout] 5182cb5d0fc8177be24bd9a93eb73b1bd37f25ec0dd2e6c623975bfbf2f254e6
[INFO] running `Command { std: "docker" "create" "-v" "/var/lib/crater-agent-workspace/builds/worker-2-tc1/target:/opt/rustwide/target:rw,Z" "-v" "/var/lib/crater-agent-workspace/builds/worker-2-tc1/source:/opt/rustwide/workdir:ro,Z" "-v" "/var/lib/crater-agent-workspace/cargo-home:/opt/rustwide/cargo-home:ro,Z" "-v" "/var/lib/crater-agent-workspace/rustup-home:/opt/rustwide/rustup-home:ro,Z" "-e" "SOURCE_DIR=/opt/rustwide/workdir" "-e" "CARGO_TARGET_DIR=/opt/rustwide/target" "-e" "CARGO_INCREMENTAL=0" "-e" "RUST_BACKTRACE=full" "-e" "RUSTFLAGS=--cap-lints=forbid" "-e" "RUSTDOCFLAGS=--cap-lints=forbid" "-e" "CARGO_HOME=/opt/rustwide/cargo-home" "-e" "RUSTUP_HOME=/opt/rustwide/rustup-home" "-w" "/opt/rustwide/workdir" "-m" "1610612736" "--user" "0:0" "--network" "none" "ghcr.io/rust-lang/crates-build-env/linux@sha256:4a844ea9eb2546a2d2c7022eacef16ef2e8229c7fbb2c7d4d55a9ceca922f72d" "/opt/rustwide/cargo-home/bin/cargo" "+nightly-2024-10-28" "build" "--frozen" "--message-format=json", kill_on_drop: false }`
[INFO] [stdout] 52eaa3de577a7213e648c6b4a66f7996da917c5637b7956e30f59ecd3a791edd
[INFO] running `Command { std: "docker" "start" "-a" "52eaa3de577a7213e648c6b4a66f7996da917c5637b7956e30f59ecd3a791edd", kill_on_drop: false }`
[INFO] [stderr]    Compiling bumpalo v3.16.0
[INFO] [stderr]    Compiling pulldown-latex v0.7.0 (/opt/rustwide/workdir)
[INFO] [stderr]     Finished `dev` profile [unoptimized + debuginfo] target(s) in 1.76s
[INFO] running `Command { std: "docker" "inspect" "52eaa3de577a7213e648c6b4a66f7996da917c5637b7956e30f59ecd3a791edd", kill_on_drop: false }`
[INFO] running `Command { std: "docker" "rm" "-f" "52eaa3de577a7213e648c6b4a66f7996da917c5637b7956e30f59ecd3a791edd", kill_on_drop: false }`
[INFO] [stdout] 52eaa3de577a7213e648c6b4a66f7996da917c5637b7956e30f59ecd3a791edd
[INFO] running `Command { std: "docker" "create" "-v" "/var/lib/crater-agent-workspace/builds/worker-2-tc1/target:/opt/rustwide/target:rw,Z" "-v" "/var/lib/crater-agent-workspace/builds/worker-2-tc1/source:/opt/rustwide/workdir:ro,Z" "-v" "/var/lib/crater-agent-workspace/cargo-home:/opt/rustwide/cargo-home:ro,Z" "-v" "/var/lib/crater-agent-workspace/rustup-home:/opt/rustwide/rustup-home:ro,Z" "-e" "SOURCE_DIR=/opt/rustwide/workdir" "-e" "CARGO_TARGET_DIR=/opt/rustwide/target" "-e" "CARGO_INCREMENTAL=0" "-e" "RUST_BACKTRACE=full" "-e" "RUSTFLAGS=--cap-lints=forbid" "-e" "RUSTDOCFLAGS=--cap-lints=forbid" "-e" "CARGO_HOME=/opt/rustwide/cargo-home" "-e" "RUSTUP_HOME=/opt/rustwide/rustup-home" "-w" "/opt/rustwide/workdir" "-m" "1610612736" "--user" "0:0" "--network" "none" "ghcr.io/rust-lang/crates-build-env/linux@sha256:4a844ea9eb2546a2d2c7022eacef16ef2e8229c7fbb2c7d4d55a9ceca922f72d" "/opt/rustwide/cargo-home/bin/cargo" "+nightly-2024-10-28" "test" "--frozen" "--no-run" "--message-format=json", kill_on_drop: false }`
[INFO] [stdout] c102e24d807a7880102ce2c88d0ce1f6b76759bcfcb883908b51e143744c3fcc
[INFO] running `Command { std: "docker" "start" "-a" "c102e24d807a7880102ce2c88d0ce1f6b76759bcfcb883908b51e143744c3fcc", kill_on_drop: false }`
[INFO] [stderr]    Compiling proc-macro2 v1.0.75
[INFO] [stderr]    Compiling unicode-ident v1.0.0
[INFO] [stderr]    Compiling libc v0.2.139
[INFO] [stderr]    Compiling syn v1.0.67
[INFO] [stderr]    Compiling unicode-xid v0.2.0
[INFO] [stderr]    Compiling autocfg v1.0.0
[INFO] [stderr]    Compiling once_cell v1.14.0
[INFO] [stderr]    Compiling log v0.4.8
[INFO] [stderr]    Compiling cfg-if v0.1.2
[INFO] [stderr]    Compiling bytes v1.0.0
[INFO] [stderr]    Compiling cc v1.0.61
[INFO] [stderr]    Compiling pkg-config v0.3.9
[INFO] [stderr]    Compiling vcpkg v0.2.8
[INFO] [stderr]    Compiling pin-project-lite v0.2.6
[INFO] [stderr]    Compiling io-lifetimes v1.0.1
[INFO] [stderr]    Compiling bitflags v1.2.1
[INFO] [stderr]    Compiling itoa v0.4.7
[INFO] [stderr]    Compiling fnv v1.0.5
[INFO] [stderr]    Compiling lazy_static v1.0.0
[INFO] [stderr]    Compiling arc-swap v0.4.0
[INFO] [stderr]    Compiling serde v1.0.103
[INFO] [stderr]    Compiling crossbeam-utils v0.8.9
[INFO] [stderr]    Compiling rustix v0.37.0
[INFO] [stderr]    Compiling version_check v0.9.4
[INFO] [stderr]    Compiling slab v0.4.2
[INFO] [stderr]    Compiling linux-raw-sys v0.3.0
[INFO] [stderr]    Compiling ryu v1.0.0
[INFO] [stderr]    Compiling itoa v1.0.0
[INFO] [stderr]    Compiling semver v0.1.20
[INFO] [stderr]    Compiling proc-macro2 v0.4.21
[INFO] [stderr]    Compiling foreign-types-shared v0.1.0
[INFO] [stderr]    Compiling tokio v1.0.1
[INFO] [stderr]    Compiling memoffset v0.6.1
[INFO] [stderr]    Compiling crossbeam-epoch v0.9.9
[INFO] [stderr]    Compiling http v1.0.0
[INFO] [stderr]    Compiling quote v1.0.35
[INFO] [stderr]    Compiling utf8parse v0.2.1
[INFO] [stderr]    Compiling tinyvec_macros v0.1.0
[INFO] [stderr]    Compiling httparse v1.8.0
[INFO] [stderr]    Compiling openssl v0.10.60
[INFO] [stderr]    Compiling tinyvec v1.0.0
[INFO] [stderr]    Compiling anstyle-parse v0.1.0
[INFO] [stderr]    Compiling rustc_version v0.1.7
[INFO] [stderr]    Compiling foreign-types v0.3.1
[INFO] [stderr]    Compiling tracing-core v0.1.17
[INFO] [stderr]    Compiling native-tls v0.2.3
[INFO] [stderr]    Compiling concolor-override v1.0.0
[INFO] [stderr]    Compiling unicode-xid v0.1.0
[INFO] [stderr]    Compiling rayon-core v1.9.0
[INFO] [stderr]    Compiling percent-encoding v2.3.0
[INFO] [stderr]    Compiling syn v2.0.52
[INFO] [stderr]    Compiling bitflags v2.2.1
[INFO] [stderr]    Compiling anstyle v0.3.5
[INFO] [stderr]    Compiling concolor-query v0.3.1
[INFO] [stderr]    Compiling time-macros v0.2.0
[INFO] [stderr]    Compiling scopeguard v1.1.0
[INFO] [stderr]    Compiling try-lock v0.2.0
[INFO] [stderr]    Compiling unicase v2.0.0
[INFO] [stderr]    Compiling openssl-sys v0.9.96
[INFO] [stderr]    Compiling want v0.3.0
[INFO] [stderr]    Compiling cookie v0.16.0
[INFO] [stderr]    Compiling num-traits v0.2.14
[INFO] [stderr]    Compiling futures-channel v0.3.0
[INFO] [stderr]    Compiling tower-layer v0.3.1
[INFO] [stderr]    Compiling tower-service v0.3.0
[INFO] [stderr]    Compiling openssl-probe v0.1.0
[INFO] [stderr]    Compiling clap_lex v0.4.0
[INFO] [stderr]    Compiling either v1.0.0
[INFO] [stderr]    Compiling strsim v0.10.0
[INFO] [stderr]    Compiling heck v0.4.0
[INFO] [stderr]    Compiling unicode-bidi v0.3.10
[INFO] [stderr]    Compiling quote v0.6.10
[INFO] [stderr]    Compiling form_urlencoded v1.2.0
[INFO] [stderr]    Compiling crossbeam-channel v0.5.0
[INFO] [stderr]    Compiling crossbeam-deque v0.8.1
[INFO] [stderr]    Compiling cookie v0.18.0
[INFO] [stderr]    Compiling rayon v1.5.0
[INFO] [stderr]    Compiling http-body v1.0.0
[INFO] [stderr]    Compiling ciborium-io v0.2.0
[INFO] [stderr]    Compiling bytes v0.5.3
[INFO] [stderr]    Compiling half v1.6.0
[INFO] [stderr]    Compiling plotters-backend v0.3.0
[INFO] [stderr]    Compiling syn v0.15.22
[INFO] [stderr]    Compiling unicode-normalization v0.1.22
[INFO] [stderr]    Compiling num_cpus v1.16.0
[INFO] [stderr]    Compiling signal-hook-registry v1.1.1
[INFO] [stderr]    Compiling mio v0.7.6
[INFO] [stderr]    Compiling socket2 v0.5.0
[INFO] [stderr]    Compiling http v0.2.0
[INFO] [stderr]    Compiling ciborium-ll v0.2.0
[INFO] [stderr]    Compiling idna v0.4.0
[INFO] [stderr]    Compiling plotters-svg v0.3.0
[INFO] [stderr]    Compiling time v0.3.0
[INFO] [stderr]    Compiling itertools v0.10.0
[INFO] [stderr]    Compiling base64 v0.21.0
[INFO] [stderr]    Compiling regex-syntax v0.6.24
[INFO] [stderr]    Compiling same-file v1.0.1
[INFO] [stderr]    Compiling anyhow v1.0.0
[INFO] [stderr]    Compiling url v2.4.0
[INFO] [stderr]    Compiling unicode-segmentation v1.2.0
[INFO] [stderr]    Compiling cast v0.3.0
[INFO] [stderr]    Compiling walkdir v2.3.0
[INFO] [stderr]    Compiling is-terminal v0.4.6
[INFO] [stderr]    Compiling anstream v0.2.5
[INFO] [stderr]    Compiling plotters v0.3.1
[INFO] [stderr]    Compiling threadpool v1.8.1
[INFO] [stderr]    Compiling mime v0.3.9
[INFO] [stderr]    Compiling clap_builder v4.2.0
[INFO] [stderr]    Compiling regex v1.5.1
[INFO] [stderr]    Compiling rand v0.4.1
[INFO] [stderr]    Compiling criterion-plot v0.5.0
[INFO] [stderr]    Compiling termcolor v1.4.1
[INFO] [stderr]    Compiling remove_dir_all v0.5.0
[INFO] [stderr]    Compiling base64 v0.22.0
[INFO] [stderr]    Compiling anes v0.1.4
[INFO] [stderr]    Compiling oorandom v11.1.0
[INFO] [stderr]    Compiling heck v0.5.0
[INFO] [stdout] error[E0407]: method `backtrace` is not a member of trait `StdError`
[INFO] [stdout]    --> /opt/rustwide/cargo-home/registry/src/index.crates.io-6f17d22bba15001f/anyhow-1.0.0/src/context.rs:136:5
[INFO] [stdout]     |
[INFO] [stdout] 136 | /     fn backtrace(&self) -> Option<&Backtrace> {
[INFO] [stdout] 137 | |         self.error.backtrace()
[INFO] [stdout] 138 | |     }
[INFO] [stdout]     | |_____^ not a member of trait `StdError`
[INFO] [stdout] 
[INFO] [stdout] 
[INFO] [stdout] error[E0407]: method `backtrace` is not a member of trait `StdError`
[INFO] [stdout]    --> /opt/rustwide/cargo-home/registry/src/index.crates.io-6f17d22bba15001f/anyhow-1.0.0/src/context.rs:150:5
[INFO] [stdout]     |
[INFO] [stdout] 150 | /     fn backtrace(&self) -> Option<&Backtrace> {
[INFO] [stdout] 151 | |         Some(self.error.backtrace())
[INFO] [stdout] 152 | |     }
[INFO] [stdout]     | |_____^ not a member of trait `StdError`
[INFO] [stdout] 
[INFO] [stdout] 
[INFO] [stdout] error[E0599]: no method named `backtrace` found for type parameter `E` in the current scope
[INFO] [stdout]    --> /opt/rustwide/cargo-home/registry/src/index.crates.io-6f17d22bba15001f/anyhow-1.0.0/src/context.rs:137:20
[INFO] [stdout]     |
[INFO] [stdout] 130 | impl<E, C> StdError for ContextError<E, C>
[INFO] [stdout]     |      - method `backtrace` not found for this type parameter
[INFO] [stdout] ...
[INFO] [stdout] 137 |         self.error.backtrace()
[INFO] [stdout]     |                    ^^^^^^^^^ method not found in `E`
[INFO] [stdout] 
[INFO] [stdout] 
[INFO] [stdout] error[E0599]: no method named `backtrace` found for type parameter `E` in the current scope
[INFO] [stdout]   --> /opt/rustwide/cargo-home/registry/src/index.crates.io-6f17d22bba15001f/anyhow-1.0.0/src/error.rs:41:37
[INFO] [stdout]    |
[INFO] [stdout] 34 |     pub fn new<E>(error: E) -> Self
[INFO] [stdout]    |                - method `backtrace` not found for this type parameter
[INFO] [stdout] ...
[INFO] [stdout] 41 |         let backtrace = match error.backtrace() {
[INFO] [stdout]    |                                     ^^^^^^^^^ method not found in `E`
[INFO] [stdout] 
[INFO] [stdout] 
[INFO] [stdout] error[E0599]: no method named `backtrace` found for reference `&(dyn std::error::Error + Send + Sync + 'static)` in the current scope
[INFO] [stdout]    --> /opt/rustwide/cargo-home/registry/src/index.crates.io-6f17d22bba15001f/anyhow-1.0.0/src/error.rs:159:44
[INFO] [stdout]     |
[INFO] [stdout] 159 |             .or_else(|| self.inner.error().backtrace())
[INFO] [stdout]     |                                            ^^^^^^^^^ method not found in `&dyn Error + Send + Sync`
[INFO] [stdout] 
[INFO] [stdout] 
[INFO] [stdout] Some errors have detailed explanations: E0407, E0599.
[INFO] [stdout] 
[INFO] [stdout] For more information about an error, try `rustc --explain E0407`.
[INFO] [stdout] 
[INFO] [stderr] error: could not compile `anyhow` (lib) due to 5 previous errors
[INFO] [stderr] warning: build failed, waiting for other jobs to finish...
[INFO] running `Command { std: "docker" "inspect" "c102e24d807a7880102ce2c88d0ce1f6b76759bcfcb883908b51e143744c3fcc", kill_on_drop: false }`
[INFO] running `Command { std: "docker" "rm" "-f" "c102e24d807a7880102ce2c88d0ce1f6b76759bcfcb883908b51e143744c3fcc", kill_on_drop: false }`
[INFO] [stdout] c102e24d807a7880102ce2c88d0ce1f6b76759bcfcb883908b51e143744c3fcc
