[INFO] fetching crate protox-parse 0.7.0...
[INFO] testing protox-parse-0.7.0 against nightly-2024-10-28 for randomize-layout
[INFO] extracting crate protox-parse 0.7.0 into /workspace/builds/worker-5-tc1/source
[INFO] validating manifest of crates.io crate protox-parse 0.7.0 on toolchain nightly-2024-10-28
[INFO] running `Command { std: CARGO_HOME="/workspace/cargo-home" RUSTUP_HOME="/workspace/rustup-home" "/workspace/cargo-home/bin/cargo" "+nightly-2024-10-28" "metadata" "--manifest-path" "Cargo.toml" "--no-deps", kill_on_drop: false }`
[INFO] started tweaking crates.io crate protox-parse 0.7.0
[INFO] finished tweaking crates.io crate protox-parse 0.7.0
[INFO] tweaked toml for crates.io crate protox-parse 0.7.0 written to /workspace/builds/worker-5-tc1/source/Cargo.toml
[INFO] running `Command { std: CARGO_HOME="/workspace/cargo-home" RUSTUP_HOME="/workspace/rustup-home" "/workspace/cargo-home/bin/cargo" "+nightly-2024-10-28" "generate-lockfile" "--manifest-path" "Cargo.toml", kill_on_drop: false }`
[INFO] [stderr]     Blocking waiting for file lock on package cache
[INFO] [stderr]     Updating crates.io index
[INFO] [stderr]     Blocking waiting for file lock on package cache
[INFO] [stderr]      Locking 68 packages to latest compatible versions
[INFO] running `Command { std: CARGO_HOME="/workspace/cargo-home" RUSTUP_HOME="/workspace/rustup-home" "/workspace/cargo-home/bin/cargo" "+nightly-2024-10-28" "fetch" "--manifest-path" "Cargo.toml", kill_on_drop: false }`
[INFO] [stderr]     Blocking waiting for file lock on package cache
[INFO] running `Command { std: "docker" "create" "-v" "/var/lib/crater-agent-workspace/builds/worker-5-tc1/target:/opt/rustwide/target:rw,Z" "-v" "/var/lib/crater-agent-workspace/builds/worker-5-tc1/source:/opt/rustwide/workdir:ro,Z" "-v" "/var/lib/crater-agent-workspace/cargo-home:/opt/rustwide/cargo-home:ro,Z" "-v" "/var/lib/crater-agent-workspace/rustup-home:/opt/rustwide/rustup-home:ro,Z" "-e" "SOURCE_DIR=/opt/rustwide/workdir" "-e" "CARGO_TARGET_DIR=/opt/rustwide/target" "-e" "CARGO_HOME=/opt/rustwide/cargo-home" "-e" "RUSTUP_HOME=/opt/rustwide/rustup-home" "-w" "/opt/rustwide/workdir" "-m" "1610612736" "--user" "0:0" "--network" "none" "ghcr.io/rust-lang/crates-build-env/linux@sha256:4a844ea9eb2546a2d2c7022eacef16ef2e8229c7fbb2c7d4d55a9ceca922f72d" "/opt/rustwide/cargo-home/bin/cargo" "+nightly-2024-10-28" "metadata" "--no-deps" "--format-version=1", kill_on_drop: false }`
[INFO] [stdout] c4cf805eb1b3c8982ee501f0548e5b328d77ba1ebe0521ecd8bf63e83f993b89
[INFO] running `Command { std: "docker" "start" "-a" "c4cf805eb1b3c8982ee501f0548e5b328d77ba1ebe0521ecd8bf63e83f993b89", kill_on_drop: false }`
[INFO] running `Command { std: "docker" "inspect" "c4cf805eb1b3c8982ee501f0548e5b328d77ba1ebe0521ecd8bf63e83f993b89", kill_on_drop: false }`
[INFO] running `Command { std: "docker" "rm" "-f" "c4cf805eb1b3c8982ee501f0548e5b328d77ba1ebe0521ecd8bf63e83f993b89", kill_on_drop: false }`
[INFO] [stdout] c4cf805eb1b3c8982ee501f0548e5b328d77ba1ebe0521ecd8bf63e83f993b89
[INFO] running `Command { std: "docker" "create" "-v" "/var/lib/crater-agent-workspace/builds/worker-5-tc1/target:/opt/rustwide/target:rw,Z" "-v" "/var/lib/crater-agent-workspace/builds/worker-5-tc1/source:/opt/rustwide/workdir:ro,Z" "-v" "/var/lib/crater-agent-workspace/cargo-home:/opt/rustwide/cargo-home:ro,Z" "-v" "/var/lib/crater-agent-workspace/rustup-home:/opt/rustwide/rustup-home:ro,Z" "-e" "SOURCE_DIR=/opt/rustwide/workdir" "-e" "CARGO_TARGET_DIR=/opt/rustwide/target" "-e" "CARGO_INCREMENTAL=0" "-e" "RUST_BACKTRACE=full" "-e" "RUSTFLAGS=--cap-lints=forbid" "-e" "RUSTDOCFLAGS=--cap-lints=forbid" "-e" "CARGO_HOME=/opt/rustwide/cargo-home" "-e" "RUSTUP_HOME=/opt/rustwide/rustup-home" "-w" "/opt/rustwide/workdir" "-m" "1610612736" "--user" "0:0" "--network" "none" "ghcr.io/rust-lang/crates-build-env/linux@sha256:4a844ea9eb2546a2d2c7022eacef16ef2e8229c7fbb2c7d4d55a9ceca922f72d" "/opt/rustwide/cargo-home/bin/cargo" "+nightly-2024-10-28" "build" "--frozen" "--message-format=json", kill_on_drop: false }`
[INFO] [stdout] 343d41224ba2cf1a2fab3078f674123bf5f06e0d76e154134bb028f37c262105
[INFO] running `Command { std: "docker" "start" "-a" "343d41224ba2cf1a2fab3078f674123bf5f06e0d76e154134bb028f37c262105", kill_on_drop: false }`
[INFO] [stderr]    Compiling either v1.13.0
[INFO] [stderr]    Compiling beef v0.5.2
[INFO] [stderr]    Compiling lazy_static v1.5.0
[INFO] [stderr]    Compiling regex-syntax v0.8.5
[INFO] [stderr]    Compiling anyhow v1.0.92
[INFO] [stderr]    Compiling fnv v1.0.7
[INFO] [stderr]    Compiling bytes v1.8.0
[INFO] [stderr]    Compiling syn v2.0.86
[INFO] [stderr]    Compiling unicode-width v0.1.14
[INFO] [stderr]    Compiling itertools v0.13.0
[INFO] [stderr]    Compiling logos-codegen v0.14.2
[INFO] [stderr]    Compiling thiserror-impl v1.0.66
[INFO] [stderr]    Compiling prost-derive v0.13.3
[INFO] [stderr]    Compiling miette-derive v7.2.0
[INFO] [stderr]    Compiling logos-derive v0.14.2
[INFO] [stderr]    Compiling logos v0.14.2
[INFO] [stderr]    Compiling thiserror v1.0.66
[INFO] [stderr]    Compiling miette v7.2.0
[INFO] [stderr]    Compiling prost v0.13.3
[INFO] [stderr]    Compiling prost-types v0.13.3
[INFO] [stderr]    Compiling protox-parse v0.7.0 (/opt/rustwide/workdir)
[INFO] [stderr]     Finished `dev` profile [unoptimized + debuginfo] target(s) in 16.84s
[INFO] running `Command { std: "docker" "inspect" "343d41224ba2cf1a2fab3078f674123bf5f06e0d76e154134bb028f37c262105", kill_on_drop: false }`
[INFO] running `Command { std: "docker" "rm" "-f" "343d41224ba2cf1a2fab3078f674123bf5f06e0d76e154134bb028f37c262105", kill_on_drop: false }`
[INFO] [stdout] 343d41224ba2cf1a2fab3078f674123bf5f06e0d76e154134bb028f37c262105
[INFO] running `Command { std: "docker" "create" "-v" "/var/lib/crater-agent-workspace/builds/worker-5-tc1/target:/opt/rustwide/target:rw,Z" "-v" "/var/lib/crater-agent-workspace/builds/worker-5-tc1/source:/opt/rustwide/workdir:ro,Z" "-v" "/var/lib/crater-agent-workspace/cargo-home:/opt/rustwide/cargo-home:ro,Z" "-v" "/var/lib/crater-agent-workspace/rustup-home:/opt/rustwide/rustup-home:ro,Z" "-e" "SOURCE_DIR=/opt/rustwide/workdir" "-e" "CARGO_TARGET_DIR=/opt/rustwide/target" "-e" "CARGO_INCREMENTAL=0" "-e" "RUST_BACKTRACE=full" "-e" "RUSTFLAGS=--cap-lints=forbid" "-e" "RUSTDOCFLAGS=--cap-lints=forbid" "-e" "CARGO_HOME=/opt/rustwide/cargo-home" "-e" "RUSTUP_HOME=/opt/rustwide/rustup-home" "-w" "/opt/rustwide/workdir" "-m" "1610612736" "--user" "0:0" "--network" "none" "ghcr.io/rust-lang/crates-build-env/linux@sha256:4a844ea9eb2546a2d2c7022eacef16ef2e8229c7fbb2c7d4d55a9ceca922f72d" "/opt/rustwide/cargo-home/bin/cargo" "+nightly-2024-10-28" "test" "--frozen" "--no-run" "--message-format=json", kill_on_drop: false }`
[INFO] [stdout] bede7eb472dfe877ab15fdfb5060bda97ddfb3b279228cb830ba5e447ae577fb
[INFO] running `Command { std: "docker" "start" "-a" "bede7eb472dfe877ab15fdfb5060bda97ddfb3b279228cb830ba5e447ae577fb", kill_on_drop: false }`
[INFO] [stderr]    Compiling libc v0.2.161
[INFO] [stderr]    Compiling fnv v1.0.7
[INFO] [stderr]    Compiling regex-syntax v0.8.5
[INFO] [stderr]    Compiling byteorder v1.5.0
[INFO] [stderr]    Compiling rustix v0.38.38
[INFO] [stderr]    Compiling linux-raw-sys v0.4.14
[INFO] [stderr]    Compiling bitflags v2.6.0
[INFO] [stderr]    Compiling zerocopy-derive v0.7.35
[INFO] [stderr]    Compiling libm v0.2.11
[INFO] [stderr]    Compiling autocfg v1.4.0
[INFO] [stderr]    Compiling once_cell v1.20.2
[INFO] [stderr]    Compiling fastrand v2.1.1
[INFO] [stderr]    Compiling bit-vec v0.6.3
[INFO] [stderr]    Compiling quick-error v1.2.3
[INFO] [stderr]    Compiling bit-set v0.5.3
[INFO] [stderr]    Compiling linked-hash-map v0.5.6
[INFO] [stderr]    Compiling num-traits v0.2.19
[INFO] [stderr]    Compiling similar v2.6.0
[INFO] [stderr]    Compiling unarray v0.1.4
[INFO] [stderr]    Compiling zerocopy v0.7.35
[INFO] [stderr]    Compiling getrandom v0.2.15
[INFO] [stderr]    Compiling wait-timeout v0.2.0
[INFO] [stderr]    Compiling console v0.15.8
[INFO] [stderr]    Compiling rand_core v0.6.4
[INFO] [stderr]    Compiling insta v1.41.1
[INFO] [stderr]    Compiling rand_xorshift v0.3.0
[INFO] [stderr]    Compiling ppv-lite86 v0.2.20
[INFO] [stderr]    Compiling rand_chacha v0.3.1
[INFO] [stderr]    Compiling logos-codegen v0.14.2
[INFO] [stderr]    Compiling rand v0.8.5
[INFO] [stderr]    Compiling tempfile v3.13.0
[INFO] [stderr]    Compiling rusty-fork v0.3.0
[INFO] [stderr]    Compiling proptest v1.5.0
[INFO] [stderr]    Compiling logos-derive v0.14.2
[INFO] [stderr]    Compiling logos v0.14.2
[INFO] [stderr]    Compiling protox-parse v0.7.0 (/opt/rustwide/workdir)
[INFO] [stdout] error[E0583]: file not found for module `tests`
[INFO] [stdout]  --> src/lex/mod.rs:2:1
[INFO] [stdout]   |
[INFO] [stdout] 2 | mod tests;
[INFO] [stdout]   | ^^^^^^^^^^
[INFO] [stdout]   |
[INFO] [stdout]   = help: to create the module `tests`, create file "src/lex/tests.rs" or "src/lex/tests/mod.rs"
[INFO] [stdout]   = note: if there is a `mod tests` elsewhere in the crate already, import it with `use crate::...` instead
[INFO] [stdout] 
[INFO] [stdout] 
[INFO] [stdout] error[E0583]: file not found for module `tests`
[INFO] [stdout]   --> src/parse/mod.rs:20:1
[INFO] [stdout]    |
[INFO] [stdout] 20 | mod tests;
[INFO] [stdout]    | ^^^^^^^^^^
[INFO] [stdout]    |
[INFO] [stdout]    = help: to create the module `tests`, create file "src/parse/tests.rs" or "src/parse/tests/mod.rs"
[INFO] [stdout]    = note: if there is a `mod tests` elsewhere in the crate already, import it with `use crate::...` instead
[INFO] [stdout] 
[INFO] [stdout] 
[INFO] [stdout] error[E0583]: file not found for module `tests`
[INFO] [stdout]   --> src/lib.rs:21:1
[INFO] [stdout]    |
[INFO] [stdout] 21 | mod tests;
[INFO] [stdout]    | ^^^^^^^^^^
[INFO] [stdout]    |
[INFO] [stdout]    = help: to create the module `tests`, create file "src/tests.rs" or "src/tests/mod.rs"
[INFO] [stdout]    = note: if there is a `mod tests` elsewhere in the crate already, import it with `use crate::...` instead
[INFO] [stdout] 
[INFO] [stdout] 
[INFO] [stdout] For more information about this error, try `rustc --explain E0583`.
[INFO] [stdout] 
[INFO] [stderr] error: could not compile `protox-parse` (lib test) due to 3 previous errors
[INFO] running `Command { std: "docker" "inspect" "bede7eb472dfe877ab15fdfb5060bda97ddfb3b279228cb830ba5e447ae577fb", kill_on_drop: false }`
[INFO] running `Command { std: "docker" "rm" "-f" "bede7eb472dfe877ab15fdfb5060bda97ddfb3b279228cb830ba5e447ae577fb", kill_on_drop: false }`
[INFO] [stdout] bede7eb472dfe877ab15fdfb5060bda97ddfb3b279228cb830ba5e447ae577fb
