[INFO] fetching crate protect-axum 0.1.2...
[INFO] testing protect-axum-0.1.2 against nightly-2024-10-28 for randomize-layout
[INFO] extracting crate protect-axum 0.1.2 into /workspace/builds/worker-7-tc1/source
[INFO] validating manifest of crates.io crate protect-axum 0.1.2 on toolchain nightly-2024-10-28
[INFO] running `Command { std: CARGO_HOME="/workspace/cargo-home" RUSTUP_HOME="/workspace/rustup-home" "/workspace/cargo-home/bin/cargo" "+nightly-2024-10-28" "metadata" "--manifest-path" "Cargo.toml" "--no-deps", kill_on_drop: false }`
[INFO] started tweaking crates.io crate protect-axum 0.1.2
[INFO] finished tweaking crates.io crate protect-axum 0.1.2
[INFO] tweaked toml for crates.io crate protect-axum 0.1.2 written to /workspace/builds/worker-7-tc1/source/Cargo.toml
[INFO] running `Command { std: CARGO_HOME="/workspace/cargo-home" RUSTUP_HOME="/workspace/rustup-home" "/workspace/cargo-home/bin/cargo" "+nightly-2024-10-28" "generate-lockfile" "--manifest-path" "Cargo.toml", kill_on_drop: false }`
[INFO] [stderr]     Updating crates.io index
[INFO] [stderr]      Locking 127 packages to latest compatible versions
[INFO] [stderr]       Adding parse-display v0.9.1 (available: v0.10.0)
[INFO] [stderr]       Adding tower v0.4.13 (available: v0.5.1)
[INFO] running `Command { std: CARGO_HOME="/workspace/cargo-home" RUSTUP_HOME="/workspace/rustup-home" "/workspace/cargo-home/bin/cargo" "+nightly-2024-10-28" "fetch" "--manifest-path" "Cargo.toml", kill_on_drop: false }`
[INFO] [stderr]  Downloading crates ...
[INFO] [stderr]   Downloaded parse-display v0.9.1
[INFO] [stderr]   Downloaded protect-endpoints-core v0.1.2
[INFO] [stderr]   Downloaded parse-display-derive v0.9.1
[INFO] [stderr]   Downloaded protect-endpoints-proc-macro v0.3.2
[INFO] running `Command { std: "docker" "create" "-v" "/var/lib/crater-agent-workspace/builds/worker-7-tc1/target:/opt/rustwide/target:rw,Z" "-v" "/var/lib/crater-agent-workspace/builds/worker-7-tc1/source:/opt/rustwide/workdir:ro,Z" "-v" "/var/lib/crater-agent-workspace/cargo-home:/opt/rustwide/cargo-home:ro,Z" "-v" "/var/lib/crater-agent-workspace/rustup-home:/opt/rustwide/rustup-home:ro,Z" "-e" "SOURCE_DIR=/opt/rustwide/workdir" "-e" "CARGO_TARGET_DIR=/opt/rustwide/target" "-e" "CARGO_HOME=/opt/rustwide/cargo-home" "-e" "RUSTUP_HOME=/opt/rustwide/rustup-home" "-w" "/opt/rustwide/workdir" "-m" "1610612736" "--user" "0:0" "--network" "none" "ghcr.io/rust-lang/crates-build-env/linux@sha256:4a844ea9eb2546a2d2c7022eacef16ef2e8229c7fbb2c7d4d55a9ceca922f72d" "/opt/rustwide/cargo-home/bin/cargo" "+nightly-2024-10-28" "metadata" "--no-deps" "--format-version=1", kill_on_drop: false }`
[INFO] [stdout] ac7fa13fdb501b71f69e2953b60fddb12a44968dd7819fcf90e3c4495f751dc8
[INFO] running `Command { std: "docker" "start" "-a" "ac7fa13fdb501b71f69e2953b60fddb12a44968dd7819fcf90e3c4495f751dc8", kill_on_drop: false }`
[INFO] running `Command { std: "docker" "inspect" "ac7fa13fdb501b71f69e2953b60fddb12a44968dd7819fcf90e3c4495f751dc8", kill_on_drop: false }`
[INFO] running `Command { std: "docker" "rm" "-f" "ac7fa13fdb501b71f69e2953b60fddb12a44968dd7819fcf90e3c4495f751dc8", kill_on_drop: false }`
[INFO] [stdout] ac7fa13fdb501b71f69e2953b60fddb12a44968dd7819fcf90e3c4495f751dc8
[INFO] running `Command { std: "docker" "create" "-v" "/var/lib/crater-agent-workspace/builds/worker-7-tc1/target:/opt/rustwide/target:rw,Z" "-v" "/var/lib/crater-agent-workspace/builds/worker-7-tc1/source:/opt/rustwide/workdir:ro,Z" "-v" "/var/lib/crater-agent-workspace/cargo-home:/opt/rustwide/cargo-home:ro,Z" "-v" "/var/lib/crater-agent-workspace/rustup-home:/opt/rustwide/rustup-home:ro,Z" "-e" "SOURCE_DIR=/opt/rustwide/workdir" "-e" "CARGO_TARGET_DIR=/opt/rustwide/target" "-e" "CARGO_INCREMENTAL=0" "-e" "RUST_BACKTRACE=full" "-e" "RUSTFLAGS=--cap-lints=forbid" "-e" "RUSTDOCFLAGS=--cap-lints=forbid" "-e" "CARGO_HOME=/opt/rustwide/cargo-home" "-e" "RUSTUP_HOME=/opt/rustwide/rustup-home" "-w" "/opt/rustwide/workdir" "-m" "1610612736" "--user" "0:0" "--network" "none" "ghcr.io/rust-lang/crates-build-env/linux@sha256:4a844ea9eb2546a2d2c7022eacef16ef2e8229c7fbb2c7d4d55a9ceca922f72d" "/opt/rustwide/cargo-home/bin/cargo" "+nightly-2024-10-28" "build" "--frozen" "--message-format=json", kill_on_drop: false }`
[INFO] [stdout] a46d784e8d761575f23dfce0b5bb396856bb37df972729e6ef57c4960287836b
[INFO] running `Command { std: "docker" "start" "-a" "a46d784e8d761575f23dfce0b5bb396856bb37df972729e6ef57c4960287836b", kill_on_drop: false }`
[INFO] [stderr]    Compiling proc-macro2 v1.0.89
[INFO] [stderr]    Compiling unicode-ident v1.0.13
[INFO] [stderr]    Compiling fnv v1.0.7
[INFO] [stderr]    Compiling autocfg v1.4.0
[INFO] [stderr]    Compiling futures-task v0.3.31
[INFO] [stderr]    Compiling itoa v1.0.11
[INFO] [stderr]    Compiling futures-core v0.3.31
[INFO] [stderr]    Compiling pin-project-lite v0.2.15
[INFO] [stderr]    Compiling bytes v1.8.0
[INFO] [stderr]    Compiling pin-utils v0.1.0
[INFO] [stderr]    Compiling tower-layer v0.3.3
[INFO] [stderr]    Compiling tower-service v0.3.3
[INFO] [stderr]    Compiling strsim v0.11.1
[INFO] [stderr]    Compiling ident_case v1.0.1
[INFO] [stderr]    Compiling rustversion v1.0.18
[INFO] [stderr]    Compiling serde v1.0.214
[INFO] [stderr]    Compiling sync_wrapper v1.0.1
[INFO] [stderr]    Compiling sync_wrapper v0.1.2
[INFO] [stderr]    Compiling mime v0.3.17
[INFO] [stderr]    Compiling memchr v2.7.4
[INFO] [stderr]    Compiling matchit v0.7.3
[INFO] [stderr]    Compiling tower v0.4.13
[INFO] [stderr]    Compiling percent-encoding v2.3.1
[INFO] [stderr]    Compiling slab v0.4.9
[INFO] [stderr]    Compiling http v1.1.0
[INFO] [stderr]    Compiling quote v1.0.37
[INFO] [stderr]    Compiling syn v2.0.86
[INFO] [stderr]    Compiling http-body v1.0.1
[INFO] [stderr]    Compiling darling_core v0.20.10
[INFO] [stderr]    Compiling futures-macro v0.3.31
[INFO] [stderr]    Compiling async-trait v0.1.83
[INFO] [stderr]    Compiling pin-project-internal v1.1.7
[INFO] [stderr]    Compiling futures-util v0.3.31
[INFO] [stderr]    Compiling pin-project v1.1.7
[INFO] [stderr]    Compiling darling_macro v0.20.10
[INFO] [stderr]    Compiling darling v0.20.10
[INFO] [stderr]    Compiling protect-endpoints-proc-macro v0.3.2
[INFO] [stderr]    Compiling http-body-util v0.1.2
[INFO] [stderr]    Compiling tower v0.5.1
[INFO] [stderr]    Compiling protect-endpoints-core v0.1.2
[INFO] [stderr]    Compiling axum-core v0.4.5
[INFO] [stderr]    Compiling axum v0.7.7
[INFO] [stderr]    Compiling protect-axum v0.1.2 (/opt/rustwide/workdir)
[INFO] [stderr]     Finished `dev` profile [unoptimized + debuginfo] target(s) in 19.89s
[INFO] running `Command { std: "docker" "inspect" "a46d784e8d761575f23dfce0b5bb396856bb37df972729e6ef57c4960287836b", kill_on_drop: false }`
[INFO] running `Command { std: "docker" "rm" "-f" "a46d784e8d761575f23dfce0b5bb396856bb37df972729e6ef57c4960287836b", kill_on_drop: false }`
[INFO] [stdout] a46d784e8d761575f23dfce0b5bb396856bb37df972729e6ef57c4960287836b
[INFO] running `Command { std: "docker" "create" "-v" "/var/lib/crater-agent-workspace/builds/worker-7-tc1/target:/opt/rustwide/target:rw,Z" "-v" "/var/lib/crater-agent-workspace/builds/worker-7-tc1/source:/opt/rustwide/workdir:ro,Z" "-v" "/var/lib/crater-agent-workspace/cargo-home:/opt/rustwide/cargo-home:ro,Z" "-v" "/var/lib/crater-agent-workspace/rustup-home:/opt/rustwide/rustup-home:ro,Z" "-e" "SOURCE_DIR=/opt/rustwide/workdir" "-e" "CARGO_TARGET_DIR=/opt/rustwide/target" "-e" "CARGO_INCREMENTAL=0" "-e" "RUST_BACKTRACE=full" "-e" "RUSTFLAGS=--cap-lints=forbid" "-e" "RUSTDOCFLAGS=--cap-lints=forbid" "-e" "CARGO_HOME=/opt/rustwide/cargo-home" "-e" "RUSTUP_HOME=/opt/rustwide/rustup-home" "-w" "/opt/rustwide/workdir" "-m" "1610612736" "--user" "0:0" "--network" "none" "ghcr.io/rust-lang/crates-build-env/linux@sha256:4a844ea9eb2546a2d2c7022eacef16ef2e8229c7fbb2c7d4d55a9ceca922f72d" "/opt/rustwide/cargo-home/bin/cargo" "+nightly-2024-10-28" "test" "--frozen" "--no-run" "--message-format=json", kill_on_drop: false }`
[INFO] [stdout] a686c072ffdb97d575d043f174b669d358f7c4b15b7d4b5104e28eef63982245
[INFO] running `Command { std: "docker" "start" "-a" "a686c072ffdb97d575d043f174b669d358f7c4b15b7d4b5104e28eef63982245", kill_on_drop: false }`
[INFO] [stderr]    Compiling libc v0.2.161
[INFO] [stderr]    Compiling serde v1.0.214
[INFO] [stderr]    Compiling regex-syntax v0.8.5
[INFO] [stderr]    Compiling once_cell v1.20.2
[INFO] [stderr]    Compiling num-traits v0.2.19
[INFO] [stderr]    Compiling httparse v1.9.5
[INFO] [stderr]    Compiling shlex v1.3.0
[INFO] [stderr]    Compiling ryu v1.0.18
[INFO] [stderr]    Compiling serde_json v1.0.132
[INFO] [stderr]    Compiling log v0.4.22
[INFO] [stderr]    Compiling memchr v2.7.4
[INFO] [stderr]    Compiling syn v2.0.86
[INFO] [stderr]    Compiling futures-channel v0.3.31
[INFO] [stderr]    Compiling httpdate v1.0.3
[INFO] [stderr]    Compiling powerfmt v0.2.0
[INFO] [stderr]    Compiling thiserror v1.0.66
[INFO] [stderr]    Compiling smallvec v1.13.2
[INFO] [stderr]    Compiling tracing-core v0.1.32
[INFO] [stderr]    Compiling cc v1.1.31
[INFO] [stderr]    Compiling time-core v0.1.2
[INFO] [stderr]    Compiling num-conv v0.1.0
[INFO] [stderr]    Compiling form_urlencoded v1.2.1
[INFO] [stderr]    Compiling deranged v0.3.11
[INFO] [stderr]    Compiling aho-corasick v1.1.3
[INFO] [stderr]    Compiling cfg-if v1.0.0
[INFO] [stderr]    Compiling base64 v0.22.1
[INFO] [stderr]    Compiling untrusted v0.9.0
[INFO] [stderr]    Compiling spin v0.9.8
[INFO] [stderr]    Compiling iana-time-zone v0.1.61
[INFO] [stderr]    Compiling time-macros v0.2.18
[INFO] [stderr]    Compiling base64 v0.21.7
[INFO] [stderr]    Compiling tracing v0.1.40
[INFO] [stderr]    Compiling pem v3.0.4
[INFO] [stderr]    Compiling mio v1.0.2
[INFO] [stderr]    Compiling socket2 v0.5.7
[INFO] [stderr]    Compiling getrandom v0.2.15
[INFO] [stderr]    Compiling num-integer v0.1.46
[INFO] [stderr]    Compiling chrono v0.4.38
[INFO] [stderr]    Compiling ring v0.17.8
[INFO] [stderr]    Compiling num-bigint v0.4.6
[INFO] [stderr]    Compiling time v0.3.36
[INFO] [stderr]    Compiling regex-automata v0.4.8
[INFO] [stderr]    Compiling darling_core v0.20.10
[INFO] [stderr]    Compiling regex v1.11.1
[INFO] [stderr]    Compiling futures-macro v0.3.31
[INFO] [stderr]    Compiling serde_derive v1.0.214
[INFO] [stderr]    Compiling tokio-macros v2.4.0
[INFO] [stderr]    Compiling structmeta-derive v0.3.0
[INFO] [stderr]    Compiling async-trait v0.1.83
[INFO] [stderr]    Compiling pin-project-internal v1.1.7
[INFO] [stderr]    Compiling thiserror-impl v1.0.66
[INFO] [stderr]    Compiling tokio v1.41.0
[INFO] [stderr]    Compiling futures-util v0.3.31
[INFO] [stderr]    Compiling structmeta v0.3.0
[INFO] [stderr]    Compiling simple_asn1 v0.6.2
[INFO] [stderr]    Compiling pin-project v1.1.7
[INFO] [stderr]    Compiling darling_macro v0.20.10
[INFO] [stderr]    Compiling darling v0.20.10
[INFO] [stderr]    Compiling protect-endpoints-proc-macro v0.3.2
[INFO] [stderr]    Compiling parse-display-derive v0.9.1
[INFO] [stderr]    Compiling http-body-util v0.1.2
[INFO] [stderr]    Compiling protect-endpoints-core v0.1.2
[INFO] [stderr]    Compiling parse-display v0.9.1
[INFO] [stderr]    Compiling axum-core v0.4.5
[INFO] [stderr]    Compiling hyper v1.5.0
[INFO] [stderr]    Compiling tower v0.5.1
[INFO] [stderr]    Compiling hyper-util v0.1.10
[INFO] [stderr]    Compiling serde_path_to_error v0.1.16
[INFO] [stderr]    Compiling serde_urlencoded v0.7.1
[INFO] [stderr]    Compiling axum v0.7.7
[INFO] [stderr]    Compiling jsonwebtoken v9.3.0
[INFO] [stderr]    Compiling protect-axum v0.1.2 (/opt/rustwide/workdir)
[INFO] [stdout] error[E0432]: unresolved import `tower::ServiceExt`
[INFO] [stdout]    --> tests/authorities_check/manual_check/enum_type.rs:9:5
[INFO] [stdout]     |
[INFO] [stdout] 9   | use tower::ServiceExt;
[INFO] [stdout]     |     ^^^^^^^^^^^^^^^^^ no `ServiceExt` in the root
[INFO] [stdout]     |
[INFO] [stdout] note: found an item that was configured out
[INFO] [stdout]    --> /opt/rustwide/cargo-home/registry/src/index.crates.io-6f17d22bba15001f/tower-0.4.13/src/lib.rs:223:34
[INFO] [stdout]     |
[INFO] [stdout] 223 | pub use self::util::{service_fn, ServiceExt};
[INFO] [stdout]     |                                  ^^^^^^^^^^
[INFO] [stdout] note: the item is gated behind the `util` feature
[INFO] [stdout]    --> /opt/rustwide/cargo-home/registry/src/index.crates.io-6f17d22bba15001f/tower-0.4.13/src/lib.rs:220:7
[INFO] [stdout]     |
[INFO] [stdout] 220 | #[cfg(feature = "util")]
[INFO] [stdout]     |       ^^^^^^^^^^^^^^^^
[INFO] [stdout] help: a similar name exists in the module
[INFO] [stdout]     |
[INFO] [stdout] 9   | use tower::Service;
[INFO] [stdout]     |            ~~~~~~~
[INFO] [stdout] help: consider importing this trait instead
[INFO] [stdout]     |
[INFO] [stdout] 9   | use axum::ServiceExt;
[INFO] [stdout]     |     ~~~~~~~~~~~~~~~~
[INFO] [stdout] 
[INFO] [stdout] 
[INFO] [stdout] error[E0432]: unresolved import `tower::ServiceExt`
[INFO] [stdout]    --> tests/authorities_check/manual_check/string_type.rs:9:5
[INFO] [stdout]     |
[INFO] [stdout] 9   | use tower::ServiceExt;
[INFO] [stdout]     |     ^^^^^^^^^^^^^^^^^ no `ServiceExt` in the root
[INFO] [stdout]     |
[INFO] [stdout] note: found an item that was configured out
[INFO] [stdout]    --> /opt/rustwide/cargo-home/registry/src/index.crates.io-6f17d22bba15001f/tower-0.4.13/src/lib.rs:223:34
[INFO] [stdout]     |
[INFO] [stdout] 223 | pub use self::util::{service_fn, ServiceExt};
[INFO] [stdout]     |                                  ^^^^^^^^^^
[INFO] [stdout] note: the item is gated behind the `util` feature
[INFO] [stdout]    --> /opt/rustwide/cargo-home/registry/src/index.crates.io-6f17d22bba15001f/tower-0.4.13/src/lib.rs:220:7
[INFO] [stdout]     |
[INFO] [stdout] 220 | #[cfg(feature = "util")]
[INFO] [stdout]     |       ^^^^^^^^^^^^^^^^
[INFO] [stdout] help: a similar name exists in the module
[INFO] [stdout]     |
[INFO] [stdout] 9   | use tower::Service;
[INFO] [stdout]     |            ~~~~~~~
[INFO] [stdout] help: consider importing this trait instead
[INFO] [stdout]     |
[INFO] [stdout] 9   | use axum::ServiceExt;
[INFO] [stdout]     |     ~~~~~~~~~~~~~~~~
[INFO] [stdout] 
[INFO] [stdout] 
[INFO] [stdout] error[E0432]: unresolved import `tower::ServiceExt`
[INFO] [stdout]    --> tests/proc_macro/different_fn_types.rs:11:5
[INFO] [stdout]     |
[INFO] [stdout] 11  | use tower::ServiceExt;
[INFO] [stdout]     |     ^^^^^^^^^^^^^^^^^ no `ServiceExt` in the root
[INFO] [stdout]     |
[INFO] [stdout] note: found an item that was configured out
[INFO] [stdout]    --> /opt/rustwide/cargo-home/registry/src/index.crates.io-6f17d22bba15001f/tower-0.4.13/src/lib.rs:223:34
[INFO] [stdout]     |
[INFO] [stdout] 223 | pub use self::util::{service_fn, ServiceExt};
[INFO] [stdout]     |                                  ^^^^^^^^^^
[INFO] [stdout] note: the item is gated behind the `util` feature
[INFO] [stdout]    --> /opt/rustwide/cargo-home/registry/src/index.crates.io-6f17d22bba15001f/tower-0.4.13/src/lib.rs:220:7
[INFO] [stdout]     |
[INFO] [stdout] 220 | #[cfg(feature = "util")]
[INFO] [stdout]     |       ^^^^^^^^^^^^^^^^
[INFO] [stdout] help: a similar name exists in the module
[INFO] [stdout]     |
[INFO] [stdout] 11  | use tower::Service;
[INFO] [stdout]     |            ~~~~~~~
[INFO] [stdout] help: consider importing this trait instead
[INFO] [stdout]     |
[INFO] [stdout] 11  | use axum::ServiceExt;
[INFO] [stdout]     |     ~~~~~~~~~~~~~~~~
[INFO] [stdout] 
[INFO] [stdout] 
[INFO] [stdout] error[E0432]: unresolved import `tower::ServiceExt`
[INFO] [stdout]    --> tests/proc_macro/type_feature.rs:10:5
[INFO] [stdout]     |
[INFO] [stdout] 10  | use tower::ServiceExt;
[INFO] [stdout]     |     ^^^^^^^^^^^^^^^^^ no `ServiceExt` in the root
[INFO] [stdout]     |
[INFO] [stdout] note: found an item that was configured out
[INFO] [stdout]    --> /opt/rustwide/cargo-home/registry/src/index.crates.io-6f17d22bba15001f/tower-0.4.13/src/lib.rs:223:34
[INFO] [stdout]     |
[INFO] [stdout] 223 | pub use self::util::{service_fn, ServiceExt};
[INFO] [stdout]     |                                  ^^^^^^^^^^
[INFO] [stdout] note: the item is gated behind the `util` feature
[INFO] [stdout]    --> /opt/rustwide/cargo-home/registry/src/index.crates.io-6f17d22bba15001f/tower-0.4.13/src/lib.rs:220:7
[INFO] [stdout]     |
[INFO] [stdout] 220 | #[cfg(feature = "util")]
[INFO] [stdout]     |       ^^^^^^^^^^^^^^^^
[INFO] [stdout] help: a similar name exists in the module
[INFO] [stdout]     |
[INFO] [stdout] 10  | use tower::Service;
[INFO] [stdout]     |            ~~~~~~~
[INFO] [stdout] help: consider importing this trait instead
[INFO] [stdout]     |
[INFO] [stdout] 10  | use axum::ServiceExt;
[INFO] [stdout]     |     ~~~~~~~~~~~~~~~~
[INFO] [stdout] 
[INFO] [stdout] 
[INFO] [stdout] error[E0599]: no method named `oneshot` found for struct `Router` in the current scope
[INFO] [stdout]    --> tests/authorities_check/manual_check/enum_type.rs:52:9
[INFO] [stdout]     |
[INFO] [stdout] 52  |     app.oneshot(
[INFO] [stdout]     |     ----^^^^^^^
[INFO] [stdout]     |
[INFO] [stdout]    ::: /opt/rustwide/cargo-home/registry/src/index.crates.io-6f17d22bba15001f/tower-0.5.1/src/util/mod.rs:85:8
[INFO] [stdout]     |
[INFO] [stdout] 85  |     fn oneshot(self, req: Request) -> Oneshot<Self, Request>
[INFO] [stdout]     |        ------- the method is available for `Router<_>` here
[INFO] [stdout]     |
[INFO] [stdout]     = help: items from traits can only be used if the trait is in scope
[INFO] [stdout] help: there is a method `nest` with a similar name, but with different arguments
[INFO] [stdout]    --> /opt/rustwide/cargo-home/registry/src/index.crates.io-6f17d22bba15001f/axum-0.7.7/src/routing/mod.rs:190:5
[INFO] [stdout]     |
[INFO] [stdout] 190 |     pub fn nest(self, path: &str, router: Router<S>) -> Self {
[INFO] [stdout]     |     ^^^^^^^^^^^^^^^^^^^^^^^^^^^^^^^^^^^^^^^^^^^^^^^^^^^^^^^^
[INFO] [stdout] help: trait `ServiceExt` which provides `oneshot` is implemented but not in scope; perhaps you want to import it
[INFO] [stdout]     |
[INFO] [stdout] 1   + use tower::util::ServiceExt;
[INFO] [stdout]     |
[INFO] [stdout] 
[INFO] [stdout] 
[INFO] [stdout] error[E0599]: no method named `oneshot` found for struct `Router` in the current scope
[INFO] [stdout]    --> tests/authorities_check/manual_check/string_type.rs:52:9
[INFO] [stdout]     |
[INFO] [stdout] 52  |     app.oneshot(
[INFO] [stdout]     |     ----^^^^^^^
[INFO] [stdout]     |
[INFO] [stdout]    ::: /opt/rustwide/cargo-home/registry/src/index.crates.io-6f17d22bba15001f/tower-0.5.1/src/util/mod.rs:85:8
[INFO] [stdout]     |
[INFO] [stdout] 85  |     fn oneshot(self, req: Request) -> Oneshot<Self, Request>
[INFO] [stdout]     |        ------- the method is available for `Router<_>` here
[INFO] [stdout]     |
[INFO] [stdout]     = help: items from traits can only be used if the trait is in scope
[INFO] [stdout] help: there is a method `nest` with a similar name, but with different arguments
[INFO] [stdout]    --> /opt/rustwide/cargo-home/registry/src/index.crates.io-6f17d22bba15001f/axum-0.7.7/src/routing/mod.rs:190:5
[INFO] [stdout]     |
[INFO] [stdout] 190 |     pub fn nest(self, path: &str, router: Router<S>) -> Self {
[INFO] [stdout]     |     ^^^^^^^^^^^^^^^^^^^^^^^^^^^^^^^^^^^^^^^^^^^^^^^^^^^^^^^^
[INFO] [stdout] help: trait `ServiceExt` which provides `oneshot` is implemented but not in scope; perhaps you want to import it
[INFO] [stdout]     |
[INFO] [stdout] 1   + use tower::util::ServiceExt;
[INFO] [stdout]     |
[INFO] [stdout] 
[INFO] [stdout] 
[INFO] [stdout] error[E0599]: no method named `oneshot` found for struct `Router` in the current scope
[INFO] [stdout]    --> tests/proc_macro/different_fn_types.rs:115:9
[INFO] [stdout]     |
[INFO] [stdout] 115 |     app.oneshot(
[INFO] [stdout]     |     ----^^^^^^^
[INFO] [stdout]     |
[INFO] [stdout]    ::: /opt/rustwide/cargo-home/registry/src/index.crates.io-6f17d22bba15001f/tower-0.5.1/src/util/mod.rs:85:8
[INFO] [stdout]     |
[INFO] [stdout] 85  |     fn oneshot(self, req: Request) -> Oneshot<Self, Request>
[INFO] [stdout]     |        ------- the method is available for `Router<_>` here
[INFO] [stdout]     |
[INFO] [stdout]     = help: items from traits can only be used if the trait is in scope
[INFO] [stdout] help: there is a method `nest` with a similar name, but with different arguments
[INFO] [stdout]    --> /opt/rustwide/cargo-home/registry/src/index.crates.io-6f17d22bba15001f/axum-0.7.7/src/routing/mod.rs:190:5
[INFO] [stdout]     |
[INFO] [stdout] 190 |     pub fn nest(self, path: &str, router: Router<S>) -> Self {
[INFO] [stdout]     |     ^^^^^^^^^^^^^^^^^^^^^^^^^^^^^^^^^^^^^^^^^^^^^^^^^^^^^^^^
[INFO] [stdout] help: trait `ServiceExt` which provides `oneshot` is implemented but not in scope; perhaps you want to import it
[INFO] [stdout]     |
[INFO] [stdout] 1   + use tower::util::ServiceExt;
[INFO] [stdout]     |
[INFO] [stdout] 
[INFO] [stdout] 
[INFO] [stdout] error[E0599]: no method named `oneshot` found for struct `Router` in the current scope
[INFO] [stdout]    --> tests/proc_macro/different_fn_types.rs:131:9
[INFO] [stdout]     |
[INFO] [stdout] 131 |     app.oneshot(
[INFO] [stdout]     |     ----^^^^^^^
[INFO] [stdout]     |
[INFO] [stdout]    ::: /opt/rustwide/cargo-home/registry/src/index.crates.io-6f17d22bba15001f/tower-0.5.1/src/util/mod.rs:85:8
[INFO] [stdout]     |
[INFO] [stdout] 85  |     fn oneshot(self, req: Request) -> Oneshot<Self, Request>
[INFO] [stdout]     |        ------- the method is available for `Router<_>` here
[INFO] [stdout]     |
[INFO] [stdout]     = help: items from traits can only be used if the trait is in scope
[INFO] [stdout] help: there is a method `nest` with a similar name, but with different arguments
[INFO] [stdout]    --> /opt/rustwide/cargo-home/registry/src/index.crates.io-6f17d22bba15001f/axum-0.7.7/src/routing/mod.rs:190:5
[INFO] [stdout]     |
[INFO] [stdout] 190 |     pub fn nest(self, path: &str, router: Router<S>) -> Self {
[INFO] [stdout]     |     ^^^^^^^^^^^^^^^^^^^^^^^^^^^^^^^^^^^^^^^^^^^^^^^^^^^^^^^^
[INFO] [stdout] help: trait `ServiceExt` which provides `oneshot` is implemented but not in scope; perhaps you want to import it
[INFO] [stdout]     |
[INFO] [stdout] 1   + use tower::util::ServiceExt;
[INFO] [stdout]     |
[INFO] [stdout] 
[INFO] [stdout] 
[INFO] [stdout] error[E0599]: no method named `oneshot` found for struct `Router` in the current scope
[INFO] [stdout]    --> tests/proc_macro/type_feature.rs:70:9
[INFO] [stdout]     |
[INFO] [stdout] 70  |     app.oneshot(
[INFO] [stdout]     |     ----^^^^^^^
[INFO] [stdout]     |
[INFO] [stdout]    ::: /opt/rustwide/cargo-home/registry/src/index.crates.io-6f17d22bba15001f/tower-0.5.1/src/util/mod.rs:85:8
[INFO] [stdout]     |
[INFO] [stdout] 85  |     fn oneshot(self, req: Request) -> Oneshot<Self, Request>
[INFO] [stdout]     |        ------- the method is available for `Router<_>` here
[INFO] [stdout]     |
[INFO] [stdout]     = help: items from traits can only be used if the trait is in scope
[INFO] [stdout] help: there is a method `nest` with a similar name, but with different arguments
[INFO] [stdout]    --> /opt/rustwide/cargo-home/registry/src/index.crates.io-6f17d22bba15001f/axum-0.7.7/src/routing/mod.rs:190:5
[INFO] [stdout]     |
[INFO] [stdout] 190 |     pub fn nest(self, path: &str, router: Router<S>) -> Self {
[INFO] [stdout]     |     ^^^^^^^^^^^^^^^^^^^^^^^^^^^^^^^^^^^^^^^^^^^^^^^^^^^^^^^^
[INFO] [stdout] help: trait `ServiceExt` which provides `oneshot` is implemented but not in scope; perhaps you want to import it
[INFO] [stdout]     |
[INFO] [stdout] 1   + use tower::util::ServiceExt;
[INFO] [stdout]     |
[INFO] [stdout] 
[INFO] [stdout] 
[INFO] [stdout] Some errors have detailed explanations: E0432, E0599.
[INFO] [stdout] 
[INFO] [stdout] For more information about an error, try `rustc --explain E0432`.
[INFO] [stdout] 
[INFO] [stderr] error: could not compile `protect-axum` (test "tests") due to 9 previous errors
[INFO] running `Command { std: "docker" "inspect" "a686c072ffdb97d575d043f174b669d358f7c4b15b7d4b5104e28eef63982245", kill_on_drop: false }`
[INFO] running `Command { std: "docker" "rm" "-f" "a686c072ffdb97d575d043f174b669d358f7c4b15b7d4b5104e28eef63982245", kill_on_drop: false }`
[INFO] [stdout] a686c072ffdb97d575d043f174b669d358f7c4b15b7d4b5104e28eef63982245
