[INFO] fetching crate prost-validate 0.2.6...
[INFO] testing prost-validate-0.2.6 against nightly-2024-10-28 for randomize-layout
[INFO] extracting crate prost-validate 0.2.6 into /workspace/builds/worker-4-tc1/source
[INFO] validating manifest of crates.io crate prost-validate 0.2.6 on toolchain nightly-2024-10-28
[INFO] running `Command { std: CARGO_HOME="/workspace/cargo-home" RUSTUP_HOME="/workspace/rustup-home" "/workspace/cargo-home/bin/cargo" "+nightly-2024-10-28" "metadata" "--manifest-path" "Cargo.toml" "--no-deps", kill_on_drop: false }`
[INFO] started tweaking crates.io crate prost-validate 0.2.6
[INFO] finished tweaking crates.io crate prost-validate 0.2.6
[INFO] tweaked toml for crates.io crate prost-validate 0.2.6 written to /workspace/builds/worker-4-tc1/source/Cargo.toml
[INFO] running `Command { std: CARGO_HOME="/workspace/cargo-home" RUSTUP_HOME="/workspace/rustup-home" "/workspace/cargo-home/bin/cargo" "+nightly-2024-10-28" "generate-lockfile" "--manifest-path" "Cargo.toml", kill_on_drop: false }`
[INFO] [stderr]     Updating crates.io index
[INFO] [stderr]     Blocking waiting for file lock on package cache
[INFO] [stderr]      Locking 146 packages to latest compatible versions
[INFO] running `Command { std: CARGO_HOME="/workspace/cargo-home" RUSTUP_HOME="/workspace/rustup-home" "/workspace/cargo-home/bin/cargo" "+nightly-2024-10-28" "fetch" "--manifest-path" "Cargo.toml", kill_on_drop: false }`
[INFO] [stderr]     Blocking waiting for file lock on package cache
[INFO] [stderr]  Downloading crates ...
[INFO] [stderr]   Downloaded prost-validate-derive v0.2.6
[INFO] [stderr]   Downloaded tonic-types v0.12.3
[INFO] running `Command { std: "docker" "create" "-v" "/var/lib/crater-agent-workspace/builds/worker-4-tc1/target:/opt/rustwide/target:rw,Z" "-v" "/var/lib/crater-agent-workspace/builds/worker-4-tc1/source:/opt/rustwide/workdir:ro,Z" "-v" "/var/lib/crater-agent-workspace/cargo-home:/opt/rustwide/cargo-home:ro,Z" "-v" "/var/lib/crater-agent-workspace/rustup-home:/opt/rustwide/rustup-home:ro,Z" "-e" "SOURCE_DIR=/opt/rustwide/workdir" "-e" "CARGO_TARGET_DIR=/opt/rustwide/target" "-e" "CARGO_HOME=/opt/rustwide/cargo-home" "-e" "RUSTUP_HOME=/opt/rustwide/rustup-home" "-w" "/opt/rustwide/workdir" "-m" "1610612736" "--user" "0:0" "--network" "none" "ghcr.io/rust-lang/crates-build-env/linux@sha256:4a844ea9eb2546a2d2c7022eacef16ef2e8229c7fbb2c7d4d55a9ceca922f72d" "/opt/rustwide/cargo-home/bin/cargo" "+nightly-2024-10-28" "metadata" "--no-deps" "--format-version=1", kill_on_drop: false }`
[INFO] [stdout] d0c3c5d47c778272862270d862c3b0ed600deecb27a70b1377cb09f59cadbc74
[INFO] running `Command { std: "docker" "start" "-a" "d0c3c5d47c778272862270d862c3b0ed600deecb27a70b1377cb09f59cadbc74", kill_on_drop: false }`
[INFO] running `Command { std: "docker" "inspect" "d0c3c5d47c778272862270d862c3b0ed600deecb27a70b1377cb09f59cadbc74", kill_on_drop: false }`
[INFO] running `Command { std: "docker" "rm" "-f" "d0c3c5d47c778272862270d862c3b0ed600deecb27a70b1377cb09f59cadbc74", kill_on_drop: false }`
[INFO] [stdout] d0c3c5d47c778272862270d862c3b0ed600deecb27a70b1377cb09f59cadbc74
[INFO] running `Command { std: "docker" "create" "-v" "/var/lib/crater-agent-workspace/builds/worker-4-tc1/target:/opt/rustwide/target:rw,Z" "-v" "/var/lib/crater-agent-workspace/builds/worker-4-tc1/source:/opt/rustwide/workdir:ro,Z" "-v" "/var/lib/crater-agent-workspace/cargo-home:/opt/rustwide/cargo-home:ro,Z" "-v" "/var/lib/crater-agent-workspace/rustup-home:/opt/rustwide/rustup-home:ro,Z" "-e" "SOURCE_DIR=/opt/rustwide/workdir" "-e" "CARGO_TARGET_DIR=/opt/rustwide/target" "-e" "CARGO_INCREMENTAL=0" "-e" "RUST_BACKTRACE=full" "-e" "RUSTFLAGS=--cap-lints=forbid" "-e" "RUSTDOCFLAGS=--cap-lints=forbid" "-e" "CARGO_HOME=/opt/rustwide/cargo-home" "-e" "RUSTUP_HOME=/opt/rustwide/rustup-home" "-w" "/opt/rustwide/workdir" "-m" "1610612736" "--user" "0:0" "--network" "none" "ghcr.io/rust-lang/crates-build-env/linux@sha256:4a844ea9eb2546a2d2c7022eacef16ef2e8229c7fbb2c7d4d55a9ceca922f72d" "/opt/rustwide/cargo-home/bin/cargo" "+nightly-2024-10-28" "build" "--frozen" "--message-format=json", kill_on_drop: false }`
[INFO] [stdout] 3ea3bdb1202b951a2ed22c389019b0210368e77bb84b83e727de226742672a9e
[INFO] running `Command { std: "docker" "start" "-a" "3ea3bdb1202b951a2ed22c389019b0210368e77bb84b83e727de226742672a9e", kill_on_drop: false }`
[INFO] [stderr]    Compiling bytes v1.8.0
[INFO] [stderr]    Compiling anyhow v1.0.92
[INFO] [stderr]    Compiling itertools v0.13.0
[INFO] [stderr]    Compiling time v0.3.36
[INFO] [stderr]    Compiling syn v2.0.86
[INFO] [stderr]    Compiling email_address v0.2.9
[INFO] [stderr]    Compiling http v1.1.0
[INFO] [stderr]    Compiling prost-derive v0.13.3
[INFO] [stderr]    Compiling thiserror-impl v1.0.66
[INFO] [stderr]    Compiling thiserror v1.0.66
[INFO] [stderr]    Compiling prost v0.13.3
[INFO] [stderr]    Compiling prost-types v0.13.3
[INFO] [stderr]    Compiling prost-validate v0.2.6 (/opt/rustwide/workdir)
[INFO] [stderr]     Finished `dev` profile [unoptimized + debuginfo] target(s) in 6.29s
[INFO] running `Command { std: "docker" "inspect" "3ea3bdb1202b951a2ed22c389019b0210368e77bb84b83e727de226742672a9e", kill_on_drop: false }`
[INFO] running `Command { std: "docker" "rm" "-f" "3ea3bdb1202b951a2ed22c389019b0210368e77bb84b83e727de226742672a9e", kill_on_drop: false }`
[INFO] [stdout] 3ea3bdb1202b951a2ed22c389019b0210368e77bb84b83e727de226742672a9e
[INFO] running `Command { std: "docker" "create" "-v" "/var/lib/crater-agent-workspace/builds/worker-4-tc1/target:/opt/rustwide/target:rw,Z" "-v" "/var/lib/crater-agent-workspace/builds/worker-4-tc1/source:/opt/rustwide/workdir:ro,Z" "-v" "/var/lib/crater-agent-workspace/cargo-home:/opt/rustwide/cargo-home:ro,Z" "-v" "/var/lib/crater-agent-workspace/rustup-home:/opt/rustwide/rustup-home:ro,Z" "-e" "SOURCE_DIR=/opt/rustwide/workdir" "-e" "CARGO_TARGET_DIR=/opt/rustwide/target" "-e" "CARGO_INCREMENTAL=0" "-e" "RUST_BACKTRACE=full" "-e" "RUSTFLAGS=--cap-lints=forbid" "-e" "RUSTDOCFLAGS=--cap-lints=forbid" "-e" "CARGO_HOME=/opt/rustwide/cargo-home" "-e" "RUSTUP_HOME=/opt/rustwide/rustup-home" "-w" "/opt/rustwide/workdir" "-m" "1610612736" "--user" "0:0" "--network" "none" "ghcr.io/rust-lang/crates-build-env/linux@sha256:4a844ea9eb2546a2d2c7022eacef16ef2e8229c7fbb2c7d4d55a9ceca922f72d" "/opt/rustwide/cargo-home/bin/cargo" "+nightly-2024-10-28" "test" "--frozen" "--no-run" "--message-format=json", kill_on_drop: false }`
[INFO] [stdout] 904753ad82b774e8516fec8df949a1edb1459db269391511edec1ca395b5e6be
[INFO] running `Command { std: "docker" "start" "-a" "904753ad82b774e8516fec8df949a1edb1459db269391511edec1ca395b5e6be", kill_on_drop: false }`
[INFO] [stderr]    Compiling bytes v1.8.0
[INFO] [stderr]    Compiling equivalent v1.0.1
[INFO] [stderr]    Compiling prettyplease v0.2.25
[INFO] [stderr]    Compiling linux-raw-sys v0.4.14
[INFO] [stderr]    Compiling hashbrown v0.15.0
[INFO] [stderr]    Compiling bitflags v2.6.0
[INFO] [stderr]    Compiling num-traits v0.2.19
[INFO] [stderr]    Compiling rustix v0.38.38
[INFO] [stderr]    Compiling fastrand v2.1.1
[INFO] [stderr]    Compiling fixedbitset v0.4.2
[INFO] [stderr]    Compiling cfg-if v1.0.0
[INFO] [stderr]    Compiling multimap v0.10.0
[INFO] [stderr]    Compiling log v0.4.22
[INFO] [stderr]    Compiling prost-derive v0.13.3
[INFO] [stderr]    Compiling prost-reflect-derive v0.14.0
[INFO] [stderr]    Compiling heck v0.5.0
[INFO] [stderr]    Compiling proc-macro-error-attr v1.0.4
[INFO] [stderr]    Compiling strsim v0.11.1
[INFO] [stderr]    Compiling syn v1.0.109
[INFO] [stderr]    Compiling proc-macro-error v1.0.4
[INFO] [stderr]    Compiling thiserror-impl v1.0.66
[INFO] [stderr]    Compiling darling_core v0.20.10
[INFO] [stderr]    Compiling indexmap v2.6.0
[INFO] [stderr]    Compiling ordered-float v2.10.1
[INFO] [stderr]    Compiling thiserror v1.0.66
[INFO] [stderr]    Compiling prost v0.13.3
[INFO] [stderr]    Compiling petgraph v0.6.5
[INFO] [stderr]    Compiling serde-value v0.7.0
[INFO] [stderr]    Compiling prost-types v0.13.3
[INFO] [stderr]    Compiling darling_macro v0.20.10
[INFO] [stderr]    Compiling tempfile v3.13.0
[INFO] [stderr]    Compiling darling v0.20.10
[INFO] [stderr]    Compiling prost-reflect v0.14.2
[INFO] [stderr]    Compiling prost-build v0.13.3
[INFO] [stderr]    Compiling prost-validate v0.2.6 (/opt/rustwide/workdir)
[INFO] [stderr]    Compiling prost-reflect-build v0.14.0
[INFO] [stderr]    Compiling prost-validate-types v0.2.6
[INFO] [stderr]    Compiling prost-validate-derive-core v0.2.6
[INFO] [stderr]    Compiling prost-validate-derive v0.2.6
[INFO] [stdout] error[E0433]: failed to resolve: use of undeclared crate or module `prost_validate`
[INFO] [stdout]   --> src/lib.rs:98:17
[INFO] [stdout]    |
[INFO] [stdout] 98 |         assert!(prost_validate::validate!(c).is_ok());
[INFO] [stdout]    |                 ^^^^^^^^^^^^^^ use of undeclared crate or module `prost_validate`
[INFO] [stdout] 
[INFO] [stdout] 
[INFO] [stdout] error[E0433]: failed to resolve: use of undeclared crate or module `prost_validate`
[INFO] [stdout]   --> src/lib.rs:93:17
[INFO] [stdout]    |
[INFO] [stdout] 93 |         assert!(prost_validate::validate!(b).is_ok());
[INFO] [stdout]    |                 ^^^^^^^^^^^^^^ use of undeclared crate or module `prost_validate`
[INFO] [stdout] 
[INFO] [stdout] 
[INFO] [stdout] error[E0433]: failed to resolve: use of undeclared crate or module `prost_validate`
[INFO] [stdout]   --> src/lib.rs:88:17
[INFO] [stdout]    |
[INFO] [stdout] 88 |         assert!(prost_validate::validate!(a).is_err());
[INFO] [stdout]    |                 ^^^^^^^^^^^^^^ use of undeclared crate or module `prost_validate`
[INFO] [stdout] 
[INFO] [stdout] 
[INFO] [stdout] error[E0433]: failed to resolve: use of undeclared crate or module `prost_validate`
[INFO] [stdout]   --> src/lib.rs:83:17
[INFO] [stdout]    |
[INFO] [stdout] 83 |         assert!(prost_validate::validate!(a).is_err());
[INFO] [stdout]    |                 ^^^^^^^^^^^^^^ use of undeclared crate or module `prost_validate`
[INFO] [stdout] 
[INFO] [stdout] 
[INFO] [stdout] error[E0433]: failed to resolve: could not find `prost_validate` in the list of imported crates
[INFO] [stdout]    --> src/error.rs:91:11
[INFO] [stdout]     |
[INFO] [stdout] 91  |         ::prost_validate::Error {
[INFO] [stdout]     |           ^^^^^^^^^^^^^^ could not find `prost_validate` in the list of imported crates
[INFO] [stdout] ...
[INFO] [stdout] 105 |         let err = format_err!("field", "something wrong");
[INFO] [stdout]     |                   --------------------------------------- in this macro invocation
[INFO] [stdout]     |
[INFO] [stdout]     = note: this error originates in the macro `format_err` (in Nightly builds, run with -Z macro-backtrace for more info)
[INFO] [stdout] 
[INFO] [stdout] 
[INFO] [stdout] error[E0433]: failed to resolve: could not find `prost_validate` in the list of imported crates
[INFO] [stdout]    --> src/error.rs:91:11
[INFO] [stdout]     |
[INFO] [stdout] 91  |         ::prost_validate::Error {
[INFO] [stdout]     |           ^^^^^^^^^^^^^^ could not find `prost_validate` in the list of imported crates
[INFO] [stdout] ...
[INFO] [stdout] 111 |         let err = format_err!("field", "something wrong: {}", "value");
[INFO] [stdout]     |                   ---------------------------------------------------- in this macro invocation
[INFO] [stdout]     |
[INFO] [stdout]     = note: this error originates in the macro `format_err` (in Nightly builds, run with -Z macro-backtrace for more info)
[INFO] [stdout] 
[INFO] [stdout] 
[INFO] [stdout] error[E0433]: failed to resolve: could not find `prost_validate` in the list of imported crates
[INFO] [stdout]    --> src/error.rs:91:11
[INFO] [stdout]     |
[INFO] [stdout] 91  |         ::prost_validate::Error {
[INFO] [stdout]     |           ^^^^^^^^^^^^^^ could not find `prost_validate` in the list of imported crates
[INFO] [stdout] ...
[INFO] [stdout] 119 |         let err = format_err!(field, "something wrong: {value}");
[INFO] [stdout]     |                   ---------------------------------------------- in this macro invocation
[INFO] [stdout]     |
[INFO] [stdout]     = note: this error originates in the macro `format_err` (in Nightly builds, run with -Z macro-backtrace for more info)
[INFO] [stdout] 
[INFO] [stdout] 
[INFO] [stdout] error[E0433]: failed to resolve: could not find `prost_validate` in the list of imported crates
[INFO] [stdout]    --> src/error.rs:93:24
[INFO] [stdout]     |
[INFO] [stdout] 93  |             details: ::prost_validate::errors::Error::InvalidRules(format!($($arg)*)),
[INFO] [stdout]     |                        ^^^^^^^^^^^^^^ could not find `prost_validate` in the list of imported crates
[INFO] [stdout] ...
[INFO] [stdout] 105 |         let err = format_err!("field", "something wrong");
[INFO] [stdout]     |                   --------------------------------------- in this macro invocation
[INFO] [stdout]     |
[INFO] [stdout]     = note: this error originates in the macro `format_err` (in Nightly builds, run with -Z macro-backtrace for more info)
[INFO] [stdout] help: consider importing one of these items
[INFO] [stdout]     |
[INFO] [stdout] 100 +     use crate::Error;
[INFO] [stdout]     |
[INFO] [stdout] 100 +     use crate::errors::Error;
[INFO] [stdout]     |
[INFO] [stdout] 100 +     use crate::errors::any::Error;
[INFO] [stdout]     |
[INFO] [stdout] 100 +     use crate::errors::bool::Error;
[INFO] [stdout]     |
[INFO] [stdout]       and 30 other candidates
[INFO] [stdout] 
[INFO] [stdout] 
[INFO] [stdout] error[E0433]: failed to resolve: could not find `prost_validate` in the list of imported crates
[INFO] [stdout]    --> src/error.rs:93:24
[INFO] [stdout]     |
[INFO] [stdout] 93  |             details: ::prost_validate::errors::Error::InvalidRules(format!($($arg)*)),
[INFO] [stdout]     |                        ^^^^^^^^^^^^^^ could not find `prost_validate` in the list of imported crates
[INFO] [stdout] ...
[INFO] [stdout] 111 |         let err = format_err!("field", "something wrong: {}", "value");
[INFO] [stdout]     |                   ---------------------------------------------------- in this macro invocation
[INFO] [stdout]     |
[INFO] [stdout]     = note: this error originates in the macro `format_err` (in Nightly builds, run with -Z macro-backtrace for more info)
[INFO] [stdout] help: consider importing one of these items
[INFO] [stdout]     |
[INFO] [stdout] 100 +     use crate::Error;
[INFO] [stdout]     |
[INFO] [stdout] 100 +     use crate::errors::Error;
[INFO] [stdout]     |
[INFO] [stdout] 100 +     use crate::errors::any::Error;
[INFO] [stdout]     |
[INFO] [stdout] 100 +     use crate::errors::bool::Error;
[INFO] [stdout]     |
[INFO] [stdout]       and 30 other candidates
[INFO] [stdout] 
[INFO] [stdout] 
[INFO] [stdout] error[E0433]: failed to resolve: could not find `prost_validate` in the list of imported crates
[INFO] [stdout]    --> src/error.rs:93:24
[INFO] [stdout]     |
[INFO] [stdout] 93  |             details: ::prost_validate::errors::Error::InvalidRules(format!($($arg)*)),
[INFO] [stdout]     |                        ^^^^^^^^^^^^^^ could not find `prost_validate` in the list of imported crates
[INFO] [stdout] ...
[INFO] [stdout] 119 |         let err = format_err!(field, "something wrong: {value}");
[INFO] [stdout]     |                   ---------------------------------------------- in this macro invocation
[INFO] [stdout]     |
[INFO] [stdout]     = note: this error originates in the macro `format_err` (in Nightly builds, run with -Z macro-backtrace for more info)
[INFO] [stdout] help: consider importing one of these items
[INFO] [stdout]     |
[INFO] [stdout] 100 +     use crate::Error;
[INFO] [stdout]     |
[INFO] [stdout] 100 +     use crate::errors::Error;
[INFO] [stdout]     |
[INFO] [stdout] 100 +     use crate::errors::any::Error;
[INFO] [stdout]     |
[INFO] [stdout] 100 +     use crate::errors::bool::Error;
[INFO] [stdout]     |
[INFO] [stdout]       and 30 other candidates
[INFO] [stdout] 
[INFO] [stdout] 
[INFO] [stdout] error[E0433]: failed to resolve: use of undeclared crate or module `prost_validate`
[INFO] [stdout]   --> src/lib.rs:71:17
[INFO] [stdout]    |
[INFO] [stdout] 71 |             Err(prost_validate::Error::new(
[INFO] [stdout]    |                 ^^^^^^^^^^^^^^ use of undeclared crate or module `prost_validate`
[INFO] [stdout]    |
[INFO] [stdout] help: consider importing one of these items
[INFO] [stdout]    |
[INFO] [stdout] 67 +     use crate::Error;
[INFO] [stdout]    |
[INFO] [stdout] 67 +     use crate::errors::Error;
[INFO] [stdout]    |
[INFO] [stdout] 67 +     use crate::errors::any::Error;
[INFO] [stdout]    |
[INFO] [stdout] 67 +     use crate::errors::bool::Error;
[INFO] [stdout]    |
[INFO] [stdout]      and 30 other candidates
[INFO] [stdout] help: if you import `Error`, refer to it directly
[INFO] [stdout]    |
[INFO] [stdout] 71 -             Err(prost_validate::Error::new(
[INFO] [stdout] 71 +             Err(Error::new(
[INFO] [stdout]    |
[INFO] [stdout] 
[INFO] [stdout] 
[INFO] [stdout] error[E0433]: failed to resolve: use of undeclared crate or module `prost_validate`
[INFO] [stdout]   --> src/lib.rs:73:17
[INFO] [stdout]    |
[INFO] [stdout] 73 |                 prost_validate::errors::Error::InvalidRules("failed".to_string()),
[INFO] [stdout]    |                 ^^^^^^^^^^^^^^ use of undeclared crate or module `prost_validate`
[INFO] [stdout]    |
[INFO] [stdout] help: consider importing one of these items
[INFO] [stdout]    |
[INFO] [stdout] 67 +     use crate::Error;
[INFO] [stdout]    |
[INFO] [stdout] 67 +     use crate::errors::Error;
[INFO] [stdout]    |
[INFO] [stdout] 67 +     use crate::errors::any::Error;
[INFO] [stdout]    |
[INFO] [stdout] 67 +     use crate::errors::bool::Error;
[INFO] [stdout]    |
[INFO] [stdout]      and 30 other candidates
[INFO] [stdout] help: if you import `Error`, refer to it directly
[INFO] [stdout]    |
[INFO] [stdout] 73 -                 prost_validate::errors::Error::InvalidRules("failed".to_string()),
[INFO] [stdout] 73 +                 Error::InvalidRules("failed".to_string()),
[INFO] [stdout]    |
[INFO] [stdout] 
[INFO] [stdout] 
[INFO] [stdout] warning: unused import: `crate::errors::message`
[INFO] [stdout]    --> src/error.rs:100:9
[INFO] [stdout]     |
[INFO] [stdout] 100 |     use crate::errors::message;
[INFO] [stdout]     |         ^^^^^^^^^^^^^^^^^^^^^^
[INFO] [stdout]     |
[INFO] [stdout]     = note: `#[warn(unused_imports)]` on by default
[INFO] [stdout] 
[INFO] [stdout] 
[INFO] [stdout] warning: unused import: `crate::Error`
[INFO] [stdout]    --> src/error.rs:101:9
[INFO] [stdout]     |
[INFO] [stdout] 101 |     use crate::Error;
[INFO] [stdout]     |         ^^^^^^^^^^^^
[INFO] [stdout] 
[INFO] [stdout] 
[INFO] [stdout] error[E0433]: failed to resolve: use of undeclared crate or module `prost_validate`
[INFO] [stdout]   --> src/lib.rs:69:10
[INFO] [stdout]    |
[INFO] [stdout] 69 |     impl prost_validate::Validator for A {
[INFO] [stdout]    |          ^^^^^^^^^^^^^^ use of undeclared crate or module `prost_validate`
[INFO] [stdout] 
[INFO] [stdout] 
[INFO] [stdout] error[E0433]: failed to resolve: use of undeclared crate or module `prost_validate`
[INFO] [stdout]   --> src/lib.rs:70:31
[INFO] [stdout]    |
[INFO] [stdout] 70 |         fn validate(&self) -> prost_validate::Result {
[INFO] [stdout]    |                               ^^^^^^^^^^^^^^ use of undeclared crate or module `prost_validate`
[INFO] [stdout] 
[INFO] [stdout] 
[INFO] [stdout] For more information about this error, try `rustc --explain E0433`.
[INFO] [stdout] 
[INFO] [stderr] error: could not compile `prost-validate` (lib test) due to 14 previous errors; 2 warnings emitted
[INFO] running `Command { std: "docker" "inspect" "904753ad82b774e8516fec8df949a1edb1459db269391511edec1ca395b5e6be", kill_on_drop: false }`
[INFO] running `Command { std: "docker" "rm" "-f" "904753ad82b774e8516fec8df949a1edb1459db269391511edec1ca395b5e6be", kill_on_drop: false }`
[INFO] [stdout] 904753ad82b774e8516fec8df949a1edb1459db269391511edec1ca395b5e6be
