[INFO] fetching crate prolog_parser_rebis 0.8.68...
[INFO] testing prolog_parser_rebis-0.8.68 against nightly-2024-10-28 for randomize-layout
[INFO] extracting crate prolog_parser_rebis 0.8.68 into /workspace/builds/worker-5-tc1/source
[INFO] validating manifest of crates.io crate prolog_parser_rebis 0.8.68 on toolchain nightly-2024-10-28
[INFO] running `Command { std: CARGO_HOME="/workspace/cargo-home" RUSTUP_HOME="/workspace/rustup-home" "/workspace/cargo-home/bin/cargo" "+nightly-2024-10-28" "metadata" "--manifest-path" "Cargo.toml" "--no-deps", kill_on_drop: false }`
[INFO] started tweaking crates.io crate prolog_parser_rebis 0.8.68
[INFO] finished tweaking crates.io crate prolog_parser_rebis 0.8.68
[INFO] tweaked toml for crates.io crate prolog_parser_rebis 0.8.68 written to /workspace/builds/worker-5-tc1/source/Cargo.toml
[INFO] running `Command { std: CARGO_HOME="/workspace/cargo-home" RUSTUP_HOME="/workspace/rustup-home" "/workspace/cargo-home/bin/cargo" "+nightly-2024-10-28" "generate-lockfile" "--manifest-path" "Cargo.toml", kill_on_drop: false }`
[INFO] [stderr]     Updating crates.io index
[INFO] [stderr]      Locking 38 packages to latest compatible versions
[INFO] [stderr]       Adding lexical v2.2.4 (available: v7.0.2)
[INFO] [stderr]       Adding ordered-float v0.5.2 (available: v4.4.0)
[INFO] running `Command { std: CARGO_HOME="/workspace/cargo-home" RUSTUP_HOME="/workspace/rustup-home" "/workspace/cargo-home/bin/cargo" "+nightly-2024-10-28" "fetch" "--manifest-path" "Cargo.toml", kill_on_drop: false }`
[INFO] [stderr] warning: no edition set: defaulting to the 2015 edition while the latest is 2021
[INFO] [stderr]  Downloading crates ...
[INFO] [stderr]   Downloaded num-rug-adapter v0.1.5
[INFO] [stderr]   Downloaded ordered-float v0.5.2
[INFO] [stderr]   Downloaded unicode_reader v1.0.2
[INFO] [stderr]   Downloaded lexical v2.2.4
[INFO] [stderr]   Downloaded lexical-core v0.4.8
[INFO] running `Command { std: "docker" "create" "-v" "/var/lib/crater-agent-workspace/builds/worker-5-tc1/target:/opt/rustwide/target:rw,Z" "-v" "/var/lib/crater-agent-workspace/builds/worker-5-tc1/source:/opt/rustwide/workdir:ro,Z" "-v" "/var/lib/crater-agent-workspace/cargo-home:/opt/rustwide/cargo-home:ro,Z" "-v" "/var/lib/crater-agent-workspace/rustup-home:/opt/rustwide/rustup-home:ro,Z" "-e" "SOURCE_DIR=/opt/rustwide/workdir" "-e" "CARGO_TARGET_DIR=/opt/rustwide/target" "-e" "CARGO_HOME=/opt/rustwide/cargo-home" "-e" "RUSTUP_HOME=/opt/rustwide/rustup-home" "-w" "/opt/rustwide/workdir" "-m" "1610612736" "--user" "0:0" "--network" "none" "ghcr.io/rust-lang/crates-build-env/linux@sha256:4a844ea9eb2546a2d2c7022eacef16ef2e8229c7fbb2c7d4d55a9ceca922f72d" "/opt/rustwide/cargo-home/bin/cargo" "+nightly-2024-10-28" "metadata" "--no-deps" "--format-version=1", kill_on_drop: false }`
[INFO] [stdout] 758e7572696b4eae62beada6b7db48d63d6fef2f7d64e8c45d7469615afee95c
[INFO] running `Command { std: "docker" "start" "-a" "758e7572696b4eae62beada6b7db48d63d6fef2f7d64e8c45d7469615afee95c", kill_on_drop: false }`
[INFO] running `Command { std: "docker" "inspect" "758e7572696b4eae62beada6b7db48d63d6fef2f7d64e8c45d7469615afee95c", kill_on_drop: false }`
[INFO] running `Command { std: "docker" "rm" "-f" "758e7572696b4eae62beada6b7db48d63d6fef2f7d64e8c45d7469615afee95c", kill_on_drop: false }`
[INFO] [stdout] 758e7572696b4eae62beada6b7db48d63d6fef2f7d64e8c45d7469615afee95c
[INFO] running `Command { std: "docker" "create" "-v" "/var/lib/crater-agent-workspace/builds/worker-5-tc1/target:/opt/rustwide/target:rw,Z" "-v" "/var/lib/crater-agent-workspace/builds/worker-5-tc1/source:/opt/rustwide/workdir:ro,Z" "-v" "/var/lib/crater-agent-workspace/cargo-home:/opt/rustwide/cargo-home:ro,Z" "-v" "/var/lib/crater-agent-workspace/rustup-home:/opt/rustwide/rustup-home:ro,Z" "-e" "SOURCE_DIR=/opt/rustwide/workdir" "-e" "CARGO_TARGET_DIR=/opt/rustwide/target" "-e" "CARGO_INCREMENTAL=0" "-e" "RUST_BACKTRACE=full" "-e" "RUSTFLAGS=--cap-lints=forbid" "-e" "RUSTDOCFLAGS=--cap-lints=forbid" "-e" "CARGO_HOME=/opt/rustwide/cargo-home" "-e" "RUSTUP_HOME=/opt/rustwide/rustup-home" "-w" "/opt/rustwide/workdir" "-m" "1610612736" "--user" "0:0" "--network" "none" "ghcr.io/rust-lang/crates-build-env/linux@sha256:4a844ea9eb2546a2d2c7022eacef16ef2e8229c7fbb2c7d4d55a9ceca922f72d" "/opt/rustwide/cargo-home/bin/cargo" "+nightly-2024-10-28" "build" "--frozen" "--message-format=json", kill_on_drop: false }`
[INFO] [stdout] 6812eca66f349aceae51804a325e0430fe7b440f38388e5bd884fdbffa3a68c0
[INFO] running `Command { std: "docker" "start" "-a" "6812eca66f349aceae51804a325e0430fe7b440f38388e5bd884fdbffa3a68c0", kill_on_drop: false }`
[INFO] [stderr] warning: no edition set: defaulting to the 2015 edition while the latest is 2021
[INFO] [stderr]    Compiling semver-parser v0.7.0
[INFO] [stderr]    Compiling num-traits v0.2.19
[INFO] [stderr]    Compiling libc v0.2.161
[INFO] [stderr]    Compiling arrayvec v0.4.12
[INFO] [stderr]    Compiling gmp-mpfr-sys v1.6.4
[INFO] [stderr]    Compiling az v1.2.1
[INFO] [stderr]    Compiling nodrop v0.1.14
[INFO] [stderr]    Compiling libm v0.2.11
[INFO] [stderr]    Compiling static_assertions v0.3.4
[INFO] [stderr]    Compiling semver v0.9.0
[INFO] [stderr]    Compiling void v1.0.2
[INFO] [stderr]    Compiling ryu v1.0.18
[INFO] [stderr]    Compiling cfg-if v0.1.10
[INFO] [stderr]    Compiling rug v1.26.1
[INFO] [stderr]    Compiling rustc_version v0.2.3
[INFO] [stderr]    Compiling unreachable v1.0.0
[INFO] [stderr]    Compiling unicode-segmentation v1.12.0
[INFO] [stderr]    Compiling lexical-core v0.4.8
[INFO] [stderr]    Compiling lexical v2.2.4
[INFO] [stderr]    Compiling smallvec v1.13.2
[INFO] [stderr]    Compiling unicode_reader v1.0.2
[INFO] [stderr]    Compiling num-traits v0.1.43
[INFO] [stderr]    Compiling ordered-float v0.5.2
[INFO] [stderr]    Compiling prolog_parser_rebis v0.8.68 (/opt/rustwide/workdir)
[INFO] [stderr]     Finished `dev` profile [unoptimized + debuginfo] target(s) in 4m 22s
[INFO] running `Command { std: "docker" "inspect" "6812eca66f349aceae51804a325e0430fe7b440f38388e5bd884fdbffa3a68c0", kill_on_drop: false }`
[INFO] running `Command { std: "docker" "rm" "-f" "6812eca66f349aceae51804a325e0430fe7b440f38388e5bd884fdbffa3a68c0", kill_on_drop: false }`
[INFO] [stdout] 6812eca66f349aceae51804a325e0430fe7b440f38388e5bd884fdbffa3a68c0
[INFO] running `Command { std: "docker" "create" "-v" "/var/lib/crater-agent-workspace/builds/worker-5-tc1/target:/opt/rustwide/target:rw,Z" "-v" "/var/lib/crater-agent-workspace/builds/worker-5-tc1/source:/opt/rustwide/workdir:ro,Z" "-v" "/var/lib/crater-agent-workspace/cargo-home:/opt/rustwide/cargo-home:ro,Z" "-v" "/var/lib/crater-agent-workspace/rustup-home:/opt/rustwide/rustup-home:ro,Z" "-e" "SOURCE_DIR=/opt/rustwide/workdir" "-e" "CARGO_TARGET_DIR=/opt/rustwide/target" "-e" "CARGO_INCREMENTAL=0" "-e" "RUST_BACKTRACE=full" "-e" "RUSTFLAGS=--cap-lints=forbid" "-e" "RUSTDOCFLAGS=--cap-lints=forbid" "-e" "CARGO_HOME=/opt/rustwide/cargo-home" "-e" "RUSTUP_HOME=/opt/rustwide/rustup-home" "-w" "/opt/rustwide/workdir" "-m" "1610612736" "--user" "0:0" "--network" "none" "ghcr.io/rust-lang/crates-build-env/linux@sha256:4a844ea9eb2546a2d2c7022eacef16ef2e8229c7fbb2c7d4d55a9ceca922f72d" "/opt/rustwide/cargo-home/bin/cargo" "+nightly-2024-10-28" "test" "--frozen" "--no-run" "--message-format=json", kill_on_drop: false }`
[INFO] [stdout] 7aef244be134e0bd5490d51e46188237db799eba6bb89ef34f8c851fe38033cb
[INFO] running `Command { std: "docker" "start" "-a" "7aef244be134e0bd5490d51e46188237db799eba6bb89ef34f8c851fe38033cb", kill_on_drop: false }`
[INFO] [stderr] warning: no edition set: defaulting to the 2015 edition while the latest is 2021
[INFO] [stderr]    Compiling prolog_parser_rebis v0.8.68 (/opt/rustwide/workdir)
[INFO] [stdout] error[E0463]: can't find crate for `prolog_parser`
[INFO] [stdout]  --> tests/bom.rs:1:1
[INFO] [stdout]   |
[INFO] [stdout] 1 | extern crate prolog_parser;
[INFO] [stdout]   | ^^^^^^^^^^^^^^^^^^^^^^^^^^^ can't find crate
[INFO] [stdout] 
[INFO] [stdout] 
[INFO] [stdout] error[E0463]: can't find crate for `prolog_parser`
[INFO] [stdout]  --> tests/parse_tokens.rs:1:1
[INFO] [stdout]   |
[INFO] [stdout] 1 | extern crate prolog_parser;
[INFO] [stdout]   | ^^^^^^^^^^^^^^^^^^^^^^^^^^^ can't find crate
[INFO] [stdout] 
[INFO] [stdout] 
[INFO] [stdout] error[E0425]: cannot find function `parsing_stream` in this scope
[INFO] [stdout]   --> tests/bom.rs:11:18
[INFO] [stdout]    |
[INFO] [stdout] 11 |     let stream = parsing_stream("valid text".as_bytes());
[INFO] [stdout]    |                  ^^^^^^^^^^^^^^ not found in this scope
[INFO] [stdout] 
[INFO] [stdout] 
[INFO] [stdout] error[E0425]: cannot find function `parsing_stream` in this scope
[INFO] [stdout]   --> tests/bom.rs:18:13
[INFO] [stdout]    |
[INFO] [stdout] 18 |     assert!(parsing_stream(bytes).is_ok());
[INFO] [stdout]    |             ^^^^^^^^^^^^^^ not found in this scope
[INFO] [stdout] 
[INFO] [stdout] 
[INFO] [stdout] error[E0433]: failed to resolve: use of undeclared type `MachineFlags`
[INFO] [stdout]   --> tests/bom.rs:24:17
[INFO] [stdout]    |
[INFO] [stdout] 24 |     let flags = MachineFlags::default();
[INFO] [stdout]    |                 ^^^^^^^^^^^^ use of undeclared type `MachineFlags`
[INFO] [stdout] 
[INFO] [stdout] 
[INFO] [stdout] error[E0425]: cannot find function `parsing_stream` in this scope
[INFO] [stdout]   --> tests/bom.rs:26:22
[INFO] [stdout]    |
[INFO] [stdout] 26 |     let mut stream = parsing_stream(bytes).expect("valid stream");
[INFO] [stdout]    |                      ^^^^^^^^^^^^^^ not found in this scope
[INFO] [stdout] 
[INFO] [stdout] 
[INFO] [stdout] error[E0425]: cannot find function `parsing_stream` in this scope
[INFO] [stdout]   --> tests/bom.rs:37:18
[INFO] [stdout]    |
[INFO] [stdout] 37 |     let stream = parsing_stream(bytes);
[INFO] [stdout]    |                  ^^^^^^^^^^^^^^ not found in this scope
[INFO] [stdout] 
[INFO] [stdout] 
[INFO] [stdout] error[E0433]: failed to resolve: use of undeclared type `ParserError`
[INFO] [stdout]   --> tests/bom.rs:39:13
[INFO] [stdout]    |
[INFO] [stdout] 39 |         Err(ParserError::Utf8Error(0, 0)) => (),
[INFO] [stdout]    |             ^^^^^^^^^^^ use of undeclared type `ParserError`
[INFO] [stdout] 
[INFO] [stdout] 
[INFO] [stdout] error[E0433]: failed to resolve: use of undeclared type `Constant`
[INFO] [stdout]   --> tests/bom.rs:29:28
[INFO] [stdout]    |
[INFO] [stdout] 29 |         Ok(Token::Constant(Constant::Fixnum(4))) => (),
[INFO] [stdout]    |                            ^^^^^^^^ use of undeclared type `Constant`
[INFO] [stdout] 
[INFO] [stdout] 
[INFO] [stdout] Some errors have detailed explanations: E0425, E0433, E0463.
[INFO] [stdout] 
[INFO] [stdout] For more information about an error, try `rustc --explain E0425`.
[INFO] [stdout] 
[INFO] [stderr] error: could not compile `prolog_parser_rebis` (test "bom") due to 8 previous errors
[INFO] [stderr] warning: build failed, waiting for other jobs to finish...
[INFO] [stdout] error[E0412]: cannot find type `ParserError` in this scope
[INFO] [stdout]  --> tests/parse_tokens.rs:9:54
[INFO] [stdout]   |
[INFO] [stdout] 9 | fn read_all_tokens(text: &str) -> Result<Vec<Token>, ParserError> {
[INFO] [stdout]   |                                                      ^^^^^^^^^^^ not found in this scope
[INFO] [stdout]   |
[INFO] [stdout] help: you might be missing a type parameter
[INFO] [stdout]   |
[INFO] [stdout] 9 | fn read_all_tokens<ParserError>(text: &str) -> Result<Vec<Token>, ParserError> {
[INFO] [stdout]   |                   +++++++++++++
[INFO] [stdout] 
[INFO] [stdout] 
[INFO] [stdout] error[E0412]: cannot find type `ParserError` in this scope
[INFO] [stdout]   --> tests/parse_tokens.rs:24:44
[INFO] [stdout]    |
[INFO] [stdout] 24 | fn empty_multiline_comment() -> Result<(), ParserError> {
[INFO] [stdout]    |                                            ^^^^^^^^^^^ not found in this scope
[INFO] [stdout]    |
[INFO] [stdout] help: you might be missing a type parameter
[INFO] [stdout]    |
[INFO] [stdout] 24 | fn empty_multiline_comment<ParserError>() -> Result<(), ParserError> {
[INFO] [stdout]    |                           +++++++++++++
[INFO] [stdout] 
[INFO] [stdout] 
[INFO] [stdout] error[E0412]: cannot find type `ParserError` in this scope
[INFO] [stdout]   --> tests/parse_tokens.rs:31:47
[INFO] [stdout]    |
[INFO] [stdout] 31 | fn any_char_multiline_comment() -> Result<(), ParserError> {
[INFO] [stdout]    |                                               ^^^^^^^^^^^ not found in this scope
[INFO] [stdout]    |
[INFO] [stdout] help: you might be missing a type parameter
[INFO] [stdout]    |
[INFO] [stdout] 31 | fn any_char_multiline_comment<ParserError>() -> Result<(), ParserError> {
[INFO] [stdout]    |                              +++++++++++++
[INFO] [stdout] 
[INFO] [stdout] 
[INFO] [stdout] error[E0412]: cannot find type `ParserError` in this scope
[INFO] [stdout]   --> tests/parse_tokens.rs:38:32
[INFO] [stdout]    |
[INFO] [stdout] 38 | fn simple_char() -> Result<(), ParserError> {
[INFO] [stdout]    |                                ^^^^^^^^^^^ not found in this scope
[INFO] [stdout]    |
[INFO] [stdout] help: you might be missing a type parameter
[INFO] [stdout]    |
[INFO] [stdout] 38 | fn simple_char<ParserError>() -> Result<(), ParserError> {
[INFO] [stdout]    |               +++++++++++++
[INFO] [stdout] 
[INFO] [stdout] 
[INFO] [stdout] error[E0412]: cannot find type `ParserError` in this scope
[INFO] [stdout]   --> tests/parse_tokens.rs:45:39
[INFO] [stdout]    |
[INFO] [stdout] 45 | fn char_with_meta_seq() -> Result<(), ParserError> {
[INFO] [stdout]    |                                       ^^^^^^^^^^^ not found in this scope
[INFO] [stdout]    |
[INFO] [stdout] help: you might be missing a type parameter
[INFO] [stdout]    |
[INFO] [stdout] 45 | fn char_with_meta_seq<ParserError>() -> Result<(), ParserError> {
[INFO] [stdout]    |                      +++++++++++++
[INFO] [stdout] 
[INFO] [stdout] 
[INFO] [stdout] error[E0412]: cannot find type `ParserError` in this scope
[INFO] [stdout]   --> tests/parse_tokens.rs:55:42
[INFO] [stdout]    |
[INFO] [stdout] 55 | fn char_with_control_seq() -> Result<(), ParserError> {
[INFO] [stdout]    |                                          ^^^^^^^^^^^ not found in this scope
[INFO] [stdout]    |
[INFO] [stdout] help: you might be missing a type parameter
[INFO] [stdout]    |
[INFO] [stdout] 55 | fn char_with_control_seq<ParserError>() -> Result<(), ParserError> {
[INFO] [stdout]    |                         +++++++++++++
[INFO] [stdout] 
[INFO] [stdout] 
[INFO] [stdout] error[E0412]: cannot find type `ParserError` in this scope
[INFO] [stdout]   --> tests/parse_tokens.rs:70:37
[INFO] [stdout]    |
[INFO] [stdout] 70 | fn char_with_octseq() -> Result<(), ParserError> {
[INFO] [stdout]    |                                     ^^^^^^^^^^^ not found in this scope
[INFO] [stdout]    |
[INFO] [stdout] help: you might be missing a type parameter
[INFO] [stdout]    |
[INFO] [stdout] 70 | fn char_with_octseq<ParserError>() -> Result<(), ParserError> {
[INFO] [stdout]    |                    +++++++++++++
[INFO] [stdout] 
[INFO] [stdout] 
[INFO] [stdout] error[E0412]: cannot find type `ParserError` in this scope
[INFO] [stdout]   --> tests/parse_tokens.rs:77:39
[INFO] [stdout]    |
[INFO] [stdout] 77 | fn char_with_octseq_0() -> Result<(), ParserError> {
[INFO] [stdout]    |                                       ^^^^^^^^^^^ not found in this scope
[INFO] [stdout]    |
[INFO] [stdout] help: you might be missing a type parameter
[INFO] [stdout]    |
[INFO] [stdout] 77 | fn char_with_octseq_0<ParserError>() -> Result<(), ParserError> {
[INFO] [stdout]    |                      +++++++++++++
[INFO] [stdout] 
[INFO] [stdout] 
[INFO] [stdout] error[E0412]: cannot find type `ParserError` in this scope
[INFO] [stdout]   --> tests/parse_tokens.rs:84:37
[INFO] [stdout]    |
[INFO] [stdout] 84 | fn char_with_hexseq() -> Result<(), ParserError> {
[INFO] [stdout]    |                                     ^^^^^^^^^^^ not found in this scope
[INFO] [stdout]    |
[INFO] [stdout] help: you might be missing a type parameter
[INFO] [stdout]    |
[INFO] [stdout] 84 | fn char_with_hexseq<ParserError>() -> Result<(), ParserError> {
[INFO] [stdout]    |                    +++++++++++++
[INFO] [stdout] 
[INFO] [stdout] 
[INFO] [stdout] error[E0412]: cannot find type `ParserError` in this scope
[INFO] [stdout]   --> tests/parse_tokens.rs:96:26
[INFO] [stdout]    |
[INFO] [stdout] 96 | fn empty() -> Result<(), ParserError> {
[INFO] [stdout]    |                          ^^^^^^^^^^^ not found in this scope
[INFO] [stdout]    |
[INFO] [stdout] help: you might be missing a type parameter
[INFO] [stdout]    |
[INFO] [stdout] 96 | fn empty<ParserError>() -> Result<(), ParserError> {
[INFO] [stdout]    |         +++++++++++++
[INFO] [stdout] 
[INFO] [stdout] 
[INFO] [stdout] error[E0412]: cannot find type `ParserError` in this scope
[INFO] [stdout]    --> tests/parse_tokens.rs:103:37
[INFO] [stdout]     |
[INFO] [stdout] 103 | fn comment_then_eof() -> Result<(), ParserError> {
[INFO] [stdout]     |                                     ^^^^^^^^^^^ not found in this scope
[INFO] [stdout]     |
[INFO] [stdout] help: you might be missing a type parameter
[INFO] [stdout]     |
[INFO] [stdout] 103 | fn comment_then_eof<ParserError>() -> Result<(), ParserError> {
[INFO] [stdout]     |                    +++++++++++++
[INFO] [stdout] 
[INFO] [stdout] 
[INFO] [stdout] error[E0433]: failed to resolve: use of undeclared type `MachineFlags`
[INFO] [stdout]   --> tests/parse_tokens.rs:11:17
[INFO] [stdout]    |
[INFO] [stdout] 11 |     let flags = MachineFlags::default();
[INFO] [stdout]    |                 ^^^^^^^^^^^^ use of undeclared type `MachineFlags`
[INFO] [stdout] 
[INFO] [stdout] 
[INFO] [stdout] error[E0425]: cannot find function `parsing_stream` in this scope
[INFO] [stdout]   --> tests/parse_tokens.rs:12:22
[INFO] [stdout]    |
[INFO] [stdout] 12 |     let mut stream = parsing_stream(text.as_bytes())?;
[INFO] [stdout]    |                      ^^^^^^^^^^^^^^ not found in this scope
[INFO] [stdout] 
[INFO] [stdout] 
[INFO] [stdout] error[E0433]: failed to resolve: use of undeclared type `Constant`
[INFO] [stdout]   --> tests/parse_tokens.rs:26:41
[INFO] [stdout]    |
[INFO] [stdout] 26 |     assert_eq!(tokens, [Token::Constant(Constant::Fixnum(4))]);
[INFO] [stdout]    |                                         ^^^^^^^^ use of undeclared type `Constant`
[INFO] [stdout] 
[INFO] [stdout] 
[INFO] [stdout] error[E0433]: failed to resolve: use of undeclared type `Constant`
[INFO] [stdout]   --> tests/parse_tokens.rs:33:41
[INFO] [stdout]    |
[INFO] [stdout] 33 |     assert_eq!(tokens, [Token::Constant(Constant::Fixnum(4))]);
[INFO] [stdout]    |                                         ^^^^^^^^ use of undeclared type `Constant`
[INFO] [stdout] 
[INFO] [stdout] 
[INFO] [stdout] error[E0433]: failed to resolve: use of undeclared type `Constant`
[INFO] [stdout]   --> tests/parse_tokens.rs:40:41
[INFO] [stdout]    |
[INFO] [stdout] 40 |     assert_eq!(tokens, [Token::Constant(Constant::Char('a'))]);
[INFO] [stdout]    |                                         ^^^^^^^^ use of undeclared type `Constant`
[INFO] [stdout] 
[INFO] [stdout] 
[INFO] [stdout] error[E0433]: failed to resolve: use of undeclared type `Constant`
[INFO] [stdout]   --> tests/parse_tokens.rs:47:41
[INFO] [stdout]    |
[INFO] [stdout] 47 |     assert_eq!(tokens, [Token::Constant(Constant::Char('\\')),
[INFO] [stdout]    |                                         ^^^^^^^^ use of undeclared type `Constant`
[INFO] [stdout] 
[INFO] [stdout] 
[INFO] [stdout] error[E0433]: failed to resolve: use of undeclared type `Constant`
[INFO] [stdout]   --> tests/parse_tokens.rs:48:21
[INFO] [stdout]    |
[INFO] [stdout] 48 |     Token::Constant(Constant::Char('\'')),
[INFO] [stdout]    |                     ^^^^^^^^ use of undeclared type `Constant`
[INFO] [stdout] 
[INFO] [stdout] 
[INFO] [stdout] error[E0433]: failed to resolve: use of undeclared type `Constant`
[INFO] [stdout]   --> tests/parse_tokens.rs:49:21
[INFO] [stdout]    |
[INFO] [stdout] 49 |     Token::Constant(Constant::Char('"')),
[INFO] [stdout]    |                     ^^^^^^^^ use of undeclared type `Constant`
[INFO] [stdout] 
[INFO] [stdout] 
[INFO] [stdout] error[E0433]: failed to resolve: use of undeclared type `Constant`
[INFO] [stdout]   --> tests/parse_tokens.rs:50:21
[INFO] [stdout]    |
[INFO] [stdout] 50 |     Token::Constant(Constant::Char('`'))]);
[INFO] [stdout]    |                     ^^^^^^^^ use of undeclared type `Constant`
[INFO] [stdout] 
[INFO] [stdout] 
[INFO] [stdout] error[E0433]: failed to resolve: use of undeclared type `Constant`
[INFO] [stdout]   --> tests/parse_tokens.rs:58:25
[INFO] [stdout]    |
[INFO] [stdout] 58 |         Token::Constant(Constant::Char('\u{07}')),
[INFO] [stdout]    |                         ^^^^^^^^ use of undeclared type `Constant`
[INFO] [stdout] 
[INFO] [stdout] 
[INFO] [stdout] error[E0433]: failed to resolve: use of undeclared type `Constant`
[INFO] [stdout]   --> tests/parse_tokens.rs:59:25
[INFO] [stdout]    |
[INFO] [stdout] 59 |         Token::Constant(Constant::Char('\u{08}')),
[INFO] [stdout]    |                         ^^^^^^^^ use of undeclared type `Constant`
[INFO] [stdout] 
[INFO] [stdout] 
[INFO] [stdout] error[E0433]: failed to resolve: use of undeclared type `Constant`
[INFO] [stdout]   --> tests/parse_tokens.rs:60:25
[INFO] [stdout]    |
[INFO] [stdout] 60 |         Token::Constant(Constant::Char('\r')),
[INFO] [stdout]    |                         ^^^^^^^^ use of undeclared type `Constant`
[INFO] [stdout] 
[INFO] [stdout] 
[INFO] [stdout] error[E0433]: failed to resolve: use of undeclared type `Constant`
[INFO] [stdout]   --> tests/parse_tokens.rs:61:25
[INFO] [stdout]    |
[INFO] [stdout] 61 |         Token::Constant(Constant::Char('\u{0c}')),
[INFO] [stdout]    |                         ^^^^^^^^ use of undeclared type `Constant`
[INFO] [stdout] 
[INFO] [stdout] 
[INFO] [stdout] error[E0433]: failed to resolve: use of undeclared type `Constant`
[INFO] [stdout]   --> tests/parse_tokens.rs:62:25
[INFO] [stdout]    |
[INFO] [stdout] 62 |         Token::Constant(Constant::Char('\t')),
[INFO] [stdout]    |                         ^^^^^^^^ use of undeclared type `Constant`
[INFO] [stdout] 
[INFO] [stdout] 
[INFO] [stdout] error[E0433]: failed to resolve: use of undeclared type `Constant`
[INFO] [stdout]   --> tests/parse_tokens.rs:63:25
[INFO] [stdout]    |
[INFO] [stdout] 63 |         Token::Constant(Constant::Char('\n')),
[INFO] [stdout]    |                         ^^^^^^^^ use of undeclared type `Constant`
[INFO] [stdout] 
[INFO] [stdout] 
[INFO] [stdout] error[E0433]: failed to resolve: use of undeclared type `Constant`
[INFO] [stdout]   --> tests/parse_tokens.rs:64:25
[INFO] [stdout]    |
[INFO] [stdout] 64 |         Token::Constant(Constant::Char('\u{0b}')),
[INFO] [stdout]    |                         ^^^^^^^^ use of undeclared type `Constant`
[INFO] [stdout] 
[INFO] [stdout] 
[INFO] [stdout] error[E0433]: failed to resolve: use of undeclared type `Constant`
[INFO] [stdout]   --> tests/parse_tokens.rs:72:41
[INFO] [stdout]    |
[INFO] [stdout] 72 |     assert_eq!(tokens, [Token::Constant(Constant::Char('愛'))]); // Japanese character
[INFO] [stdout]    |                                         ^^^^^^^^ use of undeclared type `Constant`
[INFO] [stdout] 
[INFO] [stdout] 
[INFO] [stdout] error[E0433]: failed to resolve: use of undeclared type `Constant`
[INFO] [stdout]   --> tests/parse_tokens.rs:79:41
[INFO] [stdout]    |
[INFO] [stdout] 79 |     assert_eq!(tokens, [Token::Constant(Constant::Char('\u{0000}'))]);
[INFO] [stdout]    |                                         ^^^^^^^^ use of undeclared type `Constant`
[INFO] [stdout] 
[INFO] [stdout] 
[INFO] [stdout] error[E0433]: failed to resolve: use of undeclared type `Constant`
[INFO] [stdout]   --> tests/parse_tokens.rs:86:41
[INFO] [stdout]    |
[INFO] [stdout] 86 |     assert_eq!(tokens, [Token::Constant(Constant::Char('ℤ'))]); // Z math symbol
[INFO] [stdout]    |                                         ^^^^^^^^ use of undeclared type `Constant`
[INFO] [stdout] 
[INFO] [stdout] 
[INFO] [stdout] Some errors have detailed explanations: E0412, E0425, E0433, E0463.
[INFO] [stdout] 
[INFO] [stdout] For more information about an error, try `rustc --explain E0412`.
[INFO] [stdout] 
[INFO] [stderr] error: could not compile `prolog_parser_rebis` (test "parse_tokens") due to 31 previous errors
[INFO] running `Command { std: "docker" "inspect" "7aef244be134e0bd5490d51e46188237db799eba6bb89ef34f8c851fe38033cb", kill_on_drop: false }`
[INFO] running `Command { std: "docker" "rm" "-f" "7aef244be134e0bd5490d51e46188237db799eba6bb89ef34f8c851fe38033cb", kill_on_drop: false }`
[INFO] [stdout] 7aef244be134e0bd5490d51e46188237db799eba6bb89ef34f8c851fe38033cb
