[INFO] fetching crate progscrape-application 0.0.1...
[INFO] testing progscrape-application-0.0.1 against nightly-2024-10-28 for randomize-layout
[INFO] extracting crate progscrape-application 0.0.1 into /workspace/builds/worker-4-tc1/source
[INFO] validating manifest of crates.io crate progscrape-application 0.0.1 on toolchain nightly-2024-10-28
[INFO] running `Command { std: CARGO_HOME="/workspace/cargo-home" RUSTUP_HOME="/workspace/rustup-home" "/workspace/cargo-home/bin/cargo" "+nightly-2024-10-28" "metadata" "--manifest-path" "Cargo.toml" "--no-deps", kill_on_drop: false }`
[INFO] started tweaking crates.io crate progscrape-application 0.0.1
[INFO] finished tweaking crates.io crate progscrape-application 0.0.1
[INFO] tweaked toml for crates.io crate progscrape-application 0.0.1 written to /workspace/builds/worker-4-tc1/source/Cargo.toml
[INFO] running `Command { std: CARGO_HOME="/workspace/cargo-home" RUSTUP_HOME="/workspace/rustup-home" "/workspace/cargo-home/bin/cargo" "+nightly-2024-10-28" "generate-lockfile" "--manifest-path" "Cargo.toml", kill_on_drop: false }`
[INFO] [stderr]     Updating crates.io index
[INFO] [stderr]      Locking 202 packages to latest compatible versions
[INFO] [stderr]       Adding rusqlite v0.31.0 (available: v0.32.1)
[INFO] [stderr]       Adding serde_rusqlite v0.35.0 (available: v0.36.0)
[INFO] [stderr]       Adding tantivy v0.19.2 (available: v0.22.0)
[INFO] running `Command { std: CARGO_HOME="/workspace/cargo-home" RUSTUP_HOME="/workspace/rustup-home" "/workspace/cargo-home/bin/cargo" "+nightly-2024-10-28" "fetch" "--manifest-path" "Cargo.toml", kill_on_drop: false }`
[INFO] [stderr]  Downloading crates ...
[INFO] [stderr]   Downloaded murmurhash32 v0.2.0
[INFO] [stderr]   Downloaded tantivy-common v0.4.0
[INFO] [stderr]   Downloaded tantivy-bitpacker v0.3.0
[INFO] [stderr]   Downloaded tantivy-query-grammar v0.19.0
[INFO] [stderr]   Downloaded ownedbytes v0.4.0
[INFO] [stderr]   Downloaded bitpacking v0.8.4
[INFO] [stderr]   Downloaded keepcalm v0.3.5
[INFO] [stderr]   Downloaded serde_rusqlite v0.35.0
[INFO] [stderr]   Downloaded fastfield_codecs v0.3.1
[INFO] [stderr]   Downloaded progscrape-scrapers v0.0.1
[INFO] [stderr]   Downloaded urlnorm v0.1.6
[INFO] [stderr]   Downloaded tantivy-fst v0.4.0
[INFO] [stderr]   Downloaded tantivy v0.19.2
[INFO] running `Command { std: "docker" "create" "-v" "/var/lib/crater-agent-workspace/builds/worker-4-tc1/target:/opt/rustwide/target:rw,Z" "-v" "/var/lib/crater-agent-workspace/builds/worker-4-tc1/source:/opt/rustwide/workdir:ro,Z" "-v" "/var/lib/crater-agent-workspace/cargo-home:/opt/rustwide/cargo-home:ro,Z" "-v" "/var/lib/crater-agent-workspace/rustup-home:/opt/rustwide/rustup-home:ro,Z" "-e" "SOURCE_DIR=/opt/rustwide/workdir" "-e" "CARGO_TARGET_DIR=/opt/rustwide/target" "-e" "CARGO_HOME=/opt/rustwide/cargo-home" "-e" "RUSTUP_HOME=/opt/rustwide/rustup-home" "-w" "/opt/rustwide/workdir" "-m" "1610612736" "--user" "0:0" "--network" "none" "ghcr.io/rust-lang/crates-build-env/linux@sha256:4a844ea9eb2546a2d2c7022eacef16ef2e8229c7fbb2c7d4d55a9ceca922f72d" "/opt/rustwide/cargo-home/bin/cargo" "+nightly-2024-10-28" "metadata" "--no-deps" "--format-version=1", kill_on_drop: false }`
[INFO] [stdout] d70c7d5294940f64792d81955aa1bd057cdcf3a6007157b4d58fb6470b40dbd1
[INFO] running `Command { std: "docker" "start" "-a" "d70c7d5294940f64792d81955aa1bd057cdcf3a6007157b4d58fb6470b40dbd1", kill_on_drop: false }`
[INFO] running `Command { std: "docker" "inspect" "d70c7d5294940f64792d81955aa1bd057cdcf3a6007157b4d58fb6470b40dbd1", kill_on_drop: false }`
[INFO] running `Command { std: "docker" "rm" "-f" "d70c7d5294940f64792d81955aa1bd057cdcf3a6007157b4d58fb6470b40dbd1", kill_on_drop: false }`
[INFO] [stdout] d70c7d5294940f64792d81955aa1bd057cdcf3a6007157b4d58fb6470b40dbd1
[INFO] running `Command { std: "docker" "create" "-v" "/var/lib/crater-agent-workspace/builds/worker-4-tc1/target:/opt/rustwide/target:rw,Z" "-v" "/var/lib/crater-agent-workspace/builds/worker-4-tc1/source:/opt/rustwide/workdir:ro,Z" "-v" "/var/lib/crater-agent-workspace/cargo-home:/opt/rustwide/cargo-home:ro,Z" "-v" "/var/lib/crater-agent-workspace/rustup-home:/opt/rustwide/rustup-home:ro,Z" "-e" "SOURCE_DIR=/opt/rustwide/workdir" "-e" "CARGO_TARGET_DIR=/opt/rustwide/target" "-e" "CARGO_INCREMENTAL=0" "-e" "RUST_BACKTRACE=full" "-e" "RUSTFLAGS=--cap-lints=forbid" "-e" "RUSTDOCFLAGS=--cap-lints=forbid" "-e" "CARGO_HOME=/opt/rustwide/cargo-home" "-e" "RUSTUP_HOME=/opt/rustwide/rustup-home" "-w" "/opt/rustwide/workdir" "-m" "1610612736" "--user" "0:0" "--network" "none" "ghcr.io/rust-lang/crates-build-env/linux@sha256:4a844ea9eb2546a2d2c7022eacef16ef2e8229c7fbb2c7d4d55a9ceca922f72d" "/opt/rustwide/cargo-home/bin/cargo" "+nightly-2024-10-28" "build" "--frozen" "--message-format=json", kill_on_drop: false }`
[INFO] [stdout] d426cbd71fac00ddb04daf837c3379e5306ce78f561a36584866042100985d7e
[INFO] running `Command { std: "docker" "start" "-a" "d426cbd71fac00ddb04daf837c3379e5306ce78f561a36584866042100985d7e", kill_on_drop: false }`
[INFO] [stderr]    Compiling proc-macro2 v1.0.89
[INFO] [stderr]    Compiling unicode-ident v1.0.13
[INFO] [stderr]    Compiling libc v0.2.161
[INFO] [stderr]    Compiling once_cell v1.20.2
[INFO] [stderr]    Compiling byteorder v1.5.0
[INFO] [stderr]    Compiling serde v1.0.214
[INFO] [stderr]    Compiling version_check v0.9.5
[INFO] [stderr]    Compiling siphasher v0.3.11
[INFO] [stderr]    Compiling autocfg v1.4.0
[INFO] [stderr]    Compiling memchr v2.7.4
[INFO] [stderr]    Compiling phf_shared v0.11.2
[INFO] [stderr]    Compiling regex-syntax v0.8.5
[INFO] [stderr]    Compiling crossbeam-utils v0.8.20
[INFO] [stderr]    Compiling rand_core v0.6.4
[INFO] [stderr]    Compiling ahash v0.8.11
[INFO] [stderr]    Compiling rand v0.8.5
[INFO] [stderr]    Compiling smallvec v1.13.2
[INFO] [stderr]    Compiling tinyvec_macros v0.1.1
[INFO] [stderr]    Compiling either v1.13.0
[INFO] [stderr]    Compiling quote v1.0.37
[INFO] [stderr]    Compiling phf_generator v0.11.2
[INFO] [stderr]    Compiling aho-corasick v1.1.3
[INFO] [stderr]    Compiling phf_codegen v0.11.2
[INFO] [stderr]    Compiling getrandom v0.2.15
[INFO] [stderr]    Compiling syn v2.0.86
[INFO] [stderr]    Compiling tinyvec v1.8.0
[INFO] [stderr]    Compiling num-traits v0.2.19
[INFO] [stderr]    Compiling phf v0.11.2
[INFO] [stderr]    Compiling ahash v0.7.8
[INFO] [stderr]    Compiling pkg-config v0.3.31
[INFO] [stderr]    Compiling regex-automata v0.4.8
[INFO] [stderr]    Compiling vcpkg v0.2.15
[INFO] [stderr]    Compiling bitflags v2.6.0
[INFO] [stderr]    Compiling unicode-normalization v0.1.24
[INFO] [stderr]    Compiling libsqlite3-sys v0.28.0
[INFO] [stderr]    Compiling crossbeam-epoch v0.9.18
[INFO] [stderr]    Compiling lock_api v0.4.12
[INFO] [stderr]    Compiling percent-encoding v2.3.1
[INFO] [stderr]    Compiling crunchy v0.2.2
[INFO] [stderr]    Compiling unicode-bidi v0.3.17
[INFO] [stderr]    Compiling log v0.4.22
[INFO] [stderr]    Compiling parking_lot_core v0.9.10
[INFO] [stderr]    Compiling thiserror v1.0.66
[INFO] [stderr]    Compiling stable_deref_trait v1.2.0
[INFO] [stderr]    Compiling serde_json v1.0.132
[INFO] [stderr]    Compiling itoa v1.0.11
[INFO] [stderr]    Compiling rayon-core v1.12.1
[INFO] [stderr]    Compiling rustix v0.38.38
[INFO] [stderr]    Compiling idna v0.5.0
[INFO] [stderr]    Compiling regex v1.11.1
[INFO] [stderr]    Compiling ownedbytes v0.4.0
[INFO] [stderr]    Compiling form_urlencoded v1.2.1
[INFO] [stderr]    Compiling crossbeam-deque v0.8.5
[INFO] [stderr]    Compiling parse-zoneinfo v0.3.1
[INFO] [stderr]    Compiling powerfmt v0.2.0
[INFO] [stderr]    Compiling linux-raw-sys v0.4.14
[INFO] [stderr]    Compiling scopeguard v1.2.0
[INFO] [stderr]    Compiling chrono-tz-build v0.3.0
[INFO] [stderr]    Compiling ryu v1.0.18
[INFO] [stderr]    Compiling iana-time-zone v0.1.61
[INFO] [stderr]    Compiling chrono-tz v0.9.0
[INFO] [stderr]    Compiling hashbrown v0.12.3
[INFO] [stderr]    Compiling url v2.5.2
[INFO] [stderr]    Compiling tantivy-common v0.4.0
[INFO] [stderr]    Compiling itertools v0.10.5
[INFO] [stderr]    Compiling combine v4.6.7
[INFO] [stderr]    Compiling tracing-core v0.1.32
[INFO] [stderr]    Compiling instant v0.1.13
[INFO] [stderr]    Compiling fallible-iterator v0.3.0
[INFO] [stderr]    Compiling fallible-streaming-iterator v0.1.9
[INFO] [stderr]    Compiling utf8-ranges v1.0.5
[INFO] [stderr]    Compiling fastdivide v0.4.2
[INFO] [stderr]    Compiling num-conv v0.1.0
[INFO] [stderr]    Compiling tantivy-bitpacker v0.3.0
[INFO] [stderr]    Compiling time-core v0.1.2
[INFO] [stderr]    Compiling half v1.8.3
[INFO] [stderr]    Compiling regex-syntax v0.6.29
[INFO] [stderr]    Compiling pin-project-lite v0.2.15
[INFO] [stderr]    Compiling fastrand v2.1.1
[INFO] [stderr]    Compiling tempfile v3.13.0
[INFO] [stderr]    Compiling fastfield_codecs v0.3.1
[INFO] [stderr]    Compiling urlnorm v0.1.6
[INFO] [stderr]    Compiling measure_time v0.8.3
[INFO] [stderr]    Compiling lru v0.7.8
[INFO] [stderr]    Compiling rayon v1.10.0
[INFO] [stderr]    Compiling parking_lot v0.12.3
[INFO] [stderr]    Compiling bitpacking v0.8.4
[INFO] [stderr]    Compiling memmap2 v0.5.10
[INFO] [stderr]    Compiling serde_derive v1.0.214
[INFO] [stderr]    Compiling zerocopy-derive v0.7.35
[INFO] [stderr]    Compiling thiserror-impl v1.0.66
[INFO] [stderr]    Compiling tracing-attributes v0.1.27
[INFO] [stderr]    Compiling async-trait v0.1.83
[INFO] [stderr]    Compiling zerocopy v0.7.35
[INFO] [stderr]    Compiling tantivy-fst v0.4.0
[INFO] [stderr]    Compiling tracing v0.1.40
[INFO] [stderr]    Compiling num_cpus v1.16.0
[INFO] [stderr]    Compiling fs2 v0.4.3
[INFO] [stderr]    Compiling ppv-lite86 v0.2.20
[INFO] [stderr]    Compiling hashbrown v0.14.5
[INFO] [stderr]    Compiling crossbeam-channel v0.5.13
[INFO] [stderr]    Compiling rand_chacha v0.3.1
[INFO] [stderr]    Compiling itertools v0.13.0
[INFO] [stderr]    Compiling hashlink v0.9.1
[INFO] [stderr]    Compiling aho-corasick v0.7.20
[INFO] [stderr]    Compiling murmurhash32 v0.2.0
[INFO] [stderr]    Compiling crc32fast v1.4.2
[INFO] [stderr]    Compiling oneshot v0.1.8
[INFO] [stderr]    Compiling arc-swap v1.7.1
[INFO] [stderr]    Compiling downcast-rs v1.2.1
[INFO] [stderr]    Compiling rusqlite v0.31.0
[INFO] [stderr]    Compiling census v0.4.2
[INFO] [stderr]    Compiling fail v0.5.1
[INFO] [stderr]    Compiling tantivy-query-grammar v0.19.0
[INFO] [stderr]    Compiling roxmltree v0.20.0
[INFO] [stderr]    Compiling levenshtein_automata v0.2.1
[INFO] [stderr]    Compiling base64 v0.13.1
[INFO] [stderr]    Compiling htmlescape v0.3.1
[INFO] [stderr]    Compiling lz4_flex v0.9.5
[INFO] [stderr]    Compiling lazy_static v1.5.0
[INFO] [stderr]    Compiling tl v0.7.8
[INFO] [stderr]    Compiling rustc-hash v1.1.0
[INFO] [stderr]    Compiling base64 v0.22.1
[INFO] [stderr]    Compiling chrono v0.4.38
[INFO] [stderr]    Compiling deranged v0.3.11
[INFO] [stderr]    Compiling rust-stemmers v1.2.0
[INFO] [stderr]    Compiling serde_cbor v0.11.2
[INFO] [stderr]    Compiling uuid v1.11.0
[INFO] [stderr]    Compiling serde_rusqlite v0.35.0
[INFO] [stderr]    Compiling keepcalm v0.3.5
[INFO] [stderr]    Compiling time v0.3.36
[INFO] [stderr]    Compiling tantivy v0.19.2
[INFO] [stderr]    Compiling progscrape-scrapers v0.0.1
[INFO] [stderr]    Compiling progscrape-application v0.0.1 (/opt/rustwide/workdir)
[INFO] [stdout] warning: methods `store` and `store_schema` are never used
[INFO] [stdout]    --> src/persist/db.rs:143:12
[INFO] [stdout]     |
[INFO] [stdout] 11  | impl DB {
[INFO] [stdout]     | ------- methods in this implementation
[INFO] [stdout] ...
[INFO] [stdout] 143 |     pub fn store<T: Serialize>(&self, t: &T) -> Result<(), PersistError> {
[INFO] [stdout]     |            ^^^^^
[INFO] [stdout] ...
[INFO] [stdout] 147 |     pub fn store_schema<T: Serialize>(
[INFO] [stdout]     |            ^^^^^^^^^^^^
[INFO] [stdout]     |
[INFO] [stdout]     = note: `#[warn(dead_code)]` on by default
[INFO] [stdout] 
[INFO] [stdout] 
[INFO] [stdout] warning: methods `with_writer`, `add_scrape_id`, and `create_norm_query` are never used
[INFO] [stdout]    --> src/persist/index/indexshard.rs:130:12
[INFO] [stdout]     |
[INFO] [stdout] 70  | impl StoryIndexShard {
[INFO] [stdout]     | -------------------- methods in this implementation
[INFO] [stdout] ...
[INFO] [stdout] 130 |     pub fn with_writer<
[INFO] [stdout]     |            ^^^^^^^^^^^
[INFO] [stdout] ...
[INFO] [stdout] 224 |     pub fn add_scrape_id(
[INFO] [stdout]     |            ^^^^^^^^^^^^^
[INFO] [stdout] ...
[INFO] [stdout] 274 |     pub fn create_norm_query(
[INFO] [stdout]     |            ^^^^^^^^^^^^^^^^^
[INFO] [stdout] 
[INFO] [stdout] 
[INFO] [stdout] warning: method `map` is never used
[INFO] [stdout]   --> src/persist/memindex.rs:31:8
[INFO] [stdout]    |
[INFO] [stdout] 16 | impl MemIndex {
[INFO] [stdout]    | ------------- method in this implementation
[INFO] [stdout] ...
[INFO] [stdout] 31 |     fn map(&self, shard: &Shard) -> Option<&HashMap<StoryUrlNorm, ScrapeCollection>> {
[INFO] [stdout]    |        ^^^
[INFO] [stdout] 
[INFO] [stdout] 
[INFO] [stdout] warning: method `accept_story` is never used
[INFO] [stdout]   --> src/story/collector.rs:85:12
[INFO] [stdout]    |
[INFO] [stdout] 84 | impl<S> StoryCollector<Story<S>> {
[INFO] [stdout]    | -------------------------------- method in this implementation
[INFO] [stdout] 85 |     pub fn accept_story(&mut self, story: Story<S>) -> bool {
[INFO] [stdout]    |            ^^^^^^^^^^^^
[INFO] [stdout] 
[INFO] [stdout] 
[INFO] [stdout] warning: method `day` is never used
[INFO] [stdout]   --> src/story/id.rs:89:8
[INFO] [stdout]    |
[INFO] [stdout] 28 | impl StoryIdentifier {
[INFO] [stdout]    | -------------------- method in this implementation
[INFO] [stdout] ...
[INFO] [stdout] 89 |     fn day(&self) -> u8 {
[INFO] [stdout]    |        ^^^
[INFO] [stdout] 
[INFO] [stdout] 
[INFO] [stdout] warning: enum `StoryScoreType` is never used
[INFO] [stdout]   --> src/story/scorer.rs:25:10
[INFO] [stdout]    |
[INFO] [stdout] 25 | pub enum StoryScoreType {
[INFO] [stdout]    |          ^^^^^^^^^^^^^^
[INFO] [stdout] 
[INFO] [stdout] 
[INFO] [stdout] warning: trait `ServiceScorer` is never used
[INFO] [stdout]   --> src/story/scorer.rs:59:7
[INFO] [stdout]    |
[INFO] [stdout] 59 | trait ServiceScorer {}
[INFO] [stdout]    |       ^^^^^^^^^^^^^
[INFO] [stdout] 
[INFO] [stdout] 
[INFO] [stderr]     Finished `dev` profile [unoptimized + debuginfo] target(s) in 1m 42s
[INFO] running `Command { std: "docker" "inspect" "d426cbd71fac00ddb04daf837c3379e5306ce78f561a36584866042100985d7e", kill_on_drop: false }`
[INFO] running `Command { std: "docker" "rm" "-f" "d426cbd71fac00ddb04daf837c3379e5306ce78f561a36584866042100985d7e", kill_on_drop: false }`
[INFO] [stdout] d426cbd71fac00ddb04daf837c3379e5306ce78f561a36584866042100985d7e
[INFO] running `Command { std: "docker" "create" "-v" "/var/lib/crater-agent-workspace/builds/worker-4-tc1/target:/opt/rustwide/target:rw,Z" "-v" "/var/lib/crater-agent-workspace/builds/worker-4-tc1/source:/opt/rustwide/workdir:ro,Z" "-v" "/var/lib/crater-agent-workspace/cargo-home:/opt/rustwide/cargo-home:ro,Z" "-v" "/var/lib/crater-agent-workspace/rustup-home:/opt/rustwide/rustup-home:ro,Z" "-e" "SOURCE_DIR=/opt/rustwide/workdir" "-e" "CARGO_TARGET_DIR=/opt/rustwide/target" "-e" "CARGO_INCREMENTAL=0" "-e" "RUST_BACKTRACE=full" "-e" "RUSTFLAGS=--cap-lints=forbid" "-e" "RUSTDOCFLAGS=--cap-lints=forbid" "-e" "CARGO_HOME=/opt/rustwide/cargo-home" "-e" "RUSTUP_HOME=/opt/rustwide/rustup-home" "-w" "/opt/rustwide/workdir" "-m" "1610612736" "--user" "0:0" "--network" "none" "ghcr.io/rust-lang/crates-build-env/linux@sha256:4a844ea9eb2546a2d2c7022eacef16ef2e8229c7fbb2c7d4d55a9ceca922f72d" "/opt/rustwide/cargo-home/bin/cargo" "+nightly-2024-10-28" "test" "--frozen" "--no-run" "--message-format=json", kill_on_drop: false }`
[INFO] [stdout] 789f3f010a8a7783bba68bcd3f077f0a11ac6216e77f36b115361c98ee27ed5a
[INFO] running `Command { std: "docker" "start" "-a" "789f3f010a8a7783bba68bcd3f077f0a11ac6216e77f36b115361c98ee27ed5a", kill_on_drop: false }`
[INFO] [stderr]    Compiling memchr v2.7.4
[INFO] [stderr]    Compiling syn v2.0.86
[INFO] [stderr]    Compiling semver v1.0.23
[INFO] [stderr]    Compiling slab v0.4.9
[INFO] [stderr]    Compiling tracing-core v0.1.32
[INFO] [stderr]    Compiling equivalent v1.0.1
[INFO] [stderr]    Compiling hashbrown v0.15.0
[INFO] [stderr]    Compiling futures-core v0.3.31
[INFO] [stderr]    Compiling futures-sink v0.3.31
[INFO] [stderr]    Compiling futures-channel v0.3.31
[INFO] [stderr]    Compiling futures-io v0.3.31
[INFO] [stderr]    Compiling indexmap v2.6.0
[INFO] [stderr]    Compiling rustc_version v0.4.1
[INFO] [stderr]    Compiling pin-utils v0.1.0
[INFO] [stderr]    Compiling winnow v0.6.20
[INFO] [stderr]    Compiling toml_datetime v0.6.8
[INFO] [stderr]    Compiling aho-corasick v1.1.3
[INFO] [stderr]    Compiling futures-task v0.3.31
[INFO] [stderr]    Compiling rstest_macros v0.23.0
[INFO] [stderr]    Compiling combine v4.6.7
[INFO] [stderr]    Compiling aho-corasick v0.7.20
[INFO] [stderr]    Compiling regex-automata v0.1.10
[INFO] [stderr]    Compiling overload v0.1.1
[INFO] [stderr]    Compiling glob v0.3.1
[INFO] [stderr]    Compiling relative-path v1.9.3
[INFO] [stderr]    Compiling regex-automata v0.4.8
[INFO] [stderr]    Compiling toml_edit v0.22.22
[INFO] [stderr]    Compiling matchers v0.1.0
[INFO] [stderr]    Compiling nu-ansi-term v0.46.0
[INFO] [stderr]    Compiling sharded-slab v0.1.7
[INFO] [stderr]    Compiling tracing-log v0.2.0
[INFO] [stderr]    Compiling thread_local v1.1.8
[INFO] [stderr]    Compiling futures-timer v3.0.3
[INFO] [stderr]    Compiling proc-macro-crate v3.2.0
[INFO] [stderr]    Compiling regex v1.11.1
[INFO] [stderr]    Compiling serde_derive v1.0.214
[INFO] [stderr]    Compiling zerocopy-derive v0.7.35
[INFO] [stderr]    Compiling parse-zoneinfo v0.3.1
[INFO] [stderr]    Compiling tracing-attributes v0.1.27
[INFO] [stderr]    Compiling futures-macro v0.3.31
[INFO] [stderr]    Compiling chrono-tz-build v0.3.0
[INFO] [stderr]    Compiling zerocopy v0.7.35
[INFO] [stderr]    Compiling thiserror-impl v1.0.66
[INFO] [stderr]    Compiling futures-util v0.3.31
[INFO] [stderr]    Compiling tantivy-query-grammar v0.19.0
[INFO] [stderr]    Compiling ppv-lite86 v0.2.20
[INFO] [stderr]    Compiling ahash v0.8.11
[INFO] [stderr]    Compiling hashbrown v0.14.5
[INFO] [stderr]    Compiling chrono-tz v0.9.0
[INFO] [stderr]    Compiling rand_chacha v0.3.1
[INFO] [stderr]    Compiling thiserror v1.0.66
[INFO] [stderr]    Compiling rand v0.8.5
[INFO] [stderr]    Compiling hashlink v0.9.1
[INFO] [stderr]    Compiling tracing v0.1.40
[INFO] [stderr]    Compiling urlnorm v0.1.6
[INFO] [stderr]    Compiling async-trait v0.1.83
[INFO] [stderr]    Compiling rusqlite v0.31.0
[INFO] [stderr]    Compiling tracing-subscriber v0.3.18
[INFO] [stderr]    Compiling fail v0.5.1
[INFO] [stderr]    Compiling serde v1.0.214
[INFO] [stderr]    Compiling futures-executor v0.3.31
[INFO] [stderr]    Compiling futures v0.3.31
[INFO] [stderr]    Compiling rstest v0.23.0
[INFO] [stderr]    Compiling chrono v0.4.38
[INFO] [stderr]    Compiling deranged v0.3.11
[INFO] [stderr]    Compiling serde_json v1.0.132
[INFO] [stderr]    Compiling rust-stemmers v1.2.0
[INFO] [stderr]    Compiling serde_cbor v0.11.2
[INFO] [stderr]    Compiling uuid v1.11.0
[INFO] [stderr]    Compiling keepcalm v0.3.5
[INFO] [stderr]    Compiling serde_rusqlite v0.35.0
[INFO] [stderr]    Compiling time v0.3.36
[INFO] [stderr]    Compiling tantivy v0.19.2
[INFO] [stderr]    Compiling progscrape-scrapers v0.0.1
[INFO] [stderr]    Compiling progscrape-application v0.0.1 (/opt/rustwide/workdir)
[INFO] [stdout] warning: methods `store` and `store_schema` are never used
[INFO] [stdout]    --> src/persist/db.rs:143:12
[INFO] [stdout]     |
[INFO] [stdout] 11  | impl DB {
[INFO] [stdout]     | ------- methods in this implementation
[INFO] [stdout] ...
[INFO] [stdout] 143 |     pub fn store<T: Serialize>(&self, t: &T) -> Result<(), PersistError> {
[INFO] [stdout]     |            ^^^^^
[INFO] [stdout] ...
[INFO] [stdout] 147 |     pub fn store_schema<T: Serialize>(
[INFO] [stdout]     |            ^^^^^^^^^^^^
[INFO] [stdout]     |
[INFO] [stdout]     = note: `#[warn(dead_code)]` on by default
[INFO] [stdout] 
[INFO] [stdout] 
[INFO] [stdout] warning: methods `with_writer`, `add_scrape_id`, and `create_norm_query` are never used
[INFO] [stdout]    --> src/persist/index/indexshard.rs:130:12
[INFO] [stdout]     |
[INFO] [stdout] 70  | impl StoryIndexShard {
[INFO] [stdout]     | -------------------- methods in this implementation
[INFO] [stdout] ...
[INFO] [stdout] 130 |     pub fn with_writer<
[INFO] [stdout]     |            ^^^^^^^^^^^
[INFO] [stdout] ...
[INFO] [stdout] 224 |     pub fn add_scrape_id(
[INFO] [stdout]     |            ^^^^^^^^^^^^^
[INFO] [stdout] ...
[INFO] [stdout] 274 |     pub fn create_norm_query(
[INFO] [stdout]     |            ^^^^^^^^^^^^^^^^^
[INFO] [stdout] 
[INFO] [stdout] 
[INFO] [stdout] warning: method `map` is never used
[INFO] [stdout]   --> src/persist/memindex.rs:31:8
[INFO] [stdout]    |
[INFO] [stdout] 16 | impl MemIndex {
[INFO] [stdout]    | ------------- method in this implementation
[INFO] [stdout] ...
[INFO] [stdout] 31 |     fn map(&self, shard: &Shard) -> Option<&HashMap<StoryUrlNorm, ScrapeCollection>> {
[INFO] [stdout]    |        ^^^
[INFO] [stdout] 
[INFO] [stdout] 
[INFO] [stdout] warning: method `accept_story` is never used
[INFO] [stdout]   --> src/story/collector.rs:85:12
[INFO] [stdout]    |
[INFO] [stdout] 84 | impl<S> StoryCollector<Story<S>> {
[INFO] [stdout]    | -------------------------------- method in this implementation
[INFO] [stdout] 85 |     pub fn accept_story(&mut self, story: Story<S>) -> bool {
[INFO] [stdout]    |            ^^^^^^^^^^^^
[INFO] [stdout] 
[INFO] [stdout] 
[INFO] [stdout] warning: method `day` is never used
[INFO] [stdout]   --> src/story/id.rs:89:8
[INFO] [stdout]    |
[INFO] [stdout] 28 | impl StoryIdentifier {
[INFO] [stdout]    | -------------------- method in this implementation
[INFO] [stdout] ...
[INFO] [stdout] 89 |     fn day(&self) -> u8 {
[INFO] [stdout]    |        ^^^
[INFO] [stdout] 
[INFO] [stdout] 
[INFO] [stdout] warning: enum `StoryScoreType` is never used
[INFO] [stdout]   --> src/story/scorer.rs:25:10
[INFO] [stdout]    |
[INFO] [stdout] 25 | pub enum StoryScoreType {
[INFO] [stdout]    |          ^^^^^^^^^^^^^^
[INFO] [stdout] 
[INFO] [stdout] 
[INFO] [stdout] warning: trait `ServiceScorer` is never used
[INFO] [stdout]   --> src/story/scorer.rs:59:7
[INFO] [stdout]    |
[INFO] [stdout] 59 | trait ServiceScorer {}
[INFO] [stdout]    |       ^^^^^^^^^^^^^
[INFO] [stdout] 
[INFO] [stdout] 
[INFO] [stdout] error[E0425]: cannot find function `load_sample_scrapes` in crate `progscrape_scrapers`
[INFO] [stdout]    --> src/persist/backerupper.rs:151:44
[INFO] [stdout]     |
[INFO] [stdout] 151 |         let samples = progscrape_scrapers::load_sample_scrapes(&ScrapeConfig::default());
[INFO] [stdout]     |                                            ^^^^^^^^^^^^^^^^^^^ not found in `progscrape_scrapers`
[INFO] [stdout]     |
[INFO] [stdout] note: found an item that was configured out
[INFO] [stdout]    --> /opt/rustwide/cargo-home/registry/src/index.crates.io-6f17d22bba15001f/progscrape-scrapers-0.0.1/src/lib.rs:17:25
[INFO] [stdout]     |
[INFO] [stdout] 17  | pub use backends::test::load_sample_scrapes;
[INFO] [stdout]     |                         ^^^^^^^^^^^^^^^^^^^
[INFO] [stdout] note: the item is gated behind the `scrape_test` feature
[INFO] [stdout]    --> /opt/rustwide/cargo-home/registry/src/index.crates.io-6f17d22bba15001f/progscrape-scrapers-0.0.1/src/lib.rs:16:7
[INFO] [stdout]     |
[INFO] [stdout] 16  | #[cfg(feature = "scrape_test")]
[INFO] [stdout]     |       ^^^^^^^^^^^^^^^^^^^^^^^
[INFO] [stdout] 
[INFO] [stdout] 
[INFO] [stdout] error[E0425]: cannot find function `load_sample_scrapes` in crate `progscrape_scrapers`
[INFO] [stdout]     --> src/persist/index/index.rs:1303:44
[INFO] [stdout]      |
[INFO] [stdout] 1303 |         let scrapes = progscrape_scrapers::load_sample_scrapes(&ScrapeConfig::default());
[INFO] [stdout]      |                                            ^^^^^^^^^^^^^^^^^^^ not found in `progscrape_scrapers`
[INFO] [stdout]      |
[INFO] [stdout] note: found an item that was configured out
[INFO] [stdout]     --> /opt/rustwide/cargo-home/registry/src/index.crates.io-6f17d22bba15001f/progscrape-scrapers-0.0.1/src/lib.rs:17:25
[INFO] [stdout]      |
[INFO] [stdout] 17   | pub use backends::test::load_sample_scrapes;
[INFO] [stdout]      |                         ^^^^^^^^^^^^^^^^^^^
[INFO] [stdout] note: the item is gated behind the `scrape_test` feature
[INFO] [stdout]     --> /opt/rustwide/cargo-home/registry/src/index.crates.io-6f17d22bba15001f/progscrape-scrapers-0.0.1/src/lib.rs:16:7
[INFO] [stdout]      |
[INFO] [stdout] 16   | #[cfg(feature = "scrape_test")]
[INFO] [stdout]      |       ^^^^^^^^^^^^^^^^^^^^^^^
[INFO] [stdout] 
[INFO] [stdout] 
[INFO] [stdout] error[E0425]: cannot find function `load_sample_scrapes` in crate `progscrape_scrapers`
[INFO] [stdout]   --> src/persist/memindex.rs:90:44
[INFO] [stdout]    |
[INFO] [stdout] 90 |         let stories = progscrape_scrapers::load_sample_scrapes(&ScrapeConfig::default());
[INFO] [stdout]    |                                            ^^^^^^^^^^^^^^^^^^^ not found in `progscrape_scrapers`
[INFO] [stdout]    |
[INFO] [stdout] note: found an item that was configured out
[INFO] [stdout]   --> /opt/rustwide/cargo-home/registry/src/index.crates.io-6f17d22bba15001f/progscrape-scrapers-0.0.1/src/lib.rs:17:25
[INFO] [stdout]    |
[INFO] [stdout] 17 | pub use backends::test::load_sample_scrapes;
[INFO] [stdout]    |                         ^^^^^^^^^^^^^^^^^^^
[INFO] [stdout] note: the item is gated behind the `scrape_test` feature
[INFO] [stdout]   --> /opt/rustwide/cargo-home/registry/src/index.crates.io-6f17d22bba15001f/progscrape-scrapers-0.0.1/src/lib.rs:16:7
[INFO] [stdout]    |
[INFO] [stdout] 16 | #[cfg(feature = "scrape_test")]
[INFO] [stdout]    |       ^^^^^^^^^^^^^^^^^^^^^^^
[INFO] [stdout] 
[INFO] [stdout] 
[INFO] [stdout] error[E0425]: cannot find function `load_sample_scrapes` in crate `progscrape_scrapers`
[INFO] [stdout]    --> src/persist/scrapestore.rs:189:44
[INFO] [stdout]     |
[INFO] [stdout] 189 |         let samples = progscrape_scrapers::load_sample_scrapes(&ScrapeConfig::default());
[INFO] [stdout]     |                                            ^^^^^^^^^^^^^^^^^^^ not found in `progscrape_scrapers`
[INFO] [stdout]     |
[INFO] [stdout] note: found an item that was configured out
[INFO] [stdout]    --> /opt/rustwide/cargo-home/registry/src/index.crates.io-6f17d22bba15001f/progscrape-scrapers-0.0.1/src/lib.rs:17:25
[INFO] [stdout]     |
[INFO] [stdout] 17  | pub use backends::test::load_sample_scrapes;
[INFO] [stdout]     |                         ^^^^^^^^^^^^^^^^^^^
[INFO] [stdout] note: the item is gated behind the `scrape_test` feature
[INFO] [stdout]    --> /opt/rustwide/cargo-home/registry/src/index.crates.io-6f17d22bba15001f/progscrape-scrapers-0.0.1/src/lib.rs:16:7
[INFO] [stdout]     |
[INFO] [stdout] 16  | #[cfg(feature = "scrape_test")]
[INFO] [stdout]     |       ^^^^^^^^^^^^^^^^^^^^^^^
[INFO] [stdout] 
[INFO] [stdout] 
[INFO] [stdout] For more information about this error, try `rustc --explain E0425`.
[INFO] [stdout] 
[INFO] [stderr] error: could not compile `progscrape-application` (lib test) due to 4 previous errors
[INFO] running `Command { std: "docker" "inspect" "789f3f010a8a7783bba68bcd3f077f0a11ac6216e77f36b115361c98ee27ed5a", kill_on_drop: false }`
[INFO] running `Command { std: "docker" "rm" "-f" "789f3f010a8a7783bba68bcd3f077f0a11ac6216e77f36b115361c98ee27ed5a", kill_on_drop: false }`
[INFO] [stdout] 789f3f010a8a7783bba68bcd3f077f0a11ac6216e77f36b115361c98ee27ed5a
