[INFO] fetching crate progenitor-hk 0.6.1...
[INFO] testing progenitor-hk-0.6.1 against nightly-2024-10-28 for randomize-layout
[INFO] extracting crate progenitor-hk 0.6.1 into /workspace/builds/worker-3-tc1/source
[INFO] validating manifest of crates.io crate progenitor-hk 0.6.1 on toolchain nightly-2024-10-28
[INFO] running `Command { std: CARGO_HOME="/workspace/cargo-home" RUSTUP_HOME="/workspace/rustup-home" "/workspace/cargo-home/bin/cargo" "+nightly-2024-10-28" "metadata" "--manifest-path" "Cargo.toml" "--no-deps", kill_on_drop: false }`
[INFO] started tweaking crates.io crate progenitor-hk 0.6.1
[INFO] finished tweaking crates.io crate progenitor-hk 0.6.1
[INFO] tweaked toml for crates.io crate progenitor-hk 0.6.1 written to /workspace/builds/worker-3-tc1/source/Cargo.toml
[INFO] running `Command { std: CARGO_HOME="/workspace/cargo-home" RUSTUP_HOME="/workspace/rustup-home" "/workspace/cargo-home/bin/cargo" "+nightly-2024-10-28" "generate-lockfile" "--manifest-path" "Cargo.toml", kill_on_drop: false }`
[INFO] [stderr]     Updating crates.io index
[INFO] [stderr]      Locking 176 packages to latest compatible versions
[INFO] [stderr]       Adding progenitor-client v0.6.0 (available: v0.8.0)
[INFO] [stderr]       Adding progenitor-impl v0.6.0 (available: v0.8.0)
[INFO] [stderr]       Adding progenitor-macro v0.6.0 (available: v0.8.0)
[INFO] [stderr]       Adding regress v0.9.1 (available: v0.10.1)
[INFO] [stderr]       Adding reqwest v0.11.27 (available: v0.12.9)
[INFO] running `Command { std: CARGO_HOME="/workspace/cargo-home" RUSTUP_HOME="/workspace/rustup-home" "/workspace/cargo-home/bin/cargo" "+nightly-2024-10-28" "fetch" "--manifest-path" "Cargo.toml", kill_on_drop: false }`
[INFO] [stderr]  Downloading crates ...
[INFO] [stderr]   Downloaded progenitor-macro v0.6.0
[INFO] [stderr]   Downloaded progenitor-impl v0.6.0
[INFO] [stderr]   Downloaded regress v0.9.1
[INFO] [stderr]   Downloaded openapiv3 v2.0.0
[INFO] running `Command { std: "docker" "create" "-v" "/var/lib/crater-agent-workspace/builds/worker-3-tc1/target:/opt/rustwide/target:rw,Z" "-v" "/var/lib/crater-agent-workspace/builds/worker-3-tc1/source:/opt/rustwide/workdir:ro,Z" "-v" "/var/lib/crater-agent-workspace/cargo-home:/opt/rustwide/cargo-home:ro,Z" "-v" "/var/lib/crater-agent-workspace/rustup-home:/opt/rustwide/rustup-home:ro,Z" "-e" "SOURCE_DIR=/opt/rustwide/workdir" "-e" "CARGO_TARGET_DIR=/opt/rustwide/target" "-e" "CARGO_HOME=/opt/rustwide/cargo-home" "-e" "RUSTUP_HOME=/opt/rustwide/rustup-home" "-w" "/opt/rustwide/workdir" "-m" "1610612736" "--user" "0:0" "--network" "none" "ghcr.io/rust-lang/crates-build-env/linux@sha256:4a844ea9eb2546a2d2c7022eacef16ef2e8229c7fbb2c7d4d55a9ceca922f72d" "/opt/rustwide/cargo-home/bin/cargo" "+nightly-2024-10-28" "metadata" "--no-deps" "--format-version=1", kill_on_drop: false }`
[INFO] [stdout] 45d7d9cc13445a75f18c2254803514785c1c31f2bf2c94f52a87b7d146a2ba94
[INFO] running `Command { std: "docker" "start" "-a" "45d7d9cc13445a75f18c2254803514785c1c31f2bf2c94f52a87b7d146a2ba94", kill_on_drop: false }`
[INFO] running `Command { std: "docker" "inspect" "45d7d9cc13445a75f18c2254803514785c1c31f2bf2c94f52a87b7d146a2ba94", kill_on_drop: false }`
[INFO] running `Command { std: "docker" "rm" "-f" "45d7d9cc13445a75f18c2254803514785c1c31f2bf2c94f52a87b7d146a2ba94", kill_on_drop: false }`
[INFO] [stdout] 45d7d9cc13445a75f18c2254803514785c1c31f2bf2c94f52a87b7d146a2ba94
[INFO] running `Command { std: "docker" "create" "-v" "/var/lib/crater-agent-workspace/builds/worker-3-tc1/target:/opt/rustwide/target:rw,Z" "-v" "/var/lib/crater-agent-workspace/builds/worker-3-tc1/source:/opt/rustwide/workdir:ro,Z" "-v" "/var/lib/crater-agent-workspace/cargo-home:/opt/rustwide/cargo-home:ro,Z" "-v" "/var/lib/crater-agent-workspace/rustup-home:/opt/rustwide/rustup-home:ro,Z" "-e" "SOURCE_DIR=/opt/rustwide/workdir" "-e" "CARGO_TARGET_DIR=/opt/rustwide/target" "-e" "CARGO_INCREMENTAL=0" "-e" "RUST_BACKTRACE=full" "-e" "RUSTFLAGS=--cap-lints=forbid" "-e" "RUSTDOCFLAGS=--cap-lints=forbid" "-e" "CARGO_HOME=/opt/rustwide/cargo-home" "-e" "RUSTUP_HOME=/opt/rustwide/rustup-home" "-w" "/opt/rustwide/workdir" "-m" "1610612736" "--user" "0:0" "--network" "none" "ghcr.io/rust-lang/crates-build-env/linux@sha256:4a844ea9eb2546a2d2c7022eacef16ef2e8229c7fbb2c7d4d55a9ceca922f72d" "/opt/rustwide/cargo-home/bin/cargo" "+nightly-2024-10-28" "build" "--frozen" "--message-format=json", kill_on_drop: false }`
[INFO] [stdout] ee183d639a4ec2160290d7283690e36eeef8173d617762ffbe8a97b0da71fccb
[INFO] running `Command { std: "docker" "start" "-a" "ee183d639a4ec2160290d7283690e36eeef8173d617762ffbe8a97b0da71fccb", kill_on_drop: false }`
[INFO] [stderr]    Compiling proc-macro2 v1.0.89
[INFO] [stderr]    Compiling unicode-ident v1.0.13
[INFO] [stderr]    Compiling serde v1.0.214
[INFO] [stderr]    Compiling autocfg v1.4.0
[INFO] [stderr]    Compiling itoa v1.0.11
[INFO] [stderr]    Compiling memchr v2.7.4
[INFO] [stderr]    Compiling version_check v0.9.5
[INFO] [stderr]    Compiling ryu v1.0.18
[INFO] [stderr]    Compiling zerocopy v0.7.35
[INFO] [stderr]    Compiling serde_json v1.0.132
[INFO] [stderr]    Compiling allocator-api2 v0.2.18
[INFO] [stderr]    Compiling once_cell v1.20.2
[INFO] [stderr]    Compiling bytes v1.8.0
[INFO] [stderr]    Compiling thiserror v1.0.66
[INFO] [stderr]    Compiling equivalent v1.0.1
[INFO] [stderr]    Compiling schemars v0.8.21
[INFO] [stderr]    Compiling hashbrown v0.15.0
[INFO] [stderr]    Compiling libc v0.2.161
[INFO] [stderr]    Compiling log v0.4.22
[INFO] [stderr]    Compiling dyn-clone v1.0.17
[INFO] [stderr]    Compiling pin-project-lite v0.2.15
[INFO] [stderr]    Compiling uuid v1.11.0
[INFO] [stderr]    Compiling heck v0.4.1
[INFO] [stderr]    Compiling futures-core v0.3.31
[INFO] [stderr]    Compiling tinyvec_macros v0.1.1
[INFO] [stderr]    Compiling tracing-core v0.1.32
[INFO] [stderr]    Compiling tinyvec v1.8.0
[INFO] [stderr]    Compiling futures-sink v0.3.31
[INFO] [stderr]    Compiling pin-utils v0.1.0
[INFO] [stderr]    Compiling futures-task v0.3.31
[INFO] [stderr]    Compiling regex-syntax v0.8.5
[INFO] [stderr]    Compiling percent-encoding v2.3.1
[INFO] [stderr]    Compiling httparse v1.9.5
[INFO] [stderr]    Compiling num-traits v0.2.19
[INFO] [stderr]    Compiling slab v0.4.9
[INFO] [stderr]    Compiling quote v1.0.37
[INFO] [stderr]    Compiling ahash v0.8.11
[INFO] [stderr]    Compiling form_urlencoded v1.2.1
[INFO] [stderr]    Compiling futures-util v0.3.31
[INFO] [stderr]    Compiling try-lock v0.2.5
[INFO] [stderr]    Compiling http v0.2.12
[INFO] [stderr]    Compiling syn v2.0.86
[INFO] [stderr]    Compiling aho-corasick v1.1.3
[INFO] [stderr]    Compiling unicode-width v0.1.14
[INFO] [stderr]    Compiling unicode-bidi v0.3.17
[INFO] [stderr]    Compiling tracing v0.1.40
[INFO] [stderr]    Compiling hashbrown v0.14.5
[INFO] [stderr]    Compiling getopts v0.2.21
[INFO] [stderr]    Compiling want v0.3.1
[INFO] [stderr]    Compiling mio v1.0.2
[INFO] [stderr]    Compiling socket2 v0.5.7
[INFO] [stderr]    Compiling futures-channel v0.3.31
[INFO] [stderr]    Compiling httpdate v1.0.3
[INFO] [stderr]    Compiling tower-service v0.3.3
[INFO] [stderr]    Compiling unicode-normalization v0.1.24
[INFO] [stderr]    Compiling encoding_rs v0.8.35
[INFO] [stderr]    Compiling unsafe-libyaml v0.2.11
[INFO] [stderr]    Compiling ipnet v2.10.1
[INFO] [stderr]    Compiling sync_wrapper v0.1.2
[INFO] [stderr]    Compiling base64 v0.21.7
[INFO] [stderr]    Compiling tokio v1.41.0
[INFO] [stderr]    Compiling regress v0.8.0
[INFO] [stderr]    Compiling chrono v0.4.38
[INFO] [stderr]    Compiling http-body v0.4.6
[INFO] [stderr]    Compiling idna v0.5.0
[INFO] [stderr]    Compiling mime v0.3.17
[INFO] [stderr]    Compiling url v2.5.2
[INFO] [stderr]    Compiling regex-automata v0.4.8
[INFO] [stderr]    Compiling serde_derive_internals v0.29.1
[INFO] [stderr]    Compiling regex v1.11.1
[INFO] [stderr]    Compiling serde_derive v1.0.214
[INFO] [stderr]    Compiling thiserror-impl v1.0.66
[INFO] [stderr]    Compiling schemars_derive v0.8.21
[INFO] [stderr]    Compiling tokio-util v0.7.12
[INFO] [stderr]    Compiling indexmap v2.6.0
[INFO] [stderr]    Compiling serde_tokenstream v0.2.2
[INFO] [stderr]    Compiling serde_urlencoded v0.7.1
[INFO] [stderr]    Compiling h2 v0.3.26
[INFO] [stderr]    Compiling serde_yaml v0.9.34+deprecated
[INFO] [stderr]    Compiling openapiv3 v2.0.0
[INFO] [stderr]    Compiling typify-impl v0.0.16
[INFO] [stderr]    Compiling hyper v0.14.31
[INFO] [stderr]    Compiling reqwest v0.11.27
[INFO] [stderr]    Compiling progenitor-client v0.6.0
[INFO] [stderr]    Compiling typify-macro v0.0.16
[INFO] [stderr]    Compiling typify v0.0.16
[INFO] [stderr]    Compiling progenitor-impl v0.6.0
[INFO] [stderr]    Compiling progenitor-macro v0.6.0
[INFO] [stderr]    Compiling progenitor-hk v0.6.1 (/opt/rustwide/workdir)
[INFO] [stderr]     Finished `dev` profile [unoptimized + debuginfo] target(s) in 38.25s
[INFO] running `Command { std: "docker" "inspect" "ee183d639a4ec2160290d7283690e36eeef8173d617762ffbe8a97b0da71fccb", kill_on_drop: false }`
[INFO] running `Command { std: "docker" "rm" "-f" "ee183d639a4ec2160290d7283690e36eeef8173d617762ffbe8a97b0da71fccb", kill_on_drop: false }`
[INFO] [stdout] ee183d639a4ec2160290d7283690e36eeef8173d617762ffbe8a97b0da71fccb
[INFO] running `Command { std: "docker" "create" "-v" "/var/lib/crater-agent-workspace/builds/worker-3-tc1/target:/opt/rustwide/target:rw,Z" "-v" "/var/lib/crater-agent-workspace/builds/worker-3-tc1/source:/opt/rustwide/workdir:ro,Z" "-v" "/var/lib/crater-agent-workspace/cargo-home:/opt/rustwide/cargo-home:ro,Z" "-v" "/var/lib/crater-agent-workspace/rustup-home:/opt/rustwide/rustup-home:ro,Z" "-e" "SOURCE_DIR=/opt/rustwide/workdir" "-e" "CARGO_TARGET_DIR=/opt/rustwide/target" "-e" "CARGO_INCREMENTAL=0" "-e" "RUST_BACKTRACE=full" "-e" "RUSTFLAGS=--cap-lints=forbid" "-e" "RUSTDOCFLAGS=--cap-lints=forbid" "-e" "CARGO_HOME=/opt/rustwide/cargo-home" "-e" "RUSTUP_HOME=/opt/rustwide/rustup-home" "-w" "/opt/rustwide/workdir" "-m" "1610612736" "--user" "0:0" "--network" "none" "ghcr.io/rust-lang/crates-build-env/linux@sha256:4a844ea9eb2546a2d2c7022eacef16ef2e8229c7fbb2c7d4d55a9ceca922f72d" "/opt/rustwide/cargo-home/bin/cargo" "+nightly-2024-10-28" "test" "--frozen" "--no-run" "--message-format=json", kill_on_drop: false }`
[INFO] [stdout] c230b0f8afede57bb5f6f68505a06c62b3780bf1bd9a38c6f12b16f91d592e9e
[INFO] running `Command { std: "docker" "start" "-a" "c230b0f8afede57bb5f6f68505a06c62b3780bf1bd9a38c6f12b16f91d592e9e", kill_on_drop: false }`
[INFO] [stderr]    Compiling memchr v2.7.4
[INFO] [stderr]    Compiling shlex v1.3.0
[INFO] [stderr]    Compiling pkg-config v0.3.31
[INFO] [stderr]    Compiling byteorder v1.5.0
[INFO] [stderr]    Compiling vcpkg v0.2.15
[INFO] [stderr]    Compiling zerocopy v0.7.35
[INFO] [stderr]    Compiling getrandom v0.2.15
[INFO] [stderr]    Compiling zerocopy-derive v0.7.35
[INFO] [stderr]    Compiling chrono v0.4.38
[INFO] [stderr]    Compiling futures-channel v0.3.31
[INFO] [stderr]    Compiling futures-macro v0.3.31
[INFO] [stderr]    Compiling futures-io v0.3.31
[INFO] [stderr]    Compiling futures-task v0.3.31
[INFO] [stderr]    Compiling uuid v1.11.0
[INFO] [stderr]    Compiling openssl v0.10.68
[INFO] [stderr]    Compiling cc v1.1.31
[INFO] [stderr]    Compiling foreign-types-shared v0.1.1
[INFO] [stderr]    Compiling openssl-macros v0.1.1
[INFO] [stderr]    Compiling native-tls v0.2.12
[INFO] [stderr]    Compiling bitflags v2.6.0
[INFO] [stderr]    Compiling foreign-types v0.3.2
[INFO] [stderr]    Compiling iana-time-zone v0.1.61
[INFO] [stderr]    Compiling openssl-probe v0.1.5
[INFO] [stderr]    Compiling ahash v0.8.11
[INFO] [stderr]    Compiling rustls-pemfile v1.0.4
[INFO] [stderr]    Compiling rand_core v0.6.4
[INFO] [stderr]    Compiling base64 v0.22.1
[INFO] [stderr]    Compiling serde_json v1.0.132
[INFO] [stderr]    Compiling hashbrown v0.14.5
[INFO] [stderr]    Compiling aho-corasick v1.1.3
[INFO] [stderr]    Compiling futures-util v0.3.31
[INFO] [stderr]    Compiling openssl-sys v0.9.104
[INFO] [stderr]    Compiling regress v0.8.0
[INFO] [stderr]    Compiling schemars v0.8.21
[INFO] [stderr]    Compiling openapiv3 v2.0.0
[INFO] [stderr]    Compiling ppv-lite86 v0.2.20
[INFO] [stderr]    Compiling regex-automata v0.4.8
[INFO] [stderr]    Compiling rand_chacha v0.3.1
[INFO] [stderr]    Compiling regress v0.9.1
[INFO] [stderr]    Compiling rand v0.8.5
[INFO] [stderr]    Compiling typify-impl v0.0.16
[INFO] [stderr]    Compiling h2 v0.3.26
[INFO] [stderr]    Compiling futures-executor v0.3.31
[INFO] [stderr]    Compiling futures v0.3.31
[INFO] [stderr]    Compiling regex v1.11.1
[INFO] [stderr]    Compiling tokio-native-tls v0.3.1
[INFO] [stderr]    Compiling hyper v0.14.31
[INFO] [stderr]    Compiling hyper-tls v0.5.0
[INFO] [stderr]    Compiling typify-macro v0.0.16
[INFO] [stderr]    Compiling reqwest v0.11.27
[INFO] [stderr]    Compiling typify v0.0.16
[INFO] [stderr]    Compiling progenitor-impl v0.6.0
[INFO] [stderr]    Compiling progenitor-client v0.6.0
[INFO] [stderr]    Compiling progenitor-macro v0.6.0
[INFO] [stderr]    Compiling progenitor-hk v0.6.1 (/opt/rustwide/workdir)
[INFO] [stdout] error[E0433]: failed to resolve: use of undeclared crate or module `progenitor`
[INFO] [stdout]   --> tests/build_keeper.rs:37:5
[INFO] [stdout]    |
[INFO] [stdout] 37 |     progenitor::generate_api!(
[INFO] [stdout]    |     ^^^^^^^^^^ use of undeclared crate or module `progenitor`
[INFO] [stdout] 
[INFO] [stdout] 
[INFO] [stdout] error[E0433]: failed to resolve: use of undeclared crate or module `progenitor`
[INFO] [stdout]   --> tests/build_keeper.rs:18:5
[INFO] [stdout]    |
[INFO] [stdout] 18 |     progenitor::generate_api!(
[INFO] [stdout]    |     ^^^^^^^^^^ use of undeclared crate or module `progenitor`
[INFO] [stdout] 
[INFO] [stdout] 
[INFO] [stdout] error[E0433]: failed to resolve: use of undeclared crate or module `progenitor`
[INFO] [stdout]  --> tests/build_keeper.rs:4:5
[INFO] [stdout]   |
[INFO] [stdout] 4 |     progenitor::generate_api!("../sample_openapi/keeper.json");
[INFO] [stdout]   |     ^^^^^^^^^^ use of undeclared crate or module `progenitor`
[INFO] [stdout] 
[INFO] [stdout] 
[INFO] [stdout] error[E0433]: failed to resolve: use of undeclared crate or module `progenitor`
[INFO] [stdout]  --> tests/load_yaml.rs:2:5
[INFO] [stdout]   |
[INFO] [stdout] 2 |     progenitor::generate_api!("../sample_openapi/param-overrides.yaml");
[INFO] [stdout]   |     ^^^^^^^^^^ use of undeclared crate or module `progenitor`
[INFO] [stdout] 
[INFO] [stdout] 
[INFO] [stdout] error[E0433]: failed to resolve: use of undeclared crate or module `progenitor`
[INFO] [stdout]  --> tests/build_buildomat.rs:4:5
[INFO] [stdout]   |
[INFO] [stdout] 4 |     progenitor::generate_api!("../sample_openapi/buildomat.json");
[INFO] [stdout]   |     ^^^^^^^^^^ use of undeclared crate or module `progenitor`
[INFO] [stdout] 
[INFO] [stdout] 
[INFO] [stdout] error[E0433]: failed to resolve: use of undeclared crate or module `progenitor`
[INFO] [stdout]   --> tests/build_buildomat.rs:12:5
[INFO] [stdout]    |
[INFO] [stdout] 12 |     progenitor::generate_api!(
[INFO] [stdout]    |     ^^^^^^^^^^ use of undeclared crate or module `progenitor`
[INFO] [stdout] 
[INFO] [stdout] 
[INFO] [stdout] error[E0433]: failed to resolve: use of undeclared crate or module `progenitor`
[INFO] [stdout]   --> tests/build_buildomat.rs:28:5
[INFO] [stdout]    |
[INFO] [stdout] 28 |     progenitor::generate_api!(
[INFO] [stdout]    |     ^^^^^^^^^^ use of undeclared crate or module `progenitor`
[INFO] [stdout] 
[INFO] [stdout] 
[INFO] [stdout] error[E0433]: failed to resolve: use of undeclared type `Client`
[INFO] [stdout]  --> tests/load_yaml.rs:5:17
[INFO] [stdout]   |
[INFO] [stdout] 5 |         let _ = Client::new("").key_get(None, None);
[INFO] [stdout]   |                 ^^^^^^ use of undeclared type `Client`
[INFO] [stdout]   |
[INFO] [stdout] help: consider importing this struct
[INFO] [stdout]   |
[INFO] [stdout] 2 +     use reqwest::Client;
[INFO] [stdout]   |
[INFO] [stdout] 
[INFO] [stdout] 
[INFO] [stdout] error[E0433]: failed to resolve: use of undeclared type `Client`
[INFO] [stdout]  --> tests/build_buildomat.rs:7:17
[INFO] [stdout]   |
[INFO] [stdout] 7 |         let _ = Client::new("").worker_task_upload_chunk("task", vec![0]);
[INFO] [stdout]   |                 ^^^^^^ use of undeclared type `Client`
[INFO] [stdout]   |
[INFO] [stdout] help: consider importing this struct
[INFO] [stdout]   |
[INFO] [stdout] 4 +     use reqwest::Client;
[INFO] [stdout]   |
[INFO] [stdout] 
[INFO] [stdout] 
[INFO] [stdout] error[E0433]: failed to resolve: use of undeclared type `Client`
[INFO] [stdout]   --> tests/build_buildomat.rs:19:17
[INFO] [stdout]    |
[INFO] [stdout] 19 |         let _ = Client::new("")
[INFO] [stdout]    |                 ^^^^^^ use of undeclared type `Client`
[INFO] [stdout]    |
[INFO] [stdout] help: consider importing this struct
[INFO] [stdout]    |
[INFO] [stdout] 12 +     use reqwest::Client;
[INFO] [stdout]    |
[INFO] [stdout] 
[INFO] [stdout] 
[INFO] [stdout] error[E0433]: failed to resolve: use of undeclared type `Client`
[INFO] [stdout]   --> tests/build_buildomat.rs:35:17
[INFO] [stdout]    |
[INFO] [stdout] 35 |         let _ = Client::new("")
[INFO] [stdout]    |                 ^^^^^^ use of undeclared type `Client`
[INFO] [stdout]    |
[INFO] [stdout] help: consider importing this struct
[INFO] [stdout]    |
[INFO] [stdout] 28 +     use reqwest::Client;
[INFO] [stdout]    |
[INFO] [stdout] 
[INFO] [stdout] 
[INFO] [stdout] error[E0433]: failed to resolve: use of undeclared type `Client`
[INFO] [stdout]  --> tests/build_keeper.rs:7:17
[INFO] [stdout]   |
[INFO] [stdout] 7 |         let _ = Client::new("").enrol(
[INFO] [stdout]   |                 ^^^^^^ use of undeclared type `Client`
[INFO] [stdout]   |
[INFO] [stdout] help: consider importing this struct
[INFO] [stdout]   |
[INFO] [stdout] 4 +     use reqwest::Client;
[INFO] [stdout]   |
[INFO] [stdout] 
[INFO] [stdout] 
[INFO] [stdout] error[E0433]: failed to resolve: use of undeclared type `Client`
[INFO] [stdout]   --> tests/build_keeper.rs:25:17
[INFO] [stdout]    |
[INFO] [stdout] 25 |         let _ = Client::new("")
[INFO] [stdout]    |                 ^^^^^^ use of undeclared type `Client`
[INFO] [stdout]    |
[INFO] [stdout] help: consider importing this struct
[INFO] [stdout]    |
[INFO] [stdout] 18 +     use reqwest::Client;
[INFO] [stdout]    |
[INFO] [stdout] 
[INFO] [stdout] 
[INFO] [stdout] error[E0433]: failed to resolve: use of undeclared type `Client`
[INFO] [stdout]   --> tests/build_keeper.rs:44:17
[INFO] [stdout]    |
[INFO] [stdout] 44 |         let _ = Client::new("")
[INFO] [stdout]    |                 ^^^^^^ use of undeclared type `Client`
[INFO] [stdout]    |
[INFO] [stdout] help: consider importing this struct
[INFO] [stdout]    |
[INFO] [stdout] 37 +     use reqwest::Client;
[INFO] [stdout]    |
[INFO] [stdout] 
[INFO] [stdout] 
[INFO] [stdout] error[E0432]: unresolved import `propolis_client::Client`
[INFO] [stdout]   --> tests/build_propolis.rs:12:5
[INFO] [stdout]    |
[INFO] [stdout] 12 | use propolis_client::Client;
[INFO] [stdout]    |     ^^^^^^^^^^^^^^^^^^^^^^^ no `Client` in `propolis_client`
[INFO] [stdout]    |
[INFO] [stdout] help: consider importing this struct instead
[INFO] [stdout]    |
[INFO] [stdout] 12 | use reqwest::Client;
[INFO] [stdout]    |     ~~~~~~~~~~~~~~~
[INFO] [stdout] 
[INFO] [stdout] 
[INFO] [stdout] error[E0433]: failed to resolve: use of undeclared crate or module `progenitor`
[INFO] [stdout]  --> tests/build_propolis.rs:5:5
[INFO] [stdout]   |
[INFO] [stdout] 5 |     progenitor::generate_api!(
[INFO] [stdout]   |     ^^^^^^^^^^ use of undeclared crate or module `progenitor`
[INFO] [stdout] 
[INFO] [stdout] 
[INFO] [stdout] For more information about this error, try `rustc --explain E0433`.
[INFO] [stdout] 
[INFO] [stdout] For more information about this error, try `rustc --explain E0433`.
[INFO] [stdout] 
[INFO] [stdout] error[E0433]: failed to resolve: use of undeclared crate or module `types`
[INFO] [stdout]  --> tests/build_keeper.rs:9:14
[INFO] [stdout]   |
[INFO] [stdout] 9 |             &types::EnrolBody {
[INFO] [stdout]   |              ^^^^^ use of undeclared crate or module `types`
[INFO] [stdout] 
[INFO] [stdout] 
[INFO] [stderr] error: could not compile `progenitor-hk` (test "load_yaml") due to 2 previous errors
[INFO] [stdout] error[E0433]: failed to resolve: use of undeclared crate or module `types`
[INFO] [stdout]   --> tests/build_keeper.rs:28:19
[INFO] [stdout]    |
[INFO] [stdout] 28 |             .body(types::EnrolBody {
[INFO] [stdout]    |                   ^^^^^ use of undeclared crate or module `types`
[INFO] [stdout] 
[INFO] [stdout] 
[INFO] [stderr] warning: build failed, waiting for other jobs to finish...
[INFO] [stdout] Some errors have detailed explanations: E0432, E0433.
[INFO] [stdout] 
[INFO] [stdout] For more information about an error, try `rustc --explain E0432`.
[INFO] [stdout] 
[INFO] [stdout] error[E0433]: failed to resolve: use of undeclared crate or module `types`
[INFO] [stdout]   --> tests/build_keeper.rs:47:19
[INFO] [stdout]    |
[INFO] [stdout] 47 |             .body(types::EnrolBody {
[INFO] [stdout]    |                   ^^^^^ use of undeclared crate or module `types`
[INFO] [stdout] 
[INFO] [stdout] 
[INFO] [stdout] For more information about this error, try `rustc --explain E0433`.
[INFO] [stdout] 
[INFO] [stderr] error: could not compile `progenitor-hk` (test "build_buildomat") due to 6 previous errors
[INFO] [stdout] error[E0432]: unresolved imports `nexus_client::types`, `nexus_client::Client`
[INFO] [stdout]   --> tests/build_nexus.rs:10:24
[INFO] [stdout]    |
[INFO] [stdout] 10 |     use nexus_client::{types, Client};
[INFO] [stdout]    |                        ^^^^^  ^^^^^^ no `Client` in `positional::nexus_client`
[INFO] [stdout]    |                        |
[INFO] [stdout]    |                        no `types` in `positional::nexus_client`
[INFO] [stdout]    |
[INFO] [stdout]    = help: consider importing this struct instead:
[INFO] [stdout]            reqwest::Client
[INFO] [stdout] 
[INFO] [stdout] 
[INFO] [stdout] error[E0432]: unresolved import `nexus_client::Client`
[INFO] [stdout]   --> tests/build_nexus.rs:58:9
[INFO] [stdout]    |
[INFO] [stdout] 58 |     use nexus_client::Client;
[INFO] [stdout]    |         ^^^^^^^^^^^^^^^^^^^^ no `Client` in `builder_untagged::nexus_client`
[INFO] [stdout]    |
[INFO] [stdout] help: consider importing this struct instead
[INFO] [stdout]    |
[INFO] [stdout] 58 |     use reqwest::Client;
[INFO] [stdout]    |         ~~~~~~~~~~~~~~~
[INFO] [stdout] 
[INFO] [stdout] 
[INFO] [stdout] error[E0432]: unresolved import `nexus_client::prelude`
[INFO] [stdout]   --> tests/build_nexus.rs:86:23
[INFO] [stdout]    |
[INFO] [stdout] 86 |     use nexus_client::prelude::*;
[INFO] [stdout]    |                       ^^^^^^^ could not find `prelude` in `nexus_client`
[INFO] [stdout] 
[INFO] [stdout] 
[INFO] [stdout] error[E0432]: unresolved import `self::nexus_client::types`
[INFO] [stdout]   --> tests/build_nexus.rs:88:9
[INFO] [stdout]    |
[INFO] [stdout] 88 |     use self::nexus_client::types;
[INFO] [stdout]    |         ^^^^^^^^^^^^^^^^^^^^^^^^^ no `types` in `builder_tagged::nexus_client`
[INFO] [stdout] 
[INFO] [stdout] 
[INFO] [stdout] error[E0433]: failed to resolve: could not find `test` in `tokio`
[INFO] [stdout]    --> tests/build_nexus.rs:109:14
[INFO] [stdout]     |
[INFO] [stdout] 109 |     #[tokio::test]
[INFO] [stdout]     |              ^^^^ could not find `test` in `tokio`
[INFO] [stdout] 
[INFO] [stdout] 
[INFO] [stdout] error[E0433]: failed to resolve: use of undeclared crate or module `progenitor`
[INFO] [stdout]  --> tests/build_nexus.rs:7:9
[INFO] [stdout]   |
[INFO] [stdout] 7 |         progenitor::generate_api!("../sample_openapi/nexus.json");
[INFO] [stdout]   |         ^^^^^^^^^^ use of undeclared crate or module `progenitor`
[INFO] [stdout] 
[INFO] [stdout] 
[INFO] [stdout] error[E0433]: failed to resolve: use of undeclared crate or module `progenitor`
[INFO] [stdout]   --> tests/build_nexus.rs:43:9
[INFO] [stdout]    |
[INFO] [stdout] 43 |         progenitor::generate_api!(
[INFO] [stdout]    |         ^^^^^^^^^^ use of undeclared crate or module `progenitor`
[INFO] [stdout] 
[INFO] [stdout] 
[INFO] [stdout] error[E0433]: failed to resolve: use of undeclared crate or module `progenitor`
[INFO] [stdout]   --> tests/build_nexus.rs:79:9
[INFO] [stdout]    |
[INFO] [stdout] 79 |         progenitor::generate_api!(
[INFO] [stdout]    |         ^^^^^^^^^^ use of undeclared crate or module `progenitor`
[INFO] [stdout] 
[INFO] [stdout] 
[INFO] [stderr] error: could not compile `progenitor-hk` (test "build_keeper") due to 9 previous errors
[INFO] [stderr] error: could not compile `progenitor-hk` (test "build_propolis") due to 2 previous errors
[INFO] [stdout] Some errors have detailed explanations: E0432, E0433.
[INFO] [stdout] 
[INFO] [stdout] For more information about an error, try `rustc --explain E0432`.
[INFO] [stdout] 
[INFO] [stderr] error: could not compile `progenitor-hk` (test "build_nexus") due to 8 previous errors
[INFO] running `Command { std: "docker" "inspect" "c230b0f8afede57bb5f6f68505a06c62b3780bf1bd9a38c6f12b16f91d592e9e", kill_on_drop: false }`
[INFO] running `Command { std: "docker" "rm" "-f" "c230b0f8afede57bb5f6f68505a06c62b3780bf1bd9a38c6f12b16f91d592e9e", kill_on_drop: false }`
[INFO] [stdout] c230b0f8afede57bb5f6f68505a06c62b3780bf1bd9a38c6f12b16f91d592e9e
