[INFO] fetching crate product-os-vpn 0.0.2...
[INFO] testing product-os-vpn-0.0.2 against nightly-2024-10-28 for randomize-layout
[INFO] extracting crate product-os-vpn 0.0.2 into /workspace/builds/worker-4-tc1/source
[INFO] validating manifest of crates.io crate product-os-vpn 0.0.2 on toolchain nightly-2024-10-28
[INFO] running `Command { std: CARGO_HOME="/workspace/cargo-home" RUSTUP_HOME="/workspace/rustup-home" "/workspace/cargo-home/bin/cargo" "+nightly-2024-10-28" "metadata" "--manifest-path" "Cargo.toml" "--no-deps", kill_on_drop: false }`
[INFO] started tweaking crates.io crate product-os-vpn 0.0.2
[INFO] finished tweaking crates.io crate product-os-vpn 0.0.2
[INFO] tweaked toml for crates.io crate product-os-vpn 0.0.2 written to /workspace/builds/worker-4-tc1/source/Cargo.toml
[INFO] running `Command { std: CARGO_HOME="/workspace/cargo-home" RUSTUP_HOME="/workspace/rustup-home" "/workspace/cargo-home/bin/cargo" "+nightly-2024-10-28" "generate-lockfile" "--manifest-path" "Cargo.toml", kill_on_drop: false }`
[INFO] [stderr]     Updating crates.io index
[INFO] [stderr]      Locking 259 packages to latest compatible versions
[INFO] [stderr]       Adding zip-extract v0.1.3 (available: v0.2.1)
[INFO] running `Command { std: CARGO_HOME="/workspace/cargo-home" RUSTUP_HOME="/workspace/rustup-home" "/workspace/cargo-home/bin/cargo" "+nightly-2024-10-28" "fetch" "--manifest-path" "Cargo.toml", kill_on_drop: false }`
[INFO] [stderr]  Downloading crates ...
[INFO] [stderr]   Downloaded product-os-async-executor v0.0.16
[INFO] [stderr]   Downloaded dns-lookup v2.0.4
[INFO] [stderr]   Downloaded product-os-utilities v0.0.19
[INFO] [stderr]   Downloaded product-os-net v0.0.1
[INFO] [stderr]   Downloaded jwt-compact v0.8.0
[INFO] [stderr]   Downloaded product-os-capabilities v0.0.13
[INFO] [stderr]   Downloaded product-os-request v0.0.38
[INFO] [stderr]   Downloaded iso_country v0.1.4
[INFO] [stderr]   Downloaded product-os-router v0.0.25
[INFO] [stderr]   Downloaded product-os-openapi v0.0.4
[INFO] [stderr]   Downloaded product-os-http-body v0.0.14
[INFO] [stderr]   Downloaded product-os-connector v0.0.19
[INFO] [stderr]   Downloaded product-os-configuration v0.0.28
[INFO] [stderr]   Downloaded product-os-security v0.0.28
[INFO] [stderr]   Downloaded product-os-http v0.0.7
[INFO] [stderr]   Downloaded cookie_store v0.20.0
[INFO] [stderr]   Downloaded serde_html_form v0.2.6
[INFO] [stderr]   Downloaded ioslice v0.6.0
[INFO] [stderr]   Downloaded product-os-random v0.0.20
[INFO] running `Command { std: "docker" "create" "-v" "/var/lib/crater-agent-workspace/builds/worker-4-tc1/target:/opt/rustwide/target:rw,Z" "-v" "/var/lib/crater-agent-workspace/builds/worker-4-tc1/source:/opt/rustwide/workdir:ro,Z" "-v" "/var/lib/crater-agent-workspace/cargo-home:/opt/rustwide/cargo-home:ro,Z" "-v" "/var/lib/crater-agent-workspace/rustup-home:/opt/rustwide/rustup-home:ro,Z" "-e" "SOURCE_DIR=/opt/rustwide/workdir" "-e" "CARGO_TARGET_DIR=/opt/rustwide/target" "-e" "CARGO_HOME=/opt/rustwide/cargo-home" "-e" "RUSTUP_HOME=/opt/rustwide/rustup-home" "-w" "/opt/rustwide/workdir" "-m" "1610612736" "--user" "0:0" "--network" "none" "ghcr.io/rust-lang/crates-build-env/linux@sha256:4a844ea9eb2546a2d2c7022eacef16ef2e8229c7fbb2c7d4d55a9ceca922f72d" "/opt/rustwide/cargo-home/bin/cargo" "+nightly-2024-10-28" "metadata" "--no-deps" "--format-version=1", kill_on_drop: false }`
[INFO] [stdout] fc2f5d8f137331370bff8082fc10ac870bcfcf0c617bd69020bbaad4658943eb
[INFO] running `Command { std: "docker" "start" "-a" "fc2f5d8f137331370bff8082fc10ac870bcfcf0c617bd69020bbaad4658943eb", kill_on_drop: false }`
[INFO] running `Command { std: "docker" "inspect" "fc2f5d8f137331370bff8082fc10ac870bcfcf0c617bd69020bbaad4658943eb", kill_on_drop: false }`
[INFO] running `Command { std: "docker" "rm" "-f" "fc2f5d8f137331370bff8082fc10ac870bcfcf0c617bd69020bbaad4658943eb", kill_on_drop: false }`
[INFO] [stdout] fc2f5d8f137331370bff8082fc10ac870bcfcf0c617bd69020bbaad4658943eb
[INFO] running `Command { std: "docker" "create" "-v" "/var/lib/crater-agent-workspace/builds/worker-4-tc1/target:/opt/rustwide/target:rw,Z" "-v" "/var/lib/crater-agent-workspace/builds/worker-4-tc1/source:/opt/rustwide/workdir:ro,Z" "-v" "/var/lib/crater-agent-workspace/cargo-home:/opt/rustwide/cargo-home:ro,Z" "-v" "/var/lib/crater-agent-workspace/rustup-home:/opt/rustwide/rustup-home:ro,Z" "-e" "SOURCE_DIR=/opt/rustwide/workdir" "-e" "CARGO_TARGET_DIR=/opt/rustwide/target" "-e" "CARGO_INCREMENTAL=0" "-e" "RUST_BACKTRACE=full" "-e" "RUSTFLAGS=--cap-lints=forbid" "-e" "RUSTDOCFLAGS=--cap-lints=forbid" "-e" "CARGO_HOME=/opt/rustwide/cargo-home" "-e" "RUSTUP_HOME=/opt/rustwide/rustup-home" "-w" "/opt/rustwide/workdir" "-m" "1610612736" "--user" "0:0" "--network" "none" "ghcr.io/rust-lang/crates-build-env/linux@sha256:4a844ea9eb2546a2d2c7022eacef16ef2e8229c7fbb2c7d4d55a9ceca922f72d" "/opt/rustwide/cargo-home/bin/cargo" "+nightly-2024-10-28" "build" "--frozen" "--message-format=json", kill_on_drop: false }`
[INFO] [stdout] 41a9453e961bf680d808617aca8ee2ff6886137a3d3a9f5cf5bd54ef448e3cdc
[INFO] running `Command { std: "docker" "start" "-a" "41a9453e961bf680d808617aca8ee2ff6886137a3d3a9f5cf5bd54ef448e3cdc", kill_on_drop: false }`
[INFO] [stderr]    Compiling libc v0.2.161
[INFO] [stderr]    Compiling cfg-if v1.0.0
[INFO] [stderr]    Compiling version_check v0.9.5
[INFO] [stderr]    Compiling autocfg v1.4.0
[INFO] [stderr]    Compiling itoa v1.0.11
[INFO] [stderr]    Compiling bytes v1.8.0
[INFO] [stderr]    Compiling pin-project-lite v0.2.15
[INFO] [stderr]    Compiling syn v2.0.86
[INFO] [stderr]    Compiling shlex v1.3.0
[INFO] [stderr]    Compiling futures-core v0.3.31
[INFO] [stderr]    Compiling futures-sink v0.3.31
[INFO] [stderr]    Compiling typenum v1.17.0
[INFO] [stderr]    Compiling smallvec v1.13.2
[INFO] [stderr]    Compiling fnv v1.0.7
[INFO] [stderr]    Compiling parking_lot_core v0.9.10
[INFO] [stderr]    Compiling generic-array v0.14.7
[INFO] [stderr]    Compiling serde v1.0.214
[INFO] [stderr]    Compiling pin-utils v0.1.0
[INFO] [stderr]    Compiling slab v0.4.9
[INFO] [stderr]    Compiling lock_api v0.4.12
[INFO] [stderr]    Compiling futures-task v0.3.31
[INFO] [stderr]    Compiling scopeguard v1.2.0
[INFO] [stderr]    Compiling subtle v2.6.1
[INFO] [stderr]    Compiling http v1.1.0
[INFO] [stderr]    Compiling byteorder v1.5.0
[INFO] [stderr]    Compiling ryu v1.0.18
[INFO] [stderr]    Compiling futures-util v0.3.31
[INFO] [stderr]    Compiling cpufeatures v0.2.14
[INFO] [stderr]    Compiling memchr v2.7.4
[INFO] [stderr]    Compiling jobserver v0.1.32
[INFO] [stderr]    Compiling getrandom v0.2.15
[INFO] [stderr]    Compiling socket2 v0.5.7
[INFO] [stderr]    Compiling cc v1.1.31
[INFO] [stderr]    Compiling parking_lot v0.12.3
[INFO] [stderr]    Compiling signal-hook-registry v1.4.2
[INFO] [stderr]    Compiling mio v1.0.2
[INFO] [stderr]    Compiling rand_core v0.6.4
[INFO] [stderr]    Compiling crypto-common v0.1.6
[INFO] [stderr]    Compiling block-buffer v0.10.4
[INFO] [stderr]    Compiling log v0.4.22
[INFO] [stderr]    Compiling digest v0.10.7
[INFO] [stderr]    Compiling serde_json v1.0.132
[INFO] [stderr]    Compiling spin v0.9.8
[INFO] [stderr]    Compiling once_cell v1.20.2
[INFO] [stderr]    Compiling httparse v1.9.5
[INFO] [stderr]    Compiling percent-encoding v2.3.1
[INFO] [stderr]    Compiling equivalent v1.0.1
[INFO] [stderr]    Compiling hashbrown v0.15.0
[INFO] [stderr]    Compiling tower-service v0.3.3
[INFO] [stderr]    Compiling tracing-core v0.1.32
[INFO] [stderr]    Compiling no-std-compat v0.4.1
[INFO] [stderr]    Compiling thiserror v1.0.66
[INFO] [stderr]    Compiling tinyvec_macros v0.1.1
[INFO] [stderr]    Compiling tinyvec v1.8.0
[INFO] [stderr]    Compiling form_urlencoded v1.2.1
[INFO] [stderr]    Compiling ring v0.17.8
[INFO] [stderr]    Compiling http-body v1.0.1
[INFO] [stderr]    Compiling core-error v0.0.1-rc4
[INFO] [stderr]    Compiling untrusted v0.9.0
[INFO] [stderr]    Compiling httpdate v1.0.3
[INFO] [stderr]    Compiling pkg-config v0.3.31
[INFO] [stderr]    Compiling indexmap v2.6.0
[INFO] [stderr]    Compiling adler2 v2.0.0
[INFO] [stderr]    Compiling unicode-bidi v0.3.17
[INFO] [stderr]    Compiling unicode-normalization v0.1.24
[INFO] [stderr]    Compiling miniz_oxide v0.8.0
[INFO] [stderr]    Compiling sha1 v0.10.6
[INFO] [stderr]    Compiling num-traits v0.2.19
[INFO] [stderr]    Compiling http v0.2.12
[INFO] [stderr]    Compiling futures-channel v0.3.31
[INFO] [stderr]    Compiling crc32fast v1.4.2
[INFO] [stderr]    Compiling powerfmt v0.2.0
[INFO] [stderr]    Compiling rustls v0.21.12
[INFO] [stderr]    Compiling num-conv v0.1.0
[INFO] [stderr]    Compiling time-core v0.1.2
[INFO] [stderr]    Compiling mime v0.3.17
[INFO] [stderr]    Compiling alloc-no-stdlib v2.0.4
[INFO] [stderr]    Compiling deranged v0.3.11
[INFO] [stderr]    Compiling time-macros v0.2.18
[INFO] [stderr]    Compiling alloc-stdlib v0.2.2
[INFO] [stderr]    Compiling flate2 v1.0.34
[INFO] [stderr]    Compiling http-body-util v0.1.2
[INFO] [stderr]    Compiling cookie v0.17.0
[INFO] [stderr]    Compiling encoding_rs v0.8.35
[INFO] [stderr]    Compiling base64ct v1.6.0
[INFO] [stderr]    Compiling tower-layer v0.3.3
[INFO] [stderr]    Compiling base64 v0.21.7
[INFO] [stderr]    Compiling try-lock v0.2.5
[INFO] [stderr]    Compiling rustversion v1.0.18
[INFO] [stderr]    Compiling sync_wrapper v0.1.2
[INFO] [stderr]    Compiling want v0.3.1
[INFO] [stderr]    Compiling http-body v0.4.6
[INFO] [stderr]    Compiling brotli-decompressor v4.0.1
[INFO] [stderr]    Compiling idna v0.5.0
[INFO] [stderr]    Compiling idna v0.3.0
[INFO] [stderr]    Compiling time v0.3.36
[INFO] [stderr]    Compiling sha2 v0.10.8
[INFO] [stderr]    Compiling hmac v0.12.1
[INFO] [stderr]    Compiling multer v3.1.0
[INFO] [stderr]    Compiling data-encoding v2.6.0
[INFO] [stderr]    Compiling psl-types v2.0.11
[INFO] [stderr]    Compiling iana-time-zone v0.1.61
[INFO] [stderr]    Compiling utf-8 v0.7.6
[INFO] [stderr]    Compiling publicsuffix v2.2.3
[INFO] [stderr]    Compiling brotli v7.0.0
[INFO] [stderr]    Compiling zstd-sys v2.0.13+zstd.1.5.6
[INFO] [stderr]    Compiling sync_wrapper v1.0.1
[INFO] [stderr]    Compiling anyhow v1.0.92
[INFO] [stderr]    Compiling serde_derive v1.0.214
[INFO] [stderr]    Compiling tokio-macros v2.4.0
[INFO] [stderr]    Compiling zerocopy-derive v0.7.35
[INFO] [stderr]    Compiling thiserror-impl v1.0.66
[INFO] [stderr]    Compiling tracing-attributes v0.1.27
[INFO] [stderr]    Compiling tokio v1.41.0
[INFO] [stderr]    Compiling zerocopy v0.7.35
[INFO] [stderr]    Compiling tracing v0.1.40
[INFO] [stderr]    Compiling async-trait v0.1.83
[INFO] [stderr]    Compiling rustls-webpki v0.101.7
[INFO] [stderr]    Compiling sct v0.7.1
[INFO] [stderr]    Compiling ppv-lite86 v0.2.20
[INFO] [stderr]    Compiling rand_chacha v0.3.1
[INFO] [stderr]    Compiling zeroize_derive v1.4.2
[INFO] [stderr]    Compiling futures-io v0.3.31
[INFO] [stderr]    Compiling futures v0.3.31
[INFO] [stderr]    Compiling axum-core v0.4.5
[INFO] [stderr]    Compiling rand v0.8.5
[INFO] [stderr]    Compiling zeroize v1.8.1
[INFO] [stderr]    Compiling pin-project-internal v1.1.7
[INFO] [stderr]    Compiling tungstenite v0.24.0
[INFO] [stderr]    Compiling rustls-pemfile v1.0.4
[INFO] [stderr]    Compiling product-os-http v0.0.7
[INFO] [stderr]    Compiling base64 v0.22.1
[INFO] [stderr]    Compiling ipnet v2.10.1
[INFO] [stderr]    Compiling matchit v0.7.3
[INFO] [stderr]    Compiling webpki-roots v0.25.4
[INFO] [stderr]    Compiling product-os-http-body v0.0.14
[INFO] [stderr]    Compiling pin-project v1.1.7
[INFO] [stderr]    Compiling bzip2-sys v0.1.11+1.0.8
[INFO] [stderr]    Compiling zstd-safe v5.0.2+zstd.1.5.2
[INFO] [stderr]    Compiling ioslice v0.6.0
[INFO] [stderr]    Compiling fiat-crypto v0.2.9
[INFO] [stderr]    Compiling regex-syntax v0.8.5
[INFO] [stderr]    Compiling product-os-random v0.0.20
[INFO] [stderr]    Compiling tokio-util v0.7.12
[INFO] [stderr]    Compiling h2 v0.3.26
[INFO] [stderr]    Compiling tokio-rustls v0.24.1
[INFO] [stderr]    Compiling hyper v1.5.0
[INFO] [stderr]    Compiling hyper-util v0.1.10
[INFO] [stderr]    Compiling serde_urlencoded v0.7.1
[INFO] [stderr]    Compiling url v2.5.2
[INFO] [stderr]    Compiling chrono v0.4.38
[INFO] [stderr]    Compiling serde_path_to_error v0.1.16
[INFO] [stderr]    Compiling cookie_store v0.20.0
[INFO] [stderr]    Compiling async-compression v0.4.17
[INFO] [stderr]    Compiling tokio-tungstenite v0.24.0
[INFO] [stderr]    Compiling tower v0.5.1
[INFO] [stderr]    Compiling serde_html_form v0.2.6
[INFO] [stderr]    Compiling jwt-compact v0.8.0
[INFO] [stderr]    Compiling hyper v0.14.31
[INFO] [stderr]    Compiling axum v0.7.7
[INFO] [stderr]    Compiling product-os-async-executor v0.0.16
[INFO] [stderr]    Compiling regex-automata v0.4.8
[INFO] [stderr]    Compiling tower v0.4.13
[INFO] [stderr]    Compiling inout v0.1.3
[INFO] [stderr]    Compiling unsafe-libyaml v0.2.11
[INFO] [stderr]    Compiling same-file v1.0.6
[INFO] [stderr]    Compiling no-std-net v0.6.0
[INFO] [stderr]    Compiling lazy_static v1.5.0
[INFO] [stderr]    Compiling walkdir v2.5.0
[INFO] [stderr]    Compiling orion v0.17.7
[INFO] [stderr]    Compiling product-os-net v0.0.1
[INFO] [stderr]    Compiling cipher v0.4.4
[INFO] [stderr]    Compiling serde_with v3.11.0
[INFO] [stderr]    Compiling serde_yaml v0.9.34+deprecated
[INFO] [stderr]    Compiling hyper-rustls v0.24.2
[INFO] [stderr]    Compiling reqwest v0.11.27
[INFO] [stderr]    Compiling product-os-security v0.0.28
[INFO] [stderr]    Compiling regex v1.11.1
[INFO] [stderr]    Compiling password-hash v0.4.2
[INFO] [stderr]    Compiling dns-lookup v2.0.4
[INFO] [stderr]    Compiling xml-rs v0.8.22
[INFO] [stderr]    Compiling mopa v0.2.2
[INFO] [stderr]    Compiling pbkdf2 v0.11.0
[INFO] [stderr]    Compiling bzip2 v0.4.4
[INFO] [stderr]    Compiling aes v0.8.4
[INFO] [stderr]    Compiling sharded-slab v0.1.7
[INFO] [stderr]    Compiling product-os-utilities v0.0.19
[INFO] [stderr]    Compiling product-os-openapi v0.0.4
[INFO] [stderr]    Compiling axum-extra v0.9.4
[INFO] [stderr]    Compiling product-os-request v0.0.38
[INFO] [stderr]    Compiling thread_local v1.1.8
[INFO] [stderr]    Compiling constant_time_eq v0.1.5
[INFO] [stderr]    Compiling iso_country v0.1.4
[INFO] [stderr]    Compiling subprocess v0.2.9
[INFO] [stderr]    Compiling tracing-subscriber v0.3.18
[INFO] [stderr]    Compiling product-os-router v0.0.25
[INFO] [stderr]    Compiling product-os-capabilities v0.0.13
[INFO] [stderr]    Compiling product-os-connector v0.0.19
[INFO] [stderr]    Compiling zstd v0.11.2+zstd.1.5.2
[INFO] [stderr]    Compiling zip v0.6.6
[INFO] [stderr]    Compiling product-os-configuration v0.0.28
[INFO] [stderr]    Compiling zip-extract v0.1.3
[INFO] [stderr]    Compiling product-os-vpn v0.0.2 (/opt/rustwide/workdir)
[INFO] [stdout] error[E0061]: this function takes 3 arguments but 2 arguments were supplied
[INFO] [stdout]    --> src/protocols/openvpn.rs:55:21
[INFO] [stdout]     |
[INFO] [stdout] 55  |             None => product_os_utilities::ProductOSUtilities::get_socket_address(String::from("0.0.0.0"), port),
[INFO] [stdout]     |                     ^^^^^^^^^^^^^^^^^^^^^^^^^^^^^^^^^^^^^^^^^^^^^^^^^^^^^^^^^^^^------------------------------- argument #3 of type `bool` is missing
[INFO] [stdout]     |
[INFO] [stdout] note: associated function defined here
[INFO] [stdout]    --> /opt/rustwide/cargo-home/registry/src/index.crates.io-6f17d22bba15001f/product-os-utilities-0.0.19/src/lib.rs:202:12
[INFO] [stdout]     |
[INFO] [stdout] 202 |     pub fn get_socket_address(host: String, port: u16, default_all_interfaces: bool) -> SocketAddr {
[INFO] [stdout]     |            ^^^^^^^^^^^^^^^^^^
[INFO] [stdout] help: provide the argument
[INFO] [stdout]     |
[INFO] [stdout] 55  |             None => product_os_utilities::ProductOSUtilities::get_socket_address(String::from("0.0.0.0"), port, /* bool */),
[INFO] [stdout]     |                                                                                 ~~~~~~~~~~~~~~~~~~~~~~~~~~~~~~~~~~~~~~~~~~~
[INFO] [stdout] 
[INFO] [stdout] 
[INFO] [stdout] error[E0061]: this function takes 3 arguments but 2 arguments were supplied
[INFO] [stdout]    --> src/protocols/openvpn.rs:56:24
[INFO] [stdout]     |
[INFO] [stdout] 56  |             Some(h) => product_os_utilities::ProductOSUtilities::get_socket_address(h, port)
[INFO] [stdout]     |                        ^^^^^^^^^^^^^^^^^^^^^^^^^^^^^^^^^^^^^^^^^^^^^^^^^^^^^^^^^^^^--------- argument #3 of type `bool` is missing
[INFO] [stdout]     |
[INFO] [stdout] note: associated function defined here
[INFO] [stdout]    --> /opt/rustwide/cargo-home/registry/src/index.crates.io-6f17d22bba15001f/product-os-utilities-0.0.19/src/lib.rs:202:12
[INFO] [stdout]     |
[INFO] [stdout] 202 |     pub fn get_socket_address(host: String, port: u16, default_all_interfaces: bool) -> SocketAddr {
[INFO] [stdout]     |            ^^^^^^^^^^^^^^^^^^
[INFO] [stdout] help: provide the argument
[INFO] [stdout]     |
[INFO] [stdout] 56  |             Some(h) => product_os_utilities::ProductOSUtilities::get_socket_address(h, port, /* bool */)
[INFO] [stdout]     |                                                                                    ~~~~~~~~~~~~~~~~~~~~~
[INFO] [stdout] 
[INFO] [stdout] 
[INFO] [stdout] error[E0061]: this function takes 3 arguments but 2 arguments were supplied
[INFO] [stdout]    --> src/protocols/openvpn.rs:360:31
[INFO] [stdout]     |
[INFO] [stdout] 360 |         self.socket_address = ProductOSUtilities::get_socket_address(host, self.get_port());
[INFO] [stdout]     |                               ^^^^^^^^^^^^^^^^^^^^^^^^^^^^^^^^^^^^^^----------------------- argument #3 of type `bool` is missing
[INFO] [stdout]     |
[INFO] [stdout] note: associated function defined here
[INFO] [stdout]    --> /opt/rustwide/cargo-home/registry/src/index.crates.io-6f17d22bba15001f/product-os-utilities-0.0.19/src/lib.rs:202:12
[INFO] [stdout]     |
[INFO] [stdout] 202 |     pub fn get_socket_address(host: String, port: u16, default_all_interfaces: bool) -> SocketAddr {
[INFO] [stdout]     |            ^^^^^^^^^^^^^^^^^^
[INFO] [stdout] help: provide the argument
[INFO] [stdout]     |
[INFO] [stdout] 360 |         self.socket_address = ProductOSUtilities::get_socket_address(host, self.get_port(), /* bool */);
[INFO] [stdout]     |                                                                     ~~~~~~~~~~~~~~~~~~~~~~~~~~~~~~~~~~~
[INFO] [stdout] 
[INFO] [stdout] 
[INFO] [stdout] error[E0061]: this function takes 3 arguments but 2 arguments were supplied
[INFO] [stdout]    --> src/protocols/openvpn.rs:364:31
[INFO] [stdout]     |
[INFO] [stdout] 364 |         self.socket_address = ProductOSUtilities::get_socket_address(self.get_host(), port);
[INFO] [stdout]     |                               ^^^^^^^^^^^^^^^^^^^^^^^^^^^^^^^^^^^^^^----------------------- argument #3 of type `bool` is missing
[INFO] [stdout]     |
[INFO] [stdout] note: associated function defined here
[INFO] [stdout]    --> /opt/rustwide/cargo-home/registry/src/index.crates.io-6f17d22bba15001f/product-os-utilities-0.0.19/src/lib.rs:202:12
[INFO] [stdout]     |
[INFO] [stdout] 202 |     pub fn get_socket_address(host: String, port: u16, default_all_interfaces: bool) -> SocketAddr {
[INFO] [stdout]     |            ^^^^^^^^^^^^^^^^^^
[INFO] [stdout] help: provide the argument
[INFO] [stdout]     |
[INFO] [stdout] 364 |         self.socket_address = ProductOSUtilities::get_socket_address(self.get_host(), port, /* bool */);
[INFO] [stdout]     |                                                                     ~~~~~~~~~~~~~~~~~~~~~~~~~~~~~~~~~~~
[INFO] [stdout] 
[INFO] [stdout] 
[INFO] [stdout] error[E0061]: this function takes 1 argument but 0 arguments were supplied
[INFO] [stdout]    --> src/providers/nordvpn.rs:27:29
[INFO] [stdout]     |
[INFO] [stdout] 27  |         let mut generator = product_os_security::RandomGenerator::new();
[INFO] [stdout]     |                             ^^^^^^^^^^^^^^^^^^^^^^^^^^^^^^^^^^^^^^^^^-- argument #1 of type `std::option::Option<product_os_random::RNG>` is missing
[INFO] [stdout]     |
[INFO] [stdout] note: associated function defined here
[INFO] [stdout]    --> /opt/rustwide/cargo-home/registry/src/index.crates.io-6f17d22bba15001f/product-os-random-0.0.20/src/lib.rs:363:12
[INFO] [stdout]     |
[INFO] [stdout] 363 |     pub fn new(gen: Option<RNG>) -> Self {
[INFO] [stdout]     |            ^^^
[INFO] [stdout] help: provide the argument
[INFO] [stdout]     |
[INFO] [stdout] 27  |         let mut generator = product_os_security::RandomGenerator::new(/* std::option::Option<product_os_random::RNG> */);
[INFO] [stdout]     |                                                                      ~~~~~~~~~~~~~~~~~~~~~~~~~~~~~~~~~~~~~~~~~~~~~~~~~~~
[INFO] [stdout] 
[INFO] [stdout] 
[INFO] [stdout] error[E0599]: no method named `get_random_usize` found for struct `RandomGenerator` in the current scope
[INFO] [stdout]    --> src/providers/nordvpn.rs:29:44
[INFO] [stdout]     |
[INFO] [stdout] 29  |         let port = u16::try_from(generator.get_random_usize(1025, 65535)).unwrap();
[INFO] [stdout]     |                                            ^^^^^^^^^^^^^^^^
[INFO] [stdout]     |
[INFO] [stdout]    ::: /opt/rustwide/cargo-home/registry/src/index.crates.io-6f17d22bba15001f/product-os-random-0.0.20/src/lib.rs:961:8
[INFO] [stdout]     |
[INFO] [stdout] 961 |     fn get_random_usize(&mut self, min: usize, max: usize) -> usize;
[INFO] [stdout]     |        ---------------- the method is available for `RandomGenerator` here
[INFO] [stdout]     |
[INFO] [stdout]     = help: items from traits can only be used if the trait is in scope
[INFO] [stdout] help: there is a method `get_random_u32` with a similar name, but with different arguments
[INFO] [stdout]    --> /opt/rustwide/cargo-home/registry/src/index.crates.io-6f17d22bba15001f/product-os-random-0.0.20/src/lib.rs:962:5
[INFO] [stdout]     |
[INFO] [stdout] 962 |     fn get_random_u32(&mut self) -> u32;
[INFO] [stdout]     |     ^^^^^^^^^^^^^^^^^^^^^^^^^^^^^^^^^^^^
[INFO] [stdout] help: trait `RandomGeneratorTemplate` which provides `get_random_usize` is implemented but not in scope; perhaps you want to import it
[INFO] [stdout]     |
[INFO] [stdout] 1   + use product_os_security::RandomGeneratorTemplate;
[INFO] [stdout]     |
[INFO] [stdout] 
[INFO] [stdout] 
[INFO] [stdout] error[E0624]: method `new_request` is private
[INFO] [stdout]    --> src/providers/nordvpn.rs:86:45
[INFO] [stdout]     |
[INFO] [stdout] 86  |                     let request = requester.new_request(product_os_request::Method::GET, archive_url);
[INFO] [stdout]     |                                             ^^^^^^^^^^^ private method
[INFO] [stdout]     |
[INFO] [stdout]    ::: /opt/rustwide/cargo-home/registry/src/index.crates.io-6f17d22bba15001f/product-os-request-0.0.38/src/lib.rs:569:5
[INFO] [stdout]     |
[INFO] [stdout] 569 |     fn new_request<DReq: product_os_http_body::Body, DRes: product_os_http_body::Body>(&self, method: Method, url: String, client: &mut impl ProductOSClient<DReq, DRes>) -> ProductOSRequest<DReq...
[INFO] [stdout]     |     ----------------------------------------------------------------------------------------------------------------------------------------------------------------------------------------------- private method defined here
[INFO] [stdout] 
[INFO] [stdout] 
[INFO] [stdout] error[E0624]: method `request` is private
[INFO] [stdout]    --> src/providers/nordvpn.rs:88:37
[INFO] [stdout]     |
[INFO] [stdout] 88  |                     match requester.request(request).await {
[INFO] [stdout]     |                                     ^^^^^^^ private method
[INFO] [stdout]     |
[INFO] [stdout]    ::: /opt/rustwide/cargo-home/registry/src/index.crates.io-6f17d22bba15001f/product-os-request-0.0.38/src/lib.rs:573:5
[INFO] [stdout]     |
[INFO] [stdout] 573 |     async fn request<DReq: product_os_http_body::Body, DRes: product_os_http_body::Body>(&self, r: ProductOSRequest<DReq>, client: &mut impl ProductOSClient<DReq, DRes>) -> Result<ProductOSResponse<DRes>, ProductOSRequestError...
[INFO] [stdout]     |     ------------------------------------------------------------------------------------------------------------------------------------------------------------------------------------------------------------------------------- private method defined here
[INFO] [stdout] 
[INFO] [stdout] 
[INFO] [stdout] error[E0599]: no method named `get_random_usize` found for struct `parking_lot::lock_api::MutexGuard<'_, parking_lot::RawMutex, RandomGenerator>` in the current scope
[INFO] [stdout]    --> src/providers/nordvpn.rs:213:52
[INFO] [stdout]     |
[INFO] [stdout] 213 |                 let port = u16::try_from(generator.get_random_usize(1025, 65535)).unwrap();
[INFO] [stdout]     |                                                    ^^^^^^^^^^^^^^^^
[INFO] [stdout]     |
[INFO] [stdout]     = help: items from traits can only be used if the trait is in scope
[INFO] [stdout] help: there is a method `get_random_u32` with a similar name, but with different arguments
[INFO] [stdout]    --> /opt/rustwide/cargo-home/registry/src/index.crates.io-6f17d22bba15001f/product-os-random-0.0.20/src/lib.rs:962:5
[INFO] [stdout]     |
[INFO] [stdout] 962 |     fn get_random_u32(&mut self) -> u32;
[INFO] [stdout]     |     ^^^^^^^^^^^^^^^^^^^^^^^^^^^^^^^^^^^^
[INFO] [stdout] help: trait `RandomGeneratorTemplate` which provides `get_random_usize` is implemented but not in scope; perhaps you want to import it
[INFO] [stdout]     |
[INFO] [stdout] 1   + use product_os_security::RandomGeneratorTemplate;
[INFO] [stdout]     |
[INFO] [stdout] 
[INFO] [stdout] 
[INFO] [stdout] error[E0277]: `Rc<UnsafeCell<rand::rngs::adapter::reseeding::ReseedingRng<rand_chacha::chacha::ChaCha12Core, rand_core::os::OsRng>>>` cannot be sent between threads safely
[INFO] [stdout]    --> src/lib.rs:118:13
[INFO] [stdout]     |
[INFO] [stdout] 118 |             provider,
[INFO] [stdout]     |             ^^^^^^^^ `Rc<UnsafeCell<rand::rngs::adapter::reseeding::ReseedingRng<rand_chacha::chacha::ChaCha12Core, rand_core::os::OsRng>>>` cannot be sent between threads safely
[INFO] [stdout]     |
[INFO] [stdout]     = help: within `RandomGenerator`, the trait `Send` is not implemented for `Rc<UnsafeCell<rand::rngs::adapter::reseeding::ReseedingRng<rand_chacha::chacha::ChaCha12Core, rand_core::os::OsRng>>>`, which is required by `nordvpn::NordVPN: Sync`
[INFO] [stdout] note: required because it appears within the type `rand::rngs::thread::ThreadRng`
[INFO] [stdout]    --> /opt/rustwide/cargo-home/registry/src/index.crates.io-6f17d22bba15001f/rand-0.8.5/src/rngs/thread.rs:62:12
[INFO] [stdout]     |
[INFO] [stdout] 62  | pub struct ThreadRng {
[INFO] [stdout]     |            ^^^^^^^^^
[INFO] [stdout] note: required because it appears within the type `product_os_random::RNG`
[INFO] [stdout]    --> /opt/rustwide/cargo-home/registry/src/index.crates.io-6f17d22bba15001f/product-os-random-0.0.20/src/lib.rs:132:10
[INFO] [stdout]     |
[INFO] [stdout] 132 | pub enum RNG {
[INFO] [stdout]     |          ^^^
[INFO] [stdout] note: required because it appears within the type `RandomGenerator`
[INFO] [stdout]    --> /opt/rustwide/cargo-home/registry/src/index.crates.io-6f17d22bba15001f/product-os-random-0.0.20/src/lib.rs:358:12
[INFO] [stdout]     |
[INFO] [stdout] 358 | pub struct RandomGenerator {
[INFO] [stdout]     |            ^^^^^^^^^^^^^^^
[INFO] [stdout]     = note: required for `parking_lot::lock_api::Mutex<parking_lot::RawMutex, RandomGenerator>` to implement `Sync`
[INFO] [stdout]     = note: 1 redundant requirement hidden
[INFO] [stdout]     = note: required for `Arc<parking_lot::lock_api::Mutex<parking_lot::RawMutex, RandomGenerator>>` to implement `Sync`
[INFO] [stdout] note: required because it appears within the type `nordvpn::NordVPN`
[INFO] [stdout]    --> src/providers/nordvpn.rs:16:12
[INFO] [stdout]     |
[INFO] [stdout] 16  | pub struct NordVPN {
[INFO] [stdout]     |            ^^^^^^^
[INFO] [stdout]     = note: required for the cast from `Arc<parking_lot::lock_api::Mutex<parking_lot::RawMutex, nordvpn::NordVPN>>` to `Arc<parking_lot::lock_api::Mutex<parking_lot::RawMutex, (dyn Provider + Send + Sync + 'static)>>`
[INFO] [stdout] 
[INFO] [stdout] 
[INFO] [stdout] error[E0061]: this function takes 3 arguments but 2 arguments were supplied
[INFO] [stdout]    --> src/lib.rs:172:9
[INFO] [stdout]     |
[INFO] [stdout] 172 |         product_os_utilities::ProductOSUtilities::get_socket_address(provider.get_host(), provider.get_port())
[INFO] [stdout]     |         ^^^^^^^^^^^^^^^^^^^^^^^^^^^^^^^^^^^^^^^^^^^^^^^^^^^^^^^^^^^^------------------------------------------ argument #3 of type `bool` is missing
[INFO] [stdout]     |
[INFO] [stdout] note: associated function defined here
[INFO] [stdout]    --> /opt/rustwide/cargo-home/registry/src/index.crates.io-6f17d22bba15001f/product-os-utilities-0.0.19/src/lib.rs:202:12
[INFO] [stdout]     |
[INFO] [stdout] 202 |     pub fn get_socket_address(host: String, port: u16, default_all_interfaces: bool) -> SocketAddr {
[INFO] [stdout]     |            ^^^^^^^^^^^^^^^^^^
[INFO] [stdout] help: provide the argument
[INFO] [stdout]     |
[INFO] [stdout] 172 |         product_os_utilities::ProductOSUtilities::get_socket_address(provider.get_host(), provider.get_port(), /* bool */)
[INFO] [stdout]     |                                                                     ~~~~~~~~~~~~~~~~~~~~~~~~~~~~~~~~~~~~~~~~~~~~~~~~~~~~~~
[INFO] [stdout] 
[INFO] [stdout] 
[INFO] [stdout] Some errors have detailed explanations: E0061, E0277, E0599, E0624.
[INFO] [stdout] 
[INFO] [stdout] For more information about an error, try `rustc --explain E0061`.
[INFO] [stdout] 
[INFO] [stderr] error: could not compile `product-os-vpn` (lib) due to 11 previous errors
[INFO] running `Command { std: "docker" "inspect" "41a9453e961bf680d808617aca8ee2ff6886137a3d3a9f5cf5bd54ef448e3cdc", kill_on_drop: false }`
[INFO] running `Command { std: "docker" "rm" "-f" "41a9453e961bf680d808617aca8ee2ff6886137a3d3a9f5cf5bd54ef448e3cdc", kill_on_drop: false }`
[INFO] [stdout] 41a9453e961bf680d808617aca8ee2ff6886137a3d3a9f5cf5bd54ef448e3cdc
