[INFO] fetching crate procr_ansi_term 0.2.2...
[INFO] testing procr_ansi_term-0.2.2 against nightly-2024-10-28+rustflags=-Zrandomize-layout for randomize-layout
[INFO] extracting crate procr_ansi_term 0.2.2 into /workspace/builds/worker-5-tc2/source
[INFO] validating manifest of crates.io crate procr_ansi_term 0.2.2 on toolchain nightly-2024-10-28
[INFO] running `Command { std: CARGO_HOME="/workspace/cargo-home" RUSTUP_HOME="/workspace/rustup-home" "/workspace/cargo-home/bin/cargo" "+nightly-2024-10-28" "metadata" "--manifest-path" "Cargo.toml" "--no-deps", kill_on_drop: false }`
[INFO] started tweaking crates.io crate procr_ansi_term 0.2.2
[INFO] finished tweaking crates.io crate procr_ansi_term 0.2.2
[INFO] tweaked toml for crates.io crate procr_ansi_term 0.2.2 written to /workspace/builds/worker-5-tc2/source/Cargo.toml
[INFO] crate crates.io crate procr_ansi_term 0.2.2 already has a lockfile, it will not be regenerated
[INFO] running `Command { std: CARGO_HOME="/workspace/cargo-home" RUSTUP_HOME="/workspace/rustup-home" "/workspace/cargo-home/bin/cargo" "+nightly-2024-10-28" "fetch" "--manifest-path" "Cargo.toml", kill_on_drop: false }`
[INFO] running `Command { std: "docker" "create" "-v" "/var/lib/crater-agent-workspace/builds/worker-5-tc2/target:/opt/rustwide/target:rw,Z" "-v" "/var/lib/crater-agent-workspace/builds/worker-5-tc2/source:/opt/rustwide/workdir:ro,Z" "-v" "/var/lib/crater-agent-workspace/cargo-home:/opt/rustwide/cargo-home:ro,Z" "-v" "/var/lib/crater-agent-workspace/rustup-home:/opt/rustwide/rustup-home:ro,Z" "-e" "SOURCE_DIR=/opt/rustwide/workdir" "-e" "CARGO_TARGET_DIR=/opt/rustwide/target" "-e" "CARGO_HOME=/opt/rustwide/cargo-home" "-e" "RUSTUP_HOME=/opt/rustwide/rustup-home" "-w" "/opt/rustwide/workdir" "-m" "1610612736" "--user" "0:0" "--network" "none" "ghcr.io/rust-lang/crates-build-env/linux@sha256:4a844ea9eb2546a2d2c7022eacef16ef2e8229c7fbb2c7d4d55a9ceca922f72d" "/opt/rustwide/cargo-home/bin/cargo" "+nightly-2024-10-28" "metadata" "--no-deps" "--format-version=1", kill_on_drop: false }`
[INFO] [stdout] dc495d8bdf499aa41f518d567d6af27ae28ff0edea90208fa1f16993b2819afa
[INFO] running `Command { std: "docker" "start" "-a" "dc495d8bdf499aa41f518d567d6af27ae28ff0edea90208fa1f16993b2819afa", kill_on_drop: false }`
[INFO] running `Command { std: "docker" "inspect" "dc495d8bdf499aa41f518d567d6af27ae28ff0edea90208fa1f16993b2819afa", kill_on_drop: false }`
[INFO] running `Command { std: "docker" "rm" "-f" "dc495d8bdf499aa41f518d567d6af27ae28ff0edea90208fa1f16993b2819afa", kill_on_drop: false }`
[INFO] [stdout] dc495d8bdf499aa41f518d567d6af27ae28ff0edea90208fa1f16993b2819afa
[INFO] running `Command { std: "docker" "create" "-v" "/var/lib/crater-agent-workspace/builds/worker-5-tc2/target:/opt/rustwide/target:rw,Z" "-v" "/var/lib/crater-agent-workspace/builds/worker-5-tc2/source:/opt/rustwide/workdir:ro,Z" "-v" "/var/lib/crater-agent-workspace/cargo-home:/opt/rustwide/cargo-home:ro,Z" "-v" "/var/lib/crater-agent-workspace/rustup-home:/opt/rustwide/rustup-home:ro,Z" "-e" "SOURCE_DIR=/opt/rustwide/workdir" "-e" "CARGO_TARGET_DIR=/opt/rustwide/target" "-e" "CARGO_INCREMENTAL=0" "-e" "RUST_BACKTRACE=full" "-e" "RUSTFLAGS=--cap-lints=forbid -Zrandomize-layout" "-e" "RUSTDOCFLAGS=--cap-lints=forbid" "-e" "CARGO_HOME=/opt/rustwide/cargo-home" "-e" "RUSTUP_HOME=/opt/rustwide/rustup-home" "-w" "/opt/rustwide/workdir" "-m" "1610612736" "--user" "0:0" "--network" "none" "ghcr.io/rust-lang/crates-build-env/linux@sha256:4a844ea9eb2546a2d2c7022eacef16ef2e8229c7fbb2c7d4d55a9ceca922f72d" "/opt/rustwide/cargo-home/bin/cargo" "+nightly-2024-10-28" "build" "--frozen" "--message-format=json", kill_on_drop: false }`
[INFO] [stdout] 940cbe4684e1b91bb0e462a4fdf1a0fd3978674b2fce372560ee6e516d57af97
[INFO] running `Command { std: "docker" "start" "-a" "940cbe4684e1b91bb0e462a4fdf1a0fd3978674b2fce372560ee6e516d57af97", kill_on_drop: false }`
[INFO] [stderr]    Compiling proc-macro2 v1.0.69
[INFO] [stderr]    Compiling unicode-ident v1.0.12
[INFO] [stderr]    Compiling libc v0.2.149
[INFO] [stderr]    Compiling cfg-if v1.0.0
[INFO] [stderr]    Compiling unicode-xid v0.2.4
[INFO] [stderr]    Compiling equivalent v1.0.1
[INFO] [stderr]    Compiling memchr v2.6.4
[INFO] [stderr]    Compiling hashbrown v0.14.1
[INFO] [stderr]    Compiling thin-vec v0.2.12
[INFO] [stderr]    Compiling prettyplease v0.2.15
[INFO] [stderr]    Compiling smallvec v1.11.1
[INFO] [stderr]    Compiling ppv-lite86 v0.2.17
[INFO] [stderr]    Compiling regex-syntax v0.8.1
[INFO] [stderr]    Compiling arrayvec v0.7.4
[INFO] [stderr]    Compiling paste v1.0.14
[INFO] [stderr]    Compiling unicode-properties v0.1.0
[INFO] [stderr]    Compiling either v1.9.0
[INFO] [stderr]    Compiling bitflags v2.4.0
[INFO] [stderr]    Compiling ra-ap-rustc_lexer v0.14.0
[INFO] [stderr]    Compiling itertools v0.11.0
[INFO] [stderr]    Compiling aho-corasick v1.1.2
[INFO] [stderr]    Compiling indexmap v2.0.2
[INFO] [stderr]    Compiling quote v1.0.33
[INFO] [stderr]    Compiling getrandom v0.2.10
[INFO] [stderr]    Compiling rand_core v0.6.4
[INFO] [stderr]    Compiling syn v2.0.38
[INFO] [stderr]    Compiling rand_chacha v0.3.1
[INFO] [stderr]    Compiling ra-ap-rustc_serialize v0.14.0
[INFO] [stderr]    Compiling rand v0.8.5
[INFO] [stderr]    Compiling regex-automata v0.4.1
[INFO] [stderr]    Compiling synstructure v0.13.0
[INFO] [stderr]    Compiling regex v1.10.0
[INFO] [stderr]    Compiling ra-ap-rustc_macros v0.14.0
[INFO] [stderr]    Compiling ra-ap-rustc_index v0.14.0
[INFO] [stdout] error[E0308]: mismatched types
[INFO] [stdout]    --> /opt/rustwide/cargo-home/registry/src/index.crates.io-6f17d22bba15001f/ra-ap-rustc_index-0.14.0/src/lib.rs:47:32
[INFO] [stdout]     |
[INFO] [stdout] 47  |         const _: [(); $size] = [(); ::std::mem::size_of::<$ty>()];
[INFO] [stdout]     |                                ^^^^^^^^^^^^^^^^^^^^^^^^^^^^^^^^^^ expected an array with a fixed size of 16 elements, found one with 24 elements
[INFO] [stdout]     |
[INFO] [stdout]    ::: /opt/rustwide/cargo-home/registry/src/index.crates.io-6f17d22bba15001f/ra-ap-rustc_index-0.14.0/src/bit_set.rs:413:35
[INFO] [stdout]     |
[INFO] [stdout] 413 | crate::static_assert_size!(Chunk, 16);
[INFO] [stdout]     | -------------------------------------
[INFO] [stdout]     | |                                 |
[INFO] [stdout]     | |                                 help: consider specifying the actual array length: `24`
[INFO] [stdout]     | in this macro invocation
[INFO] [stdout]     |
[INFO] [stdout]     = note: this error originates in the macro `crate::static_assert_size` (in Nightly builds, run with -Z macro-backtrace for more info)
[INFO] [stdout] 
[INFO] [stdout] 
[INFO] [stdout] error[E0658]: use of unstable library feature 'new_zeroed_alloc'
[INFO] [stdout]    --> /opt/rustwide/cargo-home/registry/src/index.crates.io-6f17d22bba15001f/ra-ap-rustc_index-0.14.0/src/bit_set.rs:506:33
[INFO] [stdout]     |
[INFO] [stdout] 506 |                     let words = Rc::<[Word; CHUNK_WORDS]>::new_zeroed();
[INFO] [stdout]     |                                 ^^^^^^^^^^^^^^^^^^^^^^^^^^^^^^^^^^^^^
[INFO] [stdout]     |
[INFO] [stdout]     = note: see issue #129396 <https://github.com/rust-lang/rust/issues/129396> for more information
[INFO] [stdout]     = help: add `#![feature(new_zeroed_alloc)]` to the crate attributes to enable
[INFO] [stdout]     = note: this compiler was built on 2024-10-27; consider upgrading it if it is out of date
[INFO] [stdout] 
[INFO] [stdout] 
[INFO] [stdout] error[E0658]: use of unstable library feature 'new_zeroed_alloc'
[INFO] [stdout]    --> /opt/rustwide/cargo-home/registry/src/index.crates.io-6f17d22bba15001f/ra-ap-rustc_index-0.14.0/src/bit_set.rs:560:33
[INFO] [stdout]     |
[INFO] [stdout] 560 |                     let words = Rc::<[Word; CHUNK_WORDS]>::new_zeroed();
[INFO] [stdout]     |                                 ^^^^^^^^^^^^^^^^^^^^^^^^^^^^^^^^^^^^^
[INFO] [stdout]     |
[INFO] [stdout]     = note: see issue #129396 <https://github.com/rust-lang/rust/issues/129396> for more information
[INFO] [stdout]     = help: add `#![feature(new_zeroed_alloc)]` to the crate attributes to enable
[INFO] [stdout]     = note: this compiler was built on 2024-10-27; consider upgrading it if it is out of date
[INFO] [stdout] 
[INFO] [stdout] 
[INFO] [stdout] Some errors have detailed explanations: E0308, E0658.
[INFO] [stdout] 
[INFO] [stdout] For more information about an error, try `rustc --explain E0308`.
[INFO] [stdout] 
[INFO] [stderr] error: could not compile `ra-ap-rustc_index` (lib) due to 3 previous errors
[INFO] running `Command { std: "docker" "inspect" "940cbe4684e1b91bb0e462a4fdf1a0fd3978674b2fce372560ee6e516d57af97", kill_on_drop: false }`
[INFO] running `Command { std: "docker" "rm" "-f" "940cbe4684e1b91bb0e462a4fdf1a0fd3978674b2fce372560ee6e516d57af97", kill_on_drop: false }`
[INFO] [stdout] 940cbe4684e1b91bb0e462a4fdf1a0fd3978674b2fce372560ee6e516d57af97
