[INFO] fetching crate privilege_level 0.1.1...
[INFO] testing privilege_level-0.1.1 against nightly-2024-10-28+rustflags=-Zrandomize-layout for randomize-layout
[INFO] extracting crate privilege_level 0.1.1 into /workspace/builds/worker-3-tc2/source
[INFO] validating manifest of crates.io crate privilege_level 0.1.1 on toolchain nightly-2024-10-28
[INFO] running `Command { std: CARGO_HOME="/workspace/cargo-home" RUSTUP_HOME="/workspace/rustup-home" "/workspace/cargo-home/bin/cargo" "+nightly-2024-10-28" "metadata" "--manifest-path" "Cargo.toml" "--no-deps", kill_on_drop: false }`
[INFO] started tweaking crates.io crate privilege_level 0.1.1
[INFO] finished tweaking crates.io crate privilege_level 0.1.1
[INFO] tweaked toml for crates.io crate privilege_level 0.1.1 written to /workspace/builds/worker-3-tc2/source/Cargo.toml
[INFO] running `Command { std: CARGO_HOME="/workspace/cargo-home" RUSTUP_HOME="/workspace/rustup-home" "/workspace/cargo-home/bin/cargo" "+nightly-2024-10-28" "generate-lockfile" "--manifest-path" "Cargo.toml", kill_on_drop: false }`
[INFO] [stderr]     Updating crates.io index
[INFO] [stderr]      Locking 6 packages to latest compatible versions
[INFO] [stderr]       Adding x86_64 v0.14.12 (available: v0.15.1)
[INFO] running `Command { std: CARGO_HOME="/workspace/cargo-home" RUSTUP_HOME="/workspace/rustup-home" "/workspace/cargo-home/bin/cargo" "+nightly-2024-10-28" "fetch" "--manifest-path" "Cargo.toml", kill_on_drop: false }`
[INFO] running `Command { std: "docker" "create" "-v" "/var/lib/crater-agent-workspace/builds/worker-3-tc2/target:/opt/rustwide/target:rw,Z" "-v" "/var/lib/crater-agent-workspace/builds/worker-3-tc2/source:/opt/rustwide/workdir:ro,Z" "-v" "/var/lib/crater-agent-workspace/cargo-home:/opt/rustwide/cargo-home:ro,Z" "-v" "/var/lib/crater-agent-workspace/rustup-home:/opt/rustwide/rustup-home:ro,Z" "-e" "SOURCE_DIR=/opt/rustwide/workdir" "-e" "CARGO_TARGET_DIR=/opt/rustwide/target" "-e" "CARGO_HOME=/opt/rustwide/cargo-home" "-e" "RUSTUP_HOME=/opt/rustwide/rustup-home" "-w" "/opt/rustwide/workdir" "-m" "1610612736" "--user" "0:0" "--network" "none" "ghcr.io/rust-lang/crates-build-env/linux@sha256:4a844ea9eb2546a2d2c7022eacef16ef2e8229c7fbb2c7d4d55a9ceca922f72d" "/opt/rustwide/cargo-home/bin/cargo" "+nightly-2024-10-28" "metadata" "--no-deps" "--format-version=1", kill_on_drop: false }`
[INFO] [stdout] 50d506addfb9849ac545252963b9ab071aa405aea89c0bcf600a8263c2a5c60c
[INFO] running `Command { std: "docker" "start" "-a" "50d506addfb9849ac545252963b9ab071aa405aea89c0bcf600a8263c2a5c60c", kill_on_drop: false }`
[INFO] running `Command { std: "docker" "inspect" "50d506addfb9849ac545252963b9ab071aa405aea89c0bcf600a8263c2a5c60c", kill_on_drop: false }`
[INFO] running `Command { std: "docker" "rm" "-f" "50d506addfb9849ac545252963b9ab071aa405aea89c0bcf600a8263c2a5c60c", kill_on_drop: false }`
[INFO] [stdout] 50d506addfb9849ac545252963b9ab071aa405aea89c0bcf600a8263c2a5c60c
[INFO] running `Command { std: "docker" "create" "-v" "/var/lib/crater-agent-workspace/builds/worker-3-tc2/target:/opt/rustwide/target:rw,Z" "-v" "/var/lib/crater-agent-workspace/builds/worker-3-tc2/source:/opt/rustwide/workdir:ro,Z" "-v" "/var/lib/crater-agent-workspace/cargo-home:/opt/rustwide/cargo-home:ro,Z" "-v" "/var/lib/crater-agent-workspace/rustup-home:/opt/rustwide/rustup-home:ro,Z" "-e" "SOURCE_DIR=/opt/rustwide/workdir" "-e" "CARGO_TARGET_DIR=/opt/rustwide/target" "-e" "CARGO_INCREMENTAL=0" "-e" "RUST_BACKTRACE=full" "-e" "RUSTFLAGS=--cap-lints=forbid -Zrandomize-layout" "-e" "RUSTDOCFLAGS=--cap-lints=forbid" "-e" "CARGO_HOME=/opt/rustwide/cargo-home" "-e" "RUSTUP_HOME=/opt/rustwide/rustup-home" "-w" "/opt/rustwide/workdir" "-m" "1610612736" "--user" "0:0" "--network" "none" "ghcr.io/rust-lang/crates-build-env/linux@sha256:4a844ea9eb2546a2d2c7022eacef16ef2e8229c7fbb2c7d4d55a9ceca922f72d" "/opt/rustwide/cargo-home/bin/cargo" "+nightly-2024-10-28" "build" "--frozen" "--message-format=json", kill_on_drop: false }`
[INFO] [stdout] 1d67056996858c2ff1822dc02815e2c5d7de38c920c836b411aef40415ffb590
[INFO] running `Command { std: "docker" "start" "-a" "1d67056996858c2ff1822dc02815e2c5d7de38c920c836b411aef40415ffb590", kill_on_drop: false }`
[INFO] [stderr]    Compiling rustversion v1.0.18
[INFO] [stderr]    Compiling bitflags v2.6.0
[INFO] [stderr]    Compiling bit_field v0.10.2
[INFO] [stderr]    Compiling volatile v0.4.6
[INFO] [stderr]    Compiling x86_64 v0.14.12
[INFO] [stderr]    Compiling privilege_level v0.1.1 (/opt/rustwide/workdir)
[INFO] [stderr]     Finished `dev` profile [unoptimized + debuginfo] target(s) in 2.73s
[INFO] running `Command { std: "docker" "inspect" "1d67056996858c2ff1822dc02815e2c5d7de38c920c836b411aef40415ffb590", kill_on_drop: false }`
[INFO] running `Command { std: "docker" "rm" "-f" "1d67056996858c2ff1822dc02815e2c5d7de38c920c836b411aef40415ffb590", kill_on_drop: false }`
[INFO] [stdout] 1d67056996858c2ff1822dc02815e2c5d7de38c920c836b411aef40415ffb590
[INFO] running `Command { std: "docker" "create" "-v" "/var/lib/crater-agent-workspace/builds/worker-3-tc2/target:/opt/rustwide/target:rw,Z" "-v" "/var/lib/crater-agent-workspace/builds/worker-3-tc2/source:/opt/rustwide/workdir:ro,Z" "-v" "/var/lib/crater-agent-workspace/cargo-home:/opt/rustwide/cargo-home:ro,Z" "-v" "/var/lib/crater-agent-workspace/rustup-home:/opt/rustwide/rustup-home:ro,Z" "-e" "SOURCE_DIR=/opt/rustwide/workdir" "-e" "CARGO_TARGET_DIR=/opt/rustwide/target" "-e" "CARGO_INCREMENTAL=0" "-e" "RUST_BACKTRACE=full" "-e" "RUSTFLAGS=--cap-lints=forbid -Zrandomize-layout" "-e" "RUSTDOCFLAGS=--cap-lints=forbid" "-e" "CARGO_HOME=/opt/rustwide/cargo-home" "-e" "RUSTUP_HOME=/opt/rustwide/rustup-home" "-w" "/opt/rustwide/workdir" "-m" "1610612736" "--user" "0:0" "--network" "none" "ghcr.io/rust-lang/crates-build-env/linux@sha256:4a844ea9eb2546a2d2c7022eacef16ef2e8229c7fbb2c7d4d55a9ceca922f72d" "/opt/rustwide/cargo-home/bin/cargo" "+nightly-2024-10-28" "test" "--frozen" "--no-run" "--message-format=json", kill_on_drop: false }`
[INFO] [stdout] 1f6cd938546a9c3a7401a6fb364f474a86dfcd715a2d5ab08f2e606ce58e73f3
[INFO] running `Command { std: "docker" "start" "-a" "1f6cd938546a9c3a7401a6fb364f474a86dfcd715a2d5ab08f2e606ce58e73f3", kill_on_drop: false }`
[INFO] [stderr]    Compiling privilege_level v0.1.1 (/opt/rustwide/workdir)
[INFO] [stdout] error[E0277]: the trait bound `x86_64::PrivilegeLevel: From<{integer}>` is not satisfied
[INFO] [stdout]    --> src/lib.rs:327:13
[INFO] [stdout]     |
[INFO] [stdout] 327 |             PrivilegeLevel::try_from(0),
[INFO] [stdout]     |             ^^^^^^^^^^^^^^ the trait `From<{integer}>` is not implemented for `x86_64::PrivilegeLevel`, which is required by `PrivilegeLevel: TryFrom<_>`
[INFO] [stdout]     |
[INFO] [stdout]     = note: required for `{integer}` to implement `Into<x86_64::PrivilegeLevel>`
[INFO] [stdout] note: required for `PrivilegeLevel` to implement `From<{integer}>`
[INFO] [stdout]    --> src/lib.rs:244:9
[INFO] [stdout]     |
[INFO] [stdout] 244 | impl<T> From<T> for PrivilegeLevel
[INFO] [stdout]     |         ^^^^^^^     ^^^^^^^^^^^^^^
[INFO] [stdout] 245 | where
[INFO] [stdout] 246 |     T: Into<x86_64PrivilegeLevel>,
[INFO] [stdout]     |        -------------------------- unsatisfied trait bound introduced here
[INFO] [stdout]     = note: 1 redundant requirement hidden
[INFO] [stdout]     = note: required for `{integer}` to implement `Into<PrivilegeLevel>`
[INFO] [stdout]     = note: required for `PrivilegeLevel` to implement `TryFrom<{integer}>`
[INFO] [stdout] 
[INFO] [stdout] 
[INFO] [stdout] error[E0308]: mismatched types
[INFO] [stdout]    --> src/lib.rs:326:9
[INFO] [stdout]     |
[INFO] [stdout] 326 | /         assert_ne!(
[INFO] [stdout] 327 | |             PrivilegeLevel::try_from(0),
[INFO] [stdout] 328 | |             Err,
[INFO] [stdout] 329 | |             "Does not contain privilege level 0"
[INFO] [stdout] 330 | |         );
[INFO] [stdout]     | |         ^
[INFO] [stdout]     | |         |
[INFO] [stdout]     | |_________expected `Result<PrivilegeLevel, Infallible>`, found enum constructor
[INFO] [stdout]     |           expected because this is `Result<PrivilegeLevel, Infallible>`
[INFO] [stdout]     |
[INFO] [stdout]     = note:          expected enum `Result<PrivilegeLevel, Infallible>`
[INFO] [stdout]             found enum constructor `fn(_) -> Result<_, _> {Result::<_, _>::Err}`
[INFO] [stdout]     = note: this error originates in the macro `assert_ne` (in Nightly builds, run with -Z macro-backtrace for more info)
[INFO] [stdout] 
[INFO] [stdout] 
[INFO] [stdout] error[E0277]: `fn(_) -> Result<_, _> {Result::<_, _>::Err}` doesn't implement `std::fmt::Debug`
[INFO] [stdout]    --> src/lib.rs:326:9
[INFO] [stdout]     |
[INFO] [stdout] 326 | /         assert_ne!(
[INFO] [stdout] 327 | |             PrivilegeLevel::try_from(0),
[INFO] [stdout] 328 | |             Err,
[INFO] [stdout] 329 | |             "Does not contain privilege level 0"
[INFO] [stdout] 330 | |         );
[INFO] [stdout]     | |_________^ `fn(_) -> Result<_, _> {Result::<_, _>::Err}` cannot be formatted using `{:?}` because it doesn't implement `std::fmt::Debug`
[INFO] [stdout]     |
[INFO] [stdout]     = help: the trait `std::fmt::Debug` is not implemented for fn item `fn(_) -> Result<_, _> {Result::<_, _>::Err}`
[INFO] [stdout]     = note: this error originates in the macro `assert_ne` (in Nightly builds, run with -Z macro-backtrace for more info)
[INFO] [stdout] 
[INFO] [stdout] 
[INFO] [stdout] error[E0277]: the trait bound `x86_64::PrivilegeLevel: From<{integer}>` is not satisfied
[INFO] [stdout]    --> src/lib.rs:332:13
[INFO] [stdout]     |
[INFO] [stdout] 332 |             PrivilegeLevel::try_from(1),
[INFO] [stdout]     |             ^^^^^^^^^^^^^^ the trait `From<{integer}>` is not implemented for `x86_64::PrivilegeLevel`, which is required by `PrivilegeLevel: TryFrom<_>`
[INFO] [stdout]     |
[INFO] [stdout]     = note: required for `{integer}` to implement `Into<x86_64::PrivilegeLevel>`
[INFO] [stdout] note: required for `PrivilegeLevel` to implement `From<{integer}>`
[INFO] [stdout]    --> src/lib.rs:244:9
[INFO] [stdout]     |
[INFO] [stdout] 244 | impl<T> From<T> for PrivilegeLevel
[INFO] [stdout]     |         ^^^^^^^     ^^^^^^^^^^^^^^
[INFO] [stdout] 245 | where
[INFO] [stdout] 246 |     T: Into<x86_64PrivilegeLevel>,
[INFO] [stdout]     |        -------------------------- unsatisfied trait bound introduced here
[INFO] [stdout]     = note: 1 redundant requirement hidden
[INFO] [stdout]     = note: required for `{integer}` to implement `Into<PrivilegeLevel>`
[INFO] [stdout]     = note: required for `PrivilegeLevel` to implement `TryFrom<{integer}>`
[INFO] [stdout] 
[INFO] [stdout] 
[INFO] [stdout] error[E0308]: mismatched types
[INFO] [stdout]    --> src/lib.rs:331:9
[INFO] [stdout]     |
[INFO] [stdout] 331 | /         assert_ne!(
[INFO] [stdout] 332 | |             PrivilegeLevel::try_from(1),
[INFO] [stdout] 333 | |             Err,
[INFO] [stdout] 334 | |             "Does not contain privilege level 1"
[INFO] [stdout] 335 | |         );
[INFO] [stdout]     | |         ^
[INFO] [stdout]     | |         |
[INFO] [stdout]     | |_________expected `Result<PrivilegeLevel, Infallible>`, found enum constructor
[INFO] [stdout]     |           expected because this is `Result<PrivilegeLevel, Infallible>`
[INFO] [stdout]     |
[INFO] [stdout]     = note:          expected enum `Result<PrivilegeLevel, Infallible>`
[INFO] [stdout]             found enum constructor `fn(_) -> Result<_, _> {Result::<_, _>::Err}`
[INFO] [stdout]     = note: this error originates in the macro `assert_ne` (in Nightly builds, run with -Z macro-backtrace for more info)
[INFO] [stdout] 
[INFO] [stdout] 
[INFO] [stdout] error[E0277]: `fn(_) -> Result<_, _> {Result::<_, _>::Err}` doesn't implement `std::fmt::Debug`
[INFO] [stdout]    --> src/lib.rs:331:9
[INFO] [stdout]     |
[INFO] [stdout] 331 | /         assert_ne!(
[INFO] [stdout] 332 | |             PrivilegeLevel::try_from(1),
[INFO] [stdout] 333 | |             Err,
[INFO] [stdout] 334 | |             "Does not contain privilege level 1"
[INFO] [stdout] 335 | |         );
[INFO] [stdout]     | |_________^ `fn(_) -> Result<_, _> {Result::<_, _>::Err}` cannot be formatted using `{:?}` because it doesn't implement `std::fmt::Debug`
[INFO] [stdout]     |
[INFO] [stdout]     = help: the trait `std::fmt::Debug` is not implemented for fn item `fn(_) -> Result<_, _> {Result::<_, _>::Err}`
[INFO] [stdout]     = note: this error originates in the macro `assert_ne` (in Nightly builds, run with -Z macro-backtrace for more info)
[INFO] [stdout] 
[INFO] [stdout] 
[INFO] [stdout] error[E0277]: the trait bound `x86_64::PrivilegeLevel: From<{integer}>` is not satisfied
[INFO] [stdout]    --> src/lib.rs:337:13
[INFO] [stdout]     |
[INFO] [stdout] 337 |             PrivilegeLevel::try_from(2),
[INFO] [stdout]     |             ^^^^^^^^^^^^^^ the trait `From<{integer}>` is not implemented for `x86_64::PrivilegeLevel`, which is required by `PrivilegeLevel: TryFrom<_>`
[INFO] [stdout]     |
[INFO] [stdout]     = note: required for `{integer}` to implement `Into<x86_64::PrivilegeLevel>`
[INFO] [stdout] note: required for `PrivilegeLevel` to implement `From<{integer}>`
[INFO] [stdout]    --> src/lib.rs:244:9
[INFO] [stdout]     |
[INFO] [stdout] 244 | impl<T> From<T> for PrivilegeLevel
[INFO] [stdout]     |         ^^^^^^^     ^^^^^^^^^^^^^^
[INFO] [stdout] 245 | where
[INFO] [stdout] 246 |     T: Into<x86_64PrivilegeLevel>,
[INFO] [stdout]     |        -------------------------- unsatisfied trait bound introduced here
[INFO] [stdout]     = note: 1 redundant requirement hidden
[INFO] [stdout]     = note: required for `{integer}` to implement `Into<PrivilegeLevel>`
[INFO] [stdout]     = note: required for `PrivilegeLevel` to implement `TryFrom<{integer}>`
[INFO] [stdout] 
[INFO] [stdout] 
[INFO] [stdout] error[E0308]: mismatched types
[INFO] [stdout]    --> src/lib.rs:336:9
[INFO] [stdout]     |
[INFO] [stdout] 336 | /         assert_ne!(
[INFO] [stdout] 337 | |             PrivilegeLevel::try_from(2),
[INFO] [stdout] 338 | |             Err,
[INFO] [stdout] 339 | |             "Does not contain privilege level 2"
[INFO] [stdout] 340 | |         );
[INFO] [stdout]     | |         ^
[INFO] [stdout]     | |         |
[INFO] [stdout]     | |_________expected `Result<PrivilegeLevel, Infallible>`, found enum constructor
[INFO] [stdout]     |           expected because this is `Result<PrivilegeLevel, Infallible>`
[INFO] [stdout]     |
[INFO] [stdout]     = note:          expected enum `Result<PrivilegeLevel, Infallible>`
[INFO] [stdout]             found enum constructor `fn(_) -> Result<_, _> {Result::<_, _>::Err}`
[INFO] [stdout]     = note: this error originates in the macro `assert_ne` (in Nightly builds, run with -Z macro-backtrace for more info)
[INFO] [stdout] 
[INFO] [stdout] 
[INFO] [stdout] error[E0277]: `fn(_) -> Result<_, _> {Result::<_, _>::Err}` doesn't implement `std::fmt::Debug`
[INFO] [stdout]    --> src/lib.rs:336:9
[INFO] [stdout]     |
[INFO] [stdout] 336 | /         assert_ne!(
[INFO] [stdout] 337 | |             PrivilegeLevel::try_from(2),
[INFO] [stdout] 338 | |             Err,
[INFO] [stdout] 339 | |             "Does not contain privilege level 2"
[INFO] [stdout] 340 | |         );
[INFO] [stdout]     | |_________^ `fn(_) -> Result<_, _> {Result::<_, _>::Err}` cannot be formatted using `{:?}` because it doesn't implement `std::fmt::Debug`
[INFO] [stdout]     |
[INFO] [stdout]     = help: the trait `std::fmt::Debug` is not implemented for fn item `fn(_) -> Result<_, _> {Result::<_, _>::Err}`
[INFO] [stdout]     = note: this error originates in the macro `assert_ne` (in Nightly builds, run with -Z macro-backtrace for more info)
[INFO] [stdout] 
[INFO] [stdout] 
[INFO] [stdout] error[E0277]: the trait bound `x86_64::PrivilegeLevel: From<{integer}>` is not satisfied
[INFO] [stdout]    --> src/lib.rs:342:13
[INFO] [stdout]     |
[INFO] [stdout] 342 |             PrivilegeLevel::try_from(3),
[INFO] [stdout]     |             ^^^^^^^^^^^^^^ the trait `From<{integer}>` is not implemented for `x86_64::PrivilegeLevel`, which is required by `PrivilegeLevel: TryFrom<_>`
[INFO] [stdout]     |
[INFO] [stdout]     = note: required for `{integer}` to implement `Into<x86_64::PrivilegeLevel>`
[INFO] [stdout] note: required for `PrivilegeLevel` to implement `From<{integer}>`
[INFO] [stdout]    --> src/lib.rs:244:9
[INFO] [stdout]     |
[INFO] [stdout] 244 | impl<T> From<T> for PrivilegeLevel
[INFO] [stdout]     |         ^^^^^^^     ^^^^^^^^^^^^^^
[INFO] [stdout] 245 | where
[INFO] [stdout] 246 |     T: Into<x86_64PrivilegeLevel>,
[INFO] [stdout]     |        -------------------------- unsatisfied trait bound introduced here
[INFO] [stdout]     = note: 1 redundant requirement hidden
[INFO] [stdout]     = note: required for `{integer}` to implement `Into<PrivilegeLevel>`
[INFO] [stdout]     = note: required for `PrivilegeLevel` to implement `TryFrom<{integer}>`
[INFO] [stdout] 
[INFO] [stdout] 
[INFO] [stdout] error[E0308]: mismatched types
[INFO] [stdout]    --> src/lib.rs:341:9
[INFO] [stdout]     |
[INFO] [stdout] 341 | /         assert_ne!(
[INFO] [stdout] 342 | |             PrivilegeLevel::try_from(3),
[INFO] [stdout] 343 | |             Err,
[INFO] [stdout] 344 | |             "Does not contain privilege level 3"
[INFO] [stdout] 345 | |         );
[INFO] [stdout]     | |         ^
[INFO] [stdout]     | |         |
[INFO] [stdout]     | |_________expected `Result<PrivilegeLevel, Infallible>`, found enum constructor
[INFO] [stdout]     |           expected because this is `Result<PrivilegeLevel, Infallible>`
[INFO] [stdout]     |
[INFO] [stdout]     = note:          expected enum `Result<PrivilegeLevel, Infallible>`
[INFO] [stdout]             found enum constructor `fn(_) -> Result<_, _> {Result::<_, _>::Err}`
[INFO] [stdout]     = note: this error originates in the macro `assert_ne` (in Nightly builds, run with -Z macro-backtrace for more info)
[INFO] [stdout] 
[INFO] [stdout] 
[INFO] [stdout] error[E0277]: `fn(_) -> Result<_, _> {Result::<_, _>::Err}` doesn't implement `std::fmt::Debug`
[INFO] [stdout]    --> src/lib.rs:341:9
[INFO] [stdout]     |
[INFO] [stdout] 341 | /         assert_ne!(
[INFO] [stdout] 342 | |             PrivilegeLevel::try_from(3),
[INFO] [stdout] 343 | |             Err,
[INFO] [stdout] 344 | |             "Does not contain privilege level 3"
[INFO] [stdout] 345 | |         );
[INFO] [stdout]     | |_________^ `fn(_) -> Result<_, _> {Result::<_, _>::Err}` cannot be formatted using `{:?}` because it doesn't implement `std::fmt::Debug`
[INFO] [stdout]     |
[INFO] [stdout]     = help: the trait `std::fmt::Debug` is not implemented for fn item `fn(_) -> Result<_, _> {Result::<_, _>::Err}`
[INFO] [stdout]     = note: this error originates in the macro `assert_ne` (in Nightly builds, run with -Z macro-backtrace for more info)
[INFO] [stdout] 
[INFO] [stdout] 
[INFO] [stdout] error[E0277]: the trait bound `x86_64::PrivilegeLevel: From<{integer}>` is not satisfied
[INFO] [stdout]    --> src/lib.rs:327:13
[INFO] [stdout]     |
[INFO] [stdout] 327 |             PrivilegeLevel::try_from(0),
[INFO] [stdout]     |             ^^^^^^^^^^^^^^^^^^^^^^^^^^^ the trait `From<{integer}>` is not implemented for `x86_64::PrivilegeLevel`, which is required by `PrivilegeLevel: TryFrom<{integer}>`
[INFO] [stdout]     |
[INFO] [stdout]     = note: required for `{integer}` to implement `Into<x86_64::PrivilegeLevel>`
[INFO] [stdout] note: required for `PrivilegeLevel` to implement `From<{integer}>`
[INFO] [stdout]    --> src/lib.rs:244:9
[INFO] [stdout]     |
[INFO] [stdout] 244 | impl<T> From<T> for PrivilegeLevel
[INFO] [stdout]     |         ^^^^^^^     ^^^^^^^^^^^^^^
[INFO] [stdout] 245 | where
[INFO] [stdout] 246 |     T: Into<x86_64PrivilegeLevel>,
[INFO] [stdout]     |        -------------------------- unsatisfied trait bound introduced here
[INFO] [stdout]     = note: 1 redundant requirement hidden
[INFO] [stdout]     = note: required for `{integer}` to implement `Into<PrivilegeLevel>`
[INFO] [stdout]     = note: required for `PrivilegeLevel` to implement `TryFrom<{integer}>`
[INFO] [stdout] 
[INFO] [stdout] 
[INFO] [stdout] error[E0277]: the trait bound `x86_64::PrivilegeLevel: From<{integer}>` is not satisfied
[INFO] [stdout]    --> src/lib.rs:332:13
[INFO] [stdout]     |
[INFO] [stdout] 332 |             PrivilegeLevel::try_from(1),
[INFO] [stdout]     |             ^^^^^^^^^^^^^^^^^^^^^^^^^^^ the trait `From<{integer}>` is not implemented for `x86_64::PrivilegeLevel`, which is required by `PrivilegeLevel: TryFrom<{integer}>`
[INFO] [stdout]     |
[INFO] [stdout]     = note: required for `{integer}` to implement `Into<x86_64::PrivilegeLevel>`
[INFO] [stdout] note: required for `PrivilegeLevel` to implement `From<{integer}>`
[INFO] [stdout]    --> src/lib.rs:244:9
[INFO] [stdout]     |
[INFO] [stdout] 244 | impl<T> From<T> for PrivilegeLevel
[INFO] [stdout]     |         ^^^^^^^     ^^^^^^^^^^^^^^
[INFO] [stdout] 245 | where
[INFO] [stdout] 246 |     T: Into<x86_64PrivilegeLevel>,
[INFO] [stdout]     |        -------------------------- unsatisfied trait bound introduced here
[INFO] [stdout]     = note: 1 redundant requirement hidden
[INFO] [stdout]     = note: required for `{integer}` to implement `Into<PrivilegeLevel>`
[INFO] [stdout]     = note: required for `PrivilegeLevel` to implement `TryFrom<{integer}>`
[INFO] [stdout] 
[INFO] [stdout] 
[INFO] [stdout] error[E0277]: the trait bound `x86_64::PrivilegeLevel: From<{integer}>` is not satisfied
[INFO] [stdout]    --> src/lib.rs:337:13
[INFO] [stdout]     |
[INFO] [stdout] 337 |             PrivilegeLevel::try_from(2),
[INFO] [stdout]     |             ^^^^^^^^^^^^^^^^^^^^^^^^^^^ the trait `From<{integer}>` is not implemented for `x86_64::PrivilegeLevel`, which is required by `PrivilegeLevel: TryFrom<{integer}>`
[INFO] [stdout]     |
[INFO] [stdout]     = note: required for `{integer}` to implement `Into<x86_64::PrivilegeLevel>`
[INFO] [stdout] note: required for `PrivilegeLevel` to implement `From<{integer}>`
[INFO] [stdout]    --> src/lib.rs:244:9
[INFO] [stdout]     |
[INFO] [stdout] 244 | impl<T> From<T> for PrivilegeLevel
[INFO] [stdout]     |         ^^^^^^^     ^^^^^^^^^^^^^^
[INFO] [stdout] 245 | where
[INFO] [stdout] 246 |     T: Into<x86_64PrivilegeLevel>,
[INFO] [stdout]     |        -------------------------- unsatisfied trait bound introduced here
[INFO] [stdout]     = note: 1 redundant requirement hidden
[INFO] [stdout]     = note: required for `{integer}` to implement `Into<PrivilegeLevel>`
[INFO] [stdout]     = note: required for `PrivilegeLevel` to implement `TryFrom<{integer}>`
[INFO] [stdout] 
[INFO] [stdout] 
[INFO] [stdout] error[E0277]: the trait bound `x86_64::PrivilegeLevel: From<{integer}>` is not satisfied
[INFO] [stdout]    --> src/lib.rs:342:13
[INFO] [stdout]     |
[INFO] [stdout] 342 |             PrivilegeLevel::try_from(3),
[INFO] [stdout]     |             ^^^^^^^^^^^^^^^^^^^^^^^^^^^ the trait `From<{integer}>` is not implemented for `x86_64::PrivilegeLevel`, which is required by `PrivilegeLevel: TryFrom<{integer}>`
[INFO] [stdout]     |
[INFO] [stdout]     = note: required for `{integer}` to implement `Into<x86_64::PrivilegeLevel>`
[INFO] [stdout] note: required for `PrivilegeLevel` to implement `From<{integer}>`
[INFO] [stdout]    --> src/lib.rs:244:9
[INFO] [stdout]     |
[INFO] [stdout] 244 | impl<T> From<T> for PrivilegeLevel
[INFO] [stdout]     |         ^^^^^^^     ^^^^^^^^^^^^^^
[INFO] [stdout] 245 | where
[INFO] [stdout] 246 |     T: Into<x86_64PrivilegeLevel>,
[INFO] [stdout]     |        -------------------------- unsatisfied trait bound introduced here
[INFO] [stdout]     = note: 1 redundant requirement hidden
[INFO] [stdout]     = note: required for `{integer}` to implement `Into<PrivilegeLevel>`
[INFO] [stdout]     = note: required for `PrivilegeLevel` to implement `TryFrom<{integer}>`
[INFO] [stdout] 
[INFO] [stdout] 
[INFO] [stdout] Some errors have detailed explanations: E0277, E0308.
[INFO] [stdout] 
[INFO] [stdout] For more information about an error, try `rustc --explain E0277`.
[INFO] [stdout] 
[INFO] [stderr] error: could not compile `privilege_level` (lib test) due to 16 previous errors
[INFO] running `Command { std: "docker" "inspect" "1f6cd938546a9c3a7401a6fb364f474a86dfcd715a2d5ab08f2e606ce58e73f3", kill_on_drop: false }`
[INFO] running `Command { std: "docker" "rm" "-f" "1f6cd938546a9c3a7401a6fb364f474a86dfcd715a2d5ab08f2e606ce58e73f3", kill_on_drop: false }`
[INFO] [stdout] 1f6cd938546a9c3a7401a6fb364f474a86dfcd715a2d5ab08f2e606ce58e73f3
