[INFO] fetching crate printnanny-nats 0.33.0...
[INFO] testing printnanny-nats-0.33.0 against nightly-2024-10-28 for randomize-layout
[INFO] extracting crate printnanny-nats 0.33.0 into /workspace/builds/worker-2-tc1/source
[INFO] validating manifest of crates.io crate printnanny-nats 0.33.0 on toolchain nightly-2024-10-28
[INFO] running `Command { std: CARGO_HOME="/workspace/cargo-home" RUSTUP_HOME="/workspace/rustup-home" "/workspace/cargo-home/bin/cargo" "+nightly-2024-10-28" "metadata" "--manifest-path" "Cargo.toml" "--no-deps", kill_on_drop: false }`
[INFO] started tweaking crates.io crate printnanny-nats 0.33.0
[INFO] finished tweaking crates.io crate printnanny-nats 0.33.0
[INFO] tweaked toml for crates.io crate printnanny-nats 0.33.0 written to /workspace/builds/worker-2-tc1/source/Cargo.toml
[INFO] crate crates.io crate printnanny-nats 0.33.0 already has a lockfile, it will not be regenerated
[INFO] running `Command { std: CARGO_HOME="/workspace/cargo-home" RUSTUP_HOME="/workspace/rustup-home" "/workspace/cargo-home/bin/cargo" "+nightly-2024-10-28" "fetch" "--manifest-path" "Cargo.toml", kill_on_drop: false }`
[INFO] [stderr]     Updating crates.io index
[INFO] [stderr]  Downloading crates ...
[INFO] [stderr]   Downloaded educe v0.4.20
[INFO] [stderr]   Downloaded enum-ordinalize v3.1.12
[INFO] [stderr]   Downloaded tracing-attributes v0.1.23
[INFO] [stderr]   Downloaded tokio-serde v0.8.0
[INFO] [stderr]   Downloaded sys-info v0.9.1
[INFO] [stderr]   Downloaded cxxbridge-flags v1.0.86
[INFO] [stderr]   Downloaded muldiv v1.0.1
[INFO] [stderr]   Downloaded bytes v1.3.0
[INFO] [stderr]   Downloaded async-executor v1.5.0
[INFO] [stderr]   Downloaded proc-macro2-diagnostics v0.9.1
[INFO] [stderr]   Downloaded jobserver v0.1.25
[INFO] [stderr]   Downloaded scheduled-thread-pool v0.2.6
[INFO] [stderr]   Downloaded uuid v1.2.2
[INFO] [stderr]   Downloaded base64-url v1.4.13
[INFO] [stderr]   Downloaded git-version-macro v0.3.5
[INFO] [stderr]   Downloaded git-version v0.3.5
[INFO] [stderr]   Downloaded async-process v1.6.0
[INFO] [stderr]   Downloaded base64ct v1.1.1
[INFO] [stderr]   Downloaded pem-rfc7468 v0.2.4
[INFO] [stderr]   Downloaded data-encoding v2.3.3
[INFO] [stderr]   Downloaded simple_asn1 v0.4.1
[INFO] [stderr]   Downloaded jsonwebtoken v7.2.0
[INFO] [stderr]   Downloaded async-nats v0.18.0
[INFO] [stderr]   Downloaded signatory v0.23.2
[INFO] [stderr]   Downloaded serde_yaml v0.9.16
[INFO] [stderr]   Downloaded procfs v0.12.0
[INFO] [stderr]   Downloaded cxxbridge-macro v1.0.86
[INFO] [stderr]   Downloaded object v0.30.2
[INFO] [stderr]   Downloaded ntapi v0.4.0
[INFO] [stderr]   Downloaded rayon v1.6.1
[INFO] [stderr]   Downloaded git2 v0.15.0
[INFO] [stderr]   Downloaded sysinfo v0.26.9
[INFO] [stderr]   Downloaded crossbeam-epoch v0.9.13
[INFO] [stderr]   Downloaded diesel v2.0.2
[INFO] [stderr]   Downloaded gstreamer v0.19.6
[INFO] [stderr]   Downloaded hyper v0.14.23
[INFO] [stderr]   Downloaded buf_redux v0.8.4
[INFO] [stderr]   Downloaded twoway v0.1.8
[INFO] [stderr]   Downloaded rustls-pemfile v0.2.1
[INFO] [stderr]   Downloaded infer v0.3.7
[INFO] [stderr]   Downloaded printnanny-asyncapi-models v0.3.5
[INFO] [stderr]   Downloaded time-macros v0.2.6
[INFO] [stderr]   Downloaded printnanny-services v0.33.0
[INFO] [stderr]   Downloaded pear v0.2.3
[INFO] [stderr]   Downloaded gstreamer-sys v0.19.4
[INFO] [stderr]   Downloaded printnanny-api-client v0.124.4
[INFO] [stderr]   Downloaded backtrace v0.3.67
[INFO] [stderr]   Downloaded async-broadcast v0.5.0
[INFO] [stderr]   Downloaded tokio v1.24.2
[INFO] [stderr]   Downloaded concurrent-queue v2.1.0
[INFO] [stderr]   Downloaded zstd-sys v2.0.5+zstd.1.5.2
[INFO] [stderr]   Downloaded cxx v1.0.86
[INFO] [stderr]   Downloaded zvariant v3.10.0
[INFO] [stderr]   Downloaded zip v0.6.3
[INFO] [stderr]   Downloaded gimli v0.27.0
[INFO] [stderr]   Downloaded ipnetwork v0.20.0
[INFO] [stderr]   Downloaded time-core v0.1.0
[INFO] [stderr]   Downloaded migrations_internals v2.0.0
[INFO] [stderr]   Downloaded tokio-stream v0.1.11
[INFO] [stderr]   Downloaded warp v0.3.3
[INFO] [stderr]   Downloaded pear_codegen v0.2.3
[INFO] [stderr]   Downloaded io-lifetimes v1.0.4
[INFO] [stderr]   Downloaded wasm-bindgen-futures v0.4.33
[INFO] [stderr]   Downloaded reqwest v0.11.13
[INFO] [stderr]   Downloaded async-trait v0.1.61
[INFO] [stderr]   Downloaded uds_windows v1.0.2
[INFO] [stderr]   Downloaded proc-macro-crate v1.2.1
[INFO] [stderr]   Downloaded zbus v3.7.0
[INFO] [stderr]   Downloaded printnanny-dbus v0.5.0
[INFO] [stderr]   Downloaded crossbeam-utils v0.8.14
[INFO] [stderr]   Downloaded semver v1.0.16
[INFO] [stderr]   Downloaded signal-hook v0.3.14
[INFO] [stderr]   Downloaded diesel_migrations v2.0.0
[INFO] [stderr]   Downloaded printnanny-edge-db v0.2.0
[INFO] [stderr]   Downloaded cxx-build v1.0.86
[INFO] [stderr]   Downloaded inlinable_string v0.1.15
[INFO] [stderr]   Downloaded mktemp v0.4.1
[INFO] [stderr]   Downloaded file-lock v2.1.6
[INFO] [stderr]   Downloaded option-operations v0.5.0
[INFO] [stderr]   Downloaded pretty-hex v0.3.0
[INFO] [stderr]   Downloaded toml v0.5.10
[INFO] [stderr]   Downloaded nuid v0.3.2
[INFO] [stderr]   Downloaded rustls-pemfile v0.3.0
[INFO] [stderr]   Downloaded subslice v0.2.3
[INFO] [stderr]   Downloaded async-channel v1.8.0
[INFO] [stderr]   Downloaded atomic-waker v1.1.0
[INFO] [stderr]   Downloaded blocking v1.3.0
[INFO] [stderr]   Downloaded config v0.11.0
[INFO] [stderr]   Downloaded printnanny-settings v0.6.0
[INFO] [stderr]   Downloaded nkeys v0.2.0
[INFO] [stderr]   Downloaded zeroize_derive v1.3.3
[INFO] [stderr]   Downloaded time v0.3.17
[INFO] [stderr]   Downloaded serde-hjson v0.9.1
[INFO] [stderr]   Downloaded zeroize v1.5.7
[INFO] [stderr]   Downloaded dialoguer v0.8.0
[INFO] [stderr]   Downloaded zbus_names v2.5.0
[INFO] [stderr]   Downloaded enumflags2_derive v0.7.4
[INFO] [stderr]   Downloaded serde_bytes v0.11.8
[INFO] [stderr]   Downloaded rayon-core v1.10.1
[INFO] [stderr]   Downloaded multipart v0.18.0
[INFO] [stderr]   Downloaded unsafe-libyaml v0.2.5
[INFO] [stderr]   Downloaded polling v2.5.2
[INFO] [stderr]   Downloaded async-recursion v1.0.0
[INFO] [stderr]   Downloaded zbus_systemd v0.0.8
[INFO] [stderr]   Downloaded test-log v0.2.11
[INFO] [stderr]   Downloaded serde_nanos v0.1.2
[INFO] [stderr]   Downloaded nom v5.1.2
[INFO] [stderr]   Downloaded diesel_derives v2.0.1
[INFO] [stderr]   Downloaded headers v0.3.8
[INFO] [stderr]   Downloaded figment v0.10.8
[INFO] [stderr]   Downloaded futures v0.3.25
[INFO] [stderr]   Downloaded zbus_macros v3.7.0
[INFO] [stderr]   Downloaded migrations_macros v2.0.0
[INFO] [stderr]   Downloaded async-io v1.12.0
[INFO] [stderr]   Downloaded serde-reflection v0.3.6
[INFO] [stderr]   Downloaded paste v1.0.11
[INFO] [stderr]   Downloaded parking_lot_core v0.9.6
[INFO] [stderr]   Downloaded ordered-stream v0.1.3
[INFO] [stderr]   Downloaded serde_repr v0.1.10
[INFO] [stderr]   Downloaded enumflags2 v0.7.5
[INFO] [stderr]   Downloaded zvariant_derive v3.10.0
[INFO] [stderr]   Downloaded serde_variant v0.1.1
[INFO] [stderr]   Downloaded libgit2-sys v0.14.1+1.5.0
[INFO] [stderr]   Downloaded libsqlite3-sys v0.25.2
[INFO] running `Command { std: "docker" "create" "-v" "/var/lib/crater-agent-workspace/builds/worker-2-tc1/target:/opt/rustwide/target:rw,Z" "-v" "/var/lib/crater-agent-workspace/builds/worker-2-tc1/source:/opt/rustwide/workdir:ro,Z" "-v" "/var/lib/crater-agent-workspace/cargo-home:/opt/rustwide/cargo-home:ro,Z" "-v" "/var/lib/crater-agent-workspace/rustup-home:/opt/rustwide/rustup-home:ro,Z" "-e" "SOURCE_DIR=/opt/rustwide/workdir" "-e" "CARGO_TARGET_DIR=/opt/rustwide/target" "-e" "CARGO_HOME=/opt/rustwide/cargo-home" "-e" "RUSTUP_HOME=/opt/rustwide/rustup-home" "-w" "/opt/rustwide/workdir" "-m" "1610612736" "--user" "0:0" "--network" "none" "ghcr.io/rust-lang/crates-build-env/linux@sha256:4a844ea9eb2546a2d2c7022eacef16ef2e8229c7fbb2c7d4d55a9ceca922f72d" "/opt/rustwide/cargo-home/bin/cargo" "+nightly-2024-10-28" "metadata" "--no-deps" "--format-version=1", kill_on_drop: false }`
[INFO] [stdout] 10daad21f3cb4d1a27afa68817ed257e8fc4490cbe71a54396ac42648c85971f
[INFO] running `Command { std: "docker" "start" "-a" "10daad21f3cb4d1a27afa68817ed257e8fc4490cbe71a54396ac42648c85971f", kill_on_drop: false }`
[INFO] running `Command { std: "docker" "inspect" "10daad21f3cb4d1a27afa68817ed257e8fc4490cbe71a54396ac42648c85971f", kill_on_drop: false }`
[INFO] running `Command { std: "docker" "rm" "-f" "10daad21f3cb4d1a27afa68817ed257e8fc4490cbe71a54396ac42648c85971f", kill_on_drop: false }`
[INFO] [stdout] 10daad21f3cb4d1a27afa68817ed257e8fc4490cbe71a54396ac42648c85971f
[INFO] running `Command { std: "docker" "create" "-v" "/var/lib/crater-agent-workspace/builds/worker-2-tc1/target:/opt/rustwide/target:rw,Z" "-v" "/var/lib/crater-agent-workspace/builds/worker-2-tc1/source:/opt/rustwide/workdir:ro,Z" "-v" "/var/lib/crater-agent-workspace/cargo-home:/opt/rustwide/cargo-home:ro,Z" "-v" "/var/lib/crater-agent-workspace/rustup-home:/opt/rustwide/rustup-home:ro,Z" "-e" "SOURCE_DIR=/opt/rustwide/workdir" "-e" "CARGO_TARGET_DIR=/opt/rustwide/target" "-e" "CARGO_INCREMENTAL=0" "-e" "RUST_BACKTRACE=full" "-e" "RUSTFLAGS=--cap-lints=forbid" "-e" "RUSTDOCFLAGS=--cap-lints=forbid" "-e" "CARGO_HOME=/opt/rustwide/cargo-home" "-e" "RUSTUP_HOME=/opt/rustwide/rustup-home" "-w" "/opt/rustwide/workdir" "-m" "1610612736" "--user" "0:0" "--network" "none" "ghcr.io/rust-lang/crates-build-env/linux@sha256:4a844ea9eb2546a2d2c7022eacef16ef2e8229c7fbb2c7d4d55a9ceca922f72d" "/opt/rustwide/cargo-home/bin/cargo" "+nightly-2024-10-28" "build" "--frozen" "--message-format=json", kill_on_drop: false }`
[INFO] [stdout] dbbf02279f84f9eb178495cfa50679908f0027339ac0d4eaeaafa7b490fe8e35
[INFO] running `Command { std: "docker" "start" "-a" "dbbf02279f84f9eb178495cfa50679908f0027339ac0d4eaeaafa7b490fe8e35", kill_on_drop: false }`
[INFO] [stderr]    Compiling libc v0.2.139
[INFO] [stderr]    Compiling proc-macro2 v1.0.50
[INFO] [stderr]    Compiling quote v1.0.23
[INFO] [stderr]    Compiling unicode-ident v1.0.6
[INFO] [stderr]    Compiling syn v1.0.107
[INFO] [stderr]    Compiling serde_derive v1.0.152
[INFO] [stderr]    Compiling serde v1.0.152
[INFO] [stderr]    Compiling pkg-config v0.3.26
[INFO] [stderr]    Compiling memchr v2.5.0
[INFO] [stderr]    Compiling smallvec v1.10.0
[INFO] [stderr]    Compiling once_cell v1.17.0
[INFO] [stderr]    Compiling log v0.4.17
[INFO] [stderr]    Compiling parking_lot_core v0.9.6
[INFO] [stdout] error[E0422]: cannot find struct, variant or union type `LineColumn` in crate `proc_macro`
[INFO] [stdout]    --> /opt/rustwide/cargo-home/registry/src/index.crates.io-6f17d22bba15001f/proc-macro2-1.0.50/src/wrapper.rs:475:33
[INFO] [stdout]     |
[INFO] [stdout] 475 |                 let proc_macro::LineColumn { line, column } = s.start();
[INFO] [stdout]     |                                 ^^^^^^^^^^ not found in `proc_macro`
[INFO] [stdout]     |
[INFO] [stdout] help: consider importing this struct through its public re-export
[INFO] [stdout]     |
[INFO] [stdout] 1   + use crate::LineColumn;
[INFO] [stdout]     |
[INFO] [stdout] help: if you import `LineColumn`, refer to it directly
[INFO] [stdout]     |
[INFO] [stdout] 475 -                 let proc_macro::LineColumn { line, column } = s.start();
[INFO] [stdout] 475 +                 let LineColumn { line, column } = s.start();
[INFO] [stdout]     |
[INFO] [stdout] 
[INFO] [stdout] 
[INFO] [stdout] error[E0422]: cannot find struct, variant or union type `LineColumn` in crate `proc_macro`
[INFO] [stdout]    --> /opt/rustwide/cargo-home/registry/src/index.crates.io-6f17d22bba15001f/proc-macro2-1.0.50/src/wrapper.rs:489:33
[INFO] [stdout]     |
[INFO] [stdout] 489 |                 let proc_macro::LineColumn { line, column } = s.end();
[INFO] [stdout]     |                                 ^^^^^^^^^^ not found in `proc_macro`
[INFO] [stdout]     |
[INFO] [stdout] help: consider importing this struct through its public re-export
[INFO] [stdout]     |
[INFO] [stdout] 1   + use crate::LineColumn;
[INFO] [stdout]     |
[INFO] [stdout] help: if you import `LineColumn`, refer to it directly
[INFO] [stdout]     |
[INFO] [stdout] 489 -                 let proc_macro::LineColumn { line, column } = s.end();
[INFO] [stdout] 489 +                 let LineColumn { line, column } = s.end();
[INFO] [stdout]     |
[INFO] [stdout] 
[INFO] [stdout] 
[INFO] [stdout] error[E0635]: unknown feature `proc_macro_span_shrink`
[INFO] [stdout]   --> /opt/rustwide/cargo-home/registry/src/index.crates.io-6f17d22bba15001f/proc-macro2-1.0.50/src/lib.rs:92:30
[INFO] [stdout]    |
[INFO] [stdout] 92 |     feature(proc_macro_span, proc_macro_span_shrink)
[INFO] [stdout]    |                              ^^^^^^^^^^^^^^^^^^^^^^
[INFO] [stdout] 
[INFO] [stdout] 
[INFO] [stderr]    Compiling lock_api v0.4.9
[INFO] [stderr]    Compiling itoa v1.0.5
[INFO] [stderr]    Compiling bytes v1.3.0
[INFO] [stderr]    Compiling typenum v1.16.0
[INFO] [stderr]    Compiling generic-array v0.14.6
[INFO] [stderr]    Compiling futures-io v0.3.25
[INFO] [stdout] Some errors have detailed explanations: E0422, E0635.
[INFO] [stdout] 
[INFO] [stdout] For more information about an error, try `rustc --explain E0422`.
[INFO] [stdout] 
[INFO] [stderr]    Compiling num-traits v0.2.15
[INFO] [stderr] error: could not compile `proc-macro2` (lib) due to 3 previous errors
[INFO] [stderr] warning: build failed, waiting for other jobs to finish...
[INFO] running `Command { std: "docker" "inspect" "dbbf02279f84f9eb178495cfa50679908f0027339ac0d4eaeaafa7b490fe8e35", kill_on_drop: false }`
[INFO] running `Command { std: "docker" "rm" "-f" "dbbf02279f84f9eb178495cfa50679908f0027339ac0d4eaeaafa7b490fe8e35", kill_on_drop: false }`
[INFO] [stdout] dbbf02279f84f9eb178495cfa50679908f0027339ac0d4eaeaafa7b490fe8e35
