[INFO] fetching crate printnanny-gst-plugin 0.6.1...
[INFO] testing printnanny-gst-plugin-0.6.1 against nightly-2024-10-28 for randomize-layout
[INFO] extracting crate printnanny-gst-plugin 0.6.1 into /workspace/builds/worker-4-tc1/source
[INFO] validating manifest of crates.io crate printnanny-gst-plugin 0.6.1 on toolchain nightly-2024-10-28
[INFO] running `Command { std: CARGO_HOME="/workspace/cargo-home" RUSTUP_HOME="/workspace/rustup-home" "/workspace/cargo-home/bin/cargo" "+nightly-2024-10-28" "metadata" "--manifest-path" "Cargo.toml" "--no-deps", kill_on_drop: false }`
[INFO] started tweaking crates.io crate printnanny-gst-plugin 0.6.1
[INFO] finished tweaking crates.io crate printnanny-gst-plugin 0.6.1
[INFO] tweaked toml for crates.io crate printnanny-gst-plugin 0.6.1 written to /workspace/builds/worker-4-tc1/source/Cargo.toml
[INFO] crate crates.io crate printnanny-gst-plugin 0.6.1 already has a lockfile, it will not be regenerated
[INFO] running `Command { std: CARGO_HOME="/workspace/cargo-home" RUSTUP_HOME="/workspace/rustup-home" "/workspace/cargo-home/bin/cargo" "+nightly-2024-10-28" "fetch" "--manifest-path" "Cargo.toml", kill_on_drop: false }`
[INFO] [stderr]     Updating crates.io index
[INFO] [stderr]  Downloading crates ...
[INFO] [stderr]   Downloaded printnanny-dbus v0.5.1
[INFO] [stderr]   Downloaded zvariant_utils v1.0.0
[INFO] [stderr]   Downloaded serde_nanos v0.1.3
[INFO] [stderr]   Downloaded printnanny-asyncapi-models v0.4.7
[INFO] [stderr]   Downloaded gst-plugin-version-helper v0.7.5
[INFO] [stderr]   Downloaded file-lock v2.1.9
[INFO] [stderr]   Downloaded zbus_macros v3.11.0
[INFO] [stderr]   Downloaded gstreamer-check v0.19.2
[INFO] [stderr]   Downloaded uncased v0.9.7
[INFO] [stderr]   Downloaded gstreamer-app-sys v0.19.2
[INFO] [stderr]   Downloaded polars-io v0.24.3
[INFO] [stderr]   Downloaded gstreamer-base v0.19.3
[INFO] [stderr]   Downloaded gstreamer-sys v0.19.4
[INFO] [stderr]   Downloaded gstreamer-video v0.19.5
[INFO] [stderr]   Downloaded simd-json v0.6.0
[INFO] [stderr]   Downloaded ethnum v1.3.2
[INFO] [stderr]   Downloaded winnow v0.3.5
[INFO] [stderr]   Downloaded figment v0.10.8
[INFO] [stderr]   Downloaded polars-lazy v0.24.3
[INFO] [stderr]   Downloaded nats v0.23.1
[INFO] [stderr]   Downloaded glib v0.16.7
[INFO] [stderr]   Downloaded polars-core v0.24.3
[INFO] [stderr]   Downloaded git2 v0.15.0
[INFO] [stderr]   Downloaded gio-sys v0.16.3
[INFO] [stderr]   Downloaded printnanny-api-client v0.127.4
[INFO] [stderr]   Downloaded gstreamer v0.19.8
[INFO] [stderr]   Downloaded signal-hook v0.3.15
[INFO] [stderr]   Downloaded lz4-sys v1.9.4
[INFO] [stderr]   Downloaded polars-arrow v0.24.4
[INFO] [stderr]   Downloaded polars-time v0.24.3
[INFO] [stderr]   Downloaded polars v0.24.3
[INFO] [stderr]   Downloaded glib-macros v0.16.3
[INFO] [stderr]   Downloaded cfg-expr v0.11.0
[INFO] [stderr]   Downloaded zbus_names v2.5.0
[INFO] [stderr]   Downloaded zvariant v3.12.0
[INFO] [stderr]   Downloaded zip v0.6.4
[INFO] [stderr]   Downloaded gstreamer-app v0.19.6
[INFO] [stderr]   Downloaded gstreamer-check-sys v0.19.2
[INFO] [stderr]   Downloaded gstreamer-base-sys v0.19.3
[INFO] [stderr]   Downloaded gstreamer-video-sys v0.19.5
[INFO] [stderr]   Downloaded comfy-table v5.0.1
[INFO] [stderr]   Downloaded arrow-format v0.7.0
[INFO] [stderr]   Downloaded gobject-sys v0.16.3
[INFO] [stderr]   Downloaded infer v0.3.7
[INFO] [stderr]   Downloaded async-recursion v1.0.2
[INFO] [stderr]   Downloaded uds_windows v1.0.2
[INFO] [stderr]   Downloaded enumflags2 v0.7.5
[INFO] [stderr]   Downloaded zbus v3.11.0
[INFO] [stderr]   Downloaded zbus_systemd v0.0.8
[INFO] [stderr]   Downloaded value-trait v0.4.0
[INFO] [stderr]   Downloaded json-deserializer v0.4.4
[INFO] [stderr]   Downloaded arrow2 v0.14.2
[INFO] [stderr]   Downloaded polars-algo v0.24.3
[INFO] [stderr]   Downloaded halfbrown v0.1.18
[INFO] [stderr]   Downloaded polars-ops v0.24.3
[INFO] [stderr]   Downloaded hash_hasher v2.0.3
[INFO] [stderr]   Downloaded lz4 v1.24.0
[INFO] [stderr]   Downloaded polars-utils v0.24.4
[INFO] [stderr]   Downloaded atomic v0.5.1
[INFO] [stderr]   Downloaded system-deps v6.0.3
[INFO] [stderr]   Downloaded terminal_size v0.2.5
[INFO] [stderr]   Downloaded printnanny-settings v0.7.1
[INFO] [stderr]   Downloaded zvariant_derive v3.12.0
[INFO] running `Command { std: "docker" "create" "-v" "/var/lib/crater-agent-workspace/builds/worker-4-tc1/target:/opt/rustwide/target:rw,Z" "-v" "/var/lib/crater-agent-workspace/builds/worker-4-tc1/source:/opt/rustwide/workdir:ro,Z" "-v" "/var/lib/crater-agent-workspace/cargo-home:/opt/rustwide/cargo-home:ro,Z" "-v" "/var/lib/crater-agent-workspace/rustup-home:/opt/rustwide/rustup-home:ro,Z" "-e" "SOURCE_DIR=/opt/rustwide/workdir" "-e" "CARGO_TARGET_DIR=/opt/rustwide/target" "-e" "CARGO_HOME=/opt/rustwide/cargo-home" "-e" "RUSTUP_HOME=/opt/rustwide/rustup-home" "-w" "/opt/rustwide/workdir" "-m" "1610612736" "--user" "0:0" "--network" "none" "ghcr.io/rust-lang/crates-build-env/linux@sha256:4a844ea9eb2546a2d2c7022eacef16ef2e8229c7fbb2c7d4d55a9ceca922f72d" "/opt/rustwide/cargo-home/bin/cargo" "+nightly-2024-10-28" "metadata" "--no-deps" "--format-version=1", kill_on_drop: false }`
[INFO] [stdout] 3a8e4f45a94af2596954d0a13cfe80485f201c0a1c8a88d819ce5c06bfa0b27c
[INFO] running `Command { std: "docker" "start" "-a" "3a8e4f45a94af2596954d0a13cfe80485f201c0a1c8a88d819ce5c06bfa0b27c", kill_on_drop: false }`
[INFO] running `Command { std: "docker" "inspect" "3a8e4f45a94af2596954d0a13cfe80485f201c0a1c8a88d819ce5c06bfa0b27c", kill_on_drop: false }`
[INFO] running `Command { std: "docker" "rm" "-f" "3a8e4f45a94af2596954d0a13cfe80485f201c0a1c8a88d819ce5c06bfa0b27c", kill_on_drop: false }`
[INFO] [stdout] 3a8e4f45a94af2596954d0a13cfe80485f201c0a1c8a88d819ce5c06bfa0b27c
[INFO] running `Command { std: "docker" "create" "-v" "/var/lib/crater-agent-workspace/builds/worker-4-tc1/target:/opt/rustwide/target:rw,Z" "-v" "/var/lib/crater-agent-workspace/builds/worker-4-tc1/source:/opt/rustwide/workdir:ro,Z" "-v" "/var/lib/crater-agent-workspace/cargo-home:/opt/rustwide/cargo-home:ro,Z" "-v" "/var/lib/crater-agent-workspace/rustup-home:/opt/rustwide/rustup-home:ro,Z" "-e" "SOURCE_DIR=/opt/rustwide/workdir" "-e" "CARGO_TARGET_DIR=/opt/rustwide/target" "-e" "CARGO_INCREMENTAL=0" "-e" "RUST_BACKTRACE=full" "-e" "RUSTFLAGS=--cap-lints=forbid" "-e" "RUSTDOCFLAGS=--cap-lints=forbid" "-e" "CARGO_HOME=/opt/rustwide/cargo-home" "-e" "RUSTUP_HOME=/opt/rustwide/rustup-home" "-w" "/opt/rustwide/workdir" "-m" "1610612736" "--user" "0:0" "--network" "none" "ghcr.io/rust-lang/crates-build-env/linux@sha256:4a844ea9eb2546a2d2c7022eacef16ef2e8229c7fbb2c7d4d55a9ceca922f72d" "/opt/rustwide/cargo-home/bin/cargo" "+nightly-2024-10-28" "build" "--frozen" "--message-format=json", kill_on_drop: false }`
[INFO] [stdout] a06820aee427ac49b673caa698612f17d6c802bc095c65bedc336ac01e9ecaf5
[INFO] running `Command { std: "docker" "start" "-a" "a06820aee427ac49b673caa698612f17d6c802bc095c65bedc336ac01e9ecaf5", kill_on_drop: false }`
[INFO] [stderr]    Compiling libc v0.2.139
[INFO] [stderr]    Compiling autocfg v1.1.0
[INFO] [stderr]    Compiling proc-macro2 v1.0.51
[INFO] [stderr]    Compiling unicode-ident v1.0.8
[INFO] [stderr]    Compiling quote v1.0.23
[INFO] [stderr]    Compiling syn v1.0.109
[INFO] [stderr]    Compiling cfg-if v1.0.0
[INFO] [stderr]    Compiling version_check v0.9.4
[INFO] [stderr]    Compiling serde_derive v1.0.153
[INFO] [stderr]    Compiling serde v1.0.153
[INFO] [stderr]    Compiling pkg-config v0.3.26
[INFO] [stderr]    Compiling once_cell v1.17.1
[INFO] [stderr]    Compiling smallvec v1.10.0
[INFO] [stdout] error[E0422]: cannot find struct, variant or union type `LineColumn` in crate `proc_macro`
[INFO] [stdout]    --> /opt/rustwide/cargo-home/registry/src/index.crates.io-6f17d22bba15001f/proc-macro2-1.0.51/src/wrapper.rs:475:33
[INFO] [stdout]     |
[INFO] [stdout] 475 |                 let proc_macro::LineColumn { line, column } = s.start();
[INFO] [stdout]     |                                 ^^^^^^^^^^ not found in `proc_macro`
[INFO] [stdout]     |
[INFO] [stdout] help: consider importing this struct through its public re-export
[INFO] [stdout]     |
[INFO] [stdout] 1   + use crate::LineColumn;
[INFO] [stdout]     |
[INFO] [stdout] help: if you import `LineColumn`, refer to it directly
[INFO] [stdout]     |
[INFO] [stdout] 475 -                 let proc_macro::LineColumn { line, column } = s.start();
[INFO] [stdout] 475 +                 let LineColumn { line, column } = s.start();
[INFO] [stdout]     |
[INFO] [stdout] 
[INFO] [stdout] 
[INFO] [stdout] error[E0422]: cannot find struct, variant or union type `LineColumn` in crate `proc_macro`
[INFO] [stdout]    --> /opt/rustwide/cargo-home/registry/src/index.crates.io-6f17d22bba15001f/proc-macro2-1.0.51/src/wrapper.rs:489:33
[INFO] [stdout]     |
[INFO] [stdout] 489 |                 let proc_macro::LineColumn { line, column } = s.end();
[INFO] [stdout]     |                                 ^^^^^^^^^^ not found in `proc_macro`
[INFO] [stdout]     |
[INFO] [stdout] help: consider importing this struct through its public re-export
[INFO] [stdout]     |
[INFO] [stdout] 1   + use crate::LineColumn;
[INFO] [stdout]     |
[INFO] [stdout] help: if you import `LineColumn`, refer to it directly
[INFO] [stdout]     |
[INFO] [stdout] 489 -                 let proc_macro::LineColumn { line, column } = s.end();
[INFO] [stdout] 489 +                 let LineColumn { line, column } = s.end();
[INFO] [stdout]     |
[INFO] [stdout] 
[INFO] [stdout] 
[INFO] [stderr]    Compiling crossbeam-utils v0.8.15
[INFO] [stdout] error[E0635]: unknown feature `proc_macro_span_shrink`
[INFO] [stdout]   --> /opt/rustwide/cargo-home/registry/src/index.crates.io-6f17d22bba15001f/proc-macro2-1.0.51/src/lib.rs:92:30
[INFO] [stdout]    |
[INFO] [stdout] 92 |     feature(proc_macro_span, proc_macro_span_shrink)
[INFO] [stdout]    |                              ^^^^^^^^^^^^^^^^^^^^^^
[INFO] [stdout] 
[INFO] [stdout] 
[INFO] [stderr]    Compiling scopeguard v1.1.0
[INFO] [stderr]    Compiling memchr v2.5.0
[INFO] [stderr]    Compiling memoffset v0.8.0
[INFO] [stderr]    Compiling crossbeam-epoch v0.9.14
[INFO] [stderr]    Compiling rayon-core v1.11.0
[INFO] [stdout] Some errors have detailed explanations: E0422, E0635.
[INFO] [stdout] 
[INFO] [stdout] For more information about an error, try `rustc --explain E0422`.
[INFO] [stdout] 
[INFO] [stderr] error: could not compile `proc-macro2` (lib) due to 3 previous errors
[INFO] [stderr] warning: build failed, waiting for other jobs to finish...
[INFO] running `Command { std: "docker" "inspect" "a06820aee427ac49b673caa698612f17d6c802bc095c65bedc336ac01e9ecaf5", kill_on_drop: false }`
[INFO] running `Command { std: "docker" "rm" "-f" "a06820aee427ac49b673caa698612f17d6c802bc095c65bedc336ac01e9ecaf5", kill_on_drop: false }`
[INFO] [stdout] a06820aee427ac49b673caa698612f17d6c802bc095c65bedc336ac01e9ecaf5
