[INFO] fetching crate printnanny-cli 0.33.1...
[INFO] testing printnanny-cli-0.33.1 against nightly-2024-10-28 for randomize-layout
[INFO] extracting crate printnanny-cli 0.33.1 into /workspace/builds/worker-5-tc1/source
[INFO] validating manifest of crates.io crate printnanny-cli 0.33.1 on toolchain nightly-2024-10-28
[INFO] running `Command { std: CARGO_HOME="/workspace/cargo-home" RUSTUP_HOME="/workspace/rustup-home" "/workspace/cargo-home/bin/cargo" "+nightly-2024-10-28" "metadata" "--manifest-path" "Cargo.toml" "--no-deps", kill_on_drop: false }`
[INFO] started tweaking crates.io crate printnanny-cli 0.33.1
[INFO] finished tweaking crates.io crate printnanny-cli 0.33.1
[INFO] tweaked toml for crates.io crate printnanny-cli 0.33.1 written to /workspace/builds/worker-5-tc1/source/Cargo.toml
[INFO] crate crates.io crate printnanny-cli 0.33.1 already has a lockfile, it will not be regenerated
[INFO] running `Command { std: CARGO_HOME="/workspace/cargo-home" RUSTUP_HOME="/workspace/rustup-home" "/workspace/cargo-home/bin/cargo" "+nightly-2024-10-28" "fetch" "--manifest-path" "Cargo.toml", kill_on_drop: false }`
[INFO] [stderr]     Updating crates.io index
[INFO] [stderr]  Downloading crates ...
[INFO] [stderr]   Downloaded printnanny-settings v0.7.1
[INFO] [stderr]   Downloaded printnanny-dbus v0.5.1
[INFO] [stderr]   Downloaded sys-info v0.9.1
[INFO] [stderr]   Downloaded zvariant_utils v1.0.0
[INFO] [stderr]   Downloaded zvariant v3.12.0
[INFO] [stderr]   Downloaded git-version-macro v0.3.5
[INFO] [stderr]   Downloaded serde_nanos v0.1.3
[INFO] [stderr]   Downloaded data-encoding v2.3.3
[INFO] [stderr]   Downloaded dialoguer v0.8.0
[INFO] [stderr]   Downloaded async-stream-impl v0.3.4
[INFO] [stderr]   Downloaded function_name-proc-macro v0.2.3
[INFO] [stderr]   Downloaded ipnetwork v0.20.0
[INFO] [stderr]   Downloaded base64ct v1.1.1
[INFO] [stderr]   Downloaded async-stream v0.3.4
[INFO] [stderr]   Downloaded printnanny-services v0.33.1
[INFO] [stderr]   Downloaded headers v0.3.8
[INFO] [stderr]   Downloaded procfs v0.12.0
[INFO] [stderr]   Downloaded signatory v0.23.2
[INFO] [stderr]   Downloaded zbus v3.11.0
[INFO] [stderr]   Downloaded sysinfo v0.26.9
[INFO] [stderr]   Downloaded warp v0.3.3
[INFO] [stderr]   Downloaded gstreamer-sys v0.19.4
[INFO] [stderr]   Downloaded hyper v0.14.24
[INFO] [stderr]   Downloaded gio-sys v0.16.3
[INFO] [stderr]   Downloaded async-nats v0.26.0
[INFO] [stderr]   Downloaded glib v0.16.7
[INFO] [stderr]   Downloaded glib-sys v0.16.3
[INFO] [stderr]   Downloaded gstreamer v0.19.8
[INFO] [stderr]   Downloaded wasm-streams v0.2.3
[INFO] [stderr]   Downloaded printnanny-api-client v0.127.4
[INFO] [stderr]   Downloaded glib-macros v0.16.3
[INFO] [stderr]   Downloaded gobject-sys v0.16.3
[INFO] [stderr]   Downloaded zbus_macros v3.11.0
[INFO] [stderr]   Downloaded pem-rfc7468 v0.2.4
[INFO] [stderr]   Downloaded subslice v0.2.3
[INFO] [stderr]   Downloaded serde-reflection v0.3.6
[INFO] [stderr]   Downloaded nkeys v0.2.0
[INFO] [stderr]   Downloaded nuid v0.3.2
[INFO] [stderr]   Downloaded printnanny-edge-db v0.2.1
[INFO] [stderr]   Downloaded terminal_size v0.2.5
[INFO] [stderr]   Downloaded printnanny-asyncapi-models v0.4.7
[INFO] [stderr]   Downloaded zbus_names v2.5.0
[INFO] [stderr]   Downloaded function_name v0.2.3
[INFO] [stderr]   Downloaded mime_serde_shim v0.2.2
[INFO] [stderr]   Downloaded printnanny-gst-pipelines v0.2.1
[INFO] [stderr]   Downloaded base64-url v1.4.13
[INFO] [stderr]   Downloaded git-version v0.3.5
[INFO] [stderr]   Downloaded printnanny-nats-client v0.1.0
[INFO] [stderr]   Downloaded file-lock v2.1.9
[INFO] [stderr]   Downloaded async-recursion v1.0.2
[INFO] [stderr]   Downloaded gst-client-rs v0.2.1
[INFO] [stderr]   Downloaded serde_variant v0.1.2
[INFO] [stderr]   Downloaded infer v0.3.7
[INFO] [stderr]   Downloaded zbus_systemd v0.0.8
[INFO] [stderr]   Downloaded zvariant_derive v3.12.0
[INFO] [stderr]   Downloaded libsqlite3-sys v0.25.2
[INFO] running `Command { std: "docker" "create" "-v" "/var/lib/crater-agent-workspace/builds/worker-5-tc1/target:/opt/rustwide/target:rw,Z" "-v" "/var/lib/crater-agent-workspace/builds/worker-5-tc1/source:/opt/rustwide/workdir:ro,Z" "-v" "/var/lib/crater-agent-workspace/cargo-home:/opt/rustwide/cargo-home:ro,Z" "-v" "/var/lib/crater-agent-workspace/rustup-home:/opt/rustwide/rustup-home:ro,Z" "-e" "SOURCE_DIR=/opt/rustwide/workdir" "-e" "CARGO_TARGET_DIR=/opt/rustwide/target" "-e" "CARGO_HOME=/opt/rustwide/cargo-home" "-e" "RUSTUP_HOME=/opt/rustwide/rustup-home" "-w" "/opt/rustwide/workdir" "-m" "1610612736" "--user" "0:0" "--network" "none" "ghcr.io/rust-lang/crates-build-env/linux@sha256:4a844ea9eb2546a2d2c7022eacef16ef2e8229c7fbb2c7d4d55a9ceca922f72d" "/opt/rustwide/cargo-home/bin/cargo" "+nightly-2024-10-28" "metadata" "--no-deps" "--format-version=1", kill_on_drop: false }`
[INFO] [stdout] 5c92988b57eddea801aec17c220ed1bf4be9563ed44767846e9b2fcc92c05cf4
[INFO] running `Command { std: "docker" "start" "-a" "5c92988b57eddea801aec17c220ed1bf4be9563ed44767846e9b2fcc92c05cf4", kill_on_drop: false }`
[INFO] running `Command { std: "docker" "inspect" "5c92988b57eddea801aec17c220ed1bf4be9563ed44767846e9b2fcc92c05cf4", kill_on_drop: false }`
[INFO] running `Command { std: "docker" "rm" "-f" "5c92988b57eddea801aec17c220ed1bf4be9563ed44767846e9b2fcc92c05cf4", kill_on_drop: false }`
[INFO] [stdout] 5c92988b57eddea801aec17c220ed1bf4be9563ed44767846e9b2fcc92c05cf4
[INFO] running `Command { std: "docker" "create" "-v" "/var/lib/crater-agent-workspace/builds/worker-5-tc1/target:/opt/rustwide/target:rw,Z" "-v" "/var/lib/crater-agent-workspace/builds/worker-5-tc1/source:/opt/rustwide/workdir:ro,Z" "-v" "/var/lib/crater-agent-workspace/cargo-home:/opt/rustwide/cargo-home:ro,Z" "-v" "/var/lib/crater-agent-workspace/rustup-home:/opt/rustwide/rustup-home:ro,Z" "-e" "SOURCE_DIR=/opt/rustwide/workdir" "-e" "CARGO_TARGET_DIR=/opt/rustwide/target" "-e" "CARGO_INCREMENTAL=0" "-e" "RUST_BACKTRACE=full" "-e" "RUSTFLAGS=--cap-lints=forbid" "-e" "RUSTDOCFLAGS=--cap-lints=forbid" "-e" "CARGO_HOME=/opt/rustwide/cargo-home" "-e" "RUSTUP_HOME=/opt/rustwide/rustup-home" "-w" "/opt/rustwide/workdir" "-m" "1610612736" "--user" "0:0" "--network" "none" "ghcr.io/rust-lang/crates-build-env/linux@sha256:4a844ea9eb2546a2d2c7022eacef16ef2e8229c7fbb2c7d4d55a9ceca922f72d" "/opt/rustwide/cargo-home/bin/cargo" "+nightly-2024-10-28" "build" "--frozen" "--message-format=json", kill_on_drop: false }`
[INFO] [stdout] 05c966824232c2f5e4eff809f6454f5ceea059f91e0d4a985494c5a85636e951
[INFO] running `Command { std: "docker" "start" "-a" "05c966824232c2f5e4eff809f6454f5ceea059f91e0d4a985494c5a85636e951", kill_on_drop: false }`
[INFO] [stderr]    Compiling libc v0.2.139
[INFO] [stderr]    Compiling proc-macro2 v1.0.51
[INFO] [stderr]    Compiling unicode-ident v1.0.8
[INFO] [stderr]    Compiling quote v1.0.23
[INFO] [stderr]    Compiling syn v1.0.109
[INFO] [stderr]    Compiling version_check v0.9.4
[INFO] [stderr]    Compiling serde_derive v1.0.153
[INFO] [stderr]    Compiling serde v1.0.153
[INFO] [stderr]    Compiling memchr v2.5.0
[INFO] [stderr]    Compiling pkg-config v0.3.26
[INFO] [stderr]    Compiling smallvec v1.10.0
[INFO] [stderr]    Compiling log v0.4.17
[INFO] [stderr]    Compiling once_cell v1.17.1
[INFO] [stderr]    Compiling pin-project-lite v0.2.9
[INFO] [stderr]    Compiling futures-core v0.3.26
[INFO] [stderr]    Compiling lock_api v0.4.9
[INFO] [stderr]    Compiling parking_lot_core v0.9.7
[INFO] [stderr]    Compiling itoa v1.0.6
[INFO] [stderr]    Compiling bytes v1.4.0
[INFO] [stderr]    Compiling indexmap v1.9.2
[INFO] [stderr]    Compiling futures-io v0.3.26
[INFO] [stderr]    Compiling slab v0.4.8
[INFO] [stderr]    Compiling typenum v1.16.0
[INFO] [stderr]    Compiling tokio v1.26.0
[INFO] [stderr]    Compiling num-traits v0.2.15
[INFO] [stderr]    Compiling futures-sink v0.3.26
[INFO] [stderr]    Compiling generic-array v0.14.6
[INFO] [stderr]    Compiling futures-channel v0.3.26
[INFO] [stderr]    Compiling heck v0.4.1
[INFO] [stderr]    Compiling futures-task v0.3.26
[INFO] [stdout] error[E0422]: cannot find struct, variant or union type `LineColumn` in crate `proc_macro`
[INFO] [stdout]    --> /opt/rustwide/cargo-home/registry/src/index.crates.io-6f17d22bba15001f/proc-macro2-1.0.51/src/wrapper.rs:475:33
[INFO] [stdout]     |
[INFO] [stdout] 475 |                 let proc_macro::LineColumn { line, column } = s.start();
[INFO] [stdout]     |                                 ^^^^^^^^^^ not found in `proc_macro`
[INFO] [stdout]     |
[INFO] [stdout] help: consider importing this struct through its public re-export
[INFO] [stdout]     |
[INFO] [stdout] 1   + use crate::LineColumn;
[INFO] [stdout]     |
[INFO] [stdout] help: if you import `LineColumn`, refer to it directly
[INFO] [stdout]     |
[INFO] [stdout] 475 -                 let proc_macro::LineColumn { line, column } = s.start();
[INFO] [stdout] 475 +                 let LineColumn { line, column } = s.start();
[INFO] [stdout]     |
[INFO] [stdout] 
[INFO] [stdout] 
[INFO] [stdout] error[E0422]: cannot find struct, variant or union type `LineColumn` in crate `proc_macro`
[INFO] [stdout]    --> /opt/rustwide/cargo-home/registry/src/index.crates.io-6f17d22bba15001f/proc-macro2-1.0.51/src/wrapper.rs:489:33
[INFO] [stdout]     |
[INFO] [stdout] 489 |                 let proc_macro::LineColumn { line, column } = s.end();
[INFO] [stdout]     |                                 ^^^^^^^^^^ not found in `proc_macro`
[INFO] [stdout]     |
[INFO] [stdout] help: consider importing this struct through its public re-export
[INFO] [stdout]     |
[INFO] [stdout] 1   + use crate::LineColumn;
[INFO] [stdout]     |
[INFO] [stdout] help: if you import `LineColumn`, refer to it directly
[INFO] [stdout]     |
[INFO] [stdout] 489 -                 let proc_macro::LineColumn { line, column } = s.end();
[INFO] [stdout] 489 +                 let LineColumn { line, column } = s.end();
[INFO] [stdout]     |
[INFO] [stdout] 
[INFO] [stdout] 
[INFO] [stderr]    Compiling ryu v1.0.13
[INFO] [stdout] error[E0635]: unknown feature `proc_macro_span_shrink`
[INFO] [stdout]   --> /opt/rustwide/cargo-home/registry/src/index.crates.io-6f17d22bba15001f/proc-macro2-1.0.51/src/lib.rs:92:30
[INFO] [stdout]    |
[INFO] [stdout] 92 |     feature(proc_macro_span, proc_macro_span_shrink)
[INFO] [stdout]    |                              ^^^^^^^^^^^^^^^^^^^^^^
[INFO] [stdout] 
[INFO] [stdout] 
[INFO] [stderr]    Compiling futures-util v0.3.26
[INFO] [stderr]    Compiling crossbeam-utils v0.8.15
[INFO] [stderr]    Compiling num-integer v0.1.45
[INFO] [stderr]    Compiling cfg-expr v0.11.0
[INFO] [stderr]    Compiling serde_json v1.0.94
[INFO] [stderr]    Compiling version-compare v0.1.1
[INFO] [stderr]    Compiling fnv v1.0.7
[INFO] [stderr]    Compiling byteorder v1.4.3
[INFO] [stdout] Some errors have detailed explanations: E0422, E0635.
[INFO] [stdout] 
[INFO] [stdout] For more information about an error, try `rustc --explain E0422`.
[INFO] [stdout] 
[INFO] [stderr]    Compiling http v0.2.9
[INFO] [stderr] error: could not compile `proc-macro2` (lib) due to 3 previous errors
[INFO] [stderr] warning: build failed, waiting for other jobs to finish...
[INFO] running `Command { std: "docker" "inspect" "05c966824232c2f5e4eff809f6454f5ceea059f91e0d4a985494c5a85636e951", kill_on_drop: false }`
[INFO] running `Command { std: "docker" "rm" "-f" "05c966824232c2f5e4eff809f6454f5ceea059f91e0d4a985494c5a85636e951", kill_on_drop: false }`
[INFO] [stdout] 05c966824232c2f5e4eff809f6454f5ceea059f91e0d4a985494c5a85636e951
