[INFO] fetching crate powhasher 0.2.2...
[INFO] testing powhasher-0.2.2 against nightly-2024-10-28+rustflags=-Zrandomize-layout for randomize-layout
[INFO] extracting crate powhasher 0.2.2 into /workspace/builds/worker-3-tc2/source
[INFO] validating manifest of crates.io crate powhasher 0.2.2 on toolchain nightly-2024-10-28
[INFO] running `Command { std: CARGO_HOME="/workspace/cargo-home" RUSTUP_HOME="/workspace/rustup-home" "/workspace/cargo-home/bin/cargo" "+nightly-2024-10-28" "metadata" "--manifest-path" "Cargo.toml" "--no-deps", kill_on_drop: false }`
[INFO] started tweaking crates.io crate powhasher 0.2.2
[INFO] finished tweaking crates.io crate powhasher 0.2.2
[INFO] tweaked toml for crates.io crate powhasher 0.2.2 written to /workspace/builds/worker-3-tc2/source/Cargo.toml
[INFO] running `Command { std: CARGO_HOME="/workspace/cargo-home" RUSTUP_HOME="/workspace/rustup-home" "/workspace/cargo-home/bin/cargo" "+nightly-2024-10-28" "generate-lockfile" "--manifest-path" "Cargo.toml", kill_on_drop: false }`
[INFO] [stderr]     Updating crates.io index
[INFO] [stderr]      Locking 98 packages to latest compatible versions
[INFO] [stderr]       Adding clap v2.34.0 (available: v4.5.20)
[INFO] [stderr]       Adding core_affinity v0.5.10 (available: v0.8.1)
[INFO] [stderr]       Adding env_logger v0.5.13 (available: v0.11.5)
[INFO] running `Command { std: CARGO_HOME="/workspace/cargo-home" RUSTUP_HOME="/workspace/rustup-home" "/workspace/cargo-home/bin/cargo" "+nightly-2024-10-28" "fetch" "--manifest-path" "Cargo.toml", kill_on_drop: false }`
[INFO] running `Command { std: "docker" "create" "-v" "/var/lib/crater-agent-workspace/builds/worker-3-tc2/target:/opt/rustwide/target:rw,Z" "-v" "/var/lib/crater-agent-workspace/builds/worker-3-tc2/source:/opt/rustwide/workdir:ro,Z" "-v" "/var/lib/crater-agent-workspace/cargo-home:/opt/rustwide/cargo-home:ro,Z" "-v" "/var/lib/crater-agent-workspace/rustup-home:/opt/rustwide/rustup-home:ro,Z" "-e" "SOURCE_DIR=/opt/rustwide/workdir" "-e" "CARGO_TARGET_DIR=/opt/rustwide/target" "-e" "CARGO_HOME=/opt/rustwide/cargo-home" "-e" "RUSTUP_HOME=/opt/rustwide/rustup-home" "-w" "/opt/rustwide/workdir" "-m" "1610612736" "--user" "0:0" "--network" "none" "ghcr.io/rust-lang/crates-build-env/linux@sha256:4a844ea9eb2546a2d2c7022eacef16ef2e8229c7fbb2c7d4d55a9ceca922f72d" "/opt/rustwide/cargo-home/bin/cargo" "+nightly-2024-10-28" "metadata" "--no-deps" "--format-version=1", kill_on_drop: false }`
[INFO] [stdout] 51db15c2a989a34495e3275dceba614e71c026f71f2c7377cdcd63a6c5b52e8c
[INFO] running `Command { std: "docker" "start" "-a" "51db15c2a989a34495e3275dceba614e71c026f71f2c7377cdcd63a6c5b52e8c", kill_on_drop: false }`
[INFO] running `Command { std: "docker" "inspect" "51db15c2a989a34495e3275dceba614e71c026f71f2c7377cdcd63a6c5b52e8c", kill_on_drop: false }`
[INFO] running `Command { std: "docker" "rm" "-f" "51db15c2a989a34495e3275dceba614e71c026f71f2c7377cdcd63a6c5b52e8c", kill_on_drop: false }`
[INFO] [stdout] 51db15c2a989a34495e3275dceba614e71c026f71f2c7377cdcd63a6c5b52e8c
[INFO] running `Command { std: "docker" "create" "-v" "/var/lib/crater-agent-workspace/builds/worker-3-tc2/target:/opt/rustwide/target:rw,Z" "-v" "/var/lib/crater-agent-workspace/builds/worker-3-tc2/source:/opt/rustwide/workdir:ro,Z" "-v" "/var/lib/crater-agent-workspace/cargo-home:/opt/rustwide/cargo-home:ro,Z" "-v" "/var/lib/crater-agent-workspace/rustup-home:/opt/rustwide/rustup-home:ro,Z" "-e" "SOURCE_DIR=/opt/rustwide/workdir" "-e" "CARGO_TARGET_DIR=/opt/rustwide/target" "-e" "CARGO_INCREMENTAL=0" "-e" "RUST_BACKTRACE=full" "-e" "RUSTFLAGS=--cap-lints=forbid -Zrandomize-layout" "-e" "RUSTDOCFLAGS=--cap-lints=forbid" "-e" "CARGO_HOME=/opt/rustwide/cargo-home" "-e" "RUSTUP_HOME=/opt/rustwide/rustup-home" "-w" "/opt/rustwide/workdir" "-m" "1610612736" "--user" "0:0" "--network" "none" "ghcr.io/rust-lang/crates-build-env/linux@sha256:4a844ea9eb2546a2d2c7022eacef16ef2e8229c7fbb2c7d4d55a9ceca922f72d" "/opt/rustwide/cargo-home/bin/cargo" "+nightly-2024-10-28" "build" "--frozen" "--message-format=json", kill_on_drop: false }`
[INFO] [stdout] f3b190910073778863a736a86e62fa75f7772ec97bb41a5cc3468a2ab67c2e44
[INFO] running `Command { std: "docker" "start" "-a" "f3b190910073778863a736a86e62fa75f7772ec97bb41a5cc3468a2ab67c2e44", kill_on_drop: false }`
[INFO] [stderr]    Compiling typenum v1.17.0
[INFO] [stderr]    Compiling libc v0.2.161
[INFO] [stderr]    Compiling proc-macro2 v1.0.89
[INFO] [stderr]    Compiling memchr v2.7.4
[INFO] [stderr]    Compiling version_check v0.9.5
[INFO] [stderr]    Compiling unicode-ident v1.0.13
[INFO] [stderr]    Compiling byte-tools v0.3.1
[INFO] [stderr]    Compiling syn v1.0.109
[INFO] [stderr]    Compiling byteorder v1.5.0
[INFO] [stderr]    Compiling serde v1.0.214
[INFO] [stderr]    Compiling proc-macro-hack-impl v0.4.3
[INFO] [stderr]    Compiling gimli v0.31.1
[INFO] [stderr]    Compiling adler2 v2.0.0
[INFO] [stderr]    Compiling unicode-xid v0.2.6
[INFO] [stderr]    Compiling crypto-simd v0.1.1
[INFO] [stderr]    Compiling failure_derive v0.1.8
[INFO] [stderr]    Compiling block-padding v0.1.5
[INFO] [stderr]    Compiling arrayvec v0.4.12
[INFO] [stderr]    Compiling miniz_oxide v0.8.0
[INFO] [stderr]    Compiling rustc-demangle v0.1.24
[INFO] [stderr]    Compiling lazy_static v1.5.0
[INFO] [stderr]    Compiling cfg-if v1.0.0
[INFO] [stderr]    Compiling serde_json v1.0.132
[INFO] [stderr]    Compiling block-padding v0.2.1
[INFO] [stderr]    Compiling regex-syntax v0.8.5
[INFO] [stderr]    Compiling proc-macro-hack v0.4.3
[INFO] [stderr]    Compiling ppv-lite86 v0.1.2
[INFO] [stderr]    Compiling ppv-null v0.1.2
[INFO] [stderr]    Compiling generic-array v0.14.7
[INFO] [stderr]    Compiling hex-literal-impl v0.1.2
[INFO] [stderr]    Compiling object v0.36.5
[INFO] [stderr]    Compiling aho-corasick v1.1.3
[INFO] [stderr]    Compiling unicode-width v0.1.14
[INFO] [stderr]    Compiling quick-error v1.2.3
[INFO] [stderr]    Compiling itoa v1.0.11
[INFO] [stderr]    Compiling log v0.4.22
[INFO] [stderr]    Compiling ryu v1.0.18
[INFO] [stderr]    Compiling keccak v0.1.5
[INFO] [stderr]    Compiling nodrop v0.1.14
[INFO] [stderr]    Compiling opaque-debug v0.2.3
[INFO] [stderr]    Compiling humantime v1.3.0
[INFO] [stderr]    Compiling strsim v0.8.0
[INFO] [stderr]    Compiling hex-literal v0.1.4
[INFO] [stderr]    Compiling bitflags v1.3.2
[INFO] [stderr]    Compiling textwrap v0.11.0
[INFO] [stderr]    Compiling termcolor v1.4.1
[INFO] [stderr]    Compiling ansi_term v0.12.1
[INFO] [stderr]    Compiling quote v1.0.37
[INFO] [stderr]    Compiling atty v0.2.14
[INFO] [stderr]    Compiling num_cpus v1.16.0
[INFO] [stderr]    Compiling vec_map v0.8.2
[INFO] [stderr]    Compiling syn v2.0.86
[INFO] [stderr]    Compiling clap v2.34.0
[INFO] [stderr]    Compiling core_affinity v0.5.10
[INFO] [stderr]    Compiling generic-array v0.12.4
[INFO] [stderr]    Compiling block-buffer v0.7.3
[INFO] [stderr]    Compiling digest v0.8.1
[INFO] [stderr]    Compiling cipher v0.2.5
[INFO] [stderr]    Compiling digest v0.9.0
[INFO] [stderr]    Compiling block-buffer v0.9.0
[INFO] [stderr]    Compiling sha3 v0.8.2
[INFO] [stderr]    Compiling jh-x86_64 v0.2.2
[INFO] [stderr]    Compiling groestl-aesni v0.2.2
[INFO] [stderr]    Compiling blake-hash v0.2.0
[INFO] [stderr]    Compiling threefish-cipher v0.4.0
[INFO] [stderr]    Compiling regex-automata v0.4.8
[INFO] [stderr]    Compiling addr2line v0.24.2
[INFO] [stderr]    Compiling skein-hash v0.3.1
[INFO] [stderr]    Compiling yellowsun v0.2.3
[INFO] [stdout] error[E0308]: mismatched types
[INFO] [stdout]    --> /opt/rustwide/cargo-home/registry/src/index.crates.io-6f17d22bba15001f/yellowsun-0.2.3/src/lib.rs:26:14
[INFO] [stdout]     |
[INFO] [stdout] 22  | fn finalize(mut data: State) -> GenericArray<u8, U32> {
[INFO] [stdout]     |                                 --------------------- expected `skein_hash::GenericArray<u8, UInt<UInt<UInt<UInt<UInt<UInt<UTerm, B1>, B0>, B0>, B0>, B0>, B0>>` because of return type
[INFO] [stdout] ...
[INFO] [stdout] 26  |         0 => blake_hash::Blake256::digest(bytes),
[INFO] [stdout]     |              ^^^^^^^^^^^^^^^^^^^^^^^^^^^^^^^^^^^ expected `GenericArray<u8, UInt<..., ...>>`, found a different `GenericArray<u8, UInt<..., ...>>`
[INFO] [stdout]     |
[INFO] [stdout]     = note: `GenericArray<u8, UInt<..., ...>>` and `GenericArray<u8, UInt<..., ...>>` have similar names, but are actually distinct types
[INFO] [stdout] note: `GenericArray<u8, UInt<..., ...>>` is defined in crate `generic_array`
[INFO] [stdout]    --> /opt/rustwide/cargo-home/registry/src/index.crates.io-6f17d22bba15001f/generic-array-0.12.4/src/lib.rs:141:1
[INFO] [stdout]     |
[INFO] [stdout] 141 | pub struct GenericArray<T, U: ArrayLength<T>> {
[INFO] [stdout]     | ^^^^^^^^^^^^^^^^^^^^^^^^^^^^^^^^^^^^^^^^^^^^^
[INFO] [stdout] note: `GenericArray<u8, UInt<..., ...>>` is defined in crate `generic_array`
[INFO] [stdout]    --> /opt/rustwide/cargo-home/registry/src/index.crates.io-6f17d22bba15001f/generic-array-0.14.7/src/lib.rs:179:1
[INFO] [stdout]     |
[INFO] [stdout] 179 | pub struct GenericArray<T, U: ArrayLength<T>> {
[INFO] [stdout]     | ^^^^^^^^^^^^^^^^^^^^^^^^^^^^^^^^^^^^^^^^^^^^^
[INFO] [stdout]     = note: perhaps two different versions of crate `generic_array` are being used?
[INFO] [stdout] 
[INFO] [stdout] 
[INFO] [stdout] error[E0599]: the function or associated item `digest` exists for struct `Skein512<UInt<UInt<UInt<UInt<UInt<UInt<UTerm, B1>, B0>, B0>, B0>, B0>, B0>>`, but its trait bounds were not satisfied
[INFO] [stdout]    --> /opt/rustwide/cargo-home/registry/src/index.crates.io-6f17d22bba15001f/yellowsun-0.2.3/src/lib.rs:29:43
[INFO] [stdout]     |
[INFO] [stdout] 29  |         3 => skein_hash::Skein512::<U32>::digest(bytes),
[INFO] [stdout]     |                                           ^^^^^^ function or associated item cannot be called due to unsatisfied trait bounds
[INFO] [stdout]     |
[INFO] [stdout]    ::: /opt/rustwide/cargo-home/registry/src/index.crates.io-6f17d22bba15001f/skein-hash-0.3.1/src/lib.rs:255:1
[INFO] [stdout]     |
[INFO] [stdout] 255 | define_hasher!(Skein512, Threefish512, U64, 512);
[INFO] [stdout]     | ------------------------------------------------ doesn't satisfy `_: Digest`, `_: FixedOutput`, `_: Input` or `_: Reset`
[INFO] [stdout]     |
[INFO] [stdout]     = note: the following trait bounds were not satisfied:
[INFO] [stdout]             `Skein512<UInt<UInt<UInt<UInt<UInt<UInt<UTerm, B1>, B0>, B0>, B0>, B0>, B0>>: Input`
[INFO] [stdout]             which is required by `Skein512<UInt<UInt<UInt<UInt<UInt<UInt<UTerm, B1>, B0>, B0>, B0>, B0>, B0>>: blake_hash::Digest`
[INFO] [stdout]             `Skein512<UInt<UInt<UInt<UInt<UInt<UInt<UTerm, B1>, B0>, B0>, B0>, B0>, B0>>: blake_hash::digest::FixedOutput`
[INFO] [stdout]             which is required by `Skein512<UInt<UInt<UInt<UInt<UInt<UInt<UTerm, B1>, B0>, B0>, B0>, B0>, B0>>: blake_hash::Digest`
[INFO] [stdout]             `Skein512<UInt<UInt<UInt<UInt<UInt<UInt<UTerm, B1>, B0>, B0>, B0>, B0>, B0>>: blake_hash::digest::Reset`
[INFO] [stdout]             which is required by `Skein512<UInt<UInt<UInt<UInt<UInt<UInt<UTerm, B1>, B0>, B0>, B0>, B0>, B0>>: blake_hash::Digest`
[INFO] [stdout]             `&Skein512<UInt<UInt<UInt<UInt<UInt<UInt<UTerm, B1>, B0>, B0>, B0>, B0>, B0>>: Input`
[INFO] [stdout]             which is required by `&Skein512<UInt<UInt<UInt<UInt<UInt<UInt<UTerm, B1>, B0>, B0>, B0>, B0>, B0>>: blake_hash::Digest`
[INFO] [stdout]             `&Skein512<UInt<UInt<UInt<UInt<UInt<UInt<UTerm, B1>, B0>, B0>, B0>, B0>, B0>>: blake_hash::digest::FixedOutput`
[INFO] [stdout]             which is required by `&Skein512<UInt<UInt<UInt<UInt<UInt<UInt<UTerm, B1>, B0>, B0>, B0>, B0>, B0>>: blake_hash::Digest`
[INFO] [stdout]             `&Skein512<UInt<UInt<UInt<UInt<UInt<UInt<UTerm, B1>, B0>, B0>, B0>, B0>, B0>>: blake_hash::digest::Reset`
[INFO] [stdout]             which is required by `&Skein512<UInt<UInt<UInt<UInt<UInt<UInt<UTerm, B1>, B0>, B0>, B0>, B0>, B0>>: blake_hash::Digest`
[INFO] [stdout]             `&Skein512<UInt<UInt<UInt<UInt<UInt<UInt<UTerm, B1>, B0>, B0>, B0>, B0>, B0>>: Default`
[INFO] [stdout]             which is required by `&Skein512<UInt<UInt<UInt<UInt<UInt<UInt<UTerm, B1>, B0>, B0>, B0>, B0>, B0>>: blake_hash::Digest`
[INFO] [stdout]             `&mut Skein512<UInt<UInt<UInt<UInt<UInt<UInt<UTerm, B1>, B0>, B0>, B0>, B0>, B0>>: Input`
[INFO] [stdout]             which is required by `&mut Skein512<UInt<UInt<UInt<UInt<UInt<UInt<UTerm, B1>, B0>, B0>, B0>, B0>, B0>>: blake_hash::Digest`
[INFO] [stdout]             `&mut Skein512<UInt<UInt<UInt<UInt<UInt<UInt<UTerm, B1>, B0>, B0>, B0>, B0>, B0>>: blake_hash::digest::FixedOutput`
[INFO] [stdout]             which is required by `&mut Skein512<UInt<UInt<UInt<UInt<UInt<UInt<UTerm, B1>, B0>, B0>, B0>, B0>, B0>>: blake_hash::Digest`
[INFO] [stdout]             `&mut Skein512<UInt<UInt<UInt<UInt<UInt<UInt<UTerm, B1>, B0>, B0>, B0>, B0>, B0>>: blake_hash::digest::Reset`
[INFO] [stdout]             which is required by `&mut Skein512<UInt<UInt<UInt<UInt<UInt<UInt<UTerm, B1>, B0>, B0>, B0>, B0>, B0>>: blake_hash::Digest`
[INFO] [stdout]             `&mut Skein512<UInt<UInt<UInt<UInt<UInt<UInt<UTerm, B1>, B0>, B0>, B0>, B0>, B0>>: Clone`
[INFO] [stdout]             which is required by `&mut Skein512<UInt<UInt<UInt<UInt<UInt<UInt<UTerm, B1>, B0>, B0>, B0>, B0>, B0>>: blake_hash::Digest`
[INFO] [stdout]             `&mut Skein512<UInt<UInt<UInt<UInt<UInt<UInt<UTerm, B1>, B0>, B0>, B0>, B0>, B0>>: Default`
[INFO] [stdout]             which is required by `&mut Skein512<UInt<UInt<UInt<UInt<UInt<UInt<UTerm, B1>, B0>, B0>, B0>, B0>, B0>>: blake_hash::Digest`
[INFO] [stdout] note: there are multiple different versions of crate `digest` in the dependency graph
[INFO] [stdout]    --> /opt/rustwide/cargo-home/registry/src/index.crates.io-6f17d22bba15001f/digest-0.9.0/src/digest.rs:9:1
[INFO] [stdout]     |
[INFO] [stdout] 9   | pub trait Digest {
[INFO] [stdout]     | ^^^^^^^^^^^^^^^^ this is the trait that is needed
[INFO] [stdout] ...
[INFO] [stdout] 49  |     fn digest(data: &[u8]) -> Output<Self>;
[INFO] [stdout]     |     --------------------------------------- the associated function is available for `Skein512<UInt<UInt<UInt<UInt<UInt<UInt<UTerm, B1>, B0>, B0>, B0>, B0>, B0>>` here
[INFO] [stdout]     |
[INFO] [stdout]    ::: /opt/rustwide/cargo-home/registry/src/index.crates.io-6f17d22bba15001f/yellowsun-0.2.3/src/lib.rs:13:5
[INFO] [stdout]     |
[INFO] [stdout] 13  | use blake_hash::digest::Digest;
[INFO] [stdout]     |     -------------------------- `Digest` imported here doesn't correspond to the right version of crate `digest`
[INFO] [stdout]     |
[INFO] [stdout]    ::: /opt/rustwide/cargo-home/registry/src/index.crates.io-6f17d22bba15001f/digest-0.8.1/src/digest.rs:9:1
[INFO] [stdout]     |
[INFO] [stdout] 9   | pub trait Digest {
[INFO] [stdout]     | ---------------- this is the trait that was imported
[INFO] [stdout] 
[INFO] [stdout] 
[INFO] [stdout] error[E0277]: the trait bound `State: From<blake_hash::digest::generic_array::GenericArray<u8, UInt<UInt<UInt<UInt<UInt<UInt<UInt<UInt<UTerm, B1>, B1>, B0>, B0>, B1>, B0>, B0>, B0>>>` is not satisfied
[INFO] [stdout]    --> /opt/rustwide/cargo-home/registry/src/index.crates.io-6f17d22bba15001f/yellowsun-0.2.3/src/lib.rs:141:21
[INFO] [stdout]     |
[INFO] [stdout] 141 |         let state = State::from(sha3::Keccak256Full::digest(blob));
[INFO] [stdout]     |                     ^^^^^ the trait `From<blake_hash::digest::generic_array::GenericArray<u8, UInt<UInt<UInt<UInt<UInt<UInt<UInt<UInt<UTerm, B1>, B1>, B0>, B0>, B1>, B0>, B0>, B0>>>` is not implemented for `State`
[INFO] [stdout]     |
[INFO] [stdout]     = help: the following other types implement trait `From<T>`:
[INFO] [stdout]               `State` implements `From<[u64; 25]>`
[INFO] [stdout]               `State` implements `From<skein_hash::GenericArray<u8, UInt<UInt<UInt<UInt<UInt<UInt<UInt<UInt<UTerm, B1>, B1>, B0>, B0>, B1>, B0>, B0>, B0>>>`
[INFO] [stdout] 
[INFO] [stdout] 
[INFO] [stdout] error[E0277]: the trait bound `State: From<blake_hash::digest::generic_array::GenericArray<u8, UInt<UInt<UInt<UInt<UInt<UInt<UInt<UInt<UTerm, B1>, B1>, B0>, B0>, B1>, B0>, B0>, B0>>>` is not satisfied
[INFO] [stdout]    --> /opt/rustwide/cargo-home/registry/src/index.crates.io-6f17d22bba15001f/yellowsun-0.2.3/src/lib.rs:154:13
[INFO] [stdout]     |
[INFO] [stdout] 154 |             State::from(sha3::Keccak256Full::digest(blob)),
[INFO] [stdout]     |             ^^^^^ the trait `From<blake_hash::digest::generic_array::GenericArray<u8, UInt<UInt<UInt<UInt<UInt<UInt<UInt<UInt<UTerm, B1>, B1>, B0>, B0>, B1>, B0>, B0>, B0>>>` is not implemented for `State`
[INFO] [stdout]     |
[INFO] [stdout]     = help: the following other types implement trait `From<T>`:
[INFO] [stdout]               `State` implements `From<[u64; 25]>`
[INFO] [stdout]               `State` implements `From<skein_hash::GenericArray<u8, UInt<UInt<UInt<UInt<UInt<UInt<UInt<UInt<UTerm, B1>, B1>, B0>, B0>, B1>, B0>, B0>, B0>>>`
[INFO] [stdout] 
[INFO] [stdout] 
[INFO] [stdout] error[E0277]: the trait bound `State: From<blake_hash::digest::generic_array::GenericArray<u8, UInt<UInt<UInt<UInt<UInt<UInt<UInt<UInt<UTerm, B1>, B1>, B0>, B0>, B1>, B0>, B0>, B0>>>` is not satisfied
[INFO] [stdout]    --> /opt/rustwide/cargo-home/registry/src/index.crates.io-6f17d22bba15001f/yellowsun-0.2.3/src/lib.rs:166:21
[INFO] [stdout]     |
[INFO] [stdout] 166 |     let mut state = State::from(sha3::Keccak256Full::digest(blob));
[INFO] [stdout]     |                     ^^^^^ the trait `From<blake_hash::digest::generic_array::GenericArray<u8, UInt<UInt<UInt<UInt<UInt<UInt<UInt<UInt<UTerm, B1>, B1>, B0>, B0>, B1>, B0>, B0>, B0>>>` is not implemented for `State`
[INFO] [stdout]     |
[INFO] [stdout]     = help: the following other types implement trait `From<T>`:
[INFO] [stdout]               `State` implements `From<[u64; 25]>`
[INFO] [stdout]               `State` implements `From<skein_hash::GenericArray<u8, UInt<UInt<UInt<UInt<UInt<UInt<UInt<UInt<UTerm, B1>, B1>, B0>, B0>, B1>, B0>, B0>, B0>>>`
[INFO] [stdout] 
[INFO] [stdout] 
[INFO] [stdout] Some errors have detailed explanations: E0277, E0308, E0599.
[INFO] [stdout] 
[INFO] [stdout] For more information about an error, try `rustc --explain E0277`.
[INFO] [stdout] 
[INFO] [stderr] error: could not compile `yellowsun` (lib) due to 5 previous errors
[INFO] [stderr] warning: build failed, waiting for other jobs to finish...
[INFO] running `Command { std: "docker" "inspect" "f3b190910073778863a736a86e62fa75f7772ec97bb41a5cc3468a2ab67c2e44", kill_on_drop: false }`
[INFO] running `Command { std: "docker" "rm" "-f" "f3b190910073778863a736a86e62fa75f7772ec97bb41a5cc3468a2ab67c2e44", kill_on_drop: false }`
[INFO] [stdout] f3b190910073778863a736a86e62fa75f7772ec97bb41a5cc3468a2ab67c2e44
