[INFO] fetching crate postgres-extension 0.1.1...
[INFO] testing postgres-extension-0.1.1 against nightly-2024-10-28 for randomize-layout
[INFO] extracting crate postgres-extension 0.1.1 into /workspace/builds/worker-1-tc1/source
[INFO] validating manifest of crates.io crate postgres-extension 0.1.1 on toolchain nightly-2024-10-28
[INFO] running `Command { std: CARGO_HOME="/workspace/cargo-home" RUSTUP_HOME="/workspace/rustup-home" "/workspace/cargo-home/bin/cargo" "+nightly-2024-10-28" "metadata" "--manifest-path" "Cargo.toml" "--no-deps", kill_on_drop: false }`
[INFO] started tweaking crates.io crate postgres-extension 0.1.1
[INFO] finished tweaking crates.io crate postgres-extension 0.1.1
[INFO] tweaked toml for crates.io crate postgres-extension 0.1.1 written to /workspace/builds/worker-1-tc1/source/Cargo.toml
[INFO] running `Command { std: CARGO_HOME="/workspace/cargo-home" RUSTUP_HOME="/workspace/rustup-home" "/workspace/cargo-home/bin/cargo" "+nightly-2024-10-28" "generate-lockfile" "--manifest-path" "Cargo.toml", kill_on_drop: false }`
[INFO] [stderr]     Updating crates.io index
[INFO] [stderr]      Locking 1 package to latest compatible version
[INFO] running `Command { std: CARGO_HOME="/workspace/cargo-home" RUSTUP_HOME="/workspace/rustup-home" "/workspace/cargo-home/bin/cargo" "+nightly-2024-10-28" "fetch" "--manifest-path" "Cargo.toml", kill_on_drop: false }`
[INFO] running `Command { std: "docker" "create" "-v" "/var/lib/crater-agent-workspace/builds/worker-1-tc1/target:/opt/rustwide/target:rw,Z" "-v" "/var/lib/crater-agent-workspace/builds/worker-1-tc1/source:/opt/rustwide/workdir:ro,Z" "-v" "/var/lib/crater-agent-workspace/cargo-home:/opt/rustwide/cargo-home:ro,Z" "-v" "/var/lib/crater-agent-workspace/rustup-home:/opt/rustwide/rustup-home:ro,Z" "-e" "SOURCE_DIR=/opt/rustwide/workdir" "-e" "CARGO_TARGET_DIR=/opt/rustwide/target" "-e" "CARGO_HOME=/opt/rustwide/cargo-home" "-e" "RUSTUP_HOME=/opt/rustwide/rustup-home" "-w" "/opt/rustwide/workdir" "-m" "1610612736" "--user" "0:0" "--network" "none" "ghcr.io/rust-lang/crates-build-env/linux@sha256:4a844ea9eb2546a2d2c7022eacef16ef2e8229c7fbb2c7d4d55a9ceca922f72d" "/opt/rustwide/cargo-home/bin/cargo" "+nightly-2024-10-28" "metadata" "--no-deps" "--format-version=1", kill_on_drop: false }`
[INFO] [stdout] 519e12b3db92575cb4b05ae1dcdfb2f97ff593a8cf412624fd2fed41ca8c61bb
[INFO] running `Command { std: "docker" "start" "-a" "519e12b3db92575cb4b05ae1dcdfb2f97ff593a8cf412624fd2fed41ca8c61bb", kill_on_drop: false }`
[INFO] running `Command { std: "docker" "inspect" "519e12b3db92575cb4b05ae1dcdfb2f97ff593a8cf412624fd2fed41ca8c61bb", kill_on_drop: false }`
[INFO] running `Command { std: "docker" "rm" "-f" "519e12b3db92575cb4b05ae1dcdfb2f97ff593a8cf412624fd2fed41ca8c61bb", kill_on_drop: false }`
[INFO] [stdout] 519e12b3db92575cb4b05ae1dcdfb2f97ff593a8cf412624fd2fed41ca8c61bb
[INFO] running `Command { std: "docker" "create" "-v" "/var/lib/crater-agent-workspace/builds/worker-1-tc1/target:/opt/rustwide/target:rw,Z" "-v" "/var/lib/crater-agent-workspace/builds/worker-1-tc1/source:/opt/rustwide/workdir:ro,Z" "-v" "/var/lib/crater-agent-workspace/cargo-home:/opt/rustwide/cargo-home:ro,Z" "-v" "/var/lib/crater-agent-workspace/rustup-home:/opt/rustwide/rustup-home:ro,Z" "-e" "SOURCE_DIR=/opt/rustwide/workdir" "-e" "CARGO_TARGET_DIR=/opt/rustwide/target" "-e" "CARGO_INCREMENTAL=0" "-e" "RUST_BACKTRACE=full" "-e" "RUSTFLAGS=--cap-lints=forbid" "-e" "RUSTDOCFLAGS=--cap-lints=forbid" "-e" "CARGO_HOME=/opt/rustwide/cargo-home" "-e" "RUSTUP_HOME=/opt/rustwide/rustup-home" "-w" "/opt/rustwide/workdir" "-m" "1610612736" "--user" "0:0" "--network" "none" "ghcr.io/rust-lang/crates-build-env/linux@sha256:4a844ea9eb2546a2d2c7022eacef16ef2e8229c7fbb2c7d4d55a9ceca922f72d" "/opt/rustwide/cargo-home/bin/cargo" "+nightly-2024-10-28" "build" "--frozen" "--message-format=json", kill_on_drop: false }`
[INFO] [stdout] 3534fd9643ca5b073437b17ad1bc209157b11b68834f56ef8f83d010d1263a22
[INFO] running `Command { std: "docker" "start" "-a" "3534fd9643ca5b073437b17ad1bc209157b11b68834f56ef8f83d010d1263a22", kill_on_drop: false }`
[INFO] [stderr]    Compiling postgres-extension v0.1.1 (/opt/rustwide/workdir)
[INFO] [stdout] warning: unnecessary parentheses around assigned value
[INFO] [stdout]   --> src/executor/spi.rs:64:36
[INFO] [stdout]    |
[INFO] [stdout] 64 | pub const SPI_OPT_NONATOMIC: i32 = (1 << 0);
[INFO] [stdout]    |                                    ^      ^
[INFO] [stdout]    |
[INFO] [stdout]    = note: `#[warn(unused_parens)]` on by default
[INFO] [stdout] help: remove these parentheses
[INFO] [stdout]    |
[INFO] [stdout] 64 - pub const SPI_OPT_NONATOMIC: i32 = (1 << 0);
[INFO] [stdout] 64 + pub const SPI_OPT_NONATOMIC: i32 = 1 << 0;
[INFO] [stdout]    |
[INFO] [stdout] 
[INFO] [stdout] 
[INFO] [stdout] warning: getting the inner pointer of a temporary `CString`
[INFO] [stdout]   --> src/utils/elog.rs:44:53
[INFO] [stdout]    |
[INFO] [stdout] 44 |     let cfilename = CString::new(filename).unwrap().as_ptr();
[INFO] [stdout]    |                     ------------------------------- ^^^^^^ this pointer will be invalid
[INFO] [stdout]    |                     |
[INFO] [stdout]    |                     this `CString` is deallocated at the end of the statement, bind it to a variable to extend its lifetime
[INFO] [stdout]    |
[INFO] [stdout]    = note: pointers do not have a lifetime; when calling `as_ptr` the `CString` will be deallocated at the end of the statement because nothing is referencing it as far as the type system is concerned
[INFO] [stdout]    = help: for more information, see https://doc.rust-lang.org/reference/destructors.html
[INFO] [stdout]    = note: `#[warn(temporary_cstring_as_ptr)]` on by default
[INFO] [stdout] 
[INFO] [stdout] 
[INFO] [stderr]     Finished `dev` profile [unoptimized + debuginfo] target(s) in 0.15s
[INFO] running `Command { std: "docker" "inspect" "3534fd9643ca5b073437b17ad1bc209157b11b68834f56ef8f83d010d1263a22", kill_on_drop: false }`
[INFO] running `Command { std: "docker" "rm" "-f" "3534fd9643ca5b073437b17ad1bc209157b11b68834f56ef8f83d010d1263a22", kill_on_drop: false }`
[INFO] [stdout] 3534fd9643ca5b073437b17ad1bc209157b11b68834f56ef8f83d010d1263a22
[INFO] running `Command { std: "docker" "create" "-v" "/var/lib/crater-agent-workspace/builds/worker-1-tc1/target:/opt/rustwide/target:rw,Z" "-v" "/var/lib/crater-agent-workspace/builds/worker-1-tc1/source:/opt/rustwide/workdir:ro,Z" "-v" "/var/lib/crater-agent-workspace/cargo-home:/opt/rustwide/cargo-home:ro,Z" "-v" "/var/lib/crater-agent-workspace/rustup-home:/opt/rustwide/rustup-home:ro,Z" "-e" "SOURCE_DIR=/opt/rustwide/workdir" "-e" "CARGO_TARGET_DIR=/opt/rustwide/target" "-e" "CARGO_INCREMENTAL=0" "-e" "RUST_BACKTRACE=full" "-e" "RUSTFLAGS=--cap-lints=forbid" "-e" "RUSTDOCFLAGS=--cap-lints=forbid" "-e" "CARGO_HOME=/opt/rustwide/cargo-home" "-e" "RUSTUP_HOME=/opt/rustwide/rustup-home" "-w" "/opt/rustwide/workdir" "-m" "1610612736" "--user" "0:0" "--network" "none" "ghcr.io/rust-lang/crates-build-env/linux@sha256:4a844ea9eb2546a2d2c7022eacef16ef2e8229c7fbb2c7d4d55a9ceca922f72d" "/opt/rustwide/cargo-home/bin/cargo" "+nightly-2024-10-28" "test" "--frozen" "--no-run" "--message-format=json", kill_on_drop: false }`
[INFO] [stdout] a09a0d6b2c7bbe8c4c0ef710d994ba93b7481e6ae76031c6f87f0b64f603e2b5
[INFO] running `Command { std: "docker" "start" "-a" "a09a0d6b2c7bbe8c4c0ef710d994ba93b7481e6ae76031c6f87f0b64f603e2b5", kill_on_drop: false }`
[INFO] [stderr]    Compiling postgres-extension v0.1.1 (/opt/rustwide/workdir)
[INFO] [stdout] warning: unnecessary parentheses around assigned value
[INFO] [stdout]   --> src/executor/spi.rs:64:36
[INFO] [stdout]    |
[INFO] [stdout] 64 | pub const SPI_OPT_NONATOMIC: i32 = (1 << 0);
[INFO] [stdout]    |                                    ^      ^
[INFO] [stdout]    |
[INFO] [stdout]    = note: `#[warn(unused_parens)]` on by default
[INFO] [stdout] help: remove these parentheses
[INFO] [stdout]    |
[INFO] [stdout] 64 - pub const SPI_OPT_NONATOMIC: i32 = (1 << 0);
[INFO] [stdout] 64 + pub const SPI_OPT_NONATOMIC: i32 = 1 << 0;
[INFO] [stdout]    |
[INFO] [stdout] 
[INFO] [stdout] 
[INFO] [stdout] warning: getting the inner pointer of a temporary `CString`
[INFO] [stdout]   --> src/utils/elog.rs:44:53
[INFO] [stdout]    |
[INFO] [stdout] 44 |     let cfilename = CString::new(filename).unwrap().as_ptr();
[INFO] [stdout]    |                     ------------------------------- ^^^^^^ this pointer will be invalid
[INFO] [stdout]    |                     |
[INFO] [stdout]    |                     this `CString` is deallocated at the end of the statement, bind it to a variable to extend its lifetime
[INFO] [stdout]    |
[INFO] [stdout]    = note: pointers do not have a lifetime; when calling `as_ptr` the `CString` will be deallocated at the end of the statement because nothing is referencing it as far as the type system is concerned
[INFO] [stdout]    = help: for more information, see https://doc.rust-lang.org/reference/destructors.html
[INFO] [stdout]    = note: `#[warn(temporary_cstring_as_ptr)]` on by default
[INFO] [stdout] 
[INFO] [stdout] 
[INFO] [stdout] warning: unnecessary parentheses around assigned value
[INFO] [stdout]   --> src/executor/spi.rs:64:36
[INFO] [stdout]    |
[INFO] [stdout] 64 | pub const SPI_OPT_NONATOMIC: i32 = (1 << 0);
[INFO] [stdout]    |                                    ^      ^
[INFO] [stdout]    |
[INFO] [stdout]    = note: `#[warn(unused_parens)]` on by default
[INFO] [stdout] help: remove these parentheses
[INFO] [stdout]    |
[INFO] [stdout] 64 - pub const SPI_OPT_NONATOMIC: i32 = (1 << 0);
[INFO] [stdout] 64 + pub const SPI_OPT_NONATOMIC: i32 = 1 << 0;
[INFO] [stdout]    |
[INFO] [stdout] 
[INFO] [stdout] 
[INFO] [stdout] warning: getting the inner pointer of a temporary `CString`
[INFO] [stdout]   --> src/utils/elog.rs:44:53
[INFO] [stdout]    |
[INFO] [stdout] 44 |     let cfilename = CString::new(filename).unwrap().as_ptr();
[INFO] [stdout]    |                     ------------------------------- ^^^^^^ this pointer will be invalid
[INFO] [stdout]    |                     |
[INFO] [stdout]    |                     this `CString` is deallocated at the end of the statement, bind it to a variable to extend its lifetime
[INFO] [stdout]    |
[INFO] [stdout]    = note: pointers do not have a lifetime; when calling `as_ptr` the `CString` will be deallocated at the end of the statement because nothing is referencing it as far as the type system is concerned
[INFO] [stdout]    = help: for more information, see https://doc.rust-lang.org/reference/destructors.html
[INFO] [stdout]    = note: `#[warn(temporary_cstring_as_ptr)]` on by default
[INFO] [stdout] 
[INFO] [stdout] 
[INFO] [stdout] error: linking with `cc` failed: exit status: 1
[INFO] [stdout]   |
[INFO] [stdout]   = note: LC_ALL="C" PATH="/opt/rustwide/rustup-home/toolchains/nightly-2024-10-28-x86_64-unknown-linux-gnu/lib/rustlib/x86_64-unknown-linux-gnu/bin:/opt/rustwide/rustup-home/toolchains/nightly-2024-10-28-x86_64-unknown-linux-gnu/lib/rustlib/x86_64-unknown-linux-gnu/bin/self-contained:/opt/rustwide/cargo-home/bin:/usr/local/sbin:/usr/local/bin:/usr/sbin:/usr/bin:/sbin:/bin" VSLANG="1033" "cc" "-m64" "/tmp/rustcHR1O0L/symbols.o" "/opt/rustwide/target/debug/deps/postgres_extension-4097a448181f7459.postgres_extension.c81ee893159e22c9-cgu.0.rcgu.o" "/opt/rustwide/target/debug/deps/postgres_extension-4097a448181f7459.56ispknqsti3nuaduorig5o8e.rcgu.o" "-Wl,--as-needed" "-Wl,-Bstatic" "/opt/rustwide/rustup-home/toolchains/nightly-2024-10-28-x86_64-unknown-linux-gnu/lib/rustlib/x86_64-unknown-linux-gnu/lib/libtest-a09fad3b5321e7d6.rlib" "/opt/rustwide/rustup-home/toolchains/nightly-2024-10-28-x86_64-unknown-linux-gnu/lib/rustlib/x86_64-unknown-linux-gnu/lib/libgetopts-f9c3dff41ad42661.rlib" "/opt/rustwide/rustup-home/toolchains/nightly-2024-10-28-x86_64-unknown-linux-gnu/lib/rustlib/x86_64-unknown-linux-gnu/lib/libunicode_width-ad2aef31af6addd3.rlib" "/opt/rustwide/rustup-home/toolchains/nightly-2024-10-28-x86_64-unknown-linux-gnu/lib/rustlib/x86_64-unknown-linux-gnu/lib/librustc_std_workspace_std-e3f907dc03deb913.rlib" "/opt/rustwide/target/debug/deps/liblibc-663f09ba3db1840e.rlib" "/opt/rustwide/rustup-home/toolchains/nightly-2024-10-28-x86_64-unknown-linux-gnu/lib/rustlib/x86_64-unknown-linux-gnu/lib/libstd-fb8c387236db3c10.rlib" "/opt/rustwide/rustup-home/toolchains/nightly-2024-10-28-x86_64-unknown-linux-gnu/lib/rustlib/x86_64-unknown-linux-gnu/lib/libpanic_unwind-b251837809b2f64b.rlib" "/opt/rustwide/rustup-home/toolchains/nightly-2024-10-28-x86_64-unknown-linux-gnu/lib/rustlib/x86_64-unknown-linux-gnu/lib/libobject-cbef83eaa4e01f04.rlib" "/opt/rustwide/rustup-home/toolchains/nightly-2024-10-28-x86_64-unknown-linux-gnu/lib/rustlib/x86_64-unknown-linux-gnu/lib/libmemchr-12a772286de2fca7.rlib" "/opt/rustwide/rustup-home/toolchains/nightly-2024-10-28-x86_64-unknown-linux-gnu/lib/rustlib/x86_64-unknown-linux-gnu/lib/libaddr2line-023bbe5ada7abfc3.rlib" "/opt/rustwide/rustup-home/toolchains/nightly-2024-10-28-x86_64-unknown-linux-gnu/lib/rustlib/x86_64-unknown-linux-gnu/lib/libgimli-de2bcdf10ec69c2b.rlib" "/opt/rustwide/rustup-home/toolchains/nightly-2024-10-28-x86_64-unknown-linux-gnu/lib/rustlib/x86_64-unknown-linux-gnu/lib/librustc_demangle-8e1754df350800fd.rlib" "/opt/rustwide/rustup-home/toolchains/nightly-2024-10-28-x86_64-unknown-linux-gnu/lib/rustlib/x86_64-unknown-linux-gnu/lib/libstd_detect-06c2ab7b9c32e037.rlib" "/opt/rustwide/rustup-home/toolchains/nightly-2024-10-28-x86_64-unknown-linux-gnu/lib/rustlib/x86_64-unknown-linux-gnu/lib/libhashbrown-51d2621fc57a281b.rlib" "/opt/rustwide/rustup-home/toolchains/nightly-2024-10-28-x86_64-unknown-linux-gnu/lib/rustlib/x86_64-unknown-linux-gnu/lib/librustc_std_workspace_alloc-54a930408793772f.rlib" "/opt/rustwide/rustup-home/toolchains/nightly-2024-10-28-x86_64-unknown-linux-gnu/lib/rustlib/x86_64-unknown-linux-gnu/lib/libminiz_oxide-0c7d01cba400dcb2.rlib" "/opt/rustwide/rustup-home/toolchains/nightly-2024-10-28-x86_64-unknown-linux-gnu/lib/rustlib/x86_64-unknown-linux-gnu/lib/libadler-b9f84d69e331b75b.rlib" "/opt/rustwide/rustup-home/toolchains/nightly-2024-10-28-x86_64-unknown-linux-gnu/lib/rustlib/x86_64-unknown-linux-gnu/lib/libunwind-eec95493246aae39.rlib" "/opt/rustwide/rustup-home/toolchains/nightly-2024-10-28-x86_64-unknown-linux-gnu/lib/rustlib/x86_64-unknown-linux-gnu/lib/libcfg_if-6f6676c475e08ab0.rlib" "/opt/rustwide/rustup-home/toolchains/nightly-2024-10-28-x86_64-unknown-linux-gnu/lib/rustlib/x86_64-unknown-linux-gnu/lib/liblibc-799d520624f8b2e0.rlib" "/opt/rustwide/rustup-home/toolchains/nightly-2024-10-28-x86_64-unknown-linux-gnu/lib/rustlib/x86_64-unknown-linux-gnu/lib/liballoc-fcf93d4842acd9a9.rlib" "/opt/rustwide/rustup-home/toolchains/nightly-2024-10-28-x86_64-unknown-linux-gnu/lib/rustlib/x86_64-unknown-linux-gnu/lib/librustc_std_workspace_core-395a38b8e0851c9b.rlib" "/opt/rustwide/rustup-home/toolchains/nightly-2024-10-28-x86_64-unknown-linux-gnu/lib/rustlib/x86_64-unknown-linux-gnu/lib/libcore-d453bab70303062c.rlib" "/opt/rustwide/rustup-home/toolchains/nightly-2024-10-28-x86_64-unknown-linux-gnu/lib/rustlib/x86_64-unknown-linux-gnu/lib/libcompiler_builtins-0e6386368b0a24e8.rlib" "-Wl,-Bdynamic" "-lgcc_s" "-lutil" "-lrt" "-lpthread" "-lm" "-ldl" "-lc" "-B/opt/rustwide/rustup-home/toolchains/nightly-2024-10-28-x86_64-unknown-linux-gnu/lib/rustlib/x86_64-unknown-linux-gnu/bin/gcc-ld" "-fuse-ld=lld" "-Wl,--eh-frame-hdr" "-Wl,-z,noexecstack" "-L" "/opt/rustwide/rustup-home/toolchains/nightly-2024-10-28-x86_64-unknown-linux-gnu/lib/rustlib/x86_64-unknown-linux-gnu/lib" "-o" "/opt/rustwide/target/debug/deps/postgres_extension-4097a448181f7459" "-Wl,--gc-sections" "-pie" "-Wl,-z,relro,-z,now" "-nodefaultlibs"
[INFO] [stdout]   = note: rust-lld: error: undefined symbol: CurrentMemoryContext
[INFO] [stdout]           >>> referenced by rust_utils.rs:93 (src/rust_utils.rs:93)
[INFO] [stdout]           >>>               /opt/rustwide/target/debug/deps/postgres_extension-4097a448181f7459.postgres_extension.c81ee893159e22c9-cgu.0.rcgu.o:(_$LT$postgres_extension..rust_utils..PostgresAllocator$u20$as$u20$core..alloc..global..GlobalAlloc$GT$::alloc::h6a0c7c17e89e407c)
[INFO] [stdout]           
[INFO] [stdout]           rust-lld: error: undefined symbol: MemoryContextAlloc
[INFO] [stdout]           >>> referenced by rust_utils.rs:92 (src/rust_utils.rs:92)
[INFO] [stdout]           >>>               /opt/rustwide/target/debug/deps/postgres_extension-4097a448181f7459.postgres_extension.c81ee893159e22c9-cgu.0.rcgu.o:(_$LT$postgres_extension..rust_utils..PostgresAllocator$u20$as$u20$core..alloc..global..GlobalAlloc$GT$::alloc::h6a0c7c17e89e407c)
[INFO] [stdout]           
[INFO] [stdout]           rust-lld: error: undefined symbol: pfree
[INFO] [stdout]           >>> referenced by rust_utils.rs:96 (src/rust_utils.rs:96)
[INFO] [stdout]           >>>               /opt/rustwide/target/debug/deps/postgres_extension-4097a448181f7459.postgres_extension.c81ee893159e22c9-cgu.0.rcgu.o:(_$LT$postgres_extension..rust_utils..PostgresAllocator$u20$as$u20$core..alloc..global..GlobalAlloc$GT$::dealloc::h01449a64cfcf3c2b)
[INFO] [stdout]           collect2: error: ld returned 1 exit status
[INFO] [stdout]           
[INFO] [stdout] 
[INFO] [stdout] 
[INFO] [stderr] error: could not compile `postgres-extension` (lib test) due to 1 previous error; 2 warnings emitted
[INFO] running `Command { std: "docker" "inspect" "a09a0d6b2c7bbe8c4c0ef710d994ba93b7481e6ae76031c6f87f0b64f603e2b5", kill_on_drop: false }`
[INFO] running `Command { std: "docker" "rm" "-f" "a09a0d6b2c7bbe8c4c0ef710d994ba93b7481e6ae76031c6f87f0b64f603e2b5", kill_on_drop: false }`
[INFO] [stdout] a09a0d6b2c7bbe8c4c0ef710d994ba93b7481e6ae76031c6f87f0b64f603e2b5
