[INFO] fetching crate postcard-schema 0.1.0...
[INFO] testing postcard-schema-0.1.0 against nightly-2024-10-28 for randomize-layout
[INFO] extracting crate postcard-schema 0.1.0 into /workspace/builds/worker-2-tc1/source
[INFO] validating manifest of crates.io crate postcard-schema 0.1.0 on toolchain nightly-2024-10-28
[INFO] running `Command { std: CARGO_HOME="/workspace/cargo-home" RUSTUP_HOME="/workspace/rustup-home" "/workspace/cargo-home/bin/cargo" "+nightly-2024-10-28" "metadata" "--manifest-path" "Cargo.toml" "--no-deps", kill_on_drop: false }`
[INFO] started tweaking crates.io crate postcard-schema 0.1.0
[INFO] removed 0 missing tests
[INFO] finished tweaking crates.io crate postcard-schema 0.1.0
[INFO] tweaked toml for crates.io crate postcard-schema 0.1.0 written to /workspace/builds/worker-2-tc1/source/Cargo.toml
[INFO] running `Command { std: CARGO_HOME="/workspace/cargo-home" RUSTUP_HOME="/workspace/rustup-home" "/workspace/cargo-home/bin/cargo" "+nightly-2024-10-28" "generate-lockfile" "--manifest-path" "Cargo.toml", kill_on_drop: false }`
[INFO] [stderr]     Updating crates.io index
[INFO] [stderr]      Locking 37 packages to latest compatible versions
[INFO] [stderr]       Adding heapless v0.7.17 (available: v0.8.0)
[INFO] running `Command { std: CARGO_HOME="/workspace/cargo-home" RUSTUP_HOME="/workspace/rustup-home" "/workspace/cargo-home/bin/cargo" "+nightly-2024-10-28" "fetch" "--manifest-path" "Cargo.toml", kill_on_drop: false }`
[INFO] [stderr]  Downloading crates ...
[INFO] [stderr]   Downloaded postcard-derive v0.2.0
[INFO] running `Command { std: "docker" "create" "-v" "/var/lib/crater-agent-workspace/builds/worker-2-tc1/target:/opt/rustwide/target:rw,Z" "-v" "/var/lib/crater-agent-workspace/builds/worker-2-tc1/source:/opt/rustwide/workdir:ro,Z" "-v" "/var/lib/crater-agent-workspace/cargo-home:/opt/rustwide/cargo-home:ro,Z" "-v" "/var/lib/crater-agent-workspace/rustup-home:/opt/rustwide/rustup-home:ro,Z" "-e" "SOURCE_DIR=/opt/rustwide/workdir" "-e" "CARGO_TARGET_DIR=/opt/rustwide/target" "-e" "CARGO_HOME=/opt/rustwide/cargo-home" "-e" "RUSTUP_HOME=/opt/rustwide/rustup-home" "-w" "/opt/rustwide/workdir" "-m" "1610612736" "--user" "0:0" "--network" "none" "ghcr.io/rust-lang/crates-build-env/linux@sha256:4a844ea9eb2546a2d2c7022eacef16ef2e8229c7fbb2c7d4d55a9ceca922f72d" "/opt/rustwide/cargo-home/bin/cargo" "+nightly-2024-10-28" "metadata" "--no-deps" "--format-version=1", kill_on_drop: false }`
[INFO] [stdout] 45943226c5bc839ed258008d94e4e161afc0deb73a1c549bb51b7f34cab13fcb
[INFO] running `Command { std: "docker" "start" "-a" "45943226c5bc839ed258008d94e4e161afc0deb73a1c549bb51b7f34cab13fcb", kill_on_drop: false }`
[INFO] running `Command { std: "docker" "inspect" "45943226c5bc839ed258008d94e4e161afc0deb73a1c549bb51b7f34cab13fcb", kill_on_drop: false }`
[INFO] running `Command { std: "docker" "rm" "-f" "45943226c5bc839ed258008d94e4e161afc0deb73a1c549bb51b7f34cab13fcb", kill_on_drop: false }`
[INFO] [stdout] 45943226c5bc839ed258008d94e4e161afc0deb73a1c549bb51b7f34cab13fcb
[INFO] running `Command { std: "docker" "create" "-v" "/var/lib/crater-agent-workspace/builds/worker-2-tc1/target:/opt/rustwide/target:rw,Z" "-v" "/var/lib/crater-agent-workspace/builds/worker-2-tc1/source:/opt/rustwide/workdir:ro,Z" "-v" "/var/lib/crater-agent-workspace/cargo-home:/opt/rustwide/cargo-home:ro,Z" "-v" "/var/lib/crater-agent-workspace/rustup-home:/opt/rustwide/rustup-home:ro,Z" "-e" "SOURCE_DIR=/opt/rustwide/workdir" "-e" "CARGO_TARGET_DIR=/opt/rustwide/target" "-e" "CARGO_INCREMENTAL=0" "-e" "RUST_BACKTRACE=full" "-e" "RUSTFLAGS=--cap-lints=forbid" "-e" "RUSTDOCFLAGS=--cap-lints=forbid" "-e" "CARGO_HOME=/opt/rustwide/cargo-home" "-e" "RUSTUP_HOME=/opt/rustwide/rustup-home" "-w" "/opt/rustwide/workdir" "-m" "1610612736" "--user" "0:0" "--network" "none" "ghcr.io/rust-lang/crates-build-env/linux@sha256:4a844ea9eb2546a2d2c7022eacef16ef2e8229c7fbb2c7d4d55a9ceca922f72d" "/opt/rustwide/cargo-home/bin/cargo" "+nightly-2024-10-28" "build" "--frozen" "--message-format=json", kill_on_drop: false }`
[INFO] [stdout] c3d7e1eb877480d3333643d4f1e1601c58360d856c98c5314eb639a2b9bf982d
[INFO] running `Command { std: "docker" "start" "-a" "c3d7e1eb877480d3333643d4f1e1601c58360d856c98c5314eb639a2b9bf982d", kill_on_drop: false }`
[INFO] [stderr]    Compiling serde v1.0.214
[INFO] [stderr]    Compiling quote v1.0.37
[INFO] [stderr]    Compiling syn v2.0.86
[INFO] [stderr]    Compiling serde_derive v1.0.214
[INFO] [stderr]    Compiling postcard-schema v0.1.0 (/opt/rustwide/workdir)
[INFO] [stderr]     Finished `dev` profile [unoptimized + debuginfo] target(s) in 5.78s
[INFO] running `Command { std: "docker" "inspect" "c3d7e1eb877480d3333643d4f1e1601c58360d856c98c5314eb639a2b9bf982d", kill_on_drop: false }`
[INFO] running `Command { std: "docker" "rm" "-f" "c3d7e1eb877480d3333643d4f1e1601c58360d856c98c5314eb639a2b9bf982d", kill_on_drop: false }`
[INFO] [stdout] c3d7e1eb877480d3333643d4f1e1601c58360d856c98c5314eb639a2b9bf982d
[INFO] running `Command { std: "docker" "create" "-v" "/var/lib/crater-agent-workspace/builds/worker-2-tc1/target:/opt/rustwide/target:rw,Z" "-v" "/var/lib/crater-agent-workspace/builds/worker-2-tc1/source:/opt/rustwide/workdir:ro,Z" "-v" "/var/lib/crater-agent-workspace/cargo-home:/opt/rustwide/cargo-home:ro,Z" "-v" "/var/lib/crater-agent-workspace/rustup-home:/opt/rustwide/rustup-home:ro,Z" "-e" "SOURCE_DIR=/opt/rustwide/workdir" "-e" "CARGO_TARGET_DIR=/opt/rustwide/target" "-e" "CARGO_INCREMENTAL=0" "-e" "RUST_BACKTRACE=full" "-e" "RUSTFLAGS=--cap-lints=forbid" "-e" "RUSTDOCFLAGS=--cap-lints=forbid" "-e" "CARGO_HOME=/opt/rustwide/cargo-home" "-e" "RUSTUP_HOME=/opt/rustwide/rustup-home" "-w" "/opt/rustwide/workdir" "-m" "1610612736" "--user" "0:0" "--network" "none" "ghcr.io/rust-lang/crates-build-env/linux@sha256:4a844ea9eb2546a2d2c7022eacef16ef2e8229c7fbb2c7d4d55a9ceca922f72d" "/opt/rustwide/cargo-home/bin/cargo" "+nightly-2024-10-28" "test" "--frozen" "--no-run" "--message-format=json", kill_on_drop: false }`
[INFO] [stdout] 320baade578d1c6816633a5b9014a42ed4c4b95134d50edcd8016d92e5904093
[INFO] running `Command { std: "docker" "start" "-a" "320baade578d1c6816633a5b9014a42ed4c4b95134d50edcd8016d92e5904093", kill_on_drop: false }`
[INFO] [stderr]    Compiling serde v1.0.214
[INFO] [stderr]    Compiling cobs v0.2.3
[INFO] [stderr]    Compiling heapless v0.7.17
[INFO] [stderr]    Compiling postcard-schema v0.1.0 (/opt/rustwide/workdir)
[INFO] [stderr]    Compiling postcard v1.0.10
[INFO] [stdout] error[E0432]: unresolved import `postcard_schema::schema::owned`
[INFO] [stdout]   --> tests/schema.rs:3:9
[INFO] [stdout]    |
[INFO] [stdout] 3  |         owned::OwnedNamedType, DataModelType, DataModelVariant, NamedType, NamedValue, NamedVariant,
[INFO] [stdout]    |         ^^^^^ could not find `owned` in `schema`
[INFO] [stdout]    |
[INFO] [stdout] note: found an item that was configured out
[INFO] [stdout]   --> /opt/rustwide/workdir/src/schema/mod.rs:24:9
[INFO] [stdout]    |
[INFO] [stdout] 24 | pub mod owned;
[INFO] [stdout]    |         ^^^^^
[INFO] [stdout] note: the item is gated here
[INFO] [stdout]   --> /opt/rustwide/workdir/src/schema/mod.rs:23:1
[INFO] [stdout]    |
[INFO] [stdout] 23 | #[cfg(any(feature = "use-std", feature = "alloc"))]
[INFO] [stdout]    | ^^^^^^^^^^^^^^^^^^^^^^^^^^^^^^^^^^^^^^^^^^^^^^^^^^^
[INFO] [stdout] 
[INFO] [stdout] 
[INFO] [stdout] error: cannot find derive macro `Schema` in this scope
[INFO] [stdout]   --> tests/schema.rs:31:10
[INFO] [stdout]    |
[INFO] [stdout] 31 | #[derive(Schema)]
[INFO] [stdout]    |          ^^^^^^
[INFO] [stdout]    |
[INFO] [stdout] note: `Schema` is imported here, but it is only a trait, without a derive macro
[INFO] [stdout]   --> tests/schema.rs:5:5
[INFO] [stdout]    |
[INFO] [stdout] 5  |     Schema,
[INFO] [stdout]    |     ^^^^^^
[INFO] [stdout] 
[INFO] [stdout] 
[INFO] [stdout] error: cannot find derive macro `Schema` in this scope
[INFO] [stdout]   --> tests/schema.rs:41:10
[INFO] [stdout]    |
[INFO] [stdout] 41 | #[derive(Schema)]
[INFO] [stdout]    |          ^^^^^^
[INFO] [stdout]    |
[INFO] [stdout] note: `Schema` is imported here, but it is only a trait, without a derive macro
[INFO] [stdout]   --> tests/schema.rs:5:5
[INFO] [stdout]    |
[INFO] [stdout] 5  |     Schema,
[INFO] [stdout]    |     ^^^^^^
[INFO] [stdout] 
[INFO] [stdout] 
[INFO] [stdout] error: cannot find derive macro `Schema` in this scope
[INFO] [stdout]   --> tests/schema.rs:52:10
[INFO] [stdout]    |
[INFO] [stdout] 52 | #[derive(Schema)]
[INFO] [stdout]    |          ^^^^^^
[INFO] [stdout]    |
[INFO] [stdout] note: `Schema` is imported here, but it is only a trait, without a derive macro
[INFO] [stdout]   --> tests/schema.rs:5:5
[INFO] [stdout]    |
[INFO] [stdout] 5  |     Schema,
[INFO] [stdout]    |     ^^^^^^
[INFO] [stdout] 
[INFO] [stdout] 
[INFO] [stdout] error: cannot find derive macro `Schema` in this scope
[INFO] [stdout]    --> tests/schema.rs:169:17
[INFO] [stdout]     |
[INFO] [stdout] 169 | #[derive(Debug, Schema)]
[INFO] [stdout]     |                 ^^^^^^
[INFO] [stdout]     |
[INFO] [stdout] note: `Schema` is imported here, but it is only a trait, without a derive macro
[INFO] [stdout]    --> tests/schema.rs:5:5
[INFO] [stdout]     |
[INFO] [stdout] 5   |     Schema,
[INFO] [stdout]     |     ^^^^^^
[INFO] [stdout] 
[INFO] [stdout] 
[INFO] [stdout] error: cannot find derive macro `Schema` in this scope
[INFO] [stdout]    --> tests/schema.rs:179:17
[INFO] [stdout]     |
[INFO] [stdout] 179 | #[derive(Debug, Schema)]
[INFO] [stdout]     |                 ^^^^^^
[INFO] [stdout]     |
[INFO] [stdout] note: `Schema` is imported here, but it is only a trait, without a derive macro
[INFO] [stdout]    --> tests/schema.rs:5:5
[INFO] [stdout]     |
[INFO] [stdout] 5   |     Schema,
[INFO] [stdout]     |     ^^^^^^
[INFO] [stdout] 
[INFO] [stdout] 
[INFO] [stdout] error: cannot find derive macro `Schema` in this scope
[INFO] [stdout]    --> tests/schema.rs:188:17
[INFO] [stdout]     |
[INFO] [stdout] 188 | #[derive(Debug, Schema)]
[INFO] [stdout]     |                 ^^^^^^
[INFO] [stdout]     |
[INFO] [stdout] note: `Schema` is imported here, but it is only a trait, without a derive macro
[INFO] [stdout]    --> tests/schema.rs:5:5
[INFO] [stdout]     |
[INFO] [stdout] 5   |     Schema,
[INFO] [stdout]     |     ^^^^^^
[INFO] [stdout] 
[INFO] [stdout] 
[INFO] [stdout] error: cannot find derive macro `Schema` in this scope
[INFO] [stdout]    --> tests/schema.rs:219:17
[INFO] [stdout]     |
[INFO] [stdout] 219 | #[derive(Debug, Schema)]
[INFO] [stdout]     |                 ^^^^^^
[INFO] [stdout]     |
[INFO] [stdout] note: `Schema` is imported here, but it is only a trait, without a derive macro
[INFO] [stdout]    --> tests/schema.rs:5:5
[INFO] [stdout]     |
[INFO] [stdout] 5   |     Schema,
[INFO] [stdout]     |     ^^^^^^
[INFO] [stdout] 
[INFO] [stdout] 
[INFO] [stdout] error: cannot find derive macro `Schema` in this scope
[INFO] [stdout]    --> tests/schema.rs:223:17
[INFO] [stdout]     |
[INFO] [stdout] 223 | #[derive(Debug, Schema)]
[INFO] [stdout]     |                 ^^^^^^
[INFO] [stdout]     |
[INFO] [stdout] note: `Schema` is imported here, but it is only a trait, without a derive macro
[INFO] [stdout]    --> tests/schema.rs:5:5
[INFO] [stdout]     |
[INFO] [stdout] 5   |     Schema,
[INFO] [stdout]     |     ^^^^^^
[INFO] [stdout] 
[INFO] [stdout] 
[INFO] [stdout] error: cannot find derive macro `Schema` in this scope
[INFO] [stdout]    --> tests/schema.rs:227:17
[INFO] [stdout]     |
[INFO] [stdout] 227 | #[derive(Debug, Schema)]
[INFO] [stdout]     |                 ^^^^^^
[INFO] [stdout]     |
[INFO] [stdout] note: `Schema` is imported here, but it is only a trait, without a derive macro
[INFO] [stdout]    --> tests/schema.rs:5:5
[INFO] [stdout]     |
[INFO] [stdout] 5   |     Schema,
[INFO] [stdout]     |     ^^^^^^
[INFO] [stdout] 
[INFO] [stdout] 
[INFO] [stdout] error: cannot find derive macro `Schema` in this scope
[INFO] [stdout]    --> tests/schema.rs:277:10
[INFO] [stdout]     |
[INFO] [stdout] 277 | #[derive(Schema)]
[INFO] [stdout]     |          ^^^^^^
[INFO] [stdout]     |
[INFO] [stdout] note: `Schema` is imported here, but it is only a trait, without a derive macro
[INFO] [stdout]    --> tests/schema.rs:5:5
[INFO] [stdout]     |
[INFO] [stdout] 5   |     Schema,
[INFO] [stdout]     |     ^^^^^^
[INFO] [stdout] 
[INFO] [stdout] 
[INFO] [stdout] error: cannot find derive macro `Schema` in this scope
[INFO] [stdout]    --> tests/schema.rs:281:10
[INFO] [stdout]     |
[INFO] [stdout] 281 | #[derive(Schema)]
[INFO] [stdout]     |          ^^^^^^
[INFO] [stdout]     |
[INFO] [stdout] note: `Schema` is imported here, but it is only a trait, without a derive macro
[INFO] [stdout]    --> tests/schema.rs:5:5
[INFO] [stdout]     |
[INFO] [stdout] 5   |     Schema,
[INFO] [stdout]     |     ^^^^^^
[INFO] [stdout] 
[INFO] [stdout] 
[INFO] [stdout] error: cannot find derive macro `Schema` in this scope
[INFO] [stdout]    --> tests/schema.rs:285:10
[INFO] [stdout]     |
[INFO] [stdout] 285 | #[derive(Schema)]
[INFO] [stdout]     |          ^^^^^^
[INFO] [stdout]     |
[INFO] [stdout] note: `Schema` is imported here, but it is only a trait, without a derive macro
[INFO] [stdout]    --> tests/schema.rs:5:5
[INFO] [stdout]     |
[INFO] [stdout] 5   |     Schema,
[INFO] [stdout]     |     ^^^^^^
[INFO] [stdout] 
[INFO] [stdout] 
[INFO] [stdout] error: cannot find derive macro `Schema` in this scope
[INFO] [stdout]    --> tests/schema.rs:289:10
[INFO] [stdout]     |
[INFO] [stdout] 289 | #[derive(Schema)]
[INFO] [stdout]     |          ^^^^^^
[INFO] [stdout]     |
[INFO] [stdout] note: `Schema` is imported here, but it is only a trait, without a derive macro
[INFO] [stdout]    --> tests/schema.rs:5:5
[INFO] [stdout]     |
[INFO] [stdout] 5   |     Schema,
[INFO] [stdout]     |     ^^^^^^
[INFO] [stdout] 
[INFO] [stdout] 
[INFO] [stdout] error: cannot find derive macro `Schema` in this scope
[INFO] [stdout]    --> tests/schema.rs:297:10
[INFO] [stdout]     |
[INFO] [stdout] 297 | #[derive(Schema)]
[INFO] [stdout]     |          ^^^^^^
[INFO] [stdout]     |
[INFO] [stdout] note: `Schema` is imported here, but it is only a trait, without a derive macro
[INFO] [stdout]    --> tests/schema.rs:5:5
[INFO] [stdout]     |
[INFO] [stdout] 5   |     Schema,
[INFO] [stdout]     |     ^^^^^^
[INFO] [stdout] 
[INFO] [stdout] 
[INFO] [stdout] error: cannot find derive macro `Schema` in this scope
[INFO] [stdout]    --> tests/schema.rs:305:10
[INFO] [stdout]     |
[INFO] [stdout] 305 | #[derive(Schema)]
[INFO] [stdout]     |          ^^^^^^
[INFO] [stdout]     |
[INFO] [stdout] note: `Schema` is imported here, but it is only a trait, without a derive macro
[INFO] [stdout]    --> tests/schema.rs:5:5
[INFO] [stdout]     |
[INFO] [stdout] 5   |     Schema,
[INFO] [stdout]     |     ^^^^^^
[INFO] [stdout] 
[INFO] [stdout] 
[INFO] [stdout] error[E0599]: the variant or associated item `SCHEMA` exists for enum `Inner`, but its trait bounds were not satisfied
[INFO] [stdout]    --> tests/schema.rs:100:16
[INFO] [stdout]     |
[INFO] [stdout] 32  | enum Inner {
[INFO] [stdout]     | ---------- variant or associated item `SCHEMA` not found for this enum because it doesn't satisfy `Inner: postcard_schema::Schema`
[INFO] [stdout] ...
[INFO] [stdout] 100 |         Inner::SCHEMA
[INFO] [stdout]     |                ^^^^^^ variant or associated item cannot be called on `Inner` due to unsatisfied trait bounds
[INFO] [stdout]     |
[INFO] [stdout]     = note: the following trait bounds were not satisfied:
[INFO] [stdout]             `Inner: postcard_schema::Schema`
[INFO] [stdout]             which is required by `&Inner: postcard_schema::Schema`
[INFO] [stdout] note: the trait `postcard_schema::Schema` must be implemented
[INFO] [stdout]    --> /opt/rustwide/workdir/src/lib.rs:13:1
[INFO] [stdout]     |
[INFO] [stdout] 13  | pub trait Schema {
[INFO] [stdout]     | ^^^^^^^^^^^^^^^^
[INFO] [stdout]     = help: items from traits can only be used if the trait is implemented and in scope
[INFO] [stdout]     = note: the following trait defines an item `SCHEMA`, perhaps you need to implement it:
[INFO] [stdout]             candidate #1: `postcard_schema::Schema`
[INFO] [stdout] 
[INFO] [stdout] 
[INFO] [stdout] error[E0599]: the associated item `SCHEMA` exists for struct `Outer<'_>`, but its trait bounds were not satisfied
[INFO] [stdout]    --> tests/schema.rs:109:16
[INFO] [stdout]     |
[INFO] [stdout] 42  | struct Outer<'a> {
[INFO] [stdout]     | ---------------- associated item `SCHEMA` not found for this struct because it doesn't satisfy `Outer<'_>: postcard_schema::Schema`
[INFO] [stdout] ...
[INFO] [stdout] 109 |         Outer::SCHEMA,
[INFO] [stdout]     |                ^^^^^^ associated item cannot be called on `Outer<'_>` due to unsatisfied trait bounds
[INFO] [stdout]     |
[INFO] [stdout]     = note: the following trait bounds were not satisfied:
[INFO] [stdout]             `Outer<'_>: postcard_schema::Schema`
[INFO] [stdout]             which is required by `&Outer<'_>: postcard_schema::Schema`
[INFO] [stdout] note: the trait `postcard_schema::Schema` must be implemented
[INFO] [stdout]    --> /opt/rustwide/workdir/src/lib.rs:13:1
[INFO] [stdout]     |
[INFO] [stdout] 13  | pub trait Schema {
[INFO] [stdout]     | ^^^^^^^^^^^^^^^^
[INFO] [stdout]     = help: items from traits can only be used if the trait is implemented and in scope
[INFO] [stdout]     = note: the following trait defines an item `SCHEMA`, perhaps you need to implement it:
[INFO] [stdout]             candidate #1: `postcard_schema::Schema`
[INFO] [stdout] 
[INFO] [stdout] 
[INFO] [stdout] error[E0599]: the variant or associated item `SCHEMA` exists for enum `Inner`, but its trait bounds were not satisfied
[INFO] [stdout]    --> tests/schema.rs:127:32
[INFO] [stdout]     |
[INFO] [stdout] 32  | enum Inner {
[INFO] [stdout]     | ---------- variant or associated item `SCHEMA` not found for this enum because it doesn't satisfy `Inner: postcard_schema::Schema`
[INFO] [stdout] ...
[INFO] [stdout] 127 |                     ty: Inner::SCHEMA
[INFO] [stdout]     |                                ^^^^^^ variant or associated item cannot be called on `Inner` due to unsatisfied trait bounds
[INFO] [stdout]     |
[INFO] [stdout]     = note: the following trait bounds were not satisfied:
[INFO] [stdout]             `Inner: postcard_schema::Schema`
[INFO] [stdout]             which is required by `&Inner: postcard_schema::Schema`
[INFO] [stdout] note: the trait `postcard_schema::Schema` must be implemented
[INFO] [stdout]    --> /opt/rustwide/workdir/src/lib.rs:13:1
[INFO] [stdout]     |
[INFO] [stdout] 13  | pub trait Schema {
[INFO] [stdout]     | ^^^^^^^^^^^^^^^^
[INFO] [stdout]     = help: items from traits can only be used if the trait is implemented and in scope
[INFO] [stdout]     = note: the following trait defines an item `SCHEMA`, perhaps you need to implement it:
[INFO] [stdout]             candidate #1: `postcard_schema::Schema`
[INFO] [stdout] 
[INFO] [stdout] 
[INFO] [stdout] error[E0599]: the associated item `SCHEMA` exists for struct `Slice<'_>`, but its trait bounds were not satisfied
[INFO] [stdout]    --> tests/schema.rs:164:16
[INFO] [stdout]     |
[INFO] [stdout] 53  | struct Slice<'a> {
[INFO] [stdout]     | ---------------- associated item `SCHEMA` not found for this struct because it doesn't satisfy `Slice<'_>: postcard_schema::Schema`
[INFO] [stdout] ...
[INFO] [stdout] 164 |         Slice::SCHEMA
[INFO] [stdout]     |                ^^^^^^ associated item cannot be called on `Slice<'_>` due to unsatisfied trait bounds
[INFO] [stdout]     |
[INFO] [stdout]     = note: the following trait bounds were not satisfied:
[INFO] [stdout]             `Slice<'_>: postcard_schema::Schema`
[INFO] [stdout]             which is required by `&Slice<'_>: postcard_schema::Schema`
[INFO] [stdout] note: the trait `postcard_schema::Schema` must be implemented
[INFO] [stdout]    --> /opt/rustwide/workdir/src/lib.rs:13:1
[INFO] [stdout]     |
[INFO] [stdout] 13  | pub trait Schema {
[INFO] [stdout]     | ^^^^^^^^^^^^^^^^
[INFO] [stdout]     = help: items from traits can only be used if the trait is implemented and in scope
[INFO] [stdout]     = note: the following trait defines an item `SCHEMA`, perhaps you need to implement it:
[INFO] [stdout]             candidate #1: `postcard_schema::Schema`
[INFO] [stdout] 
[INFO] [stdout] 
[INFO] [stdout] error[E0599]: the associated item `SCHEMA` exists for struct `TestStruct2<'_>`, but its trait bounds were not satisfied
[INFO] [stdout]    --> tests/schema.rs:197:40
[INFO] [stdout]     |
[INFO] [stdout] 189 | struct TestStruct2<'a> {
[INFO] [stdout]     | ---------------------- associated item `SCHEMA` not found for this struct because it doesn't satisfy `TestStruct2<'_>: postcard_schema::Schema`
[INFO] [stdout] ...
[INFO] [stdout] 197 |     let borrowed_schema = TestStruct2::SCHEMA;
[INFO] [stdout]     |                                        ^^^^^^ associated item cannot be called on `TestStruct2<'_>` due to unsatisfied trait bounds
[INFO] [stdout]     |
[INFO] [stdout]     = note: the following trait bounds were not satisfied:
[INFO] [stdout]             `TestStruct2<'_>: postcard_schema::Schema`
[INFO] [stdout]             which is required by `&TestStruct2<'_>: postcard_schema::Schema`
[INFO] [stdout] note: the trait `postcard_schema::Schema` must be implemented
[INFO] [stdout]    --> /opt/rustwide/workdir/src/lib.rs:13:1
[INFO] [stdout]     |
[INFO] [stdout] 13  | pub trait Schema {
[INFO] [stdout]     | ^^^^^^^^^^^^^^^^
[INFO] [stdout]     = help: items from traits can only be used if the trait is implemented and in scope
[INFO] [stdout]     = note: the following trait defines an item `SCHEMA`, perhaps you need to implement it:
[INFO] [stdout]             candidate #1: `postcard_schema::Schema`
[INFO] [stdout] 
[INFO] [stdout] 
[INFO] [stdout] error[E0599]: the associated item `SCHEMA` exists for struct `TestStruct3`, but its trait bounds were not satisfied
[INFO] [stdout]    --> tests/schema.rs:236:22
[INFO] [stdout]     |
[INFO] [stdout] 220 | struct TestStruct3(u64);
[INFO] [stdout]     | ------------------ associated item `SCHEMA` not found for this struct because it doesn't satisfy `TestStruct3: postcard_schema::Schema`
[INFO] [stdout] ...
[INFO] [stdout] 236 |         TestStruct3::SCHEMA,
[INFO] [stdout]     |                      ^^^^^^ associated item cannot be called on `TestStruct3` due to unsatisfied trait bounds
[INFO] [stdout]     |
[INFO] [stdout]     = note: the following trait bounds were not satisfied:
[INFO] [stdout]             `TestStruct3: postcard_schema::Schema`
[INFO] [stdout]             which is required by `&TestStruct3: postcard_schema::Schema`
[INFO] [stdout] note: the trait `postcard_schema::Schema` must be implemented
[INFO] [stdout]    --> /opt/rustwide/workdir/src/lib.rs:13:1
[INFO] [stdout]     |
[INFO] [stdout] 13  | pub trait Schema {
[INFO] [stdout]     | ^^^^^^^^^^^^^^^^
[INFO] [stdout]     = help: items from traits can only be used if the trait is implemented and in scope
[INFO] [stdout]     = note: the following trait defines an item `SCHEMA`, perhaps you need to implement it:
[INFO] [stdout]             candidate #1: `postcard_schema::Schema`
[INFO] [stdout] 
[INFO] [stdout] 
[INFO] [stdout] error[E0599]: the associated item `SCHEMA` exists for struct `TestStruct4`, but its trait bounds were not satisfied
[INFO] [stdout]    --> tests/schema.rs:244:22
[INFO] [stdout]     |
[INFO] [stdout] 224 | struct TestStruct4(u64, bool);
[INFO] [stdout]     | ------------------ associated item `SCHEMA` not found for this struct because it doesn't satisfy `TestStruct4: postcard_schema::Schema`
[INFO] [stdout] ...
[INFO] [stdout] 244 |         TestStruct4::SCHEMA,
[INFO] [stdout]     |                      ^^^^^^ associated item cannot be called on `TestStruct4` due to unsatisfied trait bounds
[INFO] [stdout]     |
[INFO] [stdout]     = note: the following trait bounds were not satisfied:
[INFO] [stdout]             `TestStruct4: postcard_schema::Schema`
[INFO] [stdout]             which is required by `&TestStruct4: postcard_schema::Schema`
[INFO] [stdout] note: the trait `postcard_schema::Schema` must be implemented
[INFO] [stdout]    --> /opt/rustwide/workdir/src/lib.rs:13:1
[INFO] [stdout]     |
[INFO] [stdout] 13  | pub trait Schema {
[INFO] [stdout]     | ^^^^^^^^^^^^^^^^
[INFO] [stdout]     = help: items from traits can only be used if the trait is implemented and in scope
[INFO] [stdout]     = note: the following trait defines an item `SCHEMA`, perhaps you need to implement it:
[INFO] [stdout]             candidate #1: `postcard_schema::Schema`
[INFO] [stdout] 
[INFO] [stdout] 
[INFO] [stdout] error[E0599]: the variant or associated item `SCHEMA` exists for enum `TestEnum2`, but its trait bounds were not satisfied
[INFO] [stdout]    --> tests/schema.rs:252:20
[INFO] [stdout]     |
[INFO] [stdout] 228 | enum TestEnum2 {
[INFO] [stdout]     | -------------- variant or associated item `SCHEMA` not found for this enum because it doesn't satisfy `TestEnum2: postcard_schema::Schema`
[INFO] [stdout] ...
[INFO] [stdout] 252 |         TestEnum2::SCHEMA,
[INFO] [stdout]     |                    ^^^^^^ variant or associated item cannot be called on `TestEnum2` due to unsatisfied trait bounds
[INFO] [stdout]     |
[INFO] [stdout]     = note: the following trait bounds were not satisfied:
[INFO] [stdout]             `TestEnum2: postcard_schema::Schema`
[INFO] [stdout]             which is required by `&TestEnum2: postcard_schema::Schema`
[INFO] [stdout] note: the trait `postcard_schema::Schema` must be implemented
[INFO] [stdout]    --> /opt/rustwide/workdir/src/lib.rs:13:1
[INFO] [stdout]     |
[INFO] [stdout] 13  | pub trait Schema {
[INFO] [stdout]     | ^^^^^^^^^^^^^^^^
[INFO] [stdout]     = help: items from traits can only be used if the trait is implemented and in scope
[INFO] [stdout]     = note: the following trait defines an item `SCHEMA`, perhaps you need to implement it:
[INFO] [stdout]             candidate #1: `postcard_schema::Schema`
[INFO] [stdout] 
[INFO] [stdout] 
[INFO] [stdout] error[E0277]: the trait bound `std::string::String: postcard_schema::Schema` is not satisfied
[INFO] [stdout]    --> tests/schema.rs:328:18
[INFO] [stdout]     |
[INFO] [stdout] 328 |         (dewit::<String>, "String"),
[INFO] [stdout]     |                  ^^^^^^ the trait `postcard_schema::Schema` is not implemented for `std::string::String`
[INFO] [stdout]     |
[INFO] [stdout]     = help: the trait `postcard_schema::Schema` is implemented for `str`
[INFO] [stdout] note: required by a bound in `dewit`
[INFO] [stdout]    --> tests/schema.rs:271:13
[INFO] [stdout]     |
[INFO] [stdout] 271 | fn dewit<T: Schema>() -> String {
[INFO] [stdout]     |             ^^^^^^ required by this bound in `dewit`
[INFO] [stdout] 
[INFO] [stdout] 
[INFO] [stdout] error[E0277]: the trait bound `UnitStruct: postcard_schema::Schema` is not satisfied
[INFO] [stdout]    --> tests/schema.rs:330:18
[INFO] [stdout]     |
[INFO] [stdout] 330 |         (dewit::<UnitStruct>, "struct UnitStruct"),
[INFO] [stdout]     |                  ^^^^^^^^^^ the trait `postcard_schema::Schema` is not implemented for `UnitStruct`
[INFO] [stdout]     |
[INFO] [stdout]     = help: the following other types implement trait `postcard_schema::Schema`:
[INFO] [stdout]               &T
[INFO] [stdout]               ()
[INFO] [stdout]               (A, B)
[INFO] [stdout]               (A, B, C)
[INFO] [stdout]               (A, B, C, D)
[INFO] [stdout]               (A, B, C, D, E)
[INFO] [stdout]               (A, B, C, D, E, F)
[INFO] [stdout]               (A,)
[INFO] [stdout]             and 30 others
[INFO] [stdout] note: required by a bound in `dewit`
[INFO] [stdout]    --> tests/schema.rs:271:13
[INFO] [stdout]     |
[INFO] [stdout] 271 | fn dewit<T: Schema>() -> String {
[INFO] [stdout]     |             ^^^^^^ required by this bound in `dewit`
[INFO] [stdout] 
[INFO] [stdout] 
[INFO] [stdout] error[E0277]: the trait bound `NewTypeStruct: postcard_schema::Schema` is not satisfied
[INFO] [stdout]    --> tests/schema.rs:332:18
[INFO] [stdout]     |
[INFO] [stdout] 332 |         (dewit::<NewTypeStruct>, "struct NewTypeStruct(String)"),
[INFO] [stdout]     |                  ^^^^^^^^^^^^^ the trait `postcard_schema::Schema` is not implemented for `NewTypeStruct`
[INFO] [stdout]     |
[INFO] [stdout]     = help: the following other types implement trait `postcard_schema::Schema`:
[INFO] [stdout]               &T
[INFO] [stdout]               ()
[INFO] [stdout]               (A, B)
[INFO] [stdout]               (A, B, C)
[INFO] [stdout]               (A, B, C, D)
[INFO] [stdout]               (A, B, C, D, E)
[INFO] [stdout]               (A, B, C, D, E, F)
[INFO] [stdout]               (A,)
[INFO] [stdout]             and 30 others
[INFO] [stdout] note: required by a bound in `dewit`
[INFO] [stdout]    --> tests/schema.rs:271:13
[INFO] [stdout]     |
[INFO] [stdout] 271 | fn dewit<T: Schema>() -> String {
[INFO] [stdout]     |             ^^^^^^ required by this bound in `dewit`
[INFO] [stdout] 
[INFO] [stdout] 
[INFO] [stdout] error[E0277]: the trait bound `Enums: postcard_schema::Schema` is not satisfied
[INFO] [stdout]    --> tests/schema.rs:335:21
[INFO] [stdout]     |
[INFO] [stdout] 335 |             dewit::<Enums>,
[INFO] [stdout]     |                     ^^^^^ the trait `postcard_schema::Schema` is not implemented for `Enums`
[INFO] [stdout]     |
[INFO] [stdout]     = help: the following other types implement trait `postcard_schema::Schema`:
[INFO] [stdout]               &T
[INFO] [stdout]               ()
[INFO] [stdout]               (A, B)
[INFO] [stdout]               (A, B, C)
[INFO] [stdout]               (A, B, C, D)
[INFO] [stdout]               (A, B, C, D, E)
[INFO] [stdout]               (A, B, C, D, E, F)
[INFO] [stdout]               (A,)
[INFO] [stdout]             and 30 others
[INFO] [stdout] note: required by a bound in `dewit`
[INFO] [stdout]    --> tests/schema.rs:271:13
[INFO] [stdout]     |
[INFO] [stdout] 271 | fn dewit<T: Schema>() -> String {
[INFO] [stdout]     |             ^^^^^^ required by this bound in `dewit`
[INFO] [stdout] 
[INFO] [stdout] 
[INFO] [stdout] error[E0277]: the trait bound `Vec<u16>: postcard_schema::Schema` is not satisfied
[INFO] [stdout]    --> tests/schema.rs:340:18
[INFO] [stdout]     |
[INFO] [stdout] 340 |         (dewit::<Vec<u16>>, "[u16]"),
[INFO] [stdout]     |                  ^^^^^^^^ the trait `postcard_schema::Schema` is not implemented for `Vec<u16>`
[INFO] [stdout]     |
[INFO] [stdout]     = help: the following other types implement trait `postcard_schema::Schema`:
[INFO] [stdout]               &T
[INFO] [stdout]               ()
[INFO] [stdout]               (A, B)
[INFO] [stdout]               (A, B, C)
[INFO] [stdout]               (A, B, C, D)
[INFO] [stdout]               (A, B, C, D, E)
[INFO] [stdout]               (A, B, C, D, E, F)
[INFO] [stdout]               (A,)
[INFO] [stdout]             and 30 others
[INFO] [stdout] note: required by a bound in `dewit`
[INFO] [stdout]    --> tests/schema.rs:271:13
[INFO] [stdout]     |
[INFO] [stdout] 271 | fn dewit<T: Schema>() -> String {
[INFO] [stdout]     |             ^^^^^^ required by this bound in `dewit`
[INFO] [stdout] 
[INFO] [stdout] 
[INFO] [stdout] error[E0277]: the trait bound `TupStruct: postcard_schema::Schema` is not satisfied
[INFO] [stdout]    --> tests/schema.rs:343:18
[INFO] [stdout]     |
[INFO] [stdout] 343 |         (dewit::<TupStruct>, "struct TupStruct(u64, String)"),
[INFO] [stdout]     |                  ^^^^^^^^^ the trait `postcard_schema::Schema` is not implemented for `TupStruct`
[INFO] [stdout]     |
[INFO] [stdout]     = help: the following other types implement trait `postcard_schema::Schema`:
[INFO] [stdout]               &T
[INFO] [stdout]               ()
[INFO] [stdout]               (A, B)
[INFO] [stdout]               (A, B, C)
[INFO] [stdout]               (A, B, C, D)
[INFO] [stdout]               (A, B, C, D, E)
[INFO] [stdout]               (A, B, C, D, E, F)
[INFO] [stdout]               (A,)
[INFO] [stdout]             and 30 others
[INFO] [stdout] note: required by a bound in `dewit`
[INFO] [stdout]    --> tests/schema.rs:271:13
[INFO] [stdout]     |
[INFO] [stdout] 271 | fn dewit<T: Schema>() -> String {
[INFO] [stdout]     |             ^^^^^^ required by this bound in `dewit`
[INFO] [stdout] 
[INFO] [stdout] 
[INFO] [stdout] error[E0277]: the trait bound `HashMap<u32, std::string::String>: postcard_schema::Schema` is not satisfied
[INFO] [stdout]    --> tests/schema.rs:346:21
[INFO] [stdout]     |
[INFO] [stdout] 346 |             dewit::<std::collections::HashMap<u32, String>>,
[INFO] [stdout]     |                     ^^^^^^^^^^^^^^^^^^^^^^^^^^^^^^^^^^^^^^ the trait `postcard_schema::Schema` is not implemented for `HashMap<u32, std::string::String>`
[INFO] [stdout]     |
[INFO] [stdout]     = help: the following other types implement trait `postcard_schema::Schema`:
[INFO] [stdout]               &T
[INFO] [stdout]               ()
[INFO] [stdout]               (A, B)
[INFO] [stdout]               (A, B, C)
[INFO] [stdout]               (A, B, C, D)
[INFO] [stdout]               (A, B, C, D, E)
[INFO] [stdout]               (A, B, C, D, E, F)
[INFO] [stdout]               (A,)
[INFO] [stdout]             and 30 others
[INFO] [stdout] note: required by a bound in `dewit`
[INFO] [stdout]    --> tests/schema.rs:271:13
[INFO] [stdout]     |
[INFO] [stdout] 271 | fn dewit<T: Schema>() -> String {
[INFO] [stdout]     |             ^^^^^^ required by this bound in `dewit`
[INFO] [stdout] 
[INFO] [stdout] 
[INFO] [stdout] error[E0277]: the trait bound `HashSet<u32>: postcard_schema::Schema` is not satisfied
[INFO] [stdout]    --> tests/schema.rs:349:18
[INFO] [stdout]     |
[INFO] [stdout] 349 |         (dewit::<std::collections::HashSet<u32>>, "[u32]"),
[INFO] [stdout]     |                  ^^^^^^^^^^^^^^^^^^^^^^^^^^^^^^ the trait `postcard_schema::Schema` is not implemented for `HashSet<u32>`
[INFO] [stdout]     |
[INFO] [stdout]     = help: the following other types implement trait `postcard_schema::Schema`:
[INFO] [stdout]               &T
[INFO] [stdout]               ()
[INFO] [stdout]               (A, B)
[INFO] [stdout]               (A, B, C)
[INFO] [stdout]               (A, B, C, D)
[INFO] [stdout]               (A, B, C, D, E)
[INFO] [stdout]               (A, B, C, D, E, F)
[INFO] [stdout]               (A,)
[INFO] [stdout]             and 30 others
[INFO] [stdout] note: required by a bound in `dewit`
[INFO] [stdout]    --> tests/schema.rs:271:13
[INFO] [stdout]     |
[INFO] [stdout] 271 | fn dewit<T: Schema>() -> String {
[INFO] [stdout]     |             ^^^^^^ required by this bound in `dewit`
[INFO] [stdout] 
[INFO] [stdout] 
[INFO] [stdout] error[E0277]: the trait bound `Classic: postcard_schema::Schema` is not satisfied
[INFO] [stdout]    --> tests/schema.rs:351:21
[INFO] [stdout]     |
[INFO] [stdout] 351 |             dewit::<Classic>,
[INFO] [stdout]     |                     ^^^^^^^ the trait `postcard_schema::Schema` is not implemented for `Classic`
[INFO] [stdout]     |
[INFO] [stdout]     = help: the following other types implement trait `postcard_schema::Schema`:
[INFO] [stdout]               &T
[INFO] [stdout]               ()
[INFO] [stdout]               (A, B)
[INFO] [stdout]               (A, B, C)
[INFO] [stdout]               (A, B, C, D)
[INFO] [stdout]               (A, B, C, D, E)
[INFO] [stdout]               (A, B, C, D, E, F)
[INFO] [stdout]               (A,)
[INFO] [stdout]             and 30 others
[INFO] [stdout] note: required by a bound in `dewit`
[INFO] [stdout]    --> tests/schema.rs:271:13
[INFO] [stdout]     |
[INFO] [stdout] 271 | fn dewit<T: Schema>() -> String {
[INFO] [stdout]     |             ^^^^^^ required by this bound in `dewit`
[INFO] [stdout] 
[INFO] [stdout] 
[INFO] [stdout] error[E0277]: the trait bound `ClassicGen<i32>: postcard_schema::Schema` is not satisfied
[INFO] [stdout]    --> tests/schema.rs:355:21
[INFO] [stdout]     |
[INFO] [stdout] 355 |             dewit::<ClassicGen<i32>>,
[INFO] [stdout]     |                     ^^^^^^^^^^^^^^^ the trait `postcard_schema::Schema` is not implemented for `ClassicGen<i32>`
[INFO] [stdout]     |
[INFO] [stdout]     = help: the following other types implement trait `postcard_schema::Schema`:
[INFO] [stdout]               &T
[INFO] [stdout]               ()
[INFO] [stdout]               (A, B)
[INFO] [stdout]               (A, B, C)
[INFO] [stdout]               (A, B, C, D)
[INFO] [stdout]               (A, B, C, D, E)
[INFO] [stdout]               (A, B, C, D, E, F)
[INFO] [stdout]               (A,)
[INFO] [stdout]             and 30 others
[INFO] [stdout] note: required by a bound in `dewit`
[INFO] [stdout]    --> tests/schema.rs:271:13
[INFO] [stdout]     |
[INFO] [stdout] 271 | fn dewit<T: Schema>() -> String {
[INFO] [stdout]     |             ^^^^^^ required by this bound in `dewit`
[INFO] [stdout] 
[INFO] [stdout] 
[INFO] [stdout] Some errors have detailed explanations: E0277, E0432, E0599.
[INFO] [stdout] 
[INFO] [stdout] For more information about an error, try `rustc --explain E0277`.
[INFO] [stdout] 
[INFO] [stderr] error: could not compile `postcard-schema` (test "schema") due to 34 previous errors
[INFO] [stderr] warning: build failed, waiting for other jobs to finish...
[INFO] running `Command { std: "docker" "inspect" "320baade578d1c6816633a5b9014a42ed4c4b95134d50edcd8016d92e5904093", kill_on_drop: false }`
[INFO] running `Command { std: "docker" "rm" "-f" "320baade578d1c6816633a5b9014a42ed4c4b95134d50edcd8016d92e5904093", kill_on_drop: false }`
[INFO] [stdout] 320baade578d1c6816633a5b9014a42ed4c4b95134d50edcd8016d92e5904093
