[INFO] fetching crate polymesh_ink_upgrade_tracker 0.3.0...
[INFO] testing polymesh_ink_upgrade_tracker-0.3.0 against nightly-2024-10-28+rustflags=-Zrandomize-layout for randomize-layout
[INFO] extracting crate polymesh_ink_upgrade_tracker 0.3.0 into /workspace/builds/worker-1-tc2/source
[INFO] validating manifest of crates.io crate polymesh_ink_upgrade_tracker 0.3.0 on toolchain nightly-2024-10-28
[INFO] running `Command { std: CARGO_HOME="/workspace/cargo-home" RUSTUP_HOME="/workspace/rustup-home" "/workspace/cargo-home/bin/cargo" "+nightly-2024-10-28" "metadata" "--manifest-path" "Cargo.toml" "--no-deps", kill_on_drop: false }`
[INFO] started tweaking crates.io crate polymesh_ink_upgrade_tracker 0.3.0
[INFO] finished tweaking crates.io crate polymesh_ink_upgrade_tracker 0.3.0
[INFO] tweaked toml for crates.io crate polymesh_ink_upgrade_tracker 0.3.0 written to /workspace/builds/worker-1-tc2/source/Cargo.toml
[INFO] running `Command { std: CARGO_HOME="/workspace/cargo-home" RUSTUP_HOME="/workspace/rustup-home" "/workspace/cargo-home/bin/cargo" "+nightly-2024-10-28" "generate-lockfile" "--manifest-path" "Cargo.toml", kill_on_drop: false }`
[INFO] [stderr]     Updating crates.io index
[INFO] [stderr]     Blocking waiting for file lock on package cache
[INFO] [stderr]      Locking 359 packages to latest compatible versions
[INFO] [stderr]       Adding curve25519-dalek v3.2.0 (available: v3.2.1)
[INFO] [stderr]       Adding frame-metadata v15.1.0 (available: v15.2.0)
[INFO] [stderr]       Adding ink_env v3.4.0 (available: v5.0.0)
[INFO] [stderr]       Adding ink_metadata v3.4.0 (available: v5.0.0)
[INFO] [stderr]       Adding ink_prelude v3.4.0 (available: v5.0.0)
[INFO] [stderr]       Adding ink_primitives v3.4.0 (available: v5.0.0)
[INFO] [stderr]       Adding ink_storage v3.4.0 (available: v5.0.0)
[INFO] [stderr]       Adding polymesh-api v0.3.10 (available: v3.9.1)
[INFO] [stderr]       Adding scale-info v2.3.1 (available: v2.11.5)
[INFO] [stderr]       Adding subtle v2.4.1 (available: v2.6.1)
[INFO] running `Command { std: CARGO_HOME="/workspace/cargo-home" RUSTUP_HOME="/workspace/rustup-home" "/workspace/cargo-home/bin/cargo" "+nightly-2024-10-28" "fetch" "--manifest-path" "Cargo.toml", kill_on_drop: false }`
[INFO] running `Command { std: "docker" "create" "-v" "/var/lib/crater-agent-workspace/builds/worker-1-tc2/target:/opt/rustwide/target:rw,Z" "-v" "/var/lib/crater-agent-workspace/builds/worker-1-tc2/source:/opt/rustwide/workdir:ro,Z" "-v" "/var/lib/crater-agent-workspace/cargo-home:/opt/rustwide/cargo-home:ro,Z" "-v" "/var/lib/crater-agent-workspace/rustup-home:/opt/rustwide/rustup-home:ro,Z" "-e" "SOURCE_DIR=/opt/rustwide/workdir" "-e" "CARGO_TARGET_DIR=/opt/rustwide/target" "-e" "CARGO_HOME=/opt/rustwide/cargo-home" "-e" "RUSTUP_HOME=/opt/rustwide/rustup-home" "-w" "/opt/rustwide/workdir" "-m" "1610612736" "--user" "0:0" "--network" "none" "ghcr.io/rust-lang/crates-build-env/linux@sha256:4a844ea9eb2546a2d2c7022eacef16ef2e8229c7fbb2c7d4d55a9ceca922f72d" "/opt/rustwide/cargo-home/bin/cargo" "+nightly-2024-10-28" "metadata" "--no-deps" "--format-version=1", kill_on_drop: false }`
[INFO] [stdout] 90c60c44a29f49166112db75b7fd81167bd8e65b31ebde0f0a6e4e31f1e1c2dd
[INFO] running `Command { std: "docker" "start" "-a" "90c60c44a29f49166112db75b7fd81167bd8e65b31ebde0f0a6e4e31f1e1c2dd", kill_on_drop: false }`
[INFO] running `Command { std: "docker" "inspect" "90c60c44a29f49166112db75b7fd81167bd8e65b31ebde0f0a6e4e31f1e1c2dd", kill_on_drop: false }`
[INFO] running `Command { std: "docker" "rm" "-f" "90c60c44a29f49166112db75b7fd81167bd8e65b31ebde0f0a6e4e31f1e1c2dd", kill_on_drop: false }`
[INFO] [stdout] 90c60c44a29f49166112db75b7fd81167bd8e65b31ebde0f0a6e4e31f1e1c2dd
[INFO] running `Command { std: "docker" "create" "-v" "/var/lib/crater-agent-workspace/builds/worker-1-tc2/target:/opt/rustwide/target:rw,Z" "-v" "/var/lib/crater-agent-workspace/builds/worker-1-tc2/source:/opt/rustwide/workdir:ro,Z" "-v" "/var/lib/crater-agent-workspace/cargo-home:/opt/rustwide/cargo-home:ro,Z" "-v" "/var/lib/crater-agent-workspace/rustup-home:/opt/rustwide/rustup-home:ro,Z" "-e" "SOURCE_DIR=/opt/rustwide/workdir" "-e" "CARGO_TARGET_DIR=/opt/rustwide/target" "-e" "CARGO_INCREMENTAL=0" "-e" "RUST_BACKTRACE=full" "-e" "RUSTFLAGS=--cap-lints=forbid -Zrandomize-layout" "-e" "RUSTDOCFLAGS=--cap-lints=forbid" "-e" "CARGO_HOME=/opt/rustwide/cargo-home" "-e" "RUSTUP_HOME=/opt/rustwide/rustup-home" "-w" "/opt/rustwide/workdir" "-m" "1610612736" "--user" "0:0" "--network" "none" "ghcr.io/rust-lang/crates-build-env/linux@sha256:4a844ea9eb2546a2d2c7022eacef16ef2e8229c7fbb2c7d4d55a9ceca922f72d" "/opt/rustwide/cargo-home/bin/cargo" "+nightly-2024-10-28" "build" "--frozen" "--message-format=json", kill_on_drop: false }`
[INFO] [stdout] 8aa1b0b7a0ae7fdf20b674c33b1ed7b1d35afe2c59653923d0cb4b80bb2d8c4a
[INFO] running `Command { std: "docker" "start" "-a" "8aa1b0b7a0ae7fdf20b674c33b1ed7b1d35afe2c59653923d0cb4b80bb2d8c4a", kill_on_drop: false }`
[INFO] [stderr]    Compiling proc-macro2 v1.0.89
[INFO] [stderr]    Compiling unicode-ident v1.0.13
[INFO] [stderr]    Compiling version_check v0.9.5
[INFO] [stderr]    Compiling typenum v1.17.0
[INFO] [stderr]    Compiling libc v0.2.161
[INFO] [stderr]    Compiling syn v1.0.109
[INFO] [stderr]    Compiling subtle v2.4.1
[INFO] [stderr]    Compiling serde v1.0.214
[INFO] [stderr]    Compiling equivalent v1.0.1
[INFO] [stderr]    Compiling hashbrown v0.15.0
[INFO] [stderr]    Compiling toml_datetime v0.6.8
[INFO] [stderr]    Compiling winnow v0.6.20
[INFO] [stderr]    Compiling byteorder v1.5.0
[INFO] [stderr]    Compiling generic-array v0.14.7
[INFO] [stderr]    Compiling byte-slice-cast v1.2.2
[INFO] [stderr]    Compiling arrayvec v0.7.6
[INFO] [stderr]    Compiling bytes v1.8.0
[INFO] [stderr]    Compiling num-traits v0.2.19
[INFO] [stderr]    Compiling cpufeatures v0.2.14
[INFO] [stderr]    Compiling keccak v0.1.5
[INFO] [stderr]    Compiling quote v1.0.37
[INFO] [stderr]    Compiling indexmap v2.6.0
[INFO] [stderr]    Compiling syn v2.0.86
[INFO] [stderr]    Compiling getrandom v0.2.15
[INFO] [stderr]    Compiling once_cell v1.20.2
[INFO] [stderr]    Compiling rand_core v0.6.4
[INFO] [stderr]    Compiling regex-syntax v0.8.5
[INFO] [stderr]    Compiling getrandom v0.1.16
[INFO] [stderr]    Compiling memchr v2.7.4
[INFO] [stderr]    Compiling crypto-common v0.1.6
[INFO] [stderr]    Compiling block-buffer v0.10.4
[INFO] [stderr]    Compiling digest v0.10.7
[INFO] [stderr]    Compiling blake2 v0.10.6
[INFO] [stderr]    Compiling sp-std v5.0.0
[INFO] [stderr]    Compiling rand_core v0.5.1
[INFO] [stderr]    Compiling toml_edit v0.22.22
[INFO] [stderr]    Compiling digest v0.9.0
[INFO] [stderr]    Compiling crunchy v0.2.2
[INFO] [stderr]    Compiling lazy_static v1.5.0
[INFO] [stderr]    Compiling itoa v1.0.11
[INFO] [stderr]    Compiling pin-project-lite v0.2.15
[INFO] [stderr]    Compiling shlex v1.3.0
[INFO] [stderr]    Compiling aho-corasick v1.1.3
[INFO] [stderr]    Compiling semver v1.0.23
[INFO] [stderr]    Compiling cc v1.1.31
[INFO] [stderr]    Compiling sha2 v0.10.8
[INFO] [stderr]    Compiling smallvec v1.13.2
[INFO] [stderr]    Compiling arrayref v0.3.9
[INFO] [stderr]    Compiling unicode-xid v0.2.6
[INFO] [stderr]    Compiling num-integer v0.1.46
[INFO] [stderr]    Compiling regex-automata v0.4.8
[INFO] [stderr]    Compiling proc-macro-crate v3.2.0
[INFO] [stderr]    Compiling secp256k1-sys v0.6.1
[INFO] [stderr]    Compiling tracing-core v0.1.32
[INFO] [stderr]    Compiling libm v0.2.11
[INFO] [stderr]    Compiling libsecp256k1-core v0.3.0
[INFO] [stderr]    Compiling num-bigint v0.4.6
[INFO] [stderr]    Compiling rustc_version v0.4.1
[INFO] [stderr]    Compiling sha3 v0.10.8
[INFO] [stderr]    Compiling regex v1.11.1
[INFO] [stderr]    Compiling block-buffer v0.9.0
[INFO] [stderr]    Compiling Inflector v0.11.4
[INFO] [stderr]    Compiling generic-array v0.12.4
[INFO] [stderr]    Compiling slab v0.4.9
[INFO] [stderr]    Compiling parity-scale-codec-derive v3.6.12
[INFO] [stderr]    Compiling impl-trait-for-tuples v0.2.2
[INFO] [stderr]    Compiling lock_api v0.4.12
[INFO] [stderr]    Compiling ink_prelude v3.4.0
[INFO] [stderr]    Compiling serde_derive v1.0.214
[INFO] [stderr]    Compiling zerocopy-derive v0.7.35
[INFO] [stderr]    Compiling derive_more v0.99.18
[INFO] [stderr]    Compiling scale-info-derive v2.11.5
[INFO] [stderr]    Compiling zerocopy v0.7.35
[INFO] [stderr]    Compiling zeroize_derive v1.4.2
[INFO] [stderr]    Compiling ppv-lite86 v0.2.20
[INFO] [stderr]    Compiling either v1.13.0
[INFO] [stderr]    Compiling regex-syntax v0.6.29
[INFO] [stderr]    Compiling serde_json v1.0.132
[INFO] [stderr]    Compiling anyhow v1.0.92
[INFO] [stderr]    Compiling rustc-hex v2.1.0
[INFO] [stderr]    Compiling zeroize v1.8.1
[INFO] [stderr]    Compiling log v0.4.22
[INFO] [stderr]    Compiling ref-cast v1.0.23
[INFO] [stderr]    Compiling rand_chacha v0.3.1
[INFO] [stderr]    Compiling hex v0.4.3
[INFO] [stderr]    Compiling thiserror v1.0.66
[INFO] [stderr]    Compiling parking_lot_core v0.9.10
[INFO] [stderr]    Compiling opaque-debug v0.3.1
[INFO] [stderr]    Compiling sha2 v0.9.9
[INFO] [stderr]    Compiling itertools v0.10.5
[INFO] [stderr]    Compiling rand v0.8.5
[INFO] [stderr]    Compiling secp256k1 v0.24.3
[INFO] [stderr]    Compiling ref-cast-impl v1.0.23
[INFO] [stderr]    Compiling thiserror-impl v1.0.66
[INFO] [stderr]    Compiling sp-debug-derive v5.0.0
[INFO] [stderr]    Compiling num-rational v0.4.2
[INFO] [stderr]    Compiling curve25519-dalek v4.1.3
[INFO] [stderr]    Compiling regex-automata v0.1.10
[INFO] [stderr]    Compiling ahash v0.7.8
[INFO] [stderr]    Compiling winnow v0.5.40
[INFO] [stderr]    Compiling futures-sink v0.3.31
[INFO] [stderr]    Compiling iana-time-zone v0.1.61
[INFO] [stderr]    Compiling memory_units v0.4.0
[INFO] [stderr]    Compiling futures-core v0.3.31
[INFO] [stderr]    Compiling heck v0.4.1
[INFO] [stderr]    Compiling byte-tools v0.3.1
[INFO] [stderr]    Compiling parity-wasm v0.45.0
[INFO] [stderr]    Compiling downcast-rs v1.2.1
[INFO] [stderr]    Compiling wasmi_core v0.2.1
[INFO] [stderr]    Compiling block-padding v0.1.5
[INFO] [stderr]    Compiling matchers v0.0.1
[INFO] [stderr]    Compiling chrono v0.4.38
[INFO] [stderr]    Compiling futures-channel v0.3.31
[INFO] [stderr]    Compiling uint v0.9.5
[INFO] [stderr]    Compiling wasmi-validation v0.5.0
[INFO] [stderr]    Compiling rand_chacha v0.2.2
[INFO] [stderr]    Compiling toml_edit v0.19.15
[INFO] [stderr]    Compiling tracing-log v0.1.4
[INFO] [stderr]    Compiling curve25519-dalek-derive v0.1.1
[INFO] [stderr]    Compiling futures-macro v0.3.31
[INFO] [stderr]    Compiling digest v0.8.1
[INFO] [stderr]    Compiling libsecp256k1-gen-genmult v0.3.0
[INFO] [stderr]    Compiling libsecp256k1-gen-ecmult v0.3.0
[INFO] [stderr]    Compiling tracing v0.1.40
[INFO] [stderr]    Compiling parity-scale-codec v3.6.12
[INFO] [stderr]    Compiling impl-serde v0.3.2
[INFO] [stderr]    Compiling impl-serde v0.4.0
[INFO] [stderr]    Compiling tracing-serde v0.1.3
[INFO] [stderr]    Compiling sharded-slab v0.1.7
[INFO] [stderr]    Compiling rand_pcg v0.2.1
[INFO] [stderr]    Compiling crypto-mac v0.11.1
[INFO] [stderr]    Compiling crypto-mac v0.8.0
[INFO] [stderr]    Compiling thread_local v1.1.8
[INFO] [stderr]    Compiling scale-info v2.3.1
[INFO] [stderr]    Compiling impl-codec v0.6.0
[INFO] [stderr]    Compiling futures-io v0.3.31
[INFO] [stderr]    Compiling tinyvec_macros v0.1.1
[INFO] [stderr]    Compiling ansi_term v0.12.1
[INFO] [stderr]    Compiling futures-task v0.3.31
[INFO] [stderr]    Compiling paste v1.0.15
[INFO] [stderr]    Compiling tracing-subscriber v0.2.25
[INFO] [stderr]    Compiling futures-util v0.3.31
[INFO] [stderr]    Compiling ss58-registry v1.51.0
[INFO] [stderr]    Compiling tinyvec v1.8.0
[INFO] [stderr]    Compiling proc-macro-crate v1.3.1
[INFO] [stderr]    Compiling sp-storage v7.0.0
[INFO] [stderr]    Compiling rand v0.7.3
[INFO] [stderr]    Compiling ink_primitives v3.4.0
[INFO] [stderr]    Compiling libsecp256k1 v0.7.1
[INFO] [stderr]    Compiling parking_lot v0.12.3
[INFO] [stderr]    Compiling wasmi v0.13.2
[INFO] [stderr]    Compiling block-buffer v0.7.3
[INFO] [stderr]    Compiling fixed-hash v0.8.0
[INFO] [stderr]    Compiling merlin v3.0.0
[INFO] [stderr]    Compiling getrandom_or_panic v0.0.3
[INFO] [stderr]    Compiling num_cpus v1.16.0
[INFO] [stderr]    Compiling fake-simd v0.1.2
[INFO] [stderr]    Compiling environmental v1.1.4
[INFO] [stderr]    Compiling opaque-debug v0.2.3
[INFO] [stderr]    Compiling sha2 v0.8.2
[INFO] [stderr]    Compiling sp-externalities v0.13.0
[INFO] [stderr]    Compiling sp-wasm-interface v7.0.0
[INFO] [stderr]    Compiling futures-executor v0.3.31
[INFO] [stderr]    Compiling schnorrkel v0.11.4
[INFO] [stderr]    Compiling primitive-types v0.12.2
[INFO] [stderr]    Compiling hashbrown v0.12.3
[INFO] [stderr]    Compiling unicode-normalization v0.1.24
[INFO] [stderr]    Compiling sp-runtime-interface-proc-macro v6.0.0
[INFO] [stdout] error[E0599]: no function or associated item named `new_with_replace` found for struct `scale_info::Path` in the current scope
[INFO] [stdout]    --> /opt/rustwide/cargo-home/registry/src/index.crates.io-6f17d22bba15001f/primitive-types-0.12.2/src/lib.rs:35:44
[INFO] [stdout]     |
[INFO] [stdout] 35  |     #[cfg_attr(feature = "scale-info", derive(TypeInfo))]
[INFO] [stdout]     |                                               ^^^^^^^^ function or associated item not found in `Path<_>`
[INFO] [stdout]     |
[INFO] [stdout] note: if you're trying to build a new `scale_info::Path<_>` consider using one of the following associated functions:
[INFO] [stdout]       scale_info::Path::new
[INFO] [stdout]       scale_info::Path::from_segments
[INFO] [stdout]       scale_info::Path::<T>::from_segments_unchecked
[INFO] [stdout]    --> /opt/rustwide/cargo-home/registry/src/index.crates.io-6f17d22bba15001f/scale-info-2.3.1/src/ty/path.rs:98:5
[INFO] [stdout]     |
[INFO] [stdout] 98  |       pub fn new(ident: &'static str, module_path: &'static str) -> Path {
[INFO] [stdout]     |       ^^^^^^^^^^^^^^^^^^^^^^^^^^^^^^^^^^^^^^^^^^^^^^^^^^^^^^^^^^^^^^^^^^
[INFO] [stdout] ...
[INFO] [stdout] 111 | /     pub fn from_segments<I>(segments: I) -> Result<Self, PathError>
[INFO] [stdout] 112 | |     where
[INFO] [stdout] 113 | |         I: IntoIterator<Item = <MetaForm as Form>::String>,
[INFO] [stdout]     | |___________________________________________________________^
[INFO] [stdout] ...
[INFO] [stdout] 151 | /     pub fn from_segments_unchecked<I>(segments: I) -> Path<T>
[INFO] [stdout] 152 | |     where
[INFO] [stdout] 153 | |         I: IntoIterator<Item = T::String>,
[INFO] [stdout]     | |__________________________________________^
[INFO] [stdout]     = note: this error originates in the derive macro `TypeInfo` (in Nightly builds, run with -Z macro-backtrace for more info)
[INFO] [stdout] 
[INFO] [stdout] 
[INFO] [stdout] error[E0599]: no function or associated item named `new_with_replace` found for struct `scale_info::Path` in the current scope
[INFO] [stdout]    --> /opt/rustwide/cargo-home/registry/src/index.crates.io-6f17d22bba15001f/primitive-types-0.12.2/src/lib.rs:40:44
[INFO] [stdout]     |
[INFO] [stdout] 40  |     #[cfg_attr(feature = "scale-info", derive(TypeInfo))]
[INFO] [stdout]     |                                               ^^^^^^^^ function or associated item not found in `Path<_>`
[INFO] [stdout]     |
[INFO] [stdout] note: if you're trying to build a new `scale_info::Path<_>` consider using one of the following associated functions:
[INFO] [stdout]       scale_info::Path::new
[INFO] [stdout]       scale_info::Path::from_segments
[INFO] [stdout]       scale_info::Path::<T>::from_segments_unchecked
[INFO] [stdout]    --> /opt/rustwide/cargo-home/registry/src/index.crates.io-6f17d22bba15001f/scale-info-2.3.1/src/ty/path.rs:98:5
[INFO] [stdout]     |
[INFO] [stdout] 98  |       pub fn new(ident: &'static str, module_path: &'static str) -> Path {
[INFO] [stdout]     |       ^^^^^^^^^^^^^^^^^^^^^^^^^^^^^^^^^^^^^^^^^^^^^^^^^^^^^^^^^^^^^^^^^^
[INFO] [stdout] ...
[INFO] [stdout] 111 | /     pub fn from_segments<I>(segments: I) -> Result<Self, PathError>
[INFO] [stdout] 112 | |     where
[INFO] [stdout] 113 | |         I: IntoIterator<Item = <MetaForm as Form>::String>,
[INFO] [stdout]     | |___________________________________________________________^
[INFO] [stdout] ...
[INFO] [stdout] 151 | /     pub fn from_segments_unchecked<I>(segments: I) -> Path<T>
[INFO] [stdout] 152 | |     where
[INFO] [stdout] 153 | |         I: IntoIterator<Item = T::String>,
[INFO] [stdout]     | |__________________________________________^
[INFO] [stdout]     = note: this error originates in the derive macro `TypeInfo` (in Nightly builds, run with -Z macro-backtrace for more info)
[INFO] [stdout] 
[INFO] [stdout] 
[INFO] [stdout] error[E0599]: no function or associated item named `new_with_replace` found for struct `scale_info::Path` in the current scope
[INFO] [stdout]    --> /opt/rustwide/cargo-home/registry/src/index.crates.io-6f17d22bba15001f/primitive-types-0.12.2/src/lib.rs:45:44
[INFO] [stdout]     |
[INFO] [stdout] 45  |     #[cfg_attr(feature = "scale-info", derive(TypeInfo))]
[INFO] [stdout]     |                                               ^^^^^^^^ function or associated item not found in `Path<_>`
[INFO] [stdout]     |
[INFO] [stdout] note: if you're trying to build a new `scale_info::Path<_>` consider using one of the following associated functions:
[INFO] [stdout]       scale_info::Path::new
[INFO] [stdout]       scale_info::Path::from_segments
[INFO] [stdout]       scale_info::Path::<T>::from_segments_unchecked
[INFO] [stdout]    --> /opt/rustwide/cargo-home/registry/src/index.crates.io-6f17d22bba15001f/scale-info-2.3.1/src/ty/path.rs:98:5
[INFO] [stdout]     |
[INFO] [stdout] 98  |       pub fn new(ident: &'static str, module_path: &'static str) -> Path {
[INFO] [stdout]     |       ^^^^^^^^^^^^^^^^^^^^^^^^^^^^^^^^^^^^^^^^^^^^^^^^^^^^^^^^^^^^^^^^^^
[INFO] [stdout] ...
[INFO] [stdout] 111 | /     pub fn from_segments<I>(segments: I) -> Result<Self, PathError>
[INFO] [stdout] 112 | |     where
[INFO] [stdout] 113 | |         I: IntoIterator<Item = <MetaForm as Form>::String>,
[INFO] [stdout]     | |___________________________________________________________^
[INFO] [stdout] ...
[INFO] [stdout] 151 | /     pub fn from_segments_unchecked<I>(segments: I) -> Path<T>
[INFO] [stdout] 152 | |     where
[INFO] [stdout] 153 | |         I: IntoIterator<Item = T::String>,
[INFO] [stdout]     | |__________________________________________^
[INFO] [stdout]     = note: this error originates in the derive macro `TypeInfo` (in Nightly builds, run with -Z macro-backtrace for more info)
[INFO] [stdout] 
[INFO] [stdout] 
[INFO] [stdout] error[E0599]: no function or associated item named `new_with_replace` found for struct `scale_info::Path` in the current scope
[INFO] [stdout]    --> /opt/rustwide/cargo-home/registry/src/index.crates.io-6f17d22bba15001f/primitive-types-0.12.2/src/lib.rs:51:44
[INFO] [stdout]     |
[INFO] [stdout] 51  |     #[cfg_attr(feature = "scale-info", derive(TypeInfo))]
[INFO] [stdout]     |                                               ^^^^^^^^ function or associated item not found in `Path<_>`
[INFO] [stdout]     |
[INFO] [stdout] note: if you're trying to build a new `scale_info::Path<_>` consider using one of the following associated functions:
[INFO] [stdout]       scale_info::Path::new
[INFO] [stdout]       scale_info::Path::from_segments
[INFO] [stdout]       scale_info::Path::<T>::from_segments_unchecked
[INFO] [stdout]    --> /opt/rustwide/cargo-home/registry/src/index.crates.io-6f17d22bba15001f/scale-info-2.3.1/src/ty/path.rs:98:5
[INFO] [stdout]     |
[INFO] [stdout] 98  |       pub fn new(ident: &'static str, module_path: &'static str) -> Path {
[INFO] [stdout]     |       ^^^^^^^^^^^^^^^^^^^^^^^^^^^^^^^^^^^^^^^^^^^^^^^^^^^^^^^^^^^^^^^^^^
[INFO] [stdout] ...
[INFO] [stdout] 111 | /     pub fn from_segments<I>(segments: I) -> Result<Self, PathError>
[INFO] [stdout] 112 | |     where
[INFO] [stdout] 113 | |         I: IntoIterator<Item = <MetaForm as Form>::String>,
[INFO] [stdout]     | |___________________________________________________________^
[INFO] [stdout] ...
[INFO] [stdout] 151 | /     pub fn from_segments_unchecked<I>(segments: I) -> Path<T>
[INFO] [stdout] 152 | |     where
[INFO] [stdout] 153 | |         I: IntoIterator<Item = T::String>,
[INFO] [stdout]     | |__________________________________________^
[INFO] [stdout]     = note: this error originates in the derive macro `TypeInfo` (in Nightly builds, run with -Z macro-backtrace for more info)
[INFO] [stdout] 
[INFO] [stdout] 
[INFO] [stdout] error[E0599]: no function or associated item named `new_with_replace` found for struct `scale_info::Path` in the current scope
[INFO] [stdout]    --> /opt/rustwide/cargo-home/registry/src/index.crates.io-6f17d22bba15001f/primitive-types-0.12.2/src/lib.rs:57:44
[INFO] [stdout]     |
[INFO] [stdout] 57  |     #[cfg_attr(feature = "scale-info", derive(TypeInfo))]
[INFO] [stdout]     |                                               ^^^^^^^^ function or associated item not found in `Path<_>`
[INFO] [stdout]     |
[INFO] [stdout] note: if you're trying to build a new `scale_info::Path<_>` consider using one of the following associated functions:
[INFO] [stdout]       scale_info::Path::new
[INFO] [stdout]       scale_info::Path::from_segments
[INFO] [stdout]       scale_info::Path::<T>::from_segments_unchecked
[INFO] [stdout]    --> /opt/rustwide/cargo-home/registry/src/index.crates.io-6f17d22bba15001f/scale-info-2.3.1/src/ty/path.rs:98:5
[INFO] [stdout]     |
[INFO] [stdout] 98  |       pub fn new(ident: &'static str, module_path: &'static str) -> Path {
[INFO] [stdout]     |       ^^^^^^^^^^^^^^^^^^^^^^^^^^^^^^^^^^^^^^^^^^^^^^^^^^^^^^^^^^^^^^^^^^
[INFO] [stdout] ...
[INFO] [stdout] 111 | /     pub fn from_segments<I>(segments: I) -> Result<Self, PathError>
[INFO] [stdout] 112 | |     where
[INFO] [stdout] 113 | |         I: IntoIterator<Item = <MetaForm as Form>::String>,
[INFO] [stdout]     | |___________________________________________________________^
[INFO] [stdout] ...
[INFO] [stdout] 151 | /     pub fn from_segments_unchecked<I>(segments: I) -> Path<T>
[INFO] [stdout] 152 | |     where
[INFO] [stdout] 153 | |         I: IntoIterator<Item = T::String>,
[INFO] [stdout]     | |__________________________________________^
[INFO] [stdout]     = note: this error originates in the derive macro `TypeInfo` (in Nightly builds, run with -Z macro-backtrace for more info)
[INFO] [stdout] 
[INFO] [stdout] 
[INFO] [stdout] error[E0599]: no function or associated item named `new_with_replace` found for struct `scale_info::Path` in the current scope
[INFO] [stdout]    --> /opt/rustwide/cargo-home/registry/src/index.crates.io-6f17d22bba15001f/primitive-types-0.12.2/src/lib.rs:62:44
[INFO] [stdout]     |
[INFO] [stdout] 62  |     #[cfg_attr(feature = "scale-info", derive(TypeInfo))]
[INFO] [stdout]     |                                               ^^^^^^^^ function or associated item not found in `Path<_>`
[INFO] [stdout]     |
[INFO] [stdout] note: if you're trying to build a new `scale_info::Path<_>` consider using one of the following associated functions:
[INFO] [stdout]       scale_info::Path::new
[INFO] [stdout]       scale_info::Path::from_segments
[INFO] [stdout]       scale_info::Path::<T>::from_segments_unchecked
[INFO] [stdout]    --> /opt/rustwide/cargo-home/registry/src/index.crates.io-6f17d22bba15001f/scale-info-2.3.1/src/ty/path.rs:98:5
[INFO] [stdout]     |
[INFO] [stdout] 98  |       pub fn new(ident: &'static str, module_path: &'static str) -> Path {
[INFO] [stdout]     |       ^^^^^^^^^^^^^^^^^^^^^^^^^^^^^^^^^^^^^^^^^^^^^^^^^^^^^^^^^^^^^^^^^^
[INFO] [stdout] ...
[INFO] [stdout] 111 | /     pub fn from_segments<I>(segments: I) -> Result<Self, PathError>
[INFO] [stdout] 112 | |     where
[INFO] [stdout] 113 | |         I: IntoIterator<Item = <MetaForm as Form>::String>,
[INFO] [stdout]     | |___________________________________________________________^
[INFO] [stdout] ...
[INFO] [stdout] 151 | /     pub fn from_segments_unchecked<I>(segments: I) -> Path<T>
[INFO] [stdout] 152 | |     where
[INFO] [stdout] 153 | |         I: IntoIterator<Item = T::String>,
[INFO] [stdout]     | |__________________________________________^
[INFO] [stdout]     = note: this error originates in the derive macro `TypeInfo` (in Nightly builds, run with -Z macro-backtrace for more info)
[INFO] [stdout] 
[INFO] [stdout] 
[INFO] [stdout] error[E0599]: no function or associated item named `new_with_replace` found for struct `scale_info::Path` in the current scope
[INFO] [stdout]    --> /opt/rustwide/cargo-home/registry/src/index.crates.io-6f17d22bba15001f/primitive-types-0.12.2/src/lib.rs:67:44
[INFO] [stdout]     |
[INFO] [stdout] 67  |     #[cfg_attr(feature = "scale-info", derive(TypeInfo))]
[INFO] [stdout]     |                                               ^^^^^^^^ function or associated item not found in `Path<_>`
[INFO] [stdout]     |
[INFO] [stdout] note: if you're trying to build a new `scale_info::Path<_>` consider using one of the following associated functions:
[INFO] [stdout]       scale_info::Path::new
[INFO] [stdout]       scale_info::Path::from_segments
[INFO] [stdout]       scale_info::Path::<T>::from_segments_unchecked
[INFO] [stdout]    --> /opt/rustwide/cargo-home/registry/src/index.crates.io-6f17d22bba15001f/scale-info-2.3.1/src/ty/path.rs:98:5
[INFO] [stdout]     |
[INFO] [stdout] 98  |       pub fn new(ident: &'static str, module_path: &'static str) -> Path {
[INFO] [stdout]     |       ^^^^^^^^^^^^^^^^^^^^^^^^^^^^^^^^^^^^^^^^^^^^^^^^^^^^^^^^^^^^^^^^^^
[INFO] [stdout] ...
[INFO] [stdout] 111 | /     pub fn from_segments<I>(segments: I) -> Result<Self, PathError>
[INFO] [stdout] 112 | |     where
[INFO] [stdout] 113 | |         I: IntoIterator<Item = <MetaForm as Form>::String>,
[INFO] [stdout]     | |___________________________________________________________^
[INFO] [stdout] ...
[INFO] [stdout] 151 | /     pub fn from_segments_unchecked<I>(segments: I) -> Path<T>
[INFO] [stdout] 152 | |     where
[INFO] [stdout] 153 | |         I: IntoIterator<Item = T::String>,
[INFO] [stdout]     | |__________________________________________^
[INFO] [stdout]     = note: this error originates in the derive macro `TypeInfo` (in Nightly builds, run with -Z macro-backtrace for more info)
[INFO] [stdout] 
[INFO] [stdout] 
[INFO] [stdout] error[E0599]: no function or associated item named `new_with_replace` found for struct `scale_info::Path` in the current scope
[INFO] [stdout]    --> /opt/rustwide/cargo-home/registry/src/index.crates.io-6f17d22bba15001f/primitive-types-0.12.2/src/lib.rs:72:44
[INFO] [stdout]     |
[INFO] [stdout] 72  |     #[cfg_attr(feature = "scale-info", derive(TypeInfo))]
[INFO] [stdout]     |                                               ^^^^^^^^ function or associated item not found in `Path<_>`
[INFO] [stdout]     |
[INFO] [stdout] note: if you're trying to build a new `scale_info::Path<_>` consider using one of the following associated functions:
[INFO] [stdout]       scale_info::Path::new
[INFO] [stdout]       scale_info::Path::from_segments
[INFO] [stdout]       scale_info::Path::<T>::from_segments_unchecked
[INFO] [stdout]    --> /opt/rustwide/cargo-home/registry/src/index.crates.io-6f17d22bba15001f/scale-info-2.3.1/src/ty/path.rs:98:5
[INFO] [stdout]     |
[INFO] [stdout] 98  |       pub fn new(ident: &'static str, module_path: &'static str) -> Path {
[INFO] [stdout]     |       ^^^^^^^^^^^^^^^^^^^^^^^^^^^^^^^^^^^^^^^^^^^^^^^^^^^^^^^^^^^^^^^^^^
[INFO] [stdout] ...
[INFO] [stdout] 111 | /     pub fn from_segments<I>(segments: I) -> Result<Self, PathError>
[INFO] [stdout] 112 | |     where
[INFO] [stdout] 113 | |         I: IntoIterator<Item = <MetaForm as Form>::String>,
[INFO] [stdout]     | |___________________________________________________________^
[INFO] [stdout] ...
[INFO] [stdout] 151 | /     pub fn from_segments_unchecked<I>(segments: I) -> Path<T>
[INFO] [stdout] 152 | |     where
[INFO] [stdout] 153 | |         I: IntoIterator<Item = T::String>,
[INFO] [stdout]     | |__________________________________________^
[INFO] [stdout]     = note: this error originates in the derive macro `TypeInfo` (in Nightly builds, run with -Z macro-backtrace for more info)
[INFO] [stdout] 
[INFO] [stdout] 
[INFO] [stdout] error[E0599]: no function or associated item named `new_with_replace` found for struct `scale_info::Path` in the current scope
[INFO] [stdout]    --> /opt/rustwide/cargo-home/registry/src/index.crates.io-6f17d22bba15001f/primitive-types-0.12.2/src/lib.rs:77:44
[INFO] [stdout]     |
[INFO] [stdout] 77  |     #[cfg_attr(feature = "scale-info", derive(TypeInfo))]
[INFO] [stdout]     |                                               ^^^^^^^^ function or associated item not found in `Path<_>`
[INFO] [stdout]     |
[INFO] [stdout] note: if you're trying to build a new `scale_info::Path<_>` consider using one of the following associated functions:
[INFO] [stdout]       scale_info::Path::new
[INFO] [stdout]       scale_info::Path::from_segments
[INFO] [stdout]       scale_info::Path::<T>::from_segments_unchecked
[INFO] [stdout]    --> /opt/rustwide/cargo-home/registry/src/index.crates.io-6f17d22bba15001f/scale-info-2.3.1/src/ty/path.rs:98:5
[INFO] [stdout]     |
[INFO] [stdout] 98  |       pub fn new(ident: &'static str, module_path: &'static str) -> Path {
[INFO] [stdout]     |       ^^^^^^^^^^^^^^^^^^^^^^^^^^^^^^^^^^^^^^^^^^^^^^^^^^^^^^^^^^^^^^^^^^
[INFO] [stdout] ...
[INFO] [stdout] 111 | /     pub fn from_segments<I>(segments: I) -> Result<Self, PathError>
[INFO] [stdout] 112 | |     where
[INFO] [stdout] 113 | |         I: IntoIterator<Item = <MetaForm as Form>::String>,
[INFO] [stdout]     | |___________________________________________________________^
[INFO] [stdout] ...
[INFO] [stdout] 151 | /     pub fn from_segments_unchecked<I>(segments: I) -> Path<T>
[INFO] [stdout] 152 | |     where
[INFO] [stdout] 153 | |         I: IntoIterator<Item = T::String>,
[INFO] [stdout]     | |__________________________________________^
[INFO] [stdout]     = note: this error originates in the derive macro `TypeInfo` (in Nightly builds, run with -Z macro-backtrace for more info)
[INFO] [stdout] 
[INFO] [stdout] 
[INFO] [stderr]    Compiling sp-tracing v6.0.0
[INFO] [stderr]    Compiling ink_metadata v3.4.0
[INFO] [stderr]    Compiling ink_engine v3.4.0
[INFO] [stdout] For more information about this error, try `rustc --explain E0599`.
[INFO] [stdout] 
[INFO] [stderr] error: could not compile `primitive-types` (lib) due to 9 previous errors
[INFO] [stderr] warning: build failed, waiting for other jobs to finish...
[INFO] running `Command { std: "docker" "inspect" "8aa1b0b7a0ae7fdf20b674c33b1ed7b1d35afe2c59653923d0cb4b80bb2d8c4a", kill_on_drop: false }`
[INFO] running `Command { std: "docker" "rm" "-f" "8aa1b0b7a0ae7fdf20b674c33b1ed7b1d35afe2c59653923d0cb4b80bb2d8c4a", kill_on_drop: false }`
[INFO] [stdout] 8aa1b0b7a0ae7fdf20b674c33b1ed7b1d35afe2c59653923d0cb4b80bb2d8c4a
