[INFO] fetching crate pollster-macro 0.4.0...
[INFO] testing pollster-macro-0.4.0 against nightly-2024-10-28 for randomize-layout
[INFO] extracting crate pollster-macro 0.4.0 into /workspace/builds/worker-1-tc1/source
[INFO] validating manifest of crates.io crate pollster-macro 0.4.0 on toolchain nightly-2024-10-28
[INFO] running `Command { std: CARGO_HOME="/workspace/cargo-home" RUSTUP_HOME="/workspace/rustup-home" "/workspace/cargo-home/bin/cargo" "+nightly-2024-10-28" "metadata" "--manifest-path" "Cargo.toml" "--no-deps", kill_on_drop: false }`
[INFO] started tweaking crates.io crate pollster-macro 0.4.0
[INFO] removed 0 missing tests
[INFO] finished tweaking crates.io crate pollster-macro 0.4.0
[INFO] tweaked toml for crates.io crate pollster-macro 0.4.0 written to /workspace/builds/worker-1-tc1/source/Cargo.toml
[INFO] running `Command { std: CARGO_HOME="/workspace/cargo-home" RUSTUP_HOME="/workspace/rustup-home" "/workspace/cargo-home/bin/cargo" "+nightly-2024-10-28" "generate-lockfile" "--manifest-path" "Cargo.toml", kill_on_drop: false }`
[INFO] [stderr]     Updating crates.io index
[INFO] [stderr]      Locking 4 packages to latest compatible versions
[INFO] running `Command { std: CARGO_HOME="/workspace/cargo-home" RUSTUP_HOME="/workspace/rustup-home" "/workspace/cargo-home/bin/cargo" "+nightly-2024-10-28" "fetch" "--manifest-path" "Cargo.toml", kill_on_drop: false }`
[INFO] running `Command { std: "docker" "create" "-v" "/var/lib/crater-agent-workspace/builds/worker-1-tc1/target:/opt/rustwide/target:rw,Z" "-v" "/var/lib/crater-agent-workspace/builds/worker-1-tc1/source:/opt/rustwide/workdir:ro,Z" "-v" "/var/lib/crater-agent-workspace/cargo-home:/opt/rustwide/cargo-home:ro,Z" "-v" "/var/lib/crater-agent-workspace/rustup-home:/opt/rustwide/rustup-home:ro,Z" "-e" "SOURCE_DIR=/opt/rustwide/workdir" "-e" "CARGO_TARGET_DIR=/opt/rustwide/target" "-e" "CARGO_HOME=/opt/rustwide/cargo-home" "-e" "RUSTUP_HOME=/opt/rustwide/rustup-home" "-w" "/opt/rustwide/workdir" "-m" "1610612736" "--user" "0:0" "--network" "none" "ghcr.io/rust-lang/crates-build-env/linux@sha256:4a844ea9eb2546a2d2c7022eacef16ef2e8229c7fbb2c7d4d55a9ceca922f72d" "/opt/rustwide/cargo-home/bin/cargo" "+nightly-2024-10-28" "metadata" "--no-deps" "--format-version=1", kill_on_drop: false }`
[INFO] [stdout] d23f93988e758b213df130c5c17c535c47c7df4c94e300d5cf5f63f8d1a925ba
[INFO] running `Command { std: "docker" "start" "-a" "d23f93988e758b213df130c5c17c535c47c7df4c94e300d5cf5f63f8d1a925ba", kill_on_drop: false }`
[INFO] running `Command { std: "docker" "inspect" "d23f93988e758b213df130c5c17c535c47c7df4c94e300d5cf5f63f8d1a925ba", kill_on_drop: false }`
[INFO] running `Command { std: "docker" "rm" "-f" "d23f93988e758b213df130c5c17c535c47c7df4c94e300d5cf5f63f8d1a925ba", kill_on_drop: false }`
[INFO] [stdout] d23f93988e758b213df130c5c17c535c47c7df4c94e300d5cf5f63f8d1a925ba
[INFO] running `Command { std: "docker" "create" "-v" "/var/lib/crater-agent-workspace/builds/worker-1-tc1/target:/opt/rustwide/target:rw,Z" "-v" "/var/lib/crater-agent-workspace/builds/worker-1-tc1/source:/opt/rustwide/workdir:ro,Z" "-v" "/var/lib/crater-agent-workspace/cargo-home:/opt/rustwide/cargo-home:ro,Z" "-v" "/var/lib/crater-agent-workspace/rustup-home:/opt/rustwide/rustup-home:ro,Z" "-e" "SOURCE_DIR=/opt/rustwide/workdir" "-e" "CARGO_TARGET_DIR=/opt/rustwide/target" "-e" "CARGO_INCREMENTAL=0" "-e" "RUST_BACKTRACE=full" "-e" "RUSTFLAGS=--cap-lints=forbid" "-e" "RUSTDOCFLAGS=--cap-lints=forbid" "-e" "CARGO_HOME=/opt/rustwide/cargo-home" "-e" "RUSTUP_HOME=/opt/rustwide/rustup-home" "-w" "/opt/rustwide/workdir" "-m" "1610612736" "--user" "0:0" "--network" "none" "ghcr.io/rust-lang/crates-build-env/linux@sha256:4a844ea9eb2546a2d2c7022eacef16ef2e8229c7fbb2c7d4d55a9ceca922f72d" "/opt/rustwide/cargo-home/bin/cargo" "+nightly-2024-10-28" "build" "--frozen" "--message-format=json", kill_on_drop: false }`
[INFO] [stdout] f42ca22108589af782b3814b80104fd6ba105742ed2ca9c948aee8eb58923c82
[INFO] running `Command { std: "docker" "start" "-a" "f42ca22108589af782b3814b80104fd6ba105742ed2ca9c948aee8eb58923c82", kill_on_drop: false }`
[INFO] [stderr]    Compiling quote v1.0.37
[INFO] [stderr]    Compiling syn v2.0.86
[INFO] [stderr]    Compiling pollster-macro v0.4.0 (/opt/rustwide/workdir)
[INFO] [stderr]     Finished `dev` profile [unoptimized + debuginfo] target(s) in 3.81s
[INFO] running `Command { std: "docker" "inspect" "f42ca22108589af782b3814b80104fd6ba105742ed2ca9c948aee8eb58923c82", kill_on_drop: false }`
[INFO] running `Command { std: "docker" "rm" "-f" "f42ca22108589af782b3814b80104fd6ba105742ed2ca9c948aee8eb58923c82", kill_on_drop: false }`
[INFO] [stdout] f42ca22108589af782b3814b80104fd6ba105742ed2ca9c948aee8eb58923c82
[INFO] running `Command { std: "docker" "create" "-v" "/var/lib/crater-agent-workspace/builds/worker-1-tc1/target:/opt/rustwide/target:rw,Z" "-v" "/var/lib/crater-agent-workspace/builds/worker-1-tc1/source:/opt/rustwide/workdir:ro,Z" "-v" "/var/lib/crater-agent-workspace/cargo-home:/opt/rustwide/cargo-home:ro,Z" "-v" "/var/lib/crater-agent-workspace/rustup-home:/opt/rustwide/rustup-home:ro,Z" "-e" "SOURCE_DIR=/opt/rustwide/workdir" "-e" "CARGO_TARGET_DIR=/opt/rustwide/target" "-e" "CARGO_INCREMENTAL=0" "-e" "RUST_BACKTRACE=full" "-e" "RUSTFLAGS=--cap-lints=forbid" "-e" "RUSTDOCFLAGS=--cap-lints=forbid" "-e" "CARGO_HOME=/opt/rustwide/cargo-home" "-e" "RUSTUP_HOME=/opt/rustwide/rustup-home" "-w" "/opt/rustwide/workdir" "-m" "1610612736" "--user" "0:0" "--network" "none" "ghcr.io/rust-lang/crates-build-env/linux@sha256:4a844ea9eb2546a2d2c7022eacef16ef2e8229c7fbb2c7d4d55a9ceca922f72d" "/opt/rustwide/cargo-home/bin/cargo" "+nightly-2024-10-28" "test" "--frozen" "--no-run" "--message-format=json", kill_on_drop: false }`
[INFO] [stdout] e29cd023414377f30da823668ab8aff9116b1ee8ed4770c00b633dec19b0dbcc
[INFO] running `Command { std: "docker" "start" "-a" "e29cd023414377f30da823668ab8aff9116b1ee8ed4770c00b633dec19b0dbcc", kill_on_drop: false }`
[INFO] [stderr]    Compiling proc-macro2 v1.0.89
[INFO] [stderr]    Compiling unicode-ident v1.0.13
[INFO] [stderr]    Compiling quote v1.0.37
[INFO] [stderr]    Compiling syn v2.0.86
[INFO] [stderr]    Compiling pollster-macro v0.4.0 (/opt/rustwide/workdir)
[INFO] [stdout] error[E0463]: can't find crate for `pollster`
[INFO] [stdout]  --> tests/test.rs:1:1
[INFO] [stdout]   |
[INFO] [stdout] 1 | extern crate pollster as reexported_pollster;
[INFO] [stdout]   | ^^^^^^^^^^^^^^^^^^^^^^^^^^^^^^^^^^^^^^^^^^^^^ can't find crate
[INFO] [stdout] 
[INFO] [stdout] 
[INFO] [stdout] error[E0433]: failed to resolve: use of undeclared crate or module `pollster`
[INFO] [stdout]   --> tests/test.rs:24:3
[INFO] [stdout]    |
[INFO] [stdout] 24 | #[pollster::test(crate = "reexported_pollster")]
[INFO] [stdout]    |   ^^^^^^^^ use of undeclared crate or module `pollster`
[INFO] [stdout] 
[INFO] [stdout] 
[INFO] [stdout] error[E0433]: failed to resolve: use of undeclared crate or module `pollster`
[INFO] [stdout]   --> tests/test.rs:19:3
[INFO] [stdout]    |
[INFO] [stdout] 19 | #[pollster::test(crate = reexported_pollster)]
[INFO] [stdout]    |   ^^^^^^^^ use of undeclared crate or module `pollster`
[INFO] [stdout] 
[INFO] [stdout] 
[INFO] [stdout] error[E0433]: failed to resolve: use of undeclared crate or module `pollster`
[INFO] [stdout]   --> tests/test.rs:10:3
[INFO] [stdout]    |
[INFO] [stdout] 10 | #[pollster::test]
[INFO] [stdout]    |   ^^^^^^^^ use of undeclared crate or module `pollster`
[INFO] [stdout] 
[INFO] [stdout] 
[INFO] [stdout] error[E0433]: failed to resolve: use of undeclared crate or module `pollster`
[INFO] [stdout]  --> tests/test.rs:5:3
[INFO] [stdout]   |
[INFO] [stdout] 5 | #[pollster::test]
[INFO] [stdout]   |   ^^^^^^^^ use of undeclared crate or module `pollster`
[INFO] [stdout] 
[INFO] [stdout] 
[INFO] [stdout] error[E0463]: can't find crate for `pollster`
[INFO] [stdout]  --> tests/main.rs:1:1
[INFO] [stdout]   |
[INFO] [stdout] 1 | extern crate pollster as reexported_pollster;
[INFO] [stdout]   | ^^^^^^^^^^^^^^^^^^^^^^^^^^^^^^^^^^^^^^^^^^^^^ can't find crate
[INFO] [stdout] 
[INFO] [stdout] 
[INFO] [stdout] error[E0433]: failed to resolve: use of undeclared crate or module `pollster`
[INFO] [stdout]  --> tests/main.rs:5:3
[INFO] [stdout]   |
[INFO] [stdout] 5 | #[pollster::main]
[INFO] [stdout]   |   ^^^^^^^^ use of undeclared crate or module `pollster`
[INFO] [stdout] 
[INFO] [stdout] 
[INFO] [stdout] error[E0433]: failed to resolve: use of undeclared crate or module `pollster`
[INFO] [stdout]   --> tests/main.rs:15:3
[INFO] [stdout]    |
[INFO] [stdout] 15 | #[pollster::main]
[INFO] [stdout]    |   ^^^^^^^^ use of undeclared crate or module `pollster`
[INFO] [stdout] 
[INFO] [stdout] 
[INFO] [stdout] error[E0433]: failed to resolve: use of undeclared crate or module `pollster`
[INFO] [stdout]   --> tests/main.rs:26:3
[INFO] [stdout]    |
[INFO] [stdout] 26 | #[pollster::main(crate = reexported_pollster)]
[INFO] [stdout]    |   ^^^^^^^^ use of undeclared crate or module `pollster`
[INFO] [stdout] 
[INFO] [stdout] 
[INFO] [stdout] error[E0433]: failed to resolve: use of undeclared crate or module `pollster`
[INFO] [stdout]   --> tests/main.rs:31:3
[INFO] [stdout]    |
[INFO] [stdout] 31 | #[pollster::main(crate = "reexported_pollster")]
[INFO] [stdout]    |   ^^^^^^^^ use of undeclared crate or module `pollster`
[INFO] [stdout] 
[INFO] [stdout] 
[INFO] [stdout] Some errors have detailed explanations: E0433, E0463.
[INFO] [stdout] 
[INFO] [stdout] For more information about an error, try `rustc --explain E0433`.
[INFO] [stdout] 
[INFO] [stderr] error: could not compile `pollster-macro` (test "test") due to 5 previous errors
[INFO] [stderr] warning: build failed, waiting for other jobs to finish...
[INFO] [stdout] error[E0599]: no method named `unwrap` found for opaque type `impl Future<Output = Result<(), std::io::Error>>` in the current scope
[INFO] [stdout]   --> tests/main.rs:23:19
[INFO] [stdout]    |
[INFO] [stdout] 23 |     main_result().unwrap();
[INFO] [stdout]    |                   ^^^^^^ method not found in `impl Future<Output = Result<(), Error>>`
[INFO] [stdout]    |
[INFO] [stdout] help: consider `await`ing on the `Future` and calling the method on its `Output`
[INFO] [stdout]    |
[INFO] [stdout] 23 |     main_result().await.unwrap();
[INFO] [stdout]    |                   ++++++
[INFO] [stdout] 
[INFO] [stdout] 
[INFO] [stdout] Some errors have detailed explanations: E0433, E0463, E0599.
[INFO] [stdout] 
[INFO] [stdout] For more information about an error, try `rustc --explain E0433`.
[INFO] [stdout] 
[INFO] [stderr] error: could not compile `pollster-macro` (test "main") due to 6 previous errors
[INFO] running `Command { std: "docker" "inspect" "e29cd023414377f30da823668ab8aff9116b1ee8ed4770c00b633dec19b0dbcc", kill_on_drop: false }`
[INFO] running `Command { std: "docker" "rm" "-f" "e29cd023414377f30da823668ab8aff9116b1ee8ed4770c00b633dec19b0dbcc", kill_on_drop: false }`
[INFO] [stdout] e29cd023414377f30da823668ab8aff9116b1ee8ed4770c00b633dec19b0dbcc
