[INFO] fetching crate polars-time 0.44.0...
[INFO] testing polars-time-0.44.0 against nightly-2024-10-28+rustflags=-Zrandomize-layout for randomize-layout
[INFO] extracting crate polars-time 0.44.0 into /workspace/builds/worker-5-tc2/source
[INFO] validating manifest of crates.io crate polars-time 0.44.0 on toolchain nightly-2024-10-28
[INFO] running `Command { std: CARGO_HOME="/workspace/cargo-home" RUSTUP_HOME="/workspace/rustup-home" "/workspace/cargo-home/bin/cargo" "+nightly-2024-10-28" "metadata" "--manifest-path" "Cargo.toml" "--no-deps", kill_on_drop: false }`
[INFO] started tweaking crates.io crate polars-time 0.44.0
[INFO] finished tweaking crates.io crate polars-time 0.44.0
[INFO] tweaked toml for crates.io crate polars-time 0.44.0 written to /workspace/builds/worker-5-tc2/source/Cargo.toml
[INFO] running `Command { std: CARGO_HOME="/workspace/cargo-home" RUSTUP_HOME="/workspace/rustup-home" "/workspace/cargo-home/bin/cargo" "+nightly-2024-10-28" "generate-lockfile" "--manifest-path" "Cargo.toml", kill_on_drop: false }`
[INFO] [stderr]     Updating crates.io index
[INFO] [stderr]      Locking 125 packages to latest compatible versions
[INFO] [stderr]       Adding chrono-tz v0.8.6 (available: v0.10.0)
[INFO] running `Command { std: CARGO_HOME="/workspace/cargo-home" RUSTUP_HOME="/workspace/rustup-home" "/workspace/cargo-home/bin/cargo" "+nightly-2024-10-28" "fetch" "--manifest-path" "Cargo.toml", kill_on_drop: false }`
[INFO] running `Command { std: "docker" "create" "-v" "/var/lib/crater-agent-workspace/builds/worker-5-tc2/target:/opt/rustwide/target:rw,Z" "-v" "/var/lib/crater-agent-workspace/builds/worker-5-tc2/source:/opt/rustwide/workdir:ro,Z" "-v" "/var/lib/crater-agent-workspace/cargo-home:/opt/rustwide/cargo-home:ro,Z" "-v" "/var/lib/crater-agent-workspace/rustup-home:/opt/rustwide/rustup-home:ro,Z" "-e" "SOURCE_DIR=/opt/rustwide/workdir" "-e" "CARGO_TARGET_DIR=/opt/rustwide/target" "-e" "CARGO_HOME=/opt/rustwide/cargo-home" "-e" "RUSTUP_HOME=/opt/rustwide/rustup-home" "-w" "/opt/rustwide/workdir" "-m" "1610612736" "--user" "0:0" "--network" "none" "ghcr.io/rust-lang/crates-build-env/linux@sha256:4a844ea9eb2546a2d2c7022eacef16ef2e8229c7fbb2c7d4d55a9ceca922f72d" "/opt/rustwide/cargo-home/bin/cargo" "+nightly-2024-10-28" "metadata" "--no-deps" "--format-version=1", kill_on_drop: false }`
[INFO] [stdout] 25c57483d8c119272356b73df84c8d9a5d083af36c87c8a694b3a6964890b6c0
[INFO] running `Command { std: "docker" "start" "-a" "25c57483d8c119272356b73df84c8d9a5d083af36c87c8a694b3a6964890b6c0", kill_on_drop: false }`
[INFO] running `Command { std: "docker" "inspect" "25c57483d8c119272356b73df84c8d9a5d083af36c87c8a694b3a6964890b6c0", kill_on_drop: false }`
[INFO] running `Command { std: "docker" "rm" "-f" "25c57483d8c119272356b73df84c8d9a5d083af36c87c8a694b3a6964890b6c0", kill_on_drop: false }`
[INFO] [stdout] 25c57483d8c119272356b73df84c8d9a5d083af36c87c8a694b3a6964890b6c0
[INFO] running `Command { std: "docker" "create" "-v" "/var/lib/crater-agent-workspace/builds/worker-5-tc2/target:/opt/rustwide/target:rw,Z" "-v" "/var/lib/crater-agent-workspace/builds/worker-5-tc2/source:/opt/rustwide/workdir:ro,Z" "-v" "/var/lib/crater-agent-workspace/cargo-home:/opt/rustwide/cargo-home:ro,Z" "-v" "/var/lib/crater-agent-workspace/rustup-home:/opt/rustwide/rustup-home:ro,Z" "-e" "SOURCE_DIR=/opt/rustwide/workdir" "-e" "CARGO_TARGET_DIR=/opt/rustwide/target" "-e" "CARGO_INCREMENTAL=0" "-e" "RUST_BACKTRACE=full" "-e" "RUSTFLAGS=--cap-lints=forbid -Zrandomize-layout" "-e" "RUSTDOCFLAGS=--cap-lints=forbid" "-e" "CARGO_HOME=/opt/rustwide/cargo-home" "-e" "RUSTUP_HOME=/opt/rustwide/rustup-home" "-w" "/opt/rustwide/workdir" "-m" "1610612736" "--user" "0:0" "--network" "none" "ghcr.io/rust-lang/crates-build-env/linux@sha256:4a844ea9eb2546a2d2c7022eacef16ef2e8229c7fbb2c7d4d55a9ceca922f72d" "/opt/rustwide/cargo-home/bin/cargo" "+nightly-2024-10-28" "build" "--frozen" "--message-format=json", kill_on_drop: false }`
[INFO] [stdout] 52e99af04691e8b175422acc03b38e99fbd2c39c5ec1a011cd212f5b87cfe8e1
[INFO] running `Command { std: "docker" "start" "-a" "52e99af04691e8b175422acc03b38e99fbd2c39c5ec1a011cd212f5b87cfe8e1", kill_on_drop: false }`
[INFO] [stderr]    Compiling version_check v0.9.5
[INFO] [stderr]    Compiling autocfg v1.4.0
[INFO] [stderr]    Compiling crossbeam-utils v0.8.20
[INFO] [stderr]    Compiling shlex v1.3.0
[INFO] [stderr]    Compiling serde v1.0.214
[INFO] [stderr]    Compiling rayon-core v1.12.1
[INFO] [stderr]    Compiling rustversion v1.0.18
[INFO] [stderr]    Compiling memchr v2.7.4
[INFO] [stderr]    Compiling either v1.13.0
[INFO] [stderr]    Compiling regex-syntax v0.8.5
[INFO] [stderr]    Compiling allocator-api2 v0.2.18
[INFO] [stderr]    Compiling thiserror v1.0.66
[INFO] [stderr]    Compiling target-features v0.1.6
[INFO] [stderr]    Compiling syn v1.0.109
[INFO] [stderr]    Compiling syn v2.0.86
[INFO] [stderr]    Compiling getrandom v0.2.15
[INFO] [stderr]    Compiling once_cell v1.20.2
[INFO] [stderr]    Compiling cc v1.1.31
[INFO] [stderr]    Compiling foldhash v0.1.3
[INFO] [stderr]    Compiling zerocopy v0.7.35
[INFO] [stderr]    Compiling ryu v1.0.18
[INFO] [stderr]    Compiling ahash v0.8.11
[INFO] [stderr]    Compiling polars-utils v0.44.2
[INFO] [stderr]    Compiling simdutf8 v0.1.5
[INFO] [stderr]    Compiling parking_lot_core v0.9.10
[INFO] [stderr]    Compiling bitflags v2.6.0
[INFO] [stderr]    Compiling itoa v1.0.11
[INFO] [stderr]    Compiling raw-cpuid v11.2.0
[INFO] [stderr]    Compiling polars-schema v0.44.2
[INFO] [stderr]    Compiling smallvec v1.13.2
[INFO] [stderr]    Compiling iana-time-zone v0.1.61
[INFO] [stderr]    Compiling bytes v1.8.0
[INFO] [stderr]    Compiling num-traits v0.2.19
[INFO] [stderr]    Compiling lock_api v0.4.12
[INFO] [stderr]    Compiling crossbeam-epoch v0.9.18
[INFO] [stderr]    Compiling aho-corasick v1.1.3
[INFO] [stderr]    Compiling crossbeam-deque v0.8.5
[INFO] [stderr]    Compiling polars-arrow v0.44.2
[INFO] [stderr]    Compiling heck v0.5.0
[INFO] [stderr]    Compiling atoi_simd v0.15.6
[INFO] [stderr]    Compiling dyn-clone v1.0.17
[INFO] [stderr]    Compiling castaway v0.2.3
[INFO] [stderr]    Compiling fast-float v0.2.0
[INFO] [stderr]    Compiling parking_lot v0.12.3
[INFO] [stderr]    Compiling ethnum v1.5.0
[INFO] [stderr]    Compiling strength_reduce v0.2.4
[INFO] [stderr]    Compiling streaming-iterator v0.1.9
[INFO] [stderr]    Compiling polars-compute v0.44.2
[INFO] [stderr]    Compiling polars-core v0.44.2
[INFO] [stderr]    Compiling polars-ops v0.44.2
[INFO] [stderr]    Compiling xxhash-rust v0.8.12
[INFO] [stderr]    Compiling rayon v1.10.0
[INFO] [stderr]    Compiling psm v0.1.23
[INFO] [stderr]    Compiling stacker v0.1.17
[INFO] [stderr]    Compiling chrono v0.4.38
[INFO] [stderr]    Compiling argminmax v0.6.2
[INFO] [stderr]    Compiling atoi v2.0.0
[INFO] [stderr]    Compiling regex-automata v0.4.8
[INFO] [stderr]    Compiling serde_derive v1.0.214
[INFO] [stderr]    Compiling thiserror-impl v1.0.66
[INFO] [stderr]    Compiling bytemuck_derive v1.8.0
[INFO] [stderr]    Compiling strum_macros v0.26.4
[INFO] [stderr]    Compiling now v0.1.3
[INFO] [stderr]    Compiling bytemuck v1.19.0
[INFO] [stderr]    Compiling regex v1.11.1
[INFO] [stderr]    Compiling multiversion-macros v0.7.4
[INFO] [stderr]    Compiling polars-error v0.44.2
[INFO] [stderr]    Compiling multiversion v0.7.4
[INFO] [stderr]    Compiling hashbrown v0.15.0
[INFO] [stderr]    Compiling compact_str v0.8.0
[INFO] [stderr]    Compiling hashbrown v0.14.5
[INFO] [stderr]    Compiling indexmap v2.6.0
[INFO] [stderr]    Compiling polars-row v0.44.2
[INFO] [stderr]    Compiling polars-time v0.44.0 (/opt/rustwide/workdir)
[INFO] [stdout] error[E0432]: unresolved import `polars_utils::slice::GetSaferUnchecked`
[INFO] [stdout]  --> src/chunkedarray/string/strptime.rs:6:5
[INFO] [stdout]   |
[INFO] [stdout] 6 | use polars_utils::slice::GetSaferUnchecked;
[INFO] [stdout]   |     ^^^^^^^^^^^^^^^^^^^^^^^^^^^^^^^^^^^^^^ no `GetSaferUnchecked` in `slice`
[INFO] [stdout] 
[INFO] [stdout] 
[INFO] [stdout] error[E0432]: unresolved import `polars_utils::slice::GetSaferUnchecked`
[INFO] [stdout]  --> src/windows/group_by.rs:8:5
[INFO] [stdout]   |
[INFO] [stdout] 8 | use polars_utils::slice::GetSaferUnchecked;
[INFO] [stdout]   |     ^^^^^^^^^^^^^^^^^^^^^^^^^^^^^^^^^^^^^^ no `GetSaferUnchecked` in `slice`
[INFO] [stdout] 
[INFO] [stdout] 
[INFO] [stdout] warning: unused imports: `BooleanArray` and `PrimitiveArray`
[INFO] [stdout]  --> src/chunkedarray/kernels.rs:3:20
[INFO] [stdout]   |
[INFO] [stdout] 3 | use arrow::array::{BooleanArray, PrimitiveArray};
[INFO] [stdout]   |                    ^^^^^^^^^^^^  ^^^^^^^^^^^^^^
[INFO] [stdout]   |
[INFO] [stdout]   = note: `#[warn(unused_imports)]` on by default
[INFO] [stdout] 
[INFO] [stdout] 
[INFO] [stdout] warning: unused import: `arrow::compute::arity::unary`
[INFO] [stdout]  --> src/chunkedarray/kernels.rs:4:5
[INFO] [stdout]   |
[INFO] [stdout] 4 | use arrow::compute::arity::unary;
[INFO] [stdout]   |     ^^^^^^^^^^^^^^^^^^^^^^^^^^^^
[INFO] [stdout] 
[INFO] [stdout] 
[INFO] [stdout] warning: unused imports: `date32_to_datetime_opt`, `timestamp_ms_to_datetime_opt`, `timestamp_ns_to_datetime_opt`, and `timestamp_us_to_datetime_opt`
[INFO] [stdout]  --> src/chunkedarray/kernels.rs:8:5
[INFO] [stdout]   |
[INFO] [stdout] 8 |     date32_to_datetime_opt, timestamp_ms_to_datetime_opt, timestamp_ns_to_datetime_opt,
[INFO] [stdout]   |     ^^^^^^^^^^^^^^^^^^^^^^  ^^^^^^^^^^^^^^^^^^^^^^^^^^^^  ^^^^^^^^^^^^^^^^^^^^^^^^^^^^
[INFO] [stdout] 9 |     timestamp_us_to_datetime_opt,
[INFO] [stdout]   |     ^^^^^^^^^^^^^^^^^^^^^^^^^^^^
[INFO] [stdout] 
[INFO] [stdout] 
[INFO] [stdout] warning: unused import: `Timelike`
[INFO] [stdout]   --> src/chunkedarray/kernels.rs:11:24
[INFO] [stdout]    |
[INFO] [stdout] 11 | use chrono::{Datelike, Timelike};
[INFO] [stdout]    |                        ^^^^^^^^
[INFO] [stdout] 
[INFO] [stdout] 
[INFO] [stdout] warning: unused import: `super::super::windows::calendar::*`
[INFO] [stdout]   --> src/chunkedarray/kernels.rs:13:5
[INFO] [stdout]    |
[INFO] [stdout] 13 | use super::super::windows::calendar::*;
[INFO] [stdout]    |     ^^^^^^^^^^^^^^^^^^^^^^^^^^^^^^^^^^
[INFO] [stdout] 
[INFO] [stdout] 
[INFO] [stdout] warning: unused macro definition: `to_temporal_unit`
[INFO] [stdout]   --> src/chunkedarray/kernels.rs:39:14
[INFO] [stdout]    |
[INFO] [stdout] 39 | macro_rules! to_temporal_unit {
[INFO] [stdout]    |              ^^^^^^^^^^^^^^^^
[INFO] [stdout]    |
[INFO] [stdout]    = note: `#[warn(unused_macros)]` on by default
[INFO] [stdout] 
[INFO] [stdout] 
[INFO] [stdout] warning: unused macro definition: `to_boolean_temporal_unit`
[INFO] [stdout]   --> src/chunkedarray/kernels.rs:58:14
[INFO] [stdout]    |
[INFO] [stdout] 58 | macro_rules! to_boolean_temporal_unit {
[INFO] [stdout]    |              ^^^^^^^^^^^^^^^^^^^^^^^^
[INFO] [stdout] 
[INFO] [stdout] 
[INFO] [stdout] warning: unused import: `chrono::format::ParseErrorKind`
[INFO] [stdout]  --> src/chunkedarray/string/infer.rs:2:5
[INFO] [stdout]   |
[INFO] [stdout] 2 | use chrono::format::ParseErrorKind;
[INFO] [stdout]   |     ^^^^^^^^^^^^^^^^^^^^^^^^^^^^^^
[INFO] [stdout] 
[INFO] [stdout] 
[INFO] [stdout] warning: unused import: `crate::chunkedarray::string::strptime`
[INFO] [stdout]   --> src/chunkedarray/string/infer.rs:11:5
[INFO] [stdout]    |
[INFO] [stdout] 11 | use crate::chunkedarray::string::strptime;
[INFO] [stdout]    |     ^^^^^^^^^^^^^^^^^^^^^^^^^^^^^^^^^^^^^
[INFO] [stdout] 
[INFO] [stdout] 
[INFO] [stdout] warning: unused import: `chrono::DateTime`
[INFO] [stdout]  --> src/chunkedarray/string/mod.rs:2:5
[INFO] [stdout]   |
[INFO] [stdout] 2 | use chrono::DateTime;
[INFO] [stdout]   |     ^^^^^^^^^^^^^^^^
[INFO] [stdout] 
[INFO] [stdout] 
[INFO] [stdout] warning: unused import: `polars_core::prelude::arity::unary_elementwise`
[INFO] [stdout]   --> src/chunkedarray/string/mod.rs:10:5
[INFO] [stdout]    |
[INFO] [stdout] 10 | use polars_core::prelude::arity::unary_elementwise;
[INFO] [stdout]    |     ^^^^^^^^^^^^^^^^^^^^^^^^^^^^^^^^^^^^^^^^^^^^^^
[INFO] [stdout] 
[INFO] [stdout] 
[INFO] [stdout] warning: unused import: `polars_utils::cache::FastCachedFunc`
[INFO] [stdout]   --> src/chunkedarray/string/mod.rs:11:5
[INFO] [stdout]    |
[INFO] [stdout] 11 | use polars_utils::cache::FastCachedFunc;
[INFO] [stdout]    |     ^^^^^^^^^^^^^^^^^^^^^^^^^^^^^^^^^^^
[INFO] [stdout] 
[INFO] [stdout] 
[INFO] [stdout] warning: unused import: `crate::prelude::string::strptime::StrpTimeState`
[INFO] [stdout]   --> src/chunkedarray/string/mod.rs:16:5
[INFO] [stdout]    |
[INFO] [stdout] 16 | use crate::prelude::string::strptime::StrpTimeState;
[INFO] [stdout]    |     ^^^^^^^^^^^^^^^^^^^^^^^^^^^^^^^^^^^^^^^^^^^^^^^
[INFO] [stdout] 
[INFO] [stdout] 
[INFO] [stdout] warning: unused import: `arrow::legacy::utils::CustomIterTools`
[INFO] [stdout]   --> src/chunkedarray/mod.rs:15:5
[INFO] [stdout]    |
[INFO] [stdout] 15 | use arrow::legacy::utils::CustomIterTools;
[INFO] [stdout]    |     ^^^^^^^^^^^^^^^^^^^^^^^^^^^^^^^^^^^^^
[INFO] [stdout] 
[INFO] [stdout] 
[INFO] [stdout] warning: unused import: `NaiveTime`
[INFO] [stdout]   --> src/chunkedarray/mod.rs:16:40
[INFO] [stdout]    |
[INFO] [stdout] 16 | use chrono::{NaiveDate, NaiveDateTime, NaiveTime};
[INFO] [stdout]    |                                        ^^^^^^^^^
[INFO] [stdout] 
[INFO] [stdout] 
[INFO] [stdout] warning: unused import: `kernels::*`
[INFO] [stdout]   --> src/chunkedarray/mod.rs:23:5
[INFO] [stdout]    |
[INFO] [stdout] 23 | use kernels::*;
[INFO] [stdout]    |     ^^^^^^^^^^
[INFO] [stdout] 
[INFO] [stdout] 
[INFO] [stdout] warning: unused import: `polars_utils::format_pl_smallstr`
[INFO] [stdout]  --> src/date_range.rs:6:5
[INFO] [stdout]   |
[INFO] [stdout] 6 | use polars_utils::format_pl_smallstr;
[INFO] [stdout]   |     ^^^^^^^^^^^^^^^^^^^^^^^^^^^^^^^^
[INFO] [stdout] 
[INFO] [stdout] 
[INFO] [stdout] warning: unused imports: `Deref` and `Div`
[INFO] [stdout]  --> src/series/mod.rs:1:16
[INFO] [stdout]   |
[INFO] [stdout] 1 | use std::ops::{Deref, Div};
[INFO] [stdout]   |                ^^^^^  ^^^
[INFO] [stdout] 
[INFO] [stdout] 
[INFO] [stdout] warning: unused imports: `MICROSECONDS_IN_DAY`, `MILLISECONDS_IN_DAY`, and `NANOSECONDS_IN_DAY`
[INFO] [stdout]  --> src/series/mod.rs:3:35
[INFO] [stdout]   |
[INFO] [stdout] 3 | use arrow::temporal_conversions::{MICROSECONDS_IN_DAY, MILLISECONDS_IN_DAY, NANOSECONDS_IN_DAY};
[INFO] [stdout]   |                                   ^^^^^^^^^^^^^^^^^^^  ^^^^^^^^^^^^^^^^^^^  ^^^^^^^^^^^^^^^^^^
[INFO] [stdout] 
[INFO] [stdout] 
[INFO] [stdout] warning: unused import: `polars_core::prelude::arity::unary_elementwise_values`
[INFO] [stdout]  --> src/series/mod.rs:4:5
[INFO] [stdout]   |
[INFO] [stdout] 4 | use polars_core::prelude::arity::unary_elementwise_values;
[INFO] [stdout]   |     ^^^^^^^^^^^^^^^^^^^^^^^^^^^^^^^^^^^^^^^^^^^^^^^^^^^^^
[INFO] [stdout] 
[INFO] [stdout] 
[INFO] [stdout] warning: unused import: `crate::chunkedarray::*`
[INFO] [stdout]  --> src/series/mod.rs:7:5
[INFO] [stdout]   |
[INFO] [stdout] 7 | use crate::chunkedarray::*;
[INFO] [stdout]   |     ^^^^^^^^^^^^^^^^^^^^^^
[INFO] [stdout] 
[INFO] [stdout] 
[INFO] [stdout] error[E0599]: no method named `get_unchecked_release` found for reference `&[i64]` in the current scope
[INFO] [stdout]    --> src/windows/group_by.rs:273:37
[INFO] [stdout]     |
[INFO] [stdout] 273 |             for &t in unsafe { time.get_unchecked_release(start..i) } {
[INFO] [stdout]     |                                     ^^^^^^^^^^^^^^^^^^^^^
[INFO] [stdout]     |
[INFO] [stdout] help: there is a method `get_unchecked` with a similar name
[INFO] [stdout]     |
[INFO] [stdout] 273 |             for &t in unsafe { time.get_unchecked(start..i) } {
[INFO] [stdout]     |                                     ~~~~~~~~~~~~~
[INFO] [stdout] 
[INFO] [stdout] 
[INFO] [stdout] error[E0599]: no method named `get_unchecked_release` found for reference `&[i64]` in the current scope
[INFO] [stdout]    --> src/windows/group_by.rs:287:37
[INFO] [stdout]     |
[INFO] [stdout] 287 |             for &t in unsafe { time.get_unchecked_release(end..) } {
[INFO] [stdout]     |                                     ^^^^^^^^^^^^^^^^^^^^^
[INFO] [stdout]     |
[INFO] [stdout] help: there is a method `get_unchecked` with a similar name
[INFO] [stdout]     |
[INFO] [stdout] 287 |             for &t in unsafe { time.get_unchecked(end..) } {
[INFO] [stdout]     |                                     ~~~~~~~~~~~~~
[INFO] [stdout] 
[INFO] [stdout] 
[INFO] [stdout] error[E0599]: no method named `get_unchecked_release` found for reference `&[u8]` in the current scope
[INFO] [stdout]    --> src/chunkedarray/string/strptime.rs:156:41
[INFO] [stdout]     |
[INFO] [stdout] 156 |                         let bytes = val.get_unchecked_release(offset..new_offset);
[INFO] [stdout]     |                                         ^^^^^^^^^^^^^^^^^^^^^
[INFO] [stdout]     |
[INFO] [stdout] help: there is a method `get_unchecked` with a similar name
[INFO] [stdout]     |
[INFO] [stdout] 156 |                         let bytes = val.get_unchecked(offset..new_offset);
[INFO] [stdout]     |                                         ~~~~~~~~~~~~~
[INFO] [stdout] 
[INFO] [stdout] 
[INFO] [stdout] warning: unused variable: `format`
[INFO] [stdout]    --> src/series/mod.rs:256:25
[INFO] [stdout]     |
[INFO] [stdout] 256 |     fn to_string(&self, format: &str) -> PolarsResult<Series> {
[INFO] [stdout]     |                         ^^^^^^ help: if this is intentional, prefix it with an underscore: `_format`
[INFO] [stdout]     |
[INFO] [stdout]     = note: `#[warn(unused_variables)]` on by default
[INFO] [stdout] 
[INFO] [stdout] 
[INFO] [stdout] Some errors have detailed explanations: E0432, E0599.
[INFO] [stdout] 
[INFO] [stdout] For more information about an error, try `rustc --explain E0432`.
[INFO] [stdout] 
[INFO] [stderr] error: could not compile `polars-time` (lib) due to 5 previous errors; 22 warnings emitted
[INFO] [stderr] warning: build failed, waiting for other jobs to finish...
[INFO] [stderr] error: could not compile `polars-core` (lib)
[INFO] [stderr] 
[INFO] [stderr] Caused by:
[INFO] [stderr]   process didn't exit successfully: `/opt/rustwide/rustup-home/toolchains/nightly-2024-10-28-x86_64-unknown-linux-gnu/bin/rustc --crate-name polars_core --edition=2021 /opt/rustwide/cargo-home/registry/src/index.crates.io-6f17d22bba15001f/polars-core-0.44.2/src/lib.rs --error-format=json --json=diagnostic-rendered-ansi,artifacts,future-incompat --crate-type lib --emit=dep-info,metadata,link -C embed-bitcode=no -C debuginfo=2 --cfg 'feature="algorithm_group_by"' --cfg 'feature="chrono"' --cfg 'feature="dtype-date"' --cfg 'feature="dtype-datetime"' --cfg 'feature="dtype-duration"' --cfg 'feature="dtype-time"' --cfg 'feature="regex"' --cfg 'feature="temporal"' --cfg 'feature="zip_with"' --check-cfg 'cfg(docsrs)' --check-cfg 'cfg(feature, values("algorithm_group_by", "approx_unique", "avx512", "bigidx", "bitwise", "checked_arithmetic", "chrono", "chrono-tz", "comfy-table", "dataframe_arithmetic", "default", "describe", "diagonal_concat", "docs", "docs-selection", "dot_product", "dtype-array", "dtype-categorical", "dtype-date", "dtype-datetime", "dtype-decimal", "dtype-duration", "dtype-i16", "dtype-i8", "dtype-struct", "dtype-time", "dtype-u16", "dtype-u8", "dynamic_group_by", "fmt", "fmt_no_tty", "group_by_list", "is_first_distinct", "is_last_distinct", "lazy", "list_arithmetic", "ndarray", "nightly", "object", "partition_by", "performant", "product", "python", "rand", "rand_distr", "random", "regex", "reinterpret", "rolling_window", "rolling_window_by", "round_series", "row_hash", "rows", "serde", "serde-lazy", "serde_json", "simd", "strings", "take_opt_iter", "temporal", "timezones", "unique_counts", "zip_with"))' -C metadata=d222d2da3cc10fd2 -C extra-filename=-d222d2da3cc10fd2 --out-dir /opt/rustwide/target/debug/deps -L dependency=/opt/rustwide/target/debug/deps --extern ahash=/opt/rustwide/target/debug/deps/libahash-b6db54e7e2bf953f.rmeta --extern bitflags=/opt/rustwide/target/debug/deps/libbitflags-37f44213647a4ace.rmeta --extern bytemuck=/opt/rustwide/target/debug/deps/libbytemuck-25cc1b006b35c980.rmeta --extern chrono=/opt/rustwide/target/debug/deps/libchrono-cb28a59678312136.rmeta --extern either=/opt/rustwide/target/debug/deps/libeither-1262fa0ff94c8630.rmeta --extern hashbrown_old_nightly_hack=/opt/rustwide/target/debug/deps/libhashbrown-ba8350587d487b69.rmeta --extern hashbrown=/opt/rustwide/target/debug/deps/libhashbrown-0ed4666fdd0aa177.rmeta --extern indexmap=/opt/rustwide/target/debug/deps/libindexmap-73a54239e8c9cc17.rmeta --extern num_traits=/opt/rustwide/target/debug/deps/libnum_traits-e35ec60fee4843d4.rmeta --extern once_cell=/opt/rustwide/target/debug/deps/libonce_cell-6dc575c335e8f5a1.rmeta --extern arrow=/opt/rustwide/target/debug/deps/libpolars_arrow-7ccefb8a934c83fa.rmeta --extern polars_compute=/opt/rustwide/target/debug/deps/libpolars_compute-d89fadf87539b3e7.rmeta --extern polars_error=/opt/rustwide/target/debug/deps/libpolars_error-453cb09d4e650164.rmeta --extern polars_row=/opt/rustwide/target/debug/deps/libpolars_row-0f91f3df29eb79db.rmeta --extern polars_schema=/opt/rustwide/target/debug/deps/libpolars_schema-0d4d9cbc6ad41f23.rmeta --extern polars_utils=/opt/rustwide/target/debug/deps/libpolars_utils-7b92ab90b5ffc8ed.rmeta --extern rayon=/opt/rustwide/target/debug/deps/librayon-e5623d23010f8239.rmeta --extern regex=/opt/rustwide/target/debug/deps/libregex-e2f88c391915fb65.rmeta --extern strum_macros=/opt/rustwide/target/debug/deps/libstrum_macros-506c93303b3b1b84.so --extern thiserror=/opt/rustwide/target/debug/deps/libthiserror-39f3ad96c0a905a6.rmeta --extern xxhash_rust=/opt/rustwide/target/debug/deps/libxxhash_rust-9c279dca867f2056.rmeta --cap-lints allow --cap-lints=forbid -Zrandomize-layout -L native=/opt/rustwide/target/debug/build/psm-5c7b167534b8a1cf/out --cfg 'feature="nightly"'` (signal: 9, SIGKILL: kill)
[INFO] running `Command { std: "docker" "inspect" "52e99af04691e8b175422acc03b38e99fbd2c39c5ec1a011cd212f5b87cfe8e1", kill_on_drop: false }`
[INFO] running `Command { std: "docker" "rm" "-f" "52e99af04691e8b175422acc03b38e99fbd2c39c5ec1a011cd212f5b87cfe8e1", kill_on_drop: false }`
[INFO] [stdout] 52e99af04691e8b175422acc03b38e99fbd2c39c5ec1a011cd212f5b87cfe8e1
