[INFO] fetching crate polars-row 0.44.0...
[INFO] testing polars-row-0.44.0 against nightly-2024-10-28 for randomize-layout
[INFO] extracting crate polars-row 0.44.0 into /workspace/builds/worker-2-tc1/source
[INFO] validating manifest of crates.io crate polars-row 0.44.0 on toolchain nightly-2024-10-28
[INFO] running `Command { std: CARGO_HOME="/workspace/cargo-home" RUSTUP_HOME="/workspace/rustup-home" "/workspace/cargo-home/bin/cargo" "+nightly-2024-10-28" "metadata" "--manifest-path" "Cargo.toml" "--no-deps", kill_on_drop: false }`
[INFO] started tweaking crates.io crate polars-row 0.44.0
[INFO] finished tweaking crates.io crate polars-row 0.44.0
[INFO] tweaked toml for crates.io crate polars-row 0.44.0 written to /workspace/builds/worker-2-tc1/source/Cargo.toml
[INFO] running `Command { std: CARGO_HOME="/workspace/cargo-home" RUSTUP_HOME="/workspace/rustup-home" "/workspace/cargo-home/bin/cargo" "+nightly-2024-10-28" "generate-lockfile" "--manifest-path" "Cargo.toml", kill_on_drop: false }`
[INFO] [stderr]     Updating crates.io index
[INFO] [stderr]      Locking 87 packages to latest compatible versions
[INFO] running `Command { std: CARGO_HOME="/workspace/cargo-home" RUSTUP_HOME="/workspace/rustup-home" "/workspace/cargo-home/bin/cargo" "+nightly-2024-10-28" "fetch" "--manifest-path" "Cargo.toml", kill_on_drop: false }`
[INFO] [stderr]  Downloading crates ...
[INFO] [stderr]   Downloaded polars-error v0.44.2
[INFO] [stderr]   Downloaded polars-schema v0.44.2
[INFO] [stderr]   Downloaded polars-utils v0.44.2
[INFO] [stderr]   Downloaded polars-arrow v0.44.2
[INFO] running `Command { std: "docker" "create" "-v" "/var/lib/crater-agent-workspace/builds/worker-2-tc1/target:/opt/rustwide/target:rw,Z" "-v" "/var/lib/crater-agent-workspace/builds/worker-2-tc1/source:/opt/rustwide/workdir:ro,Z" "-v" "/var/lib/crater-agent-workspace/cargo-home:/opt/rustwide/cargo-home:ro,Z" "-v" "/var/lib/crater-agent-workspace/rustup-home:/opt/rustwide/rustup-home:ro,Z" "-e" "SOURCE_DIR=/opt/rustwide/workdir" "-e" "CARGO_TARGET_DIR=/opt/rustwide/target" "-e" "CARGO_HOME=/opt/rustwide/cargo-home" "-e" "RUSTUP_HOME=/opt/rustwide/rustup-home" "-w" "/opt/rustwide/workdir" "-m" "1610612736" "--user" "0:0" "--network" "none" "ghcr.io/rust-lang/crates-build-env/linux@sha256:4a844ea9eb2546a2d2c7022eacef16ef2e8229c7fbb2c7d4d55a9ceca922f72d" "/opt/rustwide/cargo-home/bin/cargo" "+nightly-2024-10-28" "metadata" "--no-deps" "--format-version=1", kill_on_drop: false }`
[INFO] [stdout] a3a06184795bf1d2623fec0c4bec74f898a824d17e999cb147cb1993f6dc375f
[INFO] running `Command { std: "docker" "start" "-a" "a3a06184795bf1d2623fec0c4bec74f898a824d17e999cb147cb1993f6dc375f", kill_on_drop: false }`
[INFO] running `Command { std: "docker" "inspect" "a3a06184795bf1d2623fec0c4bec74f898a824d17e999cb147cb1993f6dc375f", kill_on_drop: false }`
[INFO] running `Command { std: "docker" "rm" "-f" "a3a06184795bf1d2623fec0c4bec74f898a824d17e999cb147cb1993f6dc375f", kill_on_drop: false }`
[INFO] [stdout] a3a06184795bf1d2623fec0c4bec74f898a824d17e999cb147cb1993f6dc375f
[INFO] running `Command { std: "docker" "create" "-v" "/var/lib/crater-agent-workspace/builds/worker-2-tc1/target:/opt/rustwide/target:rw,Z" "-v" "/var/lib/crater-agent-workspace/builds/worker-2-tc1/source:/opt/rustwide/workdir:ro,Z" "-v" "/var/lib/crater-agent-workspace/cargo-home:/opt/rustwide/cargo-home:ro,Z" "-v" "/var/lib/crater-agent-workspace/rustup-home:/opt/rustwide/rustup-home:ro,Z" "-e" "SOURCE_DIR=/opt/rustwide/workdir" "-e" "CARGO_TARGET_DIR=/opt/rustwide/target" "-e" "CARGO_INCREMENTAL=0" "-e" "RUST_BACKTRACE=full" "-e" "RUSTFLAGS=--cap-lints=forbid" "-e" "RUSTDOCFLAGS=--cap-lints=forbid" "-e" "CARGO_HOME=/opt/rustwide/cargo-home" "-e" "RUSTUP_HOME=/opt/rustwide/rustup-home" "-w" "/opt/rustwide/workdir" "-m" "1610612736" "--user" "0:0" "--network" "none" "ghcr.io/rust-lang/crates-build-env/linux@sha256:4a844ea9eb2546a2d2c7022eacef16ef2e8229c7fbb2c7d4d55a9ceca922f72d" "/opt/rustwide/cargo-home/bin/cargo" "+nightly-2024-10-28" "build" "--frozen" "--message-format=json", kill_on_drop: false }`
[INFO] [stdout] 77a11ea0966b775facfda521b10274e24af5f98a63f7007490a866186a587a2b
[INFO] running `Command { std: "docker" "start" "-a" "77a11ea0966b775facfda521b10274e24af5f98a63f7007490a866186a587a2b", kill_on_drop: false }`
[INFO] [stderr]    Compiling proc-macro2 v1.0.89
[INFO] [stderr]    Compiling unicode-ident v1.0.13
[INFO] [stderr]    Compiling version_check v0.9.5
[INFO] [stderr]    Compiling autocfg v1.4.0
[INFO] [stderr]    Compiling crossbeam-utils v0.8.20
[INFO] [stderr]    Compiling libc v0.2.161
[INFO] [stderr]    Compiling shlex v1.3.0
[INFO] [stderr]    Compiling cfg-if v1.0.0
[INFO] [stderr]    Compiling serde v1.0.214
[INFO] [stderr]    Compiling rayon-core v1.12.1
[INFO] [stderr]    Compiling rustversion v1.0.18
[INFO] [stderr]    Compiling either v1.13.0
[INFO] [stderr]    Compiling thiserror v1.0.66
[INFO] [stderr]    Compiling foldhash v0.1.3
[INFO] [stderr]    Compiling allocator-api2 v0.2.18
[INFO] [stderr]    Compiling equivalent v1.0.1
[INFO] [stderr]    Compiling target-features v0.1.6
[INFO] [stderr]    Compiling syn v1.0.109
[INFO] [stderr]    Compiling simdutf8 v0.1.5
[INFO] [stderr]    Compiling cc v1.1.31
[INFO] [stderr]    Compiling bitflags v2.6.0
[INFO] [stderr]    Compiling itoa v1.0.11
[INFO] [stderr]    Compiling parking_lot_core v0.9.10
[INFO] [stderr]    Compiling once_cell v1.20.2
[INFO] [stderr]    Compiling ryu v1.0.18
[INFO] [stderr]    Compiling ahash v0.8.11
[INFO] [stderr]    Compiling polars-utils v0.44.2
[INFO] [stderr]    Compiling static_assertions v1.1.0
[INFO] [stderr]    Compiling zerocopy v0.7.35
[INFO] [stderr]    Compiling polars-schema v0.44.2
[INFO] [stderr]    Compiling raw-cpuid v11.2.0
[INFO] [stderr]    Compiling scopeguard v1.2.0
[INFO] [stderr]    Compiling num-traits v0.2.19
[INFO] [stderr]    Compiling lock_api v0.4.12
[INFO] [stderr]    Compiling smallvec v1.13.2
[INFO] [stderr]    Compiling bytes v1.8.0
[INFO] [stderr]    Compiling polars-arrow v0.44.2
[INFO] [stderr]    Compiling heck v0.5.0
[INFO] [stderr]    Compiling atoi_simd v0.15.6
[INFO] [stderr]    Compiling strength_reduce v0.2.4
[INFO] [stderr]    Compiling streaming-iterator v0.1.9
[INFO] [stderr]    Compiling dyn-clone v1.0.17
[INFO] [stderr]    Compiling crossbeam-epoch v0.9.18
[INFO] [stderr]    Compiling fast-float v0.2.0
[INFO] [stderr]    Compiling ethnum v1.5.0
[INFO] [stderr]    Compiling quote v1.0.37
[INFO] [stderr]    Compiling castaway v0.2.3
[INFO] [stderr]    Compiling syn v2.0.86
[INFO] [stderr]    Compiling crossbeam-deque v0.8.5
[INFO] [stderr]    Compiling getrandom v0.2.15
[INFO] [stderr]    Compiling parking_lot v0.12.3
[INFO] [stderr]    Compiling psm v0.1.23
[INFO] [stderr]    Compiling stacker v0.1.17
[INFO] [stderr]    Compiling chrono v0.4.38
[INFO] [stderr]    Compiling rayon v1.10.0
[INFO] [stderr]    Compiling serde_derive v1.0.214
[INFO] [stderr]    Compiling thiserror-impl v1.0.66
[INFO] [stderr]    Compiling bytemuck_derive v1.8.0
[INFO] [stderr]    Compiling strum_macros v0.26.4
[INFO] [stderr]    Compiling polars-error v0.44.2
[INFO] [stderr]    Compiling bytemuck v1.19.0
[INFO] [stderr]    Compiling multiversion-macros v0.7.4
[INFO] [stderr]    Compiling multiversion v0.7.4
[INFO] [stderr]    Compiling hashbrown v0.15.0
[INFO] [stderr]    Compiling compact_str v0.8.0
[INFO] [stderr]    Compiling indexmap v2.6.0
[INFO] [stderr]    Compiling polars-row v0.44.0 (/opt/rustwide/workdir)
[INFO] [stdout] error[E0432]: unresolved import `polars_utils::slice::GetSaferUnchecked`
[INFO] [stdout]   --> src/encode.rs:10:5
[INFO] [stdout]    |
[INFO] [stdout] 10 | use polars_utils::slice::GetSaferUnchecked;
[INFO] [stdout]    |     ^^^^^^^^^^^^^^^^^^^^^^^^^^^^^^^^^^^^^^ no `GetSaferUnchecked` in `slice`
[INFO] [stdout] 
[INFO] [stdout] 
[INFO] [stdout] error[E0432]: unresolved import `polars_utils::slice::GetSaferUnchecked`
[INFO] [stdout]   --> src/variable.rs:19:27
[INFO] [stdout]    |
[INFO] [stdout] 19 | use polars_utils::slice::{GetSaferUnchecked, Slice2Uninit};
[INFO] [stdout]    |                           ^^^^^^^^^^^^^^^^^ no `GetSaferUnchecked` in `slice`
[INFO] [stdout] 
[INFO] [stdout] 
[INFO] [stdout] error[E0599]: no method named `get_unchecked_release` found for reference `&[i64]` in the current scope
[INFO] [stdout]   --> src/encode.rs:69:49
[INFO] [stdout]    |
[INFO] [stdout] 69 | ...                   let start = *window.get_unchecked_release(0);
[INFO] [stdout]    |                                           ^^^^^^^^^^^^^^^^^^^^^
[INFO] [stdout]    |
[INFO] [stdout] help: there is a method `get_unchecked` with a similar name
[INFO] [stdout]    |
[INFO] [stdout] 69 |                             let start = *window.get_unchecked(0);
[INFO] [stdout]    |                                                 ~~~~~~~~~~~~~
[INFO] [stdout] 
[INFO] [stdout] 
[INFO] [stdout] error[E0599]: no method named `get_unchecked_release` found for reference `&[i64]` in the current scope
[INFO] [stdout]   --> src/encode.rs:70:47
[INFO] [stdout]    |
[INFO] [stdout] 70 | ...                   let end = *window.get_unchecked_release(1);
[INFO] [stdout]    |                                         ^^^^^^^^^^^^^^^^^^^^^
[INFO] [stdout]    |
[INFO] [stdout] help: there is a method `get_unchecked` with a similar name
[INFO] [stdout]    |
[INFO] [stdout] 70 |                             let end = *window.get_unchecked(1);
[INFO] [stdout]    |                                               ~~~~~~~~~~~~~
[INFO] [stdout] 
[INFO] [stdout] 
[INFO] [stdout] error[E0599]: no method named `get_unchecked_release` found for reference `&OffsetsBuffer<i64>` in the current scope
[INFO] [stdout]   --> src/encode.rs:73:57
[INFO] [stdout]    |
[INFO] [stdout] 73 | ...                   let start = *binary_offsets.get_unchecked_release(start as usize);
[INFO] [stdout]    |                                                   ^^^^^^^^^^^^^^^^^^^^^
[INFO] [stdout]    |
[INFO] [stdout] help: there is a method `get_unchecked` with a similar name
[INFO] [stdout]    |
[INFO] [stdout] 73 |                             let start = *binary_offsets.get_unchecked(start as usize);
[INFO] [stdout]    |                                                         ~~~~~~~~~~~~~
[INFO] [stdout] 
[INFO] [stdout] 
[INFO] [stdout] error[E0599]: no method named `get_unchecked_release` found for reference `&OffsetsBuffer<i64>` in the current scope
[INFO] [stdout]   --> src/encode.rs:74:55
[INFO] [stdout]    |
[INFO] [stdout] 74 | ...                   let end = *binary_offsets.get_unchecked_release(end as usize);
[INFO] [stdout]    |                                                 ^^^^^^^^^^^^^^^^^^^^^
[INFO] [stdout]    |
[INFO] [stdout] help: there is a method `get_unchecked` with a similar name
[INFO] [stdout]    |
[INFO] [stdout] 74 |                             let end = *binary_offsets.get_unchecked(end as usize);
[INFO] [stdout]    |                                                       ~~~~~~~~~~~~~
[INFO] [stdout] 
[INFO] [stdout] 
[INFO] [stdout] error[E0599]: no method named `get_unchecked_release` found for reference `&[u8]` in the current scope
[INFO] [stdout]   --> src/encode.rs:79:40
[INFO] [stdout]    |
[INFO] [stdout] 79 | ...                   row_values.get_unchecked_release(start..end)
[INFO] [stdout]    |                                  ^^^^^^^^^^^^^^^^^^^^^
[INFO] [stdout]    |
[INFO] [stdout] help: there is a method `get_unchecked` with a similar name
[INFO] [stdout]    |
[INFO] [stdout] 79 |                             row_values.get_unchecked(start..end)
[INFO] [stdout]    |                                        ~~~~~~~~~~~~~
[INFO] [stdout] 
[INFO] [stdout] 
[INFO] [stdout] error[E0599]: no method named `get_unchecked_release_mut` found for mutable reference `&mut [MaybeUninit<u8>]` in the current scope
[INFO] [stdout]    --> src/fixed.rs:152:28
[INFO] [stdout]     |
[INFO] [stdout] 152 |     let dst = unsafe { buf.get_unchecked_release_mut(*offset..end_offset) };
[INFO] [stdout]     |                            ^^^^^^^^^^^^^^^^^^^^^^^^^
[INFO] [stdout]     |
[INFO] [stdout] help: there is a method `get_unchecked_mut` with a similar name
[INFO] [stdout]     |
[INFO] [stdout] 152 |     let dst = unsafe { buf.get_unchecked_mut(*offset..end_offset) };
[INFO] [stdout]     |                            ~~~~~~~~~~~~~~~~~
[INFO] [stdout] 
[INFO] [stdout] 
[INFO] [stdout] error[E0599]: no method named `get_unchecked_release_mut` found for mutable reference `&mut [MaybeUninit<u8>]` in the current scope
[INFO] [stdout]    --> src/fixed.rs:201:25
[INFO] [stdout]     |
[INFO] [stdout] 201 |                 *values.get_unchecked_release_mut(*offset) =
[INFO] [stdout]     |                         ^^^^^^^^^^^^^^^^^^^^^^^^^
[INFO] [stdout]     |
[INFO] [stdout] help: there is a method `get_unchecked_mut` with a similar name
[INFO] [stdout]     |
[INFO] [stdout] 201 |                 *values.get_unchecked_mut(*offset) =
[INFO] [stdout]     |                         ~~~~~~~~~~~~~~~~~
[INFO] [stdout] 
[INFO] [stdout] 
[INFO] [stdout] error[E0599]: no method named `get_unchecked_release_mut` found for mutable reference `&mut [MaybeUninit<u8>]` in the current scope
[INFO] [stdout]    --> src/fixed.rs:207:36
[INFO] [stdout]     |
[INFO] [stdout] 207 |             let remainder = values.get_unchecked_release_mut(*offset + 1..end_offset);
[INFO] [stdout]     |                                    ^^^^^^^^^^^^^^^^^^^^^^^^^
[INFO] [stdout]     |
[INFO] [stdout] help: there is a method `get_unchecked_mut` with a similar name
[INFO] [stdout]     |
[INFO] [stdout] 207 |             let remainder = values.get_unchecked_mut(*offset + 1..end_offset);
[INFO] [stdout]     |                                    ~~~~~~~~~~~~~~~~~
[INFO] [stdout] 
[INFO] [stdout] 
[INFO] [stdout] error[E0599]: no method named `get_unchecked_release` found for reference `&&[u8]` in the current scope
[INFO] [stdout]    --> src/fixed.rs:229:31
[INFO] [stdout]     |
[INFO] [stdout] 229 |             has_nulls |= *row.get_unchecked_release(0) == null_sentinel;
[INFO] [stdout]     |                               ^^^^^^^^^^^^^^^^^^^^^
[INFO] [stdout]     |
[INFO] [stdout] help: there is a method `get_unchecked` with a similar name
[INFO] [stdout]     |
[INFO] [stdout] 229 |             has_nulls |= *row.get_unchecked(0) == null_sentinel;
[INFO] [stdout]     |                               ~~~~~~~~~~~~~
[INFO] [stdout] 
[INFO] [stdout] 
[INFO] [stdout] error[E0599]: no method named `get_unchecked_release` found for reference `&&[u8]` in the current scope
[INFO] [stdout]    --> src/fixed.rs:233:29
[INFO] [stdout]     |
[INFO] [stdout] 233 |             let slice = row.get_unchecked_release(start..end);
[INFO] [stdout]     |                             ^^^^^^^^^^^^^^^^^^^^^
[INFO] [stdout]     |
[INFO] [stdout] help: there is a method `get_unchecked` with a similar name
[INFO] [stdout]     |
[INFO] [stdout] 233 |             let slice = row.get_unchecked(start..end);
[INFO] [stdout]     |                             ~~~~~~~~~~~~~
[INFO] [stdout] 
[INFO] [stdout] 
[INFO] [stdout] error[E0599]: no method named `get_unchecked_release` found for reference `&&[u8]` in the current scope
[INFO] [stdout]    --> src/fixed.rs:265:31
[INFO] [stdout]     |
[INFO] [stdout] 265 |             has_nulls |= *row.get_unchecked_release(0) == null_sentinel;
[INFO] [stdout]     |                               ^^^^^^^^^^^^^^^^^^^^^
[INFO] [stdout]     |
[INFO] [stdout] help: there is a method `get_unchecked` with a similar name
[INFO] [stdout]     |
[INFO] [stdout] 265 |             has_nulls |= *row.get_unchecked(0) == null_sentinel;
[INFO] [stdout]     |                               ~~~~~~~~~~~~~
[INFO] [stdout] 
[INFO] [stdout] 
[INFO] [stdout] error[E0599]: no method named `get_unchecked_release` found for reference `&&[u8]` in the current scope
[INFO] [stdout]    --> src/fixed.rs:269:29
[INFO] [stdout]     |
[INFO] [stdout] 269 |             let slice = row.get_unchecked_release(start..end);
[INFO] [stdout]     |                             ^^^^^^^^^^^^^^^^^^^^^
[INFO] [stdout]     |
[INFO] [stdout] help: there is a method `get_unchecked` with a similar name
[INFO] [stdout]     |
[INFO] [stdout] 269 |             let slice = row.get_unchecked(start..end);
[INFO] [stdout]     |                             ~~~~~~~~~~~~~
[INFO] [stdout] 
[INFO] [stdout] 
[INFO] [stdout] error[E0599]: no method named `get_unchecked_release` found for mutable reference `&mut &[u8]` in the current scope
[INFO] [stdout]    --> src/fixed.rs:294:20
[INFO] [stdout]     |
[INFO] [stdout] 294 |         *row = row.get_unchecked_release(fixed_size..);
[INFO] [stdout]     |                    ^^^^^^^^^^^^^^^^^^^^^
[INFO] [stdout]     |
[INFO] [stdout] help: there is a method `get_unchecked` with a similar name
[INFO] [stdout]     |
[INFO] [stdout] 294 |         *row = row.get_unchecked(fixed_size..);
[INFO] [stdout]     |                    ~~~~~~~~~~~~~
[INFO] [stdout] 
[INFO] [stdout] 
[INFO] [stdout] error[E0599]: no method named `get_unchecked_release` found for reference `&&[u8]` in the current scope
[INFO] [stdout]    --> src/fixed.rs:300:25
[INFO] [stdout]     |
[INFO] [stdout] 300 |         .map(|row| *row.get_unchecked_release(0) != null_sentinel)
[INFO] [stdout]     |                         ^^^^^^^^^^^^^^^^^^^^^
[INFO] [stdout]     |
[INFO] [stdout] help: there is a method `get_unchecked` with a similar name
[INFO] [stdout]     |
[INFO] [stdout] 300 |         .map(|row| *row.get_unchecked(0) != null_sentinel)
[INFO] [stdout]     |                         ~~~~~~~~~~~~~
[INFO] [stdout] 
[INFO] [stdout] 
[INFO] [stdout] error[E0599]: no method named `get_unchecked_release_mut` found for mutable reference `&mut [MaybeUninit<u8>]` in the current scope
[INFO] [stdout]   --> src/variable.rs:97:18
[INFO] [stdout]    |
[INFO] [stdout] 97 |             *out.get_unchecked_release_mut(0) = MaybeUninit::new(byte);
[INFO] [stdout]    |                  ^^^^^^^^^^^^^^^^^^^^^^^^^
[INFO] [stdout]    |
[INFO] [stdout] help: there is a method `get_unchecked_mut` with a similar name
[INFO] [stdout]    |
[INFO] [stdout] 97 |             *out.get_unchecked_mut(0) = MaybeUninit::new(byte);
[INFO] [stdout]    |                  ~~~~~~~~~~~~~~~~~
[INFO] [stdout] 
[INFO] [stdout] 
[INFO] [stdout] error[E0599]: no method named `get_unchecked_release_mut` found for mutable reference `&mut [MaybeUninit<u8>]` in the current scope
[INFO] [stdout]    --> src/variable.rs:104:27
[INFO] [stdout]     |
[INFO] [stdout] 104 |             let dst = out.get_unchecked_release_mut(..end_offset);
[INFO] [stdout]     |                           ^^^^^^^^^^^^^^^^^^^^^^^^^
[INFO] [stdout]     |
[INFO] [stdout] help: there is a method `get_unchecked_mut` with a similar name
[INFO] [stdout]     |
[INFO] [stdout] 104 |             let dst = out.get_unchecked_mut(..end_offset);
[INFO] [stdout]     |                           ~~~~~~~~~~~~~~~~~
[INFO] [stdout] 
[INFO] [stdout] 
[INFO] [stdout] error[E0599]: no method named `get_unchecked_release_mut` found for mutable reference `&mut [MaybeUninit<u8>]` in the current scope
[INFO] [stdout]    --> src/variable.rs:161:18
[INFO] [stdout]     |
[INFO] [stdout] 161 |             *out.get_unchecked_release_mut(0) = MaybeUninit::new(get_null_sentinel(field));
[INFO] [stdout]     |                  ^^^^^^^^^^^^^^^^^^^^^^^^^
[INFO] [stdout]     |
[INFO] [stdout] help: there is a method `get_unchecked_mut` with a similar name
[INFO] [stdout]     |
[INFO] [stdout] 161 |             *out.get_unchecked_mut(0) = MaybeUninit::new(get_null_sentinel(field));
[INFO] [stdout]     |                  ~~~~~~~~~~~~~~~~~
[INFO] [stdout] 
[INFO] [stdout] 
[INFO] [stdout] error[E0599]: no method named `get_unchecked_release_mut` found for mutable reference `&mut [MaybeUninit<u8>]` in the current scope
[INFO] [stdout]    --> src/variable.rs:178:30
[INFO] [stdout]     |
[INFO] [stdout] 178 |             let dst = values.get_unchecked_release_mut(*offset..);
[INFO] [stdout]     |                              ^^^^^^^^^^^^^^^^^^^^^^^^^
[INFO] [stdout]     |
[INFO] [stdout] help: there is a method `get_unchecked_mut` with a similar name
[INFO] [stdout]     |
[INFO] [stdout] 178 |             let dst = values.get_unchecked_mut(*offset..);
[INFO] [stdout]     |                              ~~~~~~~~~~~~~~~~~
[INFO] [stdout] 
[INFO] [stdout] 
[INFO] [stdout] error[E0599]: no method named `get_unchecked_release_mut` found for mutable reference `&mut [MaybeUninit<u8>]` in the current scope
[INFO] [stdout]    --> src/variable.rs:184:30
[INFO] [stdout]     |
[INFO] [stdout] 184 |             let dst = values.get_unchecked_release_mut(*offset..);
[INFO] [stdout]     |                              ^^^^^^^^^^^^^^^^^^^^^^^^^
[INFO] [stdout]     |
[INFO] [stdout] help: there is a method `get_unchecked_mut` with a similar name
[INFO] [stdout]     |
[INFO] [stdout] 184 |             let dst = values.get_unchecked_mut(*offset..);
[INFO] [stdout]     |                              ~~~~~~~~~~~~~~~~~
[INFO] [stdout] 
[INFO] [stdout] 
[INFO] [stdout] error[E0599]: no method named `get_unchecked_release_mut` found for mutable reference `&mut [MaybeUninit<u8>]` in the current scope
[INFO] [stdout]    --> src/variable.rs:190:22
[INFO] [stdout]     |
[INFO] [stdout] 190 |     let dst = values.get_unchecked_release_mut(*offset..);
[INFO] [stdout]     |                      ^^^^^^^^^^^^^^^^^^^^^^^^^
[INFO] [stdout]     |
[INFO] [stdout] help: there is a method `get_unchecked_mut` with a similar name
[INFO] [stdout]     |
[INFO] [stdout] 190 |     let dst = values.get_unchecked_mut(*offset..);
[INFO] [stdout]     |                      ~~~~~~~~~~~~~~~~~
[INFO] [stdout] 
[INFO] [stdout] 
[INFO] [stdout] error[E0599]: no method named `get_unchecked_release` found for mutable reference `&mut &[u8]` in the current scope
[INFO] [stdout]    --> src/variable.rs:333:42
[INFO] [stdout]     |
[INFO] [stdout] 333 |             values.extend_from_slice(row.get_unchecked_release(offset..offset + BLOCK_SIZE));
[INFO] [stdout]     |                                          ^^^^^^^^^^^^^^^^^^^^^
[INFO] [stdout]     |
[INFO] [stdout] help: there is a method `get_unchecked` with a similar name
[INFO] [stdout]     |
[INFO] [stdout] 333 |             values.extend_from_slice(row.get_unchecked(offset..offset + BLOCK_SIZE));
[INFO] [stdout]     |                                          ~~~~~~~~~~~~~
[INFO] [stdout] 
[INFO] [stdout] 
[INFO] [stdout] error[E0599]: no method named `get_unchecked_release` found for mutable reference `&mut &[u8]` in the current scope
[INFO] [stdout]    --> src/variable.rs:338:42
[INFO] [stdout]     |
[INFO] [stdout] 338 |             values.extend_from_slice(row.get_unchecked_release(offset..offset + to_read));
[INFO] [stdout]     |                                          ^^^^^^^^^^^^^^^^^^^^^
[INFO] [stdout]     |
[INFO] [stdout] help: there is a method `get_unchecked` with a similar name
[INFO] [stdout]     |
[INFO] [stdout] 338 |             values.extend_from_slice(row.get_unchecked(offset..offset + to_read));
[INFO] [stdout]     |                                          ~~~~~~~~~~~~~
[INFO] [stdout] 
[INFO] [stdout] 
[INFO] [stdout] error[E0599]: no method named `get_unchecked_release_mut` found for struct `Vec<_>` in the current scope
[INFO] [stdout]    --> src/variable.rs:346:18
[INFO] [stdout]     |
[INFO] [stdout] 345 | /             values
[INFO] [stdout] 346 | |                 .get_unchecked_release_mut(values_offset..)
[INFO] [stdout]     | |_________________-^^^^^^^^^^^^^^^^^^^^^^^^^
[INFO] [stdout]     |
[INFO] [stdout] help: there is a method `get_unchecked_mut` with a similar name
[INFO] [stdout]     |
[INFO] [stdout] 346 |                 .get_unchecked_mut(values_offset..)
[INFO] [stdout]     |                  ~~~~~~~~~~~~~~~~~
[INFO] [stdout] 
[INFO] [stdout] 
[INFO] [stdout] error[E0599]: no method named `get_unchecked_release` found for mutable reference `&mut &[u8]` in the current scope
[INFO] [stdout]    --> src/variable.rs:395:43
[INFO] [stdout]     |
[INFO] [stdout] 395 |             scratch.extend_from_slice(row.get_unchecked_release(offset..offset + BLOCK_SIZE));
[INFO] [stdout]     |                                           ^^^^^^^^^^^^^^^^^^^^^
[INFO] [stdout]     |
[INFO] [stdout] help: there is a method `get_unchecked` with a similar name
[INFO] [stdout]     |
[INFO] [stdout] 395 |             scratch.extend_from_slice(row.get_unchecked(offset..offset + BLOCK_SIZE));
[INFO] [stdout]     |                                           ~~~~~~~~~~~~~
[INFO] [stdout] 
[INFO] [stdout] 
[INFO] [stdout] error[E0599]: no method named `get_unchecked_release` found for mutable reference `&mut &[u8]` in the current scope
[INFO] [stdout]    --> src/variable.rs:400:43
[INFO] [stdout]     |
[INFO] [stdout] 400 |             scratch.extend_from_slice(row.get_unchecked_release(offset..offset + to_read));
[INFO] [stdout]     |                                           ^^^^^^^^^^^^^^^^^^^^^
[INFO] [stdout]     |
[INFO] [stdout] help: there is a method `get_unchecked` with a similar name
[INFO] [stdout]     |
[INFO] [stdout] 400 |             scratch.extend_from_slice(row.get_unchecked(offset..offset + to_read));
[INFO] [stdout]     |                                           ~~~~~~~~~~~~~
[INFO] [stdout] 
[INFO] [stdout] 
[INFO] [stdout] Some errors have detailed explanations: E0432, E0599.
[INFO] [stdout] 
[INFO] [stdout] For more information about an error, try `rustc --explain E0432`.
[INFO] [stdout] 
[INFO] [stderr] error: could not compile `polars-row` (lib) due to 27 previous errors
[INFO] [stderr] warning: build failed, waiting for other jobs to finish...
[INFO] running `Command { std: "docker" "inspect" "77a11ea0966b775facfda521b10274e24af5f98a63f7007490a866186a587a2b", kill_on_drop: false }`
[INFO] running `Command { std: "docker" "rm" "-f" "77a11ea0966b775facfda521b10274e24af5f98a63f7007490a866186a587a2b", kill_on_drop: false }`
[INFO] [stdout] 77a11ea0966b775facfda521b10274e24af5f98a63f7007490a866186a587a2b
