[INFO] fetching crate polars-parquet 0.44.0...
[INFO] testing polars-parquet-0.44.0 against nightly-2024-10-28 for randomize-layout
[INFO] extracting crate polars-parquet 0.44.0 into /workspace/builds/worker-1-tc1/source
[INFO] validating manifest of crates.io crate polars-parquet 0.44.0 on toolchain nightly-2024-10-28
[INFO] running `Command { std: CARGO_HOME="/workspace/cargo-home" RUSTUP_HOME="/workspace/rustup-home" "/workspace/cargo-home/bin/cargo" "+nightly-2024-10-28" "metadata" "--manifest-path" "Cargo.toml" "--no-deps", kill_on_drop: false }`
[INFO] started tweaking crates.io crate polars-parquet 0.44.0
[INFO] finished tweaking crates.io crate polars-parquet 0.44.0
[INFO] tweaked toml for crates.io crate polars-parquet 0.44.0 written to /workspace/builds/worker-1-tc1/source/Cargo.toml
[INFO] running `Command { std: CARGO_HOME="/workspace/cargo-home" RUSTUP_HOME="/workspace/rustup-home" "/workspace/cargo-home/bin/cargo" "+nightly-2024-10-28" "generate-lockfile" "--manifest-path" "Cargo.toml", kill_on_drop: false }`
[INFO] [stderr]     Blocking waiting for file lock on package cache
[INFO] [stderr]     Updating crates.io index
[INFO] [stderr]     Blocking waiting for file lock on package cache
[INFO] [stderr]      Locking 138 packages to latest compatible versions
[INFO] [stderr]       Adding brotli v6.0.0 (available: v7.0.0)
[INFO] running `Command { std: CARGO_HOME="/workspace/cargo-home" RUSTUP_HOME="/workspace/rustup-home" "/workspace/cargo-home/bin/cargo" "+nightly-2024-10-28" "fetch" "--manifest-path" "Cargo.toml", kill_on_drop: false }`
[INFO] [stderr]  Downloading crates ...
[INFO] [stderr]   Downloaded polars-utils v0.44.2
[INFO] [stderr]   Downloaded polars-error v0.44.2
[INFO] [stderr]   Downloaded polars-schema v0.44.2
[INFO] [stderr]   Downloaded polars-parquet-format v0.1.0
[INFO] [stderr]   Downloaded polars-compute v0.44.2
[INFO] [stderr]   Downloaded polars-arrow v0.44.2
[INFO] running `Command { std: "docker" "create" "-v" "/var/lib/crater-agent-workspace/builds/worker-1-tc1/target:/opt/rustwide/target:rw,Z" "-v" "/var/lib/crater-agent-workspace/builds/worker-1-tc1/source:/opt/rustwide/workdir:ro,Z" "-v" "/var/lib/crater-agent-workspace/cargo-home:/opt/rustwide/cargo-home:ro,Z" "-v" "/var/lib/crater-agent-workspace/rustup-home:/opt/rustwide/rustup-home:ro,Z" "-e" "SOURCE_DIR=/opt/rustwide/workdir" "-e" "CARGO_TARGET_DIR=/opt/rustwide/target" "-e" "CARGO_HOME=/opt/rustwide/cargo-home" "-e" "RUSTUP_HOME=/opt/rustwide/rustup-home" "-w" "/opt/rustwide/workdir" "-m" "1610612736" "--user" "0:0" "--network" "none" "ghcr.io/rust-lang/crates-build-env/linux@sha256:4a844ea9eb2546a2d2c7022eacef16ef2e8229c7fbb2c7d4d55a9ceca922f72d" "/opt/rustwide/cargo-home/bin/cargo" "+nightly-2024-10-28" "metadata" "--no-deps" "--format-version=1", kill_on_drop: false }`
[INFO] [stdout] a92deb196c9f1f27eb6b9555fcac88af5f1163ae65016d96aedb53c0fbe85c28
[INFO] running `Command { std: "docker" "start" "-a" "a92deb196c9f1f27eb6b9555fcac88af5f1163ae65016d96aedb53c0fbe85c28", kill_on_drop: false }`
[INFO] running `Command { std: "docker" "inspect" "a92deb196c9f1f27eb6b9555fcac88af5f1163ae65016d96aedb53c0fbe85c28", kill_on_drop: false }`
[INFO] running `Command { std: "docker" "rm" "-f" "a92deb196c9f1f27eb6b9555fcac88af5f1163ae65016d96aedb53c0fbe85c28", kill_on_drop: false }`
[INFO] [stdout] a92deb196c9f1f27eb6b9555fcac88af5f1163ae65016d96aedb53c0fbe85c28
[INFO] running `Command { std: "docker" "create" "-v" "/var/lib/crater-agent-workspace/builds/worker-1-tc1/target:/opt/rustwide/target:rw,Z" "-v" "/var/lib/crater-agent-workspace/builds/worker-1-tc1/source:/opt/rustwide/workdir:ro,Z" "-v" "/var/lib/crater-agent-workspace/cargo-home:/opt/rustwide/cargo-home:ro,Z" "-v" "/var/lib/crater-agent-workspace/rustup-home:/opt/rustwide/rustup-home:ro,Z" "-e" "SOURCE_DIR=/opt/rustwide/workdir" "-e" "CARGO_TARGET_DIR=/opt/rustwide/target" "-e" "CARGO_INCREMENTAL=0" "-e" "RUST_BACKTRACE=full" "-e" "RUSTFLAGS=--cap-lints=forbid" "-e" "RUSTDOCFLAGS=--cap-lints=forbid" "-e" "CARGO_HOME=/opt/rustwide/cargo-home" "-e" "RUSTUP_HOME=/opt/rustwide/rustup-home" "-w" "/opt/rustwide/workdir" "-m" "1610612736" "--user" "0:0" "--network" "none" "ghcr.io/rust-lang/crates-build-env/linux@sha256:4a844ea9eb2546a2d2c7022eacef16ef2e8229c7fbb2c7d4d55a9ceca922f72d" "/opt/rustwide/cargo-home/bin/cargo" "+nightly-2024-10-28" "build" "--frozen" "--message-format=json", kill_on_drop: false }`
[INFO] [stdout] 8f5b901147e9758a8580e7f5d97b044518332ab93a92ca86bc1f01ecf4b5d5a4
[INFO] running `Command { std: "docker" "start" "-a" "8f5b901147e9758a8580e7f5d97b044518332ab93a92ca86bc1f01ecf4b5d5a4", kill_on_drop: false }`
[INFO] [stderr]    Compiling proc-macro2 v1.0.89
[INFO] [stderr]    Compiling unicode-ident v1.0.13
[INFO] [stderr]    Compiling version_check v0.9.5
[INFO] [stderr]    Compiling crossbeam-utils v0.8.20
[INFO] [stderr]    Compiling libc v0.2.161
[INFO] [stderr]    Compiling autocfg v1.4.0
[INFO] [stderr]    Compiling shlex v1.3.0
[INFO] [stderr]    Compiling serde v1.0.214
[INFO] [stderr]    Compiling cfg-if v1.0.0
[INFO] [stderr]    Compiling rayon-core v1.12.1
[INFO] [stderr]    Compiling rustversion v1.0.18
[INFO] [stderr]    Compiling array-init-cursor v0.2.0
[INFO] [stderr]    Compiling thiserror v1.0.66
[INFO] [stderr]    Compiling either v1.13.0
[INFO] [stderr]    Compiling equivalent v1.0.1
[INFO] [stderr]    Compiling allocator-api2 v0.2.18
[INFO] [stderr]    Compiling planus v0.3.1
[INFO] [stderr]    Compiling target-features v0.1.6
[INFO] [stderr]    Compiling syn v1.0.109
[INFO] [stderr]    Compiling foldhash v0.1.3
[INFO] [stderr]    Compiling cc v1.1.31
[INFO] [stderr]    Compiling ryu v1.0.18
[INFO] [stderr]    Compiling itoa v1.0.11
[INFO] [stderr]    Compiling simdutf8 v0.1.5
[INFO] [stderr]    Compiling static_assertions v1.1.0
[INFO] [stderr]    Compiling zerocopy v0.7.35
[INFO] [stderr]    Compiling once_cell v1.20.2
[INFO] [stderr]    Compiling ahash v0.8.11
[INFO] [stderr]    Compiling polars-utils v0.44.2
[INFO] [stderr]    Compiling parking_lot_core v0.9.10
[INFO] [stderr]    Compiling bitflags v2.6.0
[INFO] [stderr]    Compiling polars-schema v0.44.2
[INFO] [stderr]    Compiling num-traits v0.2.19
[INFO] [stderr]    Compiling lock_api v0.4.12
[INFO] [stderr]    Compiling raw-cpuid v11.2.0
[INFO] [stderr]    Compiling scopeguard v1.2.0
[INFO] [stderr]    Compiling smallvec v1.13.2
[INFO] [stderr]    Compiling bytes v1.8.0
[INFO] [stderr]    Compiling polars-arrow v0.44.2
[INFO] [stderr]    Compiling heck v0.5.0
[INFO] [stderr]    Compiling polars-compute v0.44.2
[INFO] [stderr]    Compiling dyn-clone v1.0.17
[INFO] [stderr]    Compiling streaming-iterator v0.1.9
[INFO] [stderr]    Compiling crossbeam-epoch v0.9.18
[INFO] [stderr]    Compiling atoi_simd v0.15.6
[INFO] [stderr]    Compiling fast-float v0.2.0
[INFO] [stderr]    Compiling ethnum v1.5.0
[INFO] [stderr]    Compiling strength_reduce v0.2.4
[INFO] [stderr]    Compiling quote v1.0.37
[INFO] [stderr]    Compiling crossbeam-deque v0.8.5
[INFO] [stderr]    Compiling fallible-streaming-iterator v0.1.9
[INFO] [stderr]    Compiling polars-parquet-format v0.1.0
[INFO] [stderr]    Compiling castaway v0.2.3
[INFO] [stderr]    Compiling base64 v0.22.1
[INFO] [stderr]    Compiling getrandom v0.2.15
[INFO] [stderr]    Compiling memmap2 v0.7.1
[INFO] [stderr]    Compiling streaming-decompression v0.1.2
[INFO] [stderr]    Compiling syn v2.0.86
[INFO] [stderr]    Compiling parking_lot v0.12.3
[INFO] [stderr]    Compiling psm v0.1.23
[INFO] [stderr]    Compiling stacker v0.1.17
[INFO] [stderr]    Compiling chrono v0.4.38
[INFO] [stderr]    Compiling rayon v1.10.0
[INFO] [stderr]    Compiling serde_derive v1.0.214
[INFO] [stderr]    Compiling thiserror-impl v1.0.66
[INFO] [stderr]    Compiling bytemuck_derive v1.8.0
[INFO] [stderr]    Compiling strum_macros v0.26.4
[INFO] [stderr]    Compiling bytemuck v1.19.0
[INFO] [stderr]    Compiling multiversion-macros v0.7.4
[INFO] [stderr]    Compiling multiversion v0.7.4
[INFO] [stderr]    Compiling polars-arrow-format v0.1.0
[INFO] [stderr]    Compiling hashbrown v0.15.0
[INFO] [stderr]    Compiling compact_str v0.8.0
[INFO] [stderr]    Compiling indexmap v2.6.0
[INFO] [stderr]    Compiling polars-error v0.44.2
[INFO] [stderr]    Compiling polars-parquet v0.44.0 (/opt/rustwide/workdir)
[INFO] [stdout] error[E0432]: unresolved import `polars_utils::slice::GetSaferUnchecked`
[INFO] [stdout]   --> src/parquet/encoding/hybrid_rle/mod.rs:16:5
[INFO] [stdout]    |
[INFO] [stdout] 16 | use polars_utils::slice::GetSaferUnchecked;
[INFO] [stdout]    |     ^^^^^^^^^^^^^^^^^^^^^^^^^^^^^^^^^^^^^^ no `GetSaferUnchecked` in `slice`
[INFO] [stdout] 
[INFO] [stdout] 
[INFO] [stdout] error[E0599]: no method named `get_unchecked_release` found for reference `&'a [u8]` in the current scope
[INFO] [stdout]   --> src/parquet/encoding/hybrid_rle/mod.rs:96:40
[INFO] [stdout]    |
[INFO] [stdout] 96 |         self.data = unsafe { self.data.get_unchecked_release(consumed..) };
[INFO] [stdout]    |                                        ^^^^^^^^^^^^^^^^^^^^^
[INFO] [stdout]    |
[INFO] [stdout] help: there is a method `get_unchecked` with a similar name
[INFO] [stdout]    |
[INFO] [stdout] 96 |         self.data = unsafe { self.data.get_unchecked(consumed..) };
[INFO] [stdout]    |                                        ~~~~~~~~~~~~~
[INFO] [stdout] 
[INFO] [stdout] 
[INFO] [stdout] error[E0599]: no method named `get_unchecked_release` found for reference `&'a [u8]` in the current scope
[INFO] [stdout]    --> src/parquet/encoding/hybrid_rle/mod.rs:333:44
[INFO] [stdout]     |
[INFO] [stdout] 333 |             self.data = unsafe { self.data.get_unchecked_release(consumed..) };
[INFO] [stdout]     |                                            ^^^^^^^^^^^^^^^^^^^^^
[INFO] [stdout]     |
[INFO] [stdout] help: there is a method `get_unchecked` with a similar name
[INFO] [stdout]     |
[INFO] [stdout] 333 |             self.data = unsafe { self.data.get_unchecked(consumed..) };
[INFO] [stdout]     |                                            ~~~~~~~~~~~~~
[INFO] [stdout] 
[INFO] [stdout] 
[INFO] [stdout] Some errors have detailed explanations: E0432, E0599.
[INFO] [stdout] 
[INFO] [stdout] For more information about an error, try `rustc --explain E0432`.
[INFO] [stdout] 
[INFO] [stderr] error: could not compile `polars-parquet` (lib) due to 3 previous errors
[INFO] running `Command { std: "docker" "inspect" "8f5b901147e9758a8580e7f5d97b044518332ab93a92ca86bc1f01ecf4b5d5a4", kill_on_drop: false }`
[INFO] running `Command { std: "docker" "rm" "-f" "8f5b901147e9758a8580e7f5d97b044518332ab93a92ca86bc1f01ecf4b5d5a4", kill_on_drop: false }`
[INFO] [stdout] 8f5b901147e9758a8580e7f5d97b044518332ab93a92ca86bc1f01ecf4b5d5a4
