[INFO] fetching crate polars-arrow 0.44.0...
[INFO] testing polars-arrow-0.44.0 against nightly-2024-10-28 for randomize-layout
[INFO] extracting crate polars-arrow 0.44.0 into /workspace/builds/worker-5-tc1/source
[INFO] validating manifest of crates.io crate polars-arrow 0.44.0 on toolchain nightly-2024-10-28
[INFO] running `Command { std: CARGO_HOME="/workspace/cargo-home" RUSTUP_HOME="/workspace/rustup-home" "/workspace/cargo-home/bin/cargo" "+nightly-2024-10-28" "metadata" "--manifest-path" "Cargo.toml" "--no-deps", kill_on_drop: false }`
[INFO] started tweaking crates.io crate polars-arrow 0.44.0
[INFO] finished tweaking crates.io crate polars-arrow 0.44.0
[INFO] tweaked toml for crates.io crate polars-arrow 0.44.0 written to /workspace/builds/worker-5-tc1/source/Cargo.toml
[INFO] running `Command { std: CARGO_HOME="/workspace/cargo-home" RUSTUP_HOME="/workspace/rustup-home" "/workspace/cargo-home/bin/cargo" "+nightly-2024-10-28" "generate-lockfile" "--manifest-path" "Cargo.toml", kill_on_drop: false }`
[INFO] [stderr]     Updating crates.io index
[INFO] [stderr]      Locking 203 packages to latest compatible versions
[INFO] [stderr]       Adding atoi_simd v0.15.6 (available: v0.16.0)
[INFO] [stderr]       Adding chrono-tz v0.8.6 (available: v0.10.0)
[INFO] running `Command { std: CARGO_HOME="/workspace/cargo-home" RUSTUP_HOME="/workspace/rustup-home" "/workspace/cargo-home/bin/cargo" "+nightly-2024-10-28" "fetch" "--manifest-path" "Cargo.toml", kill_on_drop: false }`
[INFO] [stderr]  Downloading crates ...
[INFO] [stderr]   Downloaded polars-error v0.44.2
[INFO] [stderr]   Downloaded sample-test-macros v0.2.1
[INFO] [stderr]   Downloaded polars-schema v0.44.2
[INFO] [stderr]   Downloaded rand_regex v0.15.1
[INFO] [stderr]   Downloaded sample-std v0.2.1
[INFO] [stderr]   Downloaded polars-utils v0.44.2
[INFO] [stderr]   Downloaded sample-test v0.2.1
[INFO] [stderr]   Downloaded avro-schema v0.3.0
[INFO] [stderr]   Downloaded sample-arrow2 v0.17.2
[INFO] [stderr]   Downloaded arrow2 v0.17.4
[INFO] running `Command { std: "docker" "create" "-v" "/var/lib/crater-agent-workspace/builds/worker-5-tc1/target:/opt/rustwide/target:rw,Z" "-v" "/var/lib/crater-agent-workspace/builds/worker-5-tc1/source:/opt/rustwide/workdir:ro,Z" "-v" "/var/lib/crater-agent-workspace/cargo-home:/opt/rustwide/cargo-home:ro,Z" "-v" "/var/lib/crater-agent-workspace/rustup-home:/opt/rustwide/rustup-home:ro,Z" "-e" "SOURCE_DIR=/opt/rustwide/workdir" "-e" "CARGO_TARGET_DIR=/opt/rustwide/target" "-e" "CARGO_HOME=/opt/rustwide/cargo-home" "-e" "RUSTUP_HOME=/opt/rustwide/rustup-home" "-w" "/opt/rustwide/workdir" "-m" "1610612736" "--user" "0:0" "--network" "none" "ghcr.io/rust-lang/crates-build-env/linux@sha256:4a844ea9eb2546a2d2c7022eacef16ef2e8229c7fbb2c7d4d55a9ceca922f72d" "/opt/rustwide/cargo-home/bin/cargo" "+nightly-2024-10-28" "metadata" "--no-deps" "--format-version=1", kill_on_drop: false }`
[INFO] [stdout] 860764d2be1e04a4ae8b6650a79c1e3f58617045784e3e62c5c04c7ec26d08fb
[INFO] running `Command { std: "docker" "start" "-a" "860764d2be1e04a4ae8b6650a79c1e3f58617045784e3e62c5c04c7ec26d08fb", kill_on_drop: false }`
[INFO] running `Command { std: "docker" "inspect" "860764d2be1e04a4ae8b6650a79c1e3f58617045784e3e62c5c04c7ec26d08fb", kill_on_drop: false }`
[INFO] running `Command { std: "docker" "rm" "-f" "860764d2be1e04a4ae8b6650a79c1e3f58617045784e3e62c5c04c7ec26d08fb", kill_on_drop: false }`
[INFO] [stdout] 860764d2be1e04a4ae8b6650a79c1e3f58617045784e3e62c5c04c7ec26d08fb
[INFO] running `Command { std: "docker" "create" "-v" "/var/lib/crater-agent-workspace/builds/worker-5-tc1/target:/opt/rustwide/target:rw,Z" "-v" "/var/lib/crater-agent-workspace/builds/worker-5-tc1/source:/opt/rustwide/workdir:ro,Z" "-v" "/var/lib/crater-agent-workspace/cargo-home:/opt/rustwide/cargo-home:ro,Z" "-v" "/var/lib/crater-agent-workspace/rustup-home:/opt/rustwide/rustup-home:ro,Z" "-e" "SOURCE_DIR=/opt/rustwide/workdir" "-e" "CARGO_TARGET_DIR=/opt/rustwide/target" "-e" "CARGO_INCREMENTAL=0" "-e" "RUST_BACKTRACE=full" "-e" "RUSTFLAGS=--cap-lints=forbid" "-e" "RUSTDOCFLAGS=--cap-lints=forbid" "-e" "CARGO_HOME=/opt/rustwide/cargo-home" "-e" "RUSTUP_HOME=/opt/rustwide/rustup-home" "-w" "/opt/rustwide/workdir" "-m" "1610612736" "--user" "0:0" "--network" "none" "ghcr.io/rust-lang/crates-build-env/linux@sha256:4a844ea9eb2546a2d2c7022eacef16ef2e8229c7fbb2c7d4d55a9ceca922f72d" "/opt/rustwide/cargo-home/bin/cargo" "+nightly-2024-10-28" "build" "--frozen" "--message-format=json", kill_on_drop: false }`
[INFO] [stdout] 876be047ff925b0869f964d7e559279d9cf5835aeb923c4f497730ff58929c98
[INFO] running `Command { std: "docker" "start" "-a" "876be047ff925b0869f964d7e559279d9cf5835aeb923c4f497730ff58929c98", kill_on_drop: false }`
[INFO] [stderr]    Compiling proc-macro2 v1.0.89
[INFO] [stderr]    Compiling unicode-ident v1.0.13
[INFO] [stderr]    Compiling version_check v0.9.5
[INFO] [stderr]    Compiling autocfg v1.4.0
[INFO] [stderr]    Compiling crossbeam-utils v0.8.20
[INFO] [stderr]    Compiling shlex v1.3.0
[INFO] [stderr]    Compiling libc v0.2.161
[INFO] [stderr]    Compiling cfg-if v1.0.0
[INFO] [stderr]    Compiling serde v1.0.214
[INFO] [stderr]    Compiling rustversion v1.0.18
[INFO] [stderr]    Compiling either v1.13.0
[INFO] [stderr]    Compiling thiserror v1.0.66
[INFO] [stderr]    Compiling allocator-api2 v0.2.18
[INFO] [stderr]    Compiling equivalent v1.0.1
[INFO] [stderr]    Compiling foldhash v0.1.3
[INFO] [stderr]    Compiling rayon-core v1.12.1
[INFO] [stderr]    Compiling itoa v1.0.11
[INFO] [stderr]    Compiling parking_lot_core v0.9.10
[INFO] [stderr]    Compiling simdutf8 v0.1.5
[INFO] [stderr]    Compiling bitflags v2.6.0
[INFO] [stderr]    Compiling cc v1.1.31
[INFO] [stderr]    Compiling once_cell v1.20.2
[INFO] [stderr]    Compiling zerocopy v0.7.35
[INFO] [stderr]    Compiling static_assertions v1.1.0
[INFO] [stderr]    Compiling ryu v1.0.18
[INFO] [stderr]    Compiling raw-cpuid v11.2.0
[INFO] [stderr]    Compiling smallvec v1.13.2
[INFO] [stderr]    Compiling scopeguard v1.2.0
[INFO] [stderr]    Compiling bytes v1.8.0
[INFO] [stderr]    Compiling ahash v0.8.11
[INFO] [stderr]    Compiling polars-utils v0.44.2
[INFO] [stderr]    Compiling polars-schema v0.44.2
[INFO] [stderr]    Compiling polars-arrow v0.44.0 (/opt/rustwide/workdir)
[INFO] [stderr]    Compiling heck v0.5.0
[INFO] [stderr]    Compiling streaming-iterator v0.1.9
[INFO] [stderr]    Compiling dyn-clone v1.0.17
[INFO] [stderr]    Compiling num-traits v0.2.19
[INFO] [stderr]    Compiling lock_api v0.4.12
[INFO] [stderr]    Compiling ethnum v1.5.0
[INFO] [stderr]    Compiling crossbeam-epoch v0.9.18
[INFO] [stderr]    Compiling castaway v0.2.3
[INFO] [stderr]    Compiling quote v1.0.37
[INFO] [stderr]    Compiling crossbeam-deque v0.8.5
[INFO] [stderr]    Compiling syn v2.0.86
[INFO] [stderr]    Compiling getrandom v0.2.15
[INFO] [stderr]    Compiling psm v0.1.23
[INFO] [stderr]    Compiling stacker v0.1.17
[INFO] [stderr]    Compiling parking_lot v0.12.3
[INFO] [stderr]    Compiling rayon v1.10.0
[INFO] [stderr]    Compiling chrono v0.4.38
[INFO] [stderr]    Compiling serde_derive v1.0.214
[INFO] [stderr]    Compiling thiserror-impl v1.0.66
[INFO] [stderr]    Compiling bytemuck_derive v1.8.0
[INFO] [stderr]    Compiling strum_macros v0.26.4
[INFO] [stderr]    Compiling bytemuck v1.19.0
[INFO] [stderr]    Compiling polars-error v0.44.2
[INFO] [stderr]    Compiling hashbrown v0.15.0
[INFO] [stderr]    Compiling compact_str v0.8.0
[INFO] [stderr]    Compiling indexmap v2.6.0
[INFO] [stdout] error[E0432]: unresolved import `polars_utils::slice::GetSaferUnchecked`
[INFO] [stdout]   --> src/array/primitive/mod.rs:23:27
[INFO] [stdout]    |
[INFO] [stdout] 23 | use polars_utils::slice::{GetSaferUnchecked, SliceAble};
[INFO] [stdout]    |                           ^^^^^^^^^^^^^^^^^ no `GetSaferUnchecked` in `slice`
[INFO] [stdout] 
[INFO] [stdout] 
[INFO] [stdout] error[E0432]: unresolved import `polars_utils::slice::GetSaferUnchecked`
[INFO] [stdout]  --> src/array/binview/mutable.rs:9:5
[INFO] [stdout]   |
[INFO] [stdout] 9 | use polars_utils::slice::GetSaferUnchecked;
[INFO] [stdout]   |     ^^^^^^^^^^^^^^^^^^^^^^^^^^^^^^^^^^^^^^ no `GetSaferUnchecked` in `slice`
[INFO] [stdout] 
[INFO] [stdout] 
[INFO] [stdout] error[E0432]: unresolved import `polars_utils::slice::GetSaferUnchecked`
[INFO] [stdout]  --> src/array/binview/view.rs:9:5
[INFO] [stdout]   |
[INFO] [stdout] 9 | use polars_utils::slice::GetSaferUnchecked;
[INFO] [stdout]   |     ^^^^^^^^^^^^^^^^^^^^^^^^^^^^^^^^^^^^^^ no `GetSaferUnchecked` in `slice`
[INFO] [stdout] 
[INFO] [stdout] 
[INFO] [stdout] error[E0432]: unresolved import `polars_utils::slice::GetSaferUnchecked`
[INFO] [stdout]   --> src/array/binview/mod.rs:30:5
[INFO] [stdout]    |
[INFO] [stdout] 30 | use polars_utils::slice::GetSaferUnchecked;
[INFO] [stdout]    |     ^^^^^^^^^^^^^^^^^^^^^^^^^^^^^^^^^^^^^^ no `GetSaferUnchecked` in `slice`
[INFO] [stdout] 
[INFO] [stdout] 
[INFO] [stdout] error[E0432]: unresolved import `polars_utils::slice::GetSaferUnchecked`
[INFO] [stdout]  --> src/array/growable/binary.rs:3:5
[INFO] [stdout]   |
[INFO] [stdout] 3 | use polars_utils::slice::GetSaferUnchecked;
[INFO] [stdout]   |     ^^^^^^^^^^^^^^^^^^^^^^^^^^^^^^^^^^^^^^ no `GetSaferUnchecked` in `slice`
[INFO] [stdout] 
[INFO] [stdout] 
[INFO] [stdout] error[E0432]: unresolved import `polars_utils::slice::GetSaferUnchecked`
[INFO] [stdout]  --> src/array/growable/boolean.rs:3:5
[INFO] [stdout]   |
[INFO] [stdout] 3 | use polars_utils::slice::GetSaferUnchecked;
[INFO] [stdout]   |     ^^^^^^^^^^^^^^^^^^^^^^^^^^^^^^^^^^^^^^ no `GetSaferUnchecked` in `slice`
[INFO] [stdout] 
[INFO] [stdout] 
[INFO] [stdout] error[E0432]: unresolved import `polars_utils::slice::GetSaferUnchecked`
[INFO] [stdout]  --> src/array/growable/fixed_binary.rs:3:5
[INFO] [stdout]   |
[INFO] [stdout] 3 | use polars_utils::slice::GetSaferUnchecked;
[INFO] [stdout]   |     ^^^^^^^^^^^^^^^^^^^^^^^^^^^^^^^^^^^^^^ no `GetSaferUnchecked` in `slice`
[INFO] [stdout] 
[INFO] [stdout] 
[INFO] [stdout] error[E0432]: unresolved import `polars_utils::slice::GetSaferUnchecked`
[INFO] [stdout]  --> src/array/growable/primitive.rs:3:5
[INFO] [stdout]   |
[INFO] [stdout] 3 | use polars_utils::slice::GetSaferUnchecked;
[INFO] [stdout]   |     ^^^^^^^^^^^^^^^^^^^^^^^^^^^^^^^^^^^^^^ no `GetSaferUnchecked` in `slice`
[INFO] [stdout] 
[INFO] [stdout] 
[INFO] [stdout] error[E0432]: unresolved import `polars_utils::slice::GetSaferUnchecked`
[INFO] [stdout]  --> src/array/growable/list.rs:3:5
[INFO] [stdout]   |
[INFO] [stdout] 3 | use polars_utils::slice::GetSaferUnchecked;
[INFO] [stdout]   |     ^^^^^^^^^^^^^^^^^^^^^^^^^^^^^^^^^^^^^^ no `GetSaferUnchecked` in `slice`
[INFO] [stdout] 
[INFO] [stdout] 
[INFO] [stdout] error[E0432]: unresolved import `polars_utils::slice::GetSaferUnchecked`
[INFO] [stdout]  --> src/array/growable/structure.rs:3:5
[INFO] [stdout]   |
[INFO] [stdout] 3 | use polars_utils::slice::GetSaferUnchecked;
[INFO] [stdout]   |     ^^^^^^^^^^^^^^^^^^^^^^^^^^^^^^^^^^^^^^ no `GetSaferUnchecked` in `slice`
[INFO] [stdout] 
[INFO] [stdout] 
[INFO] [stdout] error[E0432]: unresolved import `polars_utils::slice::GetSaferUnchecked`
[INFO] [stdout]  --> src/array/growable/fixed_size_list.rs:3:5
[INFO] [stdout]   |
[INFO] [stdout] 3 | use polars_utils::slice::GetSaferUnchecked;
[INFO] [stdout]   |     ^^^^^^^^^^^^^^^^^^^^^^^^^^^^^^^^^^^^^^ no `GetSaferUnchecked` in `slice`
[INFO] [stdout] 
[INFO] [stdout] 
[INFO] [stdout] error[E0432]: unresolved import `polars_utils::slice::GetSaferUnchecked`
[INFO] [stdout]  --> src/array/growable/utf8.rs:3:5
[INFO] [stdout]   |
[INFO] [stdout] 3 | use polars_utils::slice::GetSaferUnchecked;
[INFO] [stdout]   |     ^^^^^^^^^^^^^^^^^^^^^^^^^^^^^^^^^^^^^^ no `GetSaferUnchecked` in `slice`
[INFO] [stdout] 
[INFO] [stdout] 
[INFO] [stdout] error[E0432]: unresolved import `polars_utils::slice::GetSaferUnchecked`
[INFO] [stdout]  --> src/array/growable/dictionary.rs:3:5
[INFO] [stdout]   |
[INFO] [stdout] 3 | use polars_utils::slice::GetSaferUnchecked;
[INFO] [stdout]   |     ^^^^^^^^^^^^^^^^^^^^^^^^^^^^^^^^^^^^^^ no `GetSaferUnchecked` in `slice`
[INFO] [stdout] 
[INFO] [stdout] 
[INFO] [stdout] error[E0432]: unresolved import `polars_utils::slice::GetSaferUnchecked`
[INFO] [stdout]  --> src/array/growable/utils.rs:1:5
[INFO] [stdout]   |
[INFO] [stdout] 1 | use polars_utils::slice::GetSaferUnchecked;
[INFO] [stdout]   |     ^^^^^^^^^^^^^^^^^^^^^^^^^^^^^^^^^^^^^^ no `GetSaferUnchecked` in `slice`
[INFO] [stdout] 
[INFO] [stdout] 
[INFO] [stdout] error[E0432]: unresolved import `polars_utils::slice::GetSaferUnchecked`
[INFO] [stdout]   --> src/bitmap/utils/mod.rs:14:47
[INFO] [stdout]    |
[INFO] [stdout] 14 | use polars_utils::slice::{load_padded_le_u64, GetSaferUnchecked};
[INFO] [stdout]    |                                               ^^^^^^^^^^^^^^^^^ no `GetSaferUnchecked` in `slice`
[INFO] [stdout] 
[INFO] [stdout] 
[INFO] [stdout] error[E0432]: unresolved import `polars_utils::slice::GetSaferUnchecked`
[INFO] [stdout]  --> src/offset.rs:6:5
[INFO] [stdout]   |
[INFO] [stdout] 6 | use polars_utils::slice::GetSaferUnchecked;
[INFO] [stdout]   |     ^^^^^^^^^^^^^^^^^^^^^^^^^^^^^^^^^^^^^^ no `GetSaferUnchecked` in `slice`
[INFO] [stdout] 
[INFO] [stdout] 
[INFO] [stdout] error[E0432]: unresolved import `polars_utils::slice::GetSaferUnchecked`
[INFO] [stdout]  --> src/legacy/kernels/rolling/no_nulls/quantile.rs:3:5
[INFO] [stdout]   |
[INFO] [stdout] 3 | use polars_utils::slice::GetSaferUnchecked;
[INFO] [stdout]   |     ^^^^^^^^^^^^^^^^^^^^^^^^^^^^^^^^^^^^^^ no `GetSaferUnchecked` in `slice`
[INFO] [stdout] 
[INFO] [stdout] 
[INFO] [stdout] error[E0432]: unresolved import `polars_utils::slice::GetSaferUnchecked`
[INFO] [stdout]  --> src/legacy/kernels/rolling/nulls/quantile.rs:1:5
[INFO] [stdout]   |
[INFO] [stdout] 1 | use polars_utils::slice::GetSaferUnchecked;
[INFO] [stdout]   |     ^^^^^^^^^^^^^^^^^^^^^^^^^^^^^^^^^^^^^^ no `GetSaferUnchecked` in `slice`
[INFO] [stdout] 
[INFO] [stdout] 
[INFO] [stdout] error[E0432]: unresolved import `polars_utils::slice::GetSaferUnchecked`
[INFO] [stdout]   --> src/legacy/kernels/rolling/quantile_filter.rs:10:27
[INFO] [stdout]    |
[INFO] [stdout] 10 | use polars_utils::slice::{GetSaferUnchecked, SliceAble};
[INFO] [stdout]    |                           ^^^^^^^^^^^^^^^^^ no `GetSaferUnchecked` in `slice`
[INFO] [stdout] 
[INFO] [stdout] 
[INFO] [stdout] error[E0599]: no method named `get_unchecked_release` found for struct `Buffer<T>` in the current scope
[INFO] [stdout]    --> src/array/primitive/mod.rs:218:22
[INFO] [stdout]     |
[INFO] [stdout] 218 |         *self.values.get_unchecked_release(i)
[INFO] [stdout]     |                      ^^^^^^^^^^^^^^^^^^^^^
[INFO] [stdout]     |
[INFO] [stdout]    ::: src/buffer/immutable.rs:40:1
[INFO] [stdout]     |
[INFO] [stdout] 40  | pub struct Buffer<T> {
[INFO] [stdout]     | -------------------- method `get_unchecked_release` not found for this struct
[INFO] [stdout]     |
[INFO] [stdout] help: there is a method `get_unchecked` with a similar name
[INFO] [stdout]     |
[INFO] [stdout] 218 |         *self.values.get_unchecked(i)
[INFO] [stdout]     |                      ~~~~~~~~~~~~~
[INFO] [stdout] 
[INFO] [stdout] 
[INFO] [stdout] error[E0599]: no method named `get_unchecked_release` found for reference `&[Buffer<u8>]` in the current scope
[INFO] [stdout]    --> src/array/binview/mutable.rs:190:32
[INFO] [stdout]     |
[INFO] [stdout] 190 |             let data = buffers.get_unchecked_release(v.buffer_idx as usize);
[INFO] [stdout]     |                                ^^^^^^^^^^^^^^^^^^^^^
[INFO] [stdout]     |
[INFO] [stdout] help: there is a method `get_unchecked` with a similar name
[INFO] [stdout]     |
[INFO] [stdout] 190 |             let data = buffers.get_unchecked(v.buffer_idx as usize);
[INFO] [stdout]     |                                ~~~~~~~~~~~~~
[INFO] [stdout] 
[INFO] [stdout] 
[INFO] [stdout] error[E0599]: no method named `get_unchecked_release` found for reference `&[Buffer<u8>]` in the current scope
[INFO] [stdout]    --> src/array/binview/mutable.rs:209:34
[INFO] [stdout]     |
[INFO] [stdout] 209 |             let buffer = buffers.get_unchecked_release(v.buffer_idx as usize);
[INFO] [stdout]     |                                  ^^^^^^^^^^^^^^^^^^^^^
[INFO] [stdout]     |
[INFO] [stdout] help: there is a method `get_unchecked` with a similar name
[INFO] [stdout]     |
[INFO] [stdout] 209 |             let buffer = buffers.get_unchecked(v.buffer_idx as usize);
[INFO] [stdout]     |                                  ~~~~~~~~~~~~~
[INFO] [stdout] 
[INFO] [stdout] 
[INFO] [stdout] error[E0599]: no method named `get_unchecked_release` found for struct `Vec<Buffer<u8>>` in the current scope
[INFO] [stdout]    --> src/array/binview/mutable.rs:574:40
[INFO] [stdout]     |
[INFO] [stdout] 574 |                 self.completed_buffers.get_unchecked_release(buffer_idx)
[INFO] [stdout]     |                                        ^^^^^^^^^^^^^^^^^^^^^
[INFO] [stdout]     |
[INFO] [stdout] help: there is a method `get_unchecked` with a similar name
[INFO] [stdout]     |
[INFO] [stdout] 574 |                 self.completed_buffers.get_unchecked(buffer_idx)
[INFO] [stdout]     |                                        ~~~~~~~~~~~~~
[INFO] [stdout] 
[INFO] [stdout] 
[INFO] [stdout] error[E0599]: no method named `get_unchecked_release` found for reference `&'a [Buffer<u8>]` in the current scope
[INFO] [stdout]    --> src/array/binview/view.rs:150:36
[INFO] [stdout]     |
[INFO] [stdout] 150 |                 let data = buffers.get_unchecked_release(self.buffer_idx as usize);
[INFO] [stdout]     |                                    ^^^^^^^^^^^^^^^^^^^^^
[INFO] [stdout]     |
[INFO] [stdout] help: there is a method `get_unchecked` with a similar name
[INFO] [stdout]     |
[INFO] [stdout] 150 |                 let data = buffers.get_unchecked(self.buffer_idx as usize);
[INFO] [stdout]     |                                    ~~~~~~~~~~~~~
[INFO] [stdout] 
[INFO] [stdout] 
[INFO] [stdout] error[E0599]: no method named `get_unchecked_release` found for array `[u8; 16]` in the current scope
[INFO] [stdout]    --> src/array/binview/view.rs:448:22
[INFO] [stdout]     |
[INFO] [stdout] 447 | /                 view.to_le_bytes()
[INFO] [stdout] 448 | |                     .get_unchecked_release(4..4 + len as usize),
[INFO] [stdout]     | |_____________________-^^^^^^^^^^^^^^^^^^^^^
[INFO] [stdout]     |
[INFO] [stdout] help: there is a method `get_unchecked` with a similar name
[INFO] [stdout]     |
[INFO] [stdout] 448 |                     .get_unchecked(4..4 + len as usize),
[INFO] [stdout]     |                      ~~~~~~~~~~~~~
[INFO] [stdout] 
[INFO] [stdout] 
[INFO] [stdout] error[E0599]: no method named `get_unchecked_release` found for array `[u8; 16]` in the current scope
[INFO] [stdout]    --> src/array/binview/view.rs:461:26
[INFO] [stdout]     |
[INFO] [stdout] 460 | /                     view.to_le_bytes()
[INFO] [stdout] 461 | |                         .get_unchecked_release(4..4 + len as usize),
[INFO] [stdout]     | |_________________________-^^^^^^^^^^^^^^^^^^^^^
[INFO] [stdout]     |
[INFO] [stdout] help: there is a method `get_unchecked` with a similar name
[INFO] [stdout]     |
[INFO] [stdout] 461 |                         .get_unchecked(4..4 + len as usize),
[INFO] [stdout]     |                          ~~~~~~~~~~~~~
[INFO] [stdout] 
[INFO] [stdout] 
[INFO] [stdout] error[E0599]: no method named `get_unchecked_release` found for array `[u8; 16]` in the current scope
[INFO] [stdout]    --> src/array/binview/view.rs:471:26
[INFO] [stdout]     |
[INFO] [stdout] 470 | /                     view.to_le_bytes()
[INFO] [stdout] 471 | |                         .get_unchecked_release(4..4 + len as usize),
[INFO] [stdout]     | |_________________________-^^^^^^^^^^^^^^^^^^^^^
[INFO] [stdout]     |
[INFO] [stdout] help: there is a method `get_unchecked` with a similar name
[INFO] [stdout]     |
[INFO] [stdout] 471 |                         .get_unchecked(4..4 + len as usize),
[INFO] [stdout]     |                          ~~~~~~~~~~~~~
[INFO] [stdout] 
[INFO] [stdout] 
[INFO] [stdout] error[E0599]: no method named `get_unchecked_release` found for reference `&[Buffer<u8>]` in the current scope
[INFO] [stdout]    --> src/array/binview/view.rs:476:40
[INFO] [stdout]     |
[INFO] [stdout] 476 |                 let data = all_buffers.get_unchecked_release(buffer_idx as usize);
[INFO] [stdout]     |                                        ^^^^^^^^^^^^^^^^^^^^^
[INFO] [stdout]     |
[INFO] [stdout] help: there is a method `get_unchecked` with a similar name
[INFO] [stdout]     |
[INFO] [stdout] 476 |                 let data = all_buffers.get_unchecked(buffer_idx as usize);
[INFO] [stdout]     |                                        ~~~~~~~~~~~~~
[INFO] [stdout] 
[INFO] [stdout] 
[INFO] [stdout] error[E0599]: no method named `get_unchecked_release` found for struct `Buffer<View>` in the current scope
[INFO] [stdout]    --> src/array/binview/mod.rs:337:28
[INFO] [stdout]     |
[INFO] [stdout] 337 |         let v = self.views.get_unchecked_release(i);
[INFO] [stdout]     |                            ^^^^^^^^^^^^^^^^^^^^^
[INFO] [stdout]     |
[INFO] [stdout]    ::: src/buffer/immutable.rs:40:1
[INFO] [stdout]     |
[INFO] [stdout] 40  | pub struct Buffer<T> {
[INFO] [stdout]     | -------------------- method `get_unchecked_release` not found for this struct
[INFO] [stdout]     |
[INFO] [stdout] help: there is a method `get_unchecked` with a similar name
[INFO] [stdout]     |
[INFO] [stdout] 337 |         let v = self.views.get_unchecked(i);
[INFO] [stdout]     |                            ~~~~~~~~~~~~~
[INFO] [stdout] 
[INFO] [stdout] 
[INFO] [stdout] error[E0599]: no method named `get_unchecked_release` found for struct `Vec<&'a array::binary::BinaryArray<O>>` in the current scope
[INFO] [stdout]   --> src/array/growable/binary.rs:61:34
[INFO] [stdout]    |
[INFO] [stdout] 61 |         let array = *self.arrays.get_unchecked_release(index);
[INFO] [stdout]    |                                  ^^^^^^^^^^^^^^^^^^^^^
[INFO] [stdout]    |
[INFO] [stdout] help: there is a method `get_unchecked` with a similar name
[INFO] [stdout]    |
[INFO] [stdout] 61 |         let array = *self.arrays.get_unchecked(index);
[INFO] [stdout]    |                                  ~~~~~~~~~~~~~
[INFO] [stdout] 
[INFO] [stdout] 
[INFO] [stdout] error[E0599]: no method named `get_unchecked_release` found for struct `Vec<&'a array::boolean::BooleanArray>` in the current scope
[INFO] [stdout]   --> src/array/growable/boolean.rs:54:34
[INFO] [stdout]    |
[INFO] [stdout] 54 |         let array = *self.arrays.get_unchecked_release(index);
[INFO] [stdout]    |                                  ^^^^^^^^^^^^^^^^^^^^^
[INFO] [stdout]    |
[INFO] [stdout] help: there is a method `get_unchecked` with a similar name
[INFO] [stdout]    |
[INFO] [stdout] 54 |         let array = *self.arrays.get_unchecked(index);
[INFO] [stdout]    |                                  ~~~~~~~~~~~~~
[INFO] [stdout] 
[INFO] [stdout] 
[INFO] [stdout] error[E0599]: no method named `get_unchecked_release` found for struct `Vec<&'a array::fixed_size_binary::FixedSizeBinaryArray>` in the current scope
[INFO] [stdout]   --> src/array/growable/fixed_binary.rs:56:34
[INFO] [stdout]    |
[INFO] [stdout] 56 |         let array = *self.arrays.get_unchecked_release(index);
[INFO] [stdout]    |                                  ^^^^^^^^^^^^^^^^^^^^^
[INFO] [stdout]    |
[INFO] [stdout] help: there is a method `get_unchecked` with a similar name
[INFO] [stdout]    |
[INFO] [stdout] 56 |         let array = *self.arrays.get_unchecked(index);
[INFO] [stdout]    |                                  ~~~~~~~~~~~~~
[INFO] [stdout] 
[INFO] [stdout] 
[INFO] [stdout] error[E0599]: no method named `get_unchecked_release` found for struct `Vec<&'a array::primitive::PrimitiveArray<T>>` in the current scope
[INFO] [stdout]   --> src/array/growable/primitive.rs:61:34
[INFO] [stdout]    |
[INFO] [stdout] 61 |         let array = *self.arrays.get_unchecked_release(index);
[INFO] [stdout]    |                                  ^^^^^^^^^^^^^^^^^^^^^
[INFO] [stdout]    |
[INFO] [stdout] help: there is a method `get_unchecked` with a similar name
[INFO] [stdout]    |
[INFO] [stdout] 61 |         let array = *self.arrays.get_unchecked(index);
[INFO] [stdout]    |                                  ~~~~~~~~~~~~~
[INFO] [stdout] 
[INFO] [stdout] 
[INFO] [stdout] error[E0599]: no method named `get_unchecked_release` found for struct `Vec<&'a array::primitive::PrimitiveArray<T>>` in the current scope
[INFO] [stdout]   --> src/array/growable/primitive.rs:71:34
[INFO] [stdout]    |
[INFO] [stdout] 71 |         let array = *self.arrays.get_unchecked_release(index);
[INFO] [stdout]    |                                  ^^^^^^^^^^^^^^^^^^^^^
[INFO] [stdout]    |
[INFO] [stdout] help: there is a method `get_unchecked` with a similar name
[INFO] [stdout]    |
[INFO] [stdout] 71 |         let array = *self.arrays.get_unchecked(index);
[INFO] [stdout]    |                                  ~~~~~~~~~~~~~
[INFO] [stdout] 
[INFO] [stdout] 
[INFO] [stdout] error[E0599]: no method named `get_unchecked_release` found for struct `Vec<&array::list::ListArray<O>>` in the current scope
[INFO] [stdout]   --> src/array/growable/list.rs:17:33
[INFO] [stdout]    |
[INFO] [stdout] 17 |     let array = growable.arrays.get_unchecked_release(index);
[INFO] [stdout]    |                                 ^^^^^^^^^^^^^^^^^^^^^
[INFO] [stdout]    |
[INFO] [stdout] help: there is a method `get_unchecked` with a similar name
[INFO] [stdout]    |
[INFO] [stdout] 17 |     let array = growable.arrays.get_unchecked(index);
[INFO] [stdout]    |                                 ~~~~~~~~~~~~~
[INFO] [stdout] 
[INFO] [stdout] 
[INFO] [stdout] error[E0599]: no method named `get_unchecked_release` found for struct `Vec<&'a array::list::ListArray<O>>` in the current scope
[INFO] [stdout]   --> src/array/growable/list.rs:83:34
[INFO] [stdout]    |
[INFO] [stdout] 83 |         let array = *self.arrays.get_unchecked_release(index);
[INFO] [stdout]    |                                  ^^^^^^^^^^^^^^^^^^^^^
[INFO] [stdout]    |
[INFO] [stdout] help: there is a method `get_unchecked` with a similar name
[INFO] [stdout]    |
[INFO] [stdout] 83 |         let array = *self.arrays.get_unchecked(index);
[INFO] [stdout]    |                                  ~~~~~~~~~~~~~
[INFO] [stdout] 
[INFO] [stdout] 
[INFO] [stdout] error[E0599]: no method named `get_unchecked_release` found for struct `Vec<&'a array::struct_::StructArray>` in the current scope
[INFO] [stdout]   --> src/array/growable/structure.rs:74:34
[INFO] [stdout]    |
[INFO] [stdout] 74 |         let array = *self.arrays.get_unchecked_release(index);
[INFO] [stdout]    |                                  ^^^^^^^^^^^^^^^^^^^^^
[INFO] [stdout]    |
[INFO] [stdout] help: there is a method `get_unchecked` with a similar name
[INFO] [stdout]    |
[INFO] [stdout] 74 |         let array = *self.arrays.get_unchecked(index);
[INFO] [stdout]    |                                  ~~~~~~~~~~~~~
[INFO] [stdout] 
[INFO] [stdout] 
[INFO] [stdout] error[E0599]: no method named `get_unchecked_release` found for struct `Vec<&'a array::fixed_size_list::FixedSizeListArray>` in the current scope
[INFO] [stdout]   --> src/array/growable/fixed_size_list.rs:73:34
[INFO] [stdout]    |
[INFO] [stdout] 73 |         let array = *self.arrays.get_unchecked_release(index);
[INFO] [stdout]    |                                  ^^^^^^^^^^^^^^^^^^^^^
[INFO] [stdout]    |
[INFO] [stdout] help: there is a method `get_unchecked` with a similar name
[INFO] [stdout]    |
[INFO] [stdout] 73 |         let array = *self.arrays.get_unchecked(index);
[INFO] [stdout]    |                                  ~~~~~~~~~~~~~
[INFO] [stdout] 
[INFO] [stdout] 
[INFO] [stdout] error[E0599]: no method named `get_unchecked_release` found for struct `Vec<&'a array::fixed_size_list::FixedSizeListArray>` in the current scope
[INFO] [stdout]   --> src/array/growable/fixed_size_list.rs:84:34
[INFO] [stdout]    |
[INFO] [stdout] 84 |         let array = *self.arrays.get_unchecked_release(index);
[INFO] [stdout]    |                                  ^^^^^^^^^^^^^^^^^^^^^
[INFO] [stdout]    |
[INFO] [stdout] help: there is a method `get_unchecked` with a similar name
[INFO] [stdout]    |
[INFO] [stdout] 84 |         let array = *self.arrays.get_unchecked(index);
[INFO] [stdout]    |                                  ~~~~~~~~~~~~~
[INFO] [stdout] 
[INFO] [stdout] 
[INFO] [stdout] error[E0599]: no method named `get_unchecked_release` found for struct `Vec<&'a array::utf8::Utf8Array<O>>` in the current scope
[INFO] [stdout]   --> src/array/growable/utf8.rs:62:34
[INFO] [stdout]    |
[INFO] [stdout] 62 |         let array = *self.arrays.get_unchecked_release(index);
[INFO] [stdout]    |                                  ^^^^^^^^^^^^^^^^^^^^^
[INFO] [stdout]    |
[INFO] [stdout] help: there is a method `get_unchecked` with a similar name
[INFO] [stdout]    |
[INFO] [stdout] 62 |         let array = *self.arrays.get_unchecked(index);
[INFO] [stdout]    |                                  ~~~~~~~~~~~~~
[INFO] [stdout] 
[INFO] [stdout] 
[INFO] [stdout] error[E0599]: no method named `get_unchecked_release` found for struct `Vec<&'a array::primitive::PrimitiveArray<T>>` in the current scope
[INFO] [stdout]   --> src/array/growable/dictionary.rs:96:37
[INFO] [stdout]    |
[INFO] [stdout] 96 |         let keys_array = *self.keys.get_unchecked_release(index);
[INFO] [stdout]    |                                     ^^^^^^^^^^^^^^^^^^^^^
[INFO] [stdout]    |
[INFO] [stdout] help: there is a method `get_unchecked` with a similar name
[INFO] [stdout]    |
[INFO] [stdout] 96 |         let keys_array = *self.keys.get_unchecked(index);
[INFO] [stdout]    |                                     ~~~~~~~~~~~~~
[INFO] [stdout] 
[INFO] [stdout] 
[INFO] [stdout] error[E0599]: no method named `get_unchecked_release` found for struct `Vec<usize>` in the current scope
[INFO] [stdout]    --> src/array/growable/dictionary.rs:102:35
[INFO] [stdout]     |
[INFO] [stdout] 102 |         let offset = self.offsets.get_unchecked_release(index);
[INFO] [stdout]     |                                   ^^^^^^^^^^^^^^^^^^^^^
[INFO] [stdout]     |
[INFO] [stdout] help: there is a method `get_unchecked` with a similar name
[INFO] [stdout]     |
[INFO] [stdout] 102 |         let offset = self.offsets.get_unchecked(index);
[INFO] [stdout]     |                                   ~~~~~~~~~~~~~
[INFO] [stdout] 
[INFO] [stdout] 
[INFO] [stdout] error[E0599]: no method named `get_unchecked_release` found for reference `&[O]` in the current scope
[INFO] [stdout]   --> src/array/growable/utils.rs:15:32
[INFO] [stdout]    |
[INFO] [stdout] 15 |     let start_values = offsets.get_unchecked_release(start).to_usize();
[INFO] [stdout]    |                                ^^^^^^^^^^^^^^^^^^^^^
[INFO] [stdout]    |
[INFO] [stdout] help: there is a method `get_unchecked` with a similar name
[INFO] [stdout]    |
[INFO] [stdout] 15 |     let start_values = offsets.get_unchecked(start).to_usize();
[INFO] [stdout]    |                                ~~~~~~~~~~~~~
[INFO] [stdout] 
[INFO] [stdout] 
[INFO] [stdout] error[E0599]: no method named `get_unchecked_release` found for reference `&[O]` in the current scope
[INFO] [stdout]   --> src/array/growable/utils.rs:16:30
[INFO] [stdout]    |
[INFO] [stdout] 16 |     let end_values = offsets.get_unchecked_release(start + len).to_usize();
[INFO] [stdout]    |                              ^^^^^^^^^^^^^^^^^^^^^
[INFO] [stdout]    |
[INFO] [stdout] help: there is a method `get_unchecked` with a similar name
[INFO] [stdout]    |
[INFO] [stdout] 16 |     let end_values = offsets.get_unchecked(start + len).to_usize();
[INFO] [stdout]    |                              ~~~~~~~~~~~~~
[INFO] [stdout] 
[INFO] [stdout] 
[INFO] [stdout] error[E0599]: no method named `get_unchecked_release` found for reference `&[u8]` in the current scope
[INFO] [stdout]   --> src/array/growable/utils.rs:17:30
[INFO] [stdout]    |
[INFO] [stdout] 17 |     let new_values = &values.get_unchecked_release(start_values..end_values);
[INFO] [stdout]    |                              ^^^^^^^^^^^^^^^^^^^^^
[INFO] [stdout]    |
[INFO] [stdout] help: there is a method `get_unchecked` with a similar name
[INFO] [stdout]    |
[INFO] [stdout] 17 |     let new_values = &values.get_unchecked(start_values..end_values);
[INFO] [stdout]    |                              ~~~~~~~~~~~~~
[INFO] [stdout] 
[INFO] [stdout] 
[INFO] [stdout] error[E0599]: no method named `get_unchecked_release` found for reference `&[u8]` in the current scope
[INFO] [stdout]   --> src/bitmap/utils/mod.rs:42:23
[INFO] [stdout]    |
[INFO] [stdout] 42 |     let byte = *bytes.get_unchecked_release(i / 8);
[INFO] [stdout]    |                       ^^^^^^^^^^^^^^^^^^^^^
[INFO] [stdout]    |
[INFO] [stdout] help: there is a method `get_unchecked` with a similar name
[INFO] [stdout]    |
[INFO] [stdout] 42 |     let byte = *bytes.get_unchecked(i / 8);
[INFO] [stdout]    |                       ~~~~~~~~~~~~~
[INFO] [stdout] 
[INFO] [stdout] 
[INFO] [stdout] error[E0599]: no method named `get_unchecked_release` found for struct `Buffer<O>` in the current scope
[INFO] [stdout]    --> src/offset.rs:486:28
[INFO] [stdout]     |
[INFO] [stdout] 486 |         let start = self.0.get_unchecked_release(index).to_usize();
[INFO] [stdout]     |                            ^^^^^^^^^^^^^^^^^^^^^
[INFO] [stdout]     |
[INFO] [stdout]    ::: src/buffer/immutable.rs:40:1
[INFO] [stdout]     |
[INFO] [stdout] 40  | pub struct Buffer<T> {
[INFO] [stdout]     | -------------------- method `get_unchecked_release` not found for this struct
[INFO] [stdout]     |
[INFO] [stdout] help: there is a method `get_unchecked` with a similar name
[INFO] [stdout]     |
[INFO] [stdout] 486 |         let start = self.0.get_unchecked(index).to_usize();
[INFO] [stdout]     |                            ~~~~~~~~~~~~~
[INFO] [stdout] 
[INFO] [stdout] 
[INFO] [stdout] error[E0599]: no method named `get_unchecked_release` found for struct `Buffer<O>` in the current scope
[INFO] [stdout]    --> src/offset.rs:487:26
[INFO] [stdout]     |
[INFO] [stdout] 487 |         let end = self.0.get_unchecked_release(index + 1).to_usize();
[INFO] [stdout]     |                          ^^^^^^^^^^^^^^^^^^^^^
[INFO] [stdout]     |
[INFO] [stdout]    ::: src/buffer/immutable.rs:40:1
[INFO] [stdout]     |
[INFO] [stdout] 40  | pub struct Buffer<T> {
[INFO] [stdout]     | -------------------- method `get_unchecked_release` not found for this struct
[INFO] [stdout]     |
[INFO] [stdout] help: there is a method `get_unchecked` with a similar name
[INFO] [stdout]     |
[INFO] [stdout] 487 |         let end = self.0.get_unchecked(index + 1).to_usize();
[INFO] [stdout]     |                          ~~~~~~~~~~~~~
[INFO] [stdout] 
[INFO] [stdout] 
[INFO] [stdout] error[E0599]: no method named `get_unchecked_release` found for reference `&[T]` in the current scope
[INFO] [stdout]   --> src/legacy/kernels/rolling/no_nulls/quantile.rs:54:41
[INFO] [stdout]    |
[INFO] [stdout] 54 |                     Some(unsafe { *vals.get_unchecked_release(idx) })
[INFO] [stdout]    |                                         ^^^^^^^^^^^^^^^^^^^^^
[INFO] [stdout]    |
[INFO] [stdout] help: there is a method `get_unchecked` with a similar name
[INFO] [stdout]    |
[INFO] [stdout] 54 |                     Some(unsafe { *vals.get_unchecked(idx) })
[INFO] [stdout]    |                                         ~~~~~~~~~~~~~
[INFO] [stdout] 
[INFO] [stdout] 
[INFO] [stdout] error[E0599]: no method named `get_unchecked_release` found for reference `&[T]` in the current scope
[INFO] [stdout]   --> src/legacy/kernels/rolling/no_nulls/quantile.rs:57:45
[INFO] [stdout]    |
[INFO] [stdout] 57 |                     let vi = unsafe { *vals.get_unchecked_release(idx) };
[INFO] [stdout]    |                                             ^^^^^^^^^^^^^^^^^^^^^
[INFO] [stdout]    |
[INFO] [stdout] help: there is a method `get_unchecked` with a similar name
[INFO] [stdout]    |
[INFO] [stdout] 57 |                     let vi = unsafe { *vals.get_unchecked(idx) };
[INFO] [stdout]    |                                             ~~~~~~~~~~~~~
[INFO] [stdout] 
[INFO] [stdout] 
[INFO] [stdout] error[E0599]: no method named `get_unchecked_release` found for reference `&[T]` in the current scope
[INFO] [stdout]   --> src/legacy/kernels/rolling/no_nulls/quantile.rs:58:45
[INFO] [stdout]    |
[INFO] [stdout] 58 |                     let vj = unsafe { *vals.get_unchecked_release(top_idx) };
[INFO] [stdout]    |                                             ^^^^^^^^^^^^^^^^^^^^^
[INFO] [stdout]    |
[INFO] [stdout] help: there is a method `get_unchecked` with a similar name
[INFO] [stdout]    |
[INFO] [stdout] 58 |                     let vj = unsafe { *vals.get_unchecked(top_idx) };
[INFO] [stdout]    |                                             ~~~~~~~~~~~~~
[INFO] [stdout] 
[INFO] [stdout] 
[INFO] [stdout] error[E0599]: no method named `get_unchecked_release` found for reference `&[T]` in the current scope
[INFO] [stdout]   --> src/legacy/kernels/rolling/no_nulls/quantile.rs:72:41
[INFO] [stdout]    |
[INFO] [stdout] 72 |                     Some(unsafe { *vals.get_unchecked_release(idx) })
[INFO] [stdout]    |                                         ^^^^^^^^^^^^^^^^^^^^^
[INFO] [stdout]    |
[INFO] [stdout] help: there is a method `get_unchecked` with a similar name
[INFO] [stdout]    |
[INFO] [stdout] 72 |                     Some(unsafe { *vals.get_unchecked(idx) })
[INFO] [stdout]    |                                         ~~~~~~~~~~~~~
[INFO] [stdout] 
[INFO] [stdout] 
[INFO] [stdout] error[E0599]: no method named `get_unchecked_release` found for reference `&[T]` in the current scope
[INFO] [stdout]   --> src/legacy/kernels/rolling/no_nulls/quantile.rs:78:35
[INFO] [stdout]    |
[INFO] [stdout] 78 | ...                   *vals.get_unchecked_release(idx),
[INFO] [stdout]    |                             ^^^^^^^^^^^^^^^^^^^^^
[INFO] [stdout]    |
[INFO] [stdout] help: there is a method `get_unchecked` with a similar name
[INFO] [stdout]    |
[INFO] [stdout] 78 |                             *vals.get_unchecked(idx),
[INFO] [stdout]    |                                   ~~~~~~~~~~~~~
[INFO] [stdout] 
[INFO] [stdout] 
[INFO] [stdout] error[E0599]: no method named `get_unchecked_release` found for reference `&[T]` in the current scope
[INFO] [stdout]   --> src/legacy/kernels/rolling/no_nulls/quantile.rs:79:35
[INFO] [stdout]    |
[INFO] [stdout] 79 | ...                   *vals.get_unchecked_release(idx + 1),
[INFO] [stdout]    |                             ^^^^^^^^^^^^^^^^^^^^^
[INFO] [stdout]    |
[INFO] [stdout] help: there is a method `get_unchecked` with a similar name
[INFO] [stdout]    |
[INFO] [stdout] 79 |                             *vals.get_unchecked(idx + 1),
[INFO] [stdout]    |                                   ~~~~~~~~~~~~~
[INFO] [stdout] 
[INFO] [stdout] 
[INFO] [stdout] error[E0599]: no method named `get_unchecked_release` found for reference `&[T]` in the current scope
[INFO] [stdout]    --> src/legacy/kernels/rolling/no_nulls/quantile.rs:100:29
[INFO] [stdout]     |
[INFO] [stdout] 100 |         Some(unsafe { *vals.get_unchecked_release(idx) })
[INFO] [stdout]     |                             ^^^^^^^^^^^^^^^^^^^^^
[INFO] [stdout]     |
[INFO] [stdout] help: there is a method `get_unchecked` with a similar name
[INFO] [stdout]     |
[INFO] [stdout] 100 |         Some(unsafe { *vals.get_unchecked(idx) })
[INFO] [stdout]     |                             ~~~~~~~~~~~~~
[INFO] [stdout] 
[INFO] [stdout] 
[INFO] [stdout] error[E0599]: no method named `get_unchecked_release` found for reference `&[Option<T>]` in the current scope
[INFO] [stdout]   --> src/legacy/kernels/rolling/nulls/quantile.rs:74:29
[INFO] [stdout]    |
[INFO] [stdout] 74 |                     (values.get_unchecked_release(idx).unwrap()
[INFO] [stdout]    |                             ^^^^^^^^^^^^^^^^^^^^^
[INFO] [stdout]    |
[INFO] [stdout] help: there is a method `get_unchecked` with a similar name
[INFO] [stdout]    |
[INFO] [stdout] 74 |                     (values.get_unchecked(idx).unwrap()
[INFO] [stdout]    |                             ~~~~~~~~~~~~~
[INFO] [stdout] 
[INFO] [stdout] 
[INFO] [stdout] error[E0599]: no method named `get_unchecked_release` found for reference `&[Option<T>]` in the current scope
[INFO] [stdout]   --> src/legacy/kernels/rolling/nulls/quantile.rs:75:34
[INFO] [stdout]    |
[INFO] [stdout] 75 |                         + values.get_unchecked_release(top_idx).unwrap())
[INFO] [stdout]    |                                  ^^^^^^^^^^^^^^^^^^^^^
[INFO] [stdout]    |
[INFO] [stdout] help: there is a method `get_unchecked` with a similar name
[INFO] [stdout]    |
[INFO] [stdout] 75 |                         + values.get_unchecked(top_idx).unwrap())
[INFO] [stdout]    |                                  ~~~~~~~~~~~~~
[INFO] [stdout] 
[INFO] [stdout] 
[INFO] [stdout] error[E0599]: no method named `get_unchecked_release` found for reference `&[Option<T>]` in the current scope
[INFO] [stdout]   --> src/legacy/kernels/rolling/nulls/quantile.rs:84:33
[INFO] [stdout]    |
[INFO] [stdout] 84 |                     Some(values.get_unchecked_release(idx).unwrap())
[INFO] [stdout]    |                                 ^^^^^^^^^^^^^^^^^^^^^
[INFO] [stdout]    |
[INFO] [stdout] help: there is a method `get_unchecked` with a similar name
[INFO] [stdout]    |
[INFO] [stdout] 84 |                     Some(values.get_unchecked(idx).unwrap())
[INFO] [stdout]    |                                 ~~~~~~~~~~~~~
[INFO] [stdout] 
[INFO] [stdout] 
[INFO] [stdout] error[E0599]: no method named `get_unchecked_release` found for reference `&[Option<T>]` in the current scope
[INFO] [stdout]   --> src/legacy/kernels/rolling/nulls/quantile.rs:89:39
[INFO] [stdout]    |
[INFO] [stdout] 89 | ...                   * (values.get_unchecked_release(top_idx).unwrap()
[INFO] [stdout]    |                                 ^^^^^^^^^^^^^^^^^^^^^
[INFO] [stdout]    |
[INFO] [stdout] help: there is a method `get_unchecked` with a similar name
[INFO] [stdout]    |
[INFO] [stdout] 89 |                             * (values.get_unchecked(top_idx).unwrap()
[INFO] [stdout]    |                                       ~~~~~~~~~~~~~
[INFO] [stdout] 
[INFO] [stdout] 
[INFO] [stdout] error[E0599]: no method named `get_unchecked_release` found for reference `&[Option<T>]` in the current scope
[INFO] [stdout]   --> src/legacy/kernels/rolling/nulls/quantile.rs:90:42
[INFO] [stdout]    |
[INFO] [stdout] 90 | ...                   - values.get_unchecked_release(idx).unwrap())
[INFO] [stdout]    |                                ^^^^^^^^^^^^^^^^^^^^^
[INFO] [stdout]    |
[INFO] [stdout] help: there is a method `get_unchecked` with a similar name
[INFO] [stdout]    |
[INFO] [stdout] 90 |                                 - values.get_unchecked(idx).unwrap())
[INFO] [stdout]    |                                          ~~~~~~~~~~~~~
[INFO] [stdout] 
[INFO] [stdout] 
[INFO] [stdout] error[E0599]: no method named `get_unchecked_release` found for reference `&[Option<T>]` in the current scope
[INFO] [stdout]   --> src/legacy/kernels/rolling/nulls/quantile.rs:91:38
[INFO] [stdout]    |
[INFO] [stdout] 91 | ...                   + values.get_unchecked_release(idx).unwrap(),
[INFO] [stdout]    |                                ^^^^^^^^^^^^^^^^^^^^^
[INFO] [stdout]    |
[INFO] [stdout] help: there is a method `get_unchecked` with a similar name
[INFO] [stdout]    |
[INFO] [stdout] 91 |                             + values.get_unchecked(idx).unwrap(),
[INFO] [stdout]    |                                      ~~~~~~~~~~~~~
[INFO] [stdout] 
[INFO] [stdout] 
[INFO] [stdout] error[E0599]: no method named `get_unchecked_release` found for reference `&[Option<T>]` in the current scope
[INFO] [stdout]   --> src/legacy/kernels/rolling/nulls/quantile.rs:95:30
[INFO] [stdout]    |
[INFO] [stdout] 95 |             _ => Some(values.get_unchecked_release(idx).unwrap()),
[INFO] [stdout]    |                              ^^^^^^^^^^^^^^^^^^^^^
[INFO] [stdout]    |
[INFO] [stdout] help: there is a method `get_unchecked` with a similar name
[INFO] [stdout]    |
[INFO] [stdout] 95 |             _ => Some(values.get_unchecked(idx).unwrap()),
[INFO] [stdout]    |                              ~~~~~~~~~~~~~
[INFO] [stdout] 
[INFO] [stdout] 
[INFO] [stdout] error[E0599]: no method named `get_unchecked_release_mut` found for mutable reference `&'a mut Vec<u32>` in the current scope
[INFO] [stdout]    --> src/legacy/kernels/rolling/quantile_filter.rs:133:28
[INFO] [stdout]     |
[INFO] [stdout] 133 |                 *self.next.get_unchecked_release_mut(p) = q;
[INFO] [stdout]     |                            ^^^^^^^^^^^^^^^^^^^^^^^^^
[INFO] [stdout]     |
[INFO] [stdout] help: there is a method `get_unchecked_mut` with a similar name
[INFO] [stdout]     |
[INFO] [stdout] 133 |                 *self.next.get_unchecked_mut(p) = q;
[INFO] [stdout]     |                            ~~~~~~~~~~~~~~~~~
[INFO] [stdout] 
[INFO] [stdout] 
[INFO] [stdout] error[E0599]: no method named `get_unchecked_release_mut` found for mutable reference `&'a mut Vec<u32>` in the current scope
[INFO] [stdout]    --> src/legacy/kernels/rolling/quantile_filter.rs:134:28
[INFO] [stdout]     |
[INFO] [stdout] 134 |                 *self.prev.get_unchecked_release_mut(q as usize) = p as u32;
[INFO] [stdout]     |                            ^^^^^^^^^^^^^^^^^^^^^^^^^
[INFO] [stdout]     |
[INFO] [stdout] help: there is a method `get_unchecked_mut` with a similar name
[INFO] [stdout]     |
[INFO] [stdout] 134 |                 *self.prev.get_unchecked_mut(q as usize) = p as u32;
[INFO] [stdout]     |                            ~~~~~~~~~~~~~~~~~
[INFO] [stdout] 
[INFO] [stdout] 
[INFO] [stdout] error[E0599]: no method named `get_unchecked_release_mut` found for mutable reference `&'a mut Vec<u32>` in the current scope
[INFO] [stdout]    --> src/legacy/kernels/rolling/quantile_filter.rs:140:24
[INFO] [stdout]     |
[INFO] [stdout] 140 |             *self.next.get_unchecked_release_mut(p) = self.tail as u32;
[INFO] [stdout]     |                        ^^^^^^^^^^^^^^^^^^^^^^^^^
[INFO] [stdout]     |
[INFO] [stdout] help: there is a method `get_unchecked_mut` with a similar name
[INFO] [stdout]     |
[INFO] [stdout] 140 |             *self.next.get_unchecked_mut(p) = self.tail as u32;
[INFO] [stdout]     |                        ~~~~~~~~~~~~~~~~~
[INFO] [stdout] 
[INFO] [stdout] 
[INFO] [stdout] error[E0599]: no method named `get_unchecked_release_mut` found for mutable reference `&'a mut Vec<u32>` in the current scope
[INFO] [stdout]    --> src/legacy/kernels/rolling/quantile_filter.rs:141:24
[INFO] [stdout]     |
[INFO] [stdout] 141 |             *self.prev.get_unchecked_release_mut(self.tail) = p as u32;
[INFO] [stdout]     |                        ^^^^^^^^^^^^^^^^^^^^^^^^^
[INFO] [stdout]     |
[INFO] [stdout] help: there is a method `get_unchecked_mut` with a similar name
[INFO] [stdout]     |
[INFO] [stdout] 141 |             *self.prev.get_unchecked_mut(self.tail) = p as u32;
[INFO] [stdout]     |                        ~~~~~~~~~~~~~~~~~
[INFO] [stdout] 
[INFO] [stdout] 
[INFO] [stdout] error[E0599]: no method named `get_unchecked_release_mut` found for mutable reference `&'a mut Vec<u32>` in the current scope
[INFO] [stdout]    --> src/legacy/kernels/rolling/quantile_filter.rs:152:14
[INFO] [stdout]     |
[INFO] [stdout] 150 |           *self
[INFO] [stdout]     |  __________-
[INFO] [stdout] 151 | |             .next
[INFO] [stdout] 152 | |             .get_unchecked_release_mut(*self.prev.get_unchecked_release(i) as usize) =
[INFO] [stdout]     | |_____________-^^^^^^^^^^^^^^^^^^^^^^^^^
[INFO] [stdout]     |
[INFO] [stdout] help: there is a method `get_unchecked_mut` with a similar name
[INFO] [stdout]     |
[INFO] [stdout] 152 |             .get_unchecked_mut(*self.prev.get_unchecked_release(i) as usize) =
[INFO] [stdout]     |              ~~~~~~~~~~~~~~~~~
[INFO] [stdout] 
[INFO] [stdout] 
[INFO] [stdout] error[E0599]: no method named `get_unchecked_release` found for mutable reference `&'a mut Vec<u32>` in the current scope
[INFO] [stdout]    --> src/legacy/kernels/rolling/quantile_filter.rs:152:51
[INFO] [stdout]     |
[INFO] [stdout] 152 |             .get_unchecked_release_mut(*self.prev.get_unchecked_release(i) as usize) =
[INFO] [stdout]     |                                                   ^^^^^^^^^^^^^^^^^^^^^
[INFO] [stdout]     |
[INFO] [stdout] help: there is a method `get_unchecked` with a similar name
[INFO] [stdout]     |
[INFO] [stdout] 152 |             .get_unchecked_release_mut(*self.prev.get_unchecked(i) as usize) =
[INFO] [stdout]     |                                                   ~~~~~~~~~~~~~
[INFO] [stdout] 
[INFO] [stdout] 
[INFO] [stdout] error[E0599]: no method named `get_unchecked_release` found for mutable reference `&'a mut Vec<u32>` in the current scope
[INFO] [stdout]    --> src/legacy/kernels/rolling/quantile_filter.rs:153:24
[INFO] [stdout]     |
[INFO] [stdout] 153 |             *self.next.get_unchecked_release(i);
[INFO] [stdout]     |                        ^^^^^^^^^^^^^^^^^^^^^
[INFO] [stdout]     |
[INFO] [stdout] help: there is a method `get_unchecked` with a similar name
[INFO] [stdout]     |
[INFO] [stdout] 153 |             *self.next.get_unchecked(i);
[INFO] [stdout]     |                        ~~~~~~~~~~~~~
[INFO] [stdout] 
[INFO] [stdout] 
[INFO] [stdout] error[E0599]: no method named `get_unchecked_release_mut` found for mutable reference `&'a mut Vec<u32>` in the current scope
[INFO] [stdout]    --> src/legacy/kernels/rolling/quantile_filter.rs:156:14
[INFO] [stdout]     |
[INFO] [stdout] 154 |           *self
[INFO] [stdout]     |  __________-
[INFO] [stdout] 155 | |             .prev
[INFO] [stdout] 156 | |             .get_unchecked_release_mut(*self.next.get_unchecked_release(i) as usize) =
[INFO] [stdout]     | |_____________-^^^^^^^^^^^^^^^^^^^^^^^^^
[INFO] [stdout]     |
[INFO] [stdout] help: there is a method `get_unchecked_mut` with a similar name
[INFO] [stdout]     |
[INFO] [stdout] 156 |             .get_unchecked_mut(*self.next.get_unchecked_release(i) as usize) =
[INFO] [stdout]     |              ~~~~~~~~~~~~~~~~~
[INFO] [stdout] 
[INFO] [stdout] 
[INFO] [stdout] error[E0599]: no method named `get_unchecked_release` found for mutable reference `&'a mut Vec<u32>` in the current scope
[INFO] [stdout]    --> src/legacy/kernels/rolling/quantile_filter.rs:156:51
[INFO] [stdout]     |
[INFO] [stdout] 156 |             .get_unchecked_release_mut(*self.next.get_unchecked_release(i) as usize) =
[INFO] [stdout]     |                                                   ^^^^^^^^^^^^^^^^^^^^^
[INFO] [stdout]     |
[INFO] [stdout] help: there is a method `get_unchecked` with a similar name
[INFO] [stdout]     |
[INFO] [stdout] 156 |             .get_unchecked_release_mut(*self.next.get_unchecked(i) as usize) =
[INFO] [stdout]     |                                                   ~~~~~~~~~~~~~
[INFO] [stdout] 
[INFO] [stdout] 
[INFO] [stdout] error[E0599]: no method named `get_unchecked_release` found for mutable reference `&'a mut Vec<u32>` in the current scope
[INFO] [stdout]    --> src/legacy/kernels/rolling/quantile_filter.rs:157:24
[INFO] [stdout]     |
[INFO] [stdout] 157 |             *self.prev.get_unchecked_release(i);
[INFO] [stdout]     |                        ^^^^^^^^^^^^^^^^^^^^^
[INFO] [stdout]     |
[INFO] [stdout] help: there is a method `get_unchecked` with a similar name
[INFO] [stdout]     |
[INFO] [stdout] 157 |             *self.prev.get_unchecked(i);
[INFO] [stdout]     |                        ~~~~~~~~~~~~~
[INFO] [stdout] 
[INFO] [stdout] 
[INFO] [stdout] error[E0599]: no method named `get_unchecked_release_mut` found for mutable reference `&'a mut Vec<u32>` in the current scope
[INFO] [stdout]    --> src/legacy/kernels/rolling/quantile_filter.rs:167:14
[INFO] [stdout]     |
[INFO] [stdout] 165 |           *self
[INFO] [stdout]     |  __________-
[INFO] [stdout] 166 | |             .next
[INFO] [stdout] 167 | |             .get_unchecked_release_mut(*self.prev.get_unchecked_release(i) as usize) = i as u32;
[INFO] [stdout]     | |_____________-^^^^^^^^^^^^^^^^^^^^^^^^^
[INFO] [stdout]     |
[INFO] [stdout] help: there is a method `get_unchecked_mut` with a similar name
[INFO] [stdout]     |
[INFO] [stdout] 167 |             .get_unchecked_mut(*self.prev.get_unchecked_release(i) as usize) = i as u32;
[INFO] [stdout]     |              ~~~~~~~~~~~~~~~~~
[INFO] [stdout] 
[INFO] [stdout] 
[INFO] [stdout] error[E0599]: no method named `get_unchecked_release` found for mutable reference `&'a mut Vec<u32>` in the current scope
[INFO] [stdout]    --> src/legacy/kernels/rolling/quantile_filter.rs:167:51
[INFO] [stdout]     |
[INFO] [stdout] 167 |             .get_unchecked_release_mut(*self.prev.get_unchecked_release(i) as usize) = i as u32;
[INFO] [stdout]     |                                                   ^^^^^^^^^^^^^^^^^^^^^
[INFO] [stdout]     |
[INFO] [stdout] help: there is a method `get_unchecked` with a similar name
[INFO] [stdout]     |
[INFO] [stdout] 167 |             .get_unchecked_release_mut(*self.prev.get_unchecked(i) as usize) = i as u32;
[INFO] [stdout]     |                                                   ~~~~~~~~~~~~~
[INFO] [stdout] 
[INFO] [stdout] 
[INFO] [stdout] error[E0599]: no method named `get_unchecked_release_mut` found for mutable reference `&'a mut Vec<u32>` in the current scope
[INFO] [stdout]    --> src/legacy/kernels/rolling/quantile_filter.rs:170:14
[INFO] [stdout]     |
[INFO] [stdout] 168 |           *self
[INFO] [stdout]     |  __________-
[INFO] [stdout] 169 | |             .prev
[INFO] [stdout] 170 | |             .get_unchecked_release_mut(*self.next.get_unchecked_release(i) as usize) = i as u32;
[INFO] [stdout]     | |_____________-^^^^^^^^^^^^^^^^^^^^^^^^^
[INFO] [stdout]     |
[INFO] [stdout] help: there is a method `get_unchecked_mut` with a similar name
[INFO] [stdout]     |
[INFO] [stdout] 170 |             .get_unchecked_mut(*self.next.get_unchecked_release(i) as usize) = i as u32;
[INFO] [stdout]     |              ~~~~~~~~~~~~~~~~~
[INFO] [stdout] 
[INFO] [stdout] 
[INFO] [stdout] error[E0599]: no method named `get_unchecked_release` found for mutable reference `&'a mut Vec<u32>` in the current scope
[INFO] [stdout]    --> src/legacy/kernels/rolling/quantile_filter.rs:170:51
[INFO] [stdout]     |
[INFO] [stdout] 170 |             .get_unchecked_release_mut(*self.next.get_unchecked_release(i) as usize) = i as u32;
[INFO] [stdout]     |                                                   ^^^^^^^^^^^^^^^^^^^^^
[INFO] [stdout]     |
[INFO] [stdout] help: there is a method `get_unchecked` with a similar name
[INFO] [stdout]     |
[INFO] [stdout] 170 |             .get_unchecked_release_mut(*self.next.get_unchecked(i) as usize) = i as u32;
[INFO] [stdout]     |                                                   ~~~~~~~~~~~~~
[INFO] [stdout] 
[INFO] [stdout] 
[INFO] [stdout] error[E0599]: no method named `get_unchecked_release` found for mutable reference `&'a mut Vec<u32>` in the current scope
[INFO] [stdout]    --> src/legacy/kernels/rolling/quantile_filter.rs:197:37
[INFO] [stdout]     |
[INFO] [stdout] 197 |                 self.m = *self.prev.get_unchecked_release(self.m) as usize;
[INFO] [stdout]     |                                     ^^^^^^^^^^^^^^^^^^^^^
[INFO] [stdout]     |
[INFO] [stdout] help: there is a method `get_unchecked` with a similar name
[INFO] [stdout]     |
[INFO] [stdout] 197 |                 self.m = *self.prev.get_unchecked(self.m) as usize;
[INFO] [stdout]     |                                     ~~~~~~~~~~~~~
[INFO] [stdout] 
[INFO] [stdout] 
[INFO] [stdout] error[E0599]: no method named `get_unchecked_release` found for mutable reference `&'a mut Vec<u32>` in the current scope
[INFO] [stdout]    --> src/legacy/kernels/rolling/quantile_filter.rs:202:41
[INFO] [stdout]     |
[INFO] [stdout] 202 |                     self.m = *self.prev.get_unchecked_release(self.m) as usize;
[INFO] [stdout]     |                                         ^^^^^^^^^^^^^^^^^^^^^
[INFO] [stdout]     |
[INFO] [stdout] help: there is a method `get_unchecked` with a similar name
[INFO] [stdout]     |
[INFO] [stdout] 202 |                     self.m = *self.prev.get_unchecked(self.m) as usize;
[INFO] [stdout]     |                                         ~~~~~~~~~~~~~
[INFO] [stdout] 
[INFO] [stdout] 
[INFO] [stdout] error[E0599]: no method named `get_unchecked_release` found for mutable reference `&'a mut Vec<u32>` in the current scope
[INFO] [stdout]    --> src/legacy/kernels/rolling/quantile_filter.rs:208:41
[INFO] [stdout]     |
[INFO] [stdout] 208 |                     self.m = *self.next.get_unchecked_release(self.m) as usize;
[INFO] [stdout]     |                                         ^^^^^^^^^^^^^^^^^^^^^
[INFO] [stdout]     |
[INFO] [stdout] help: there is a method `get_unchecked` with a similar name
[INFO] [stdout]     |
[INFO] [stdout] 208 |                     self.m = *self.next.get_unchecked(self.m) as usize;
[INFO] [stdout]     |                                         ~~~~~~~~~~~~~
[INFO] [stdout] 
[INFO] [stdout] 
[INFO] [stdout] error[E0599]: no method named `get_unchecked_release` found for mutable reference `&'a mut Vec<u32>` in the current scope
[INFO] [stdout]    --> src/legacy/kernels/rolling/quantile_filter.rs:218:42
[INFO] [stdout]     |
[INFO] [stdout] 218 |             self.m = unsafe { *self.prev.get_unchecked_release(self.m) as usize };
[INFO] [stdout]     |                                          ^^^^^^^^^^^^^^^^^^^^^
[INFO] [stdout]     |
[INFO] [stdout] help: there is a method `get_unchecked` with a similar name
[INFO] [stdout]     |
[INFO] [stdout] 218 |             self.m = unsafe { *self.prev.get_unchecked(self.m) as usize };
[INFO] [stdout]     |                                          ~~~~~~~~~~~~~
[INFO] [stdout] 
[INFO] [stdout] 
[INFO] [stdout] error[E0599]: no method named `get_unchecked_release` found for mutable reference `&'a mut Vec<u32>` in the current scope
[INFO] [stdout]    --> src/legacy/kernels/rolling/quantile_filter.rs:225:42
[INFO] [stdout]     |
[INFO] [stdout] 225 |             self.m = unsafe { *self.next.get_unchecked_release(self.m) as usize };
[INFO] [stdout]     |                                          ^^^^^^^^^^^^^^^^^^^^^
[INFO] [stdout]     |
[INFO] [stdout] help: there is a method `get_unchecked` with a similar name
[INFO] [stdout]     |
[INFO] [stdout] 225 |             self.m = unsafe { *self.next.get_unchecked(self.m) as usize };
[INFO] [stdout]     |                                          ~~~~~~~~~~~~~
[INFO] [stdout] 
[INFO] [stdout] 
[INFO] [stdout] error[E0599]: no method named `get_unchecked_release` found for mutable reference `&'a mut Vec<u32>` in the current scope
[INFO] [stdout]    --> src/legacy/kernels/rolling/quantile_filter.rs:265:45
[INFO] [stdout]     |
[INFO] [stdout] 265 |                     let next_m = *self.next.get_unchecked_release(self.m) as usize;
[INFO] [stdout]     |                                             ^^^^^^^^^^^^^^^^^^^^^
[INFO] [stdout]     |
[INFO] [stdout] help: there is a method `get_unchecked` with a similar name
[INFO] [stdout]     |
[INFO] [stdout] 265 |                     let next_m = *self.next.get_unchecked(self.m) as usize;
[INFO] [stdout]     |                                             ~~~~~~~~~~~~~
[INFO] [stdout] 
[INFO] [stdout] 
[INFO] [stdout] error[E0599]: no method named `get_unchecked_release` found for mutable reference `&'a mut Vec<u32>` in the current scope
[INFO] [stdout]    --> src/legacy/kernels/rolling/quantile_filter.rs:270:45
[INFO] [stdout]     |
[INFO] [stdout] 270 |                         self.m = *self.prev.get_unchecked_release(self.m) as usize
[INFO] [stdout]     |                                             ^^^^^^^^^^^^^^^^^^^^^
[INFO] [stdout]     |
[INFO] [stdout] help: there is a method `get_unchecked` with a similar name
[INFO] [stdout]     |
[INFO] [stdout] 270 |                         self.m = *self.prev.get_unchecked(self.m) as usize
[INFO] [stdout]     |                                             ~~~~~~~~~~~~~
[INFO] [stdout] 
[INFO] [stdout] 
[INFO] [stdout] error[E0599]: no method named `get_unchecked_release` found for mutable reference `&'a mut Vec<u32>` in the current scope
[INFO] [stdout]    --> src/legacy/kernels/rolling/quantile_filter.rs:272:45
[INFO] [stdout]     |
[INFO] [stdout] 272 |                         self.m = *self.next.get_unchecked_release(self.m) as usize;
[INFO] [stdout]     |                                             ^^^^^^^^^^^^^^^^^^^^^
[INFO] [stdout]     |
[INFO] [stdout] help: there is a method `get_unchecked` with a similar name
[INFO] [stdout]     |
[INFO] [stdout] 272 |                         self.m = *self.next.get_unchecked(self.m) as usize;
[INFO] [stdout]     |                                             ~~~~~~~~~~~~~
[INFO] [stdout] 
[INFO] [stdout] 
[INFO] [stdout] error[E0599]: no method named `get_unchecked_release` found for mutable reference `&'a mut Vec<u32>` in the current scope
[INFO] [stdout]    --> src/legacy/kernels/rolling/quantile_filter.rs:278:41
[INFO] [stdout]     |
[INFO] [stdout] 278 |                     self.m = *self.prev.get_unchecked_release(self.m) as usize
[INFO] [stdout]     |                                         ^^^^^^^^^^^^^^^^^^^^^
[INFO] [stdout]     |
[INFO] [stdout] help: there is a method `get_unchecked` with a similar name
[INFO] [stdout]     |
[INFO] [stdout] 278 |                     self.m = *self.prev.get_unchecked(self.m) as usize
[INFO] [stdout]     |                                         ~~~~~~~~~~~~~
[INFO] [stdout] 
[INFO] [stdout] 
[INFO] [stdout] Some errors have detailed explanations: E0432, E0599.
[INFO] [stdout] 
[INFO] [stdout] For more information about an error, try `rustc --explain E0432`.
[INFO] [stdout] 
[INFO] [stderr] error: could not compile `polars-arrow` (lib) due to 85 previous errors
[INFO] running `Command { std: "docker" "inspect" "876be047ff925b0869f964d7e559279d9cf5835aeb923c4f497730ff58929c98", kill_on_drop: false }`
[INFO] running `Command { std: "docker" "rm" "-f" "876be047ff925b0869f964d7e559279d9cf5835aeb923c4f497730ff58929c98", kill_on_drop: false }`
[INFO] [stdout] 876be047ff925b0869f964d7e559279d9cf5835aeb923c4f497730ff58929c98
