[INFO] fetching crate poke-engine 0.0.13...
[INFO] testing poke-engine-0.0.13 against nightly-2024-10-28+rustflags=-Zrandomize-layout for randomize-layout
[INFO] extracting crate poke-engine 0.0.13 into /workspace/builds/worker-0-tc2/source
[INFO] validating manifest of crates.io crate poke-engine 0.0.13 on toolchain nightly-2024-10-28
[INFO] running `Command { std: CARGO_HOME="/workspace/cargo-home" RUSTUP_HOME="/workspace/rustup-home" "/workspace/cargo-home/bin/cargo" "+nightly-2024-10-28" "metadata" "--manifest-path" "Cargo.toml" "--no-deps", kill_on_drop: false }`
[INFO] started tweaking crates.io crate poke-engine 0.0.13
[INFO] removed 0 missing tests
[INFO] finished tweaking crates.io crate poke-engine 0.0.13
[INFO] tweaked toml for crates.io crate poke-engine 0.0.13 written to /workspace/builds/worker-0-tc2/source/Cargo.toml
[INFO] crate crates.io crate poke-engine 0.0.13 already has a lockfile, it will not be regenerated
[INFO] running `Command { std: CARGO_HOME="/workspace/cargo-home" RUSTUP_HOME="/workspace/rustup-home" "/workspace/cargo-home/bin/cargo" "+nightly-2024-10-28" "fetch" "--manifest-path" "Cargo.toml", kill_on_drop: false }`
[INFO] running `Command { std: "docker" "create" "-v" "/var/lib/crater-agent-workspace/builds/worker-0-tc2/target:/opt/rustwide/target:rw,Z" "-v" "/var/lib/crater-agent-workspace/builds/worker-0-tc2/source:/opt/rustwide/workdir:ro,Z" "-v" "/var/lib/crater-agent-workspace/cargo-home:/opt/rustwide/cargo-home:ro,Z" "-v" "/var/lib/crater-agent-workspace/rustup-home:/opt/rustwide/rustup-home:ro,Z" "-e" "SOURCE_DIR=/opt/rustwide/workdir" "-e" "CARGO_TARGET_DIR=/opt/rustwide/target" "-e" "CARGO_HOME=/opt/rustwide/cargo-home" "-e" "RUSTUP_HOME=/opt/rustwide/rustup-home" "-w" "/opt/rustwide/workdir" "-m" "1610612736" "--user" "0:0" "--network" "none" "ghcr.io/rust-lang/crates-build-env/linux@sha256:4a844ea9eb2546a2d2c7022eacef16ef2e8229c7fbb2c7d4d55a9ceca922f72d" "/opt/rustwide/cargo-home/bin/cargo" "+nightly-2024-10-28" "metadata" "--no-deps" "--format-version=1", kill_on_drop: false }`
[INFO] [stdout] 892efc7321cbca97ff39b4e112fd075244f619d068e5b5599d62ed2e8d7e8a0e
[INFO] running `Command { std: "docker" "start" "-a" "892efc7321cbca97ff39b4e112fd075244f619d068e5b5599d62ed2e8d7e8a0e", kill_on_drop: false }`
[INFO] running `Command { std: "docker" "inspect" "892efc7321cbca97ff39b4e112fd075244f619d068e5b5599d62ed2e8d7e8a0e", kill_on_drop: false }`
[INFO] running `Command { std: "docker" "rm" "-f" "892efc7321cbca97ff39b4e112fd075244f619d068e5b5599d62ed2e8d7e8a0e", kill_on_drop: false }`
[INFO] [stdout] 892efc7321cbca97ff39b4e112fd075244f619d068e5b5599d62ed2e8d7e8a0e
[INFO] running `Command { std: "docker" "create" "-v" "/var/lib/crater-agent-workspace/builds/worker-0-tc2/target:/opt/rustwide/target:rw,Z" "-v" "/var/lib/crater-agent-workspace/builds/worker-0-tc2/source:/opt/rustwide/workdir:ro,Z" "-v" "/var/lib/crater-agent-workspace/cargo-home:/opt/rustwide/cargo-home:ro,Z" "-v" "/var/lib/crater-agent-workspace/rustup-home:/opt/rustwide/rustup-home:ro,Z" "-e" "SOURCE_DIR=/opt/rustwide/workdir" "-e" "CARGO_TARGET_DIR=/opt/rustwide/target" "-e" "CARGO_INCREMENTAL=0" "-e" "RUST_BACKTRACE=full" "-e" "RUSTFLAGS=--cap-lints=forbid -Zrandomize-layout" "-e" "RUSTDOCFLAGS=--cap-lints=forbid" "-e" "CARGO_HOME=/opt/rustwide/cargo-home" "-e" "RUSTUP_HOME=/opt/rustwide/rustup-home" "-w" "/opt/rustwide/workdir" "-m" "1610612736" "--user" "0:0" "--network" "none" "ghcr.io/rust-lang/crates-build-env/linux@sha256:4a844ea9eb2546a2d2c7022eacef16ef2e8229c7fbb2c7d4d55a9ceca922f72d" "/opt/rustwide/cargo-home/bin/cargo" "+nightly-2024-10-28" "build" "--frozen" "--message-format=json", kill_on_drop: false }`
[INFO] [stdout] 8240489541a7c23081f3ae967acd68caf025ec9950f0ca36c04ff479dc44c301
[INFO] running `Command { std: "docker" "start" "-a" "8240489541a7c23081f3ae967acd68caf025ec9950f0ca36c04ff479dc44c301", kill_on_drop: false }`
[INFO] [stderr]    Compiling libc v0.2.155
[INFO] [stderr]    Compiling proc-macro2 v1.0.86
[INFO] [stderr]    Compiling cfg-if v1.0.0
[INFO] [stderr]    Compiling clap_lex v0.7.0
[INFO] [stderr]    Compiling strsim v0.11.0
[INFO] [stderr]    Compiling ppv-lite86 v0.2.17
[INFO] [stderr]    Compiling heck v0.5.0
[INFO] [stderr]    Compiling lazy_static v1.4.0
[INFO] [stderr]    Compiling anstream v0.6.13
[INFO] [stderr]    Compiling clap_builder v4.5.2
[INFO] [stderr]    Compiling quote v1.0.35
[INFO] [stderr]    Compiling getrandom v0.2.15
[INFO] [stderr]    Compiling syn v2.0.76
[INFO] [stderr]    Compiling rand_core v0.6.4
[INFO] [stderr]    Compiling rand_chacha v0.3.1
[INFO] [stderr]    Compiling rand v0.8.5
[INFO] [stderr]    Compiling clap_derive v4.5.4
[INFO] [stderr]    Compiling clap v4.5.4
[INFO] [stderr]    Compiling poke-engine v0.0.13 (/opt/rustwide/workdir)
[INFO] [stdout] error[E0425]: cannot find value `TYPE_MATCHUP_DAMAGE_MULTIPICATION` in this scope
[INFO] [stdout]    --> src/damage_calc.rs:100:11
[INFO] [stdout]     |
[INFO] [stdout] 100 |         * TYPE_MATCHUP_DAMAGE_MULTIPICATION[attacking_type_index]
[INFO] [stdout]     |           ^^^^^^^^^^^^^^^^^^^^^^^^^^^^^^^^^ not found in this scope
[INFO] [stdout] 
[INFO] [stdout] 
[INFO] [stdout] error[E0425]: cannot find value `TYPE_MATCHUP_DAMAGE_MULTIPICATION` in this scope
[INFO] [stdout]    --> src/damage_calc.rs:103:11
[INFO] [stdout]     |
[INFO] [stdout] 103 |         * TYPE_MATCHUP_DAMAGE_MULTIPICATION[attacking_type_index]
[INFO] [stdout]     |           ^^^^^^^^^^^^^^^^^^^^^^^^^^^^^^^^^ not found in this scope
[INFO] [stdout] 
[INFO] [stdout] 
[INFO] [stdout] error[E0425]: cannot find value `terrain_boost` in this scope
[INFO] [stdout]    --> src/damage_calc.rs:174:17
[INFO] [stdout]     |
[INFO] [stdout] 174 |                 terrain_boost
[INFO] [stdout]     |                 ^^^^^^^^^^^^^ not found in this scope
[INFO] [stdout] 
[INFO] [stdout] 
[INFO] [stdout] error[E0425]: cannot find value `terrain_boost` in this scope
[INFO] [stdout]    --> src/damage_calc.rs:181:17
[INFO] [stdout]     |
[INFO] [stdout] 181 |                 terrain_boost
[INFO] [stdout]     |                 ^^^^^^^^^^^^^ not found in this scope
[INFO] [stdout] 
[INFO] [stdout] 
[INFO] [stdout] error[E0425]: cannot find value `terrain_boost` in this scope
[INFO] [stdout]    --> src/damage_calc.rs:197:17
[INFO] [stdout]     |
[INFO] [stdout] 197 |                 terrain_boost
[INFO] [stdout]     |                 ^^^^^^^^^^^^^ not found in this scope
[INFO] [stdout] 
[INFO] [stdout] 
[INFO] [stdout] For more information about this error, try `rustc --explain E0425`.
[INFO] [stdout] 
[INFO] [stderr] error: could not compile `poke-engine` (lib) due to 5 previous errors
[INFO] running `Command { std: "docker" "inspect" "8240489541a7c23081f3ae967acd68caf025ec9950f0ca36c04ff479dc44c301", kill_on_drop: false }`
[INFO] running `Command { std: "docker" "rm" "-f" "8240489541a7c23081f3ae967acd68caf025ec9950f0ca36c04ff479dc44c301", kill_on_drop: false }`
[INFO] [stdout] 8240489541a7c23081f3ae967acd68caf025ec9950f0ca36c04ff479dc44c301
