[INFO] fetching crate poem 3.1.3...
[INFO] testing poem-3.1.3 against nightly-2024-10-28 for randomize-layout
[INFO] extracting crate poem 3.1.3 into /workspace/builds/worker-7-tc1/source
[INFO] validating manifest of crates.io crate poem 3.1.3 on toolchain nightly-2024-10-28
[INFO] running `Command { std: CARGO_HOME="/workspace/cargo-home" RUSTUP_HOME="/workspace/rustup-home" "/workspace/cargo-home/bin/cargo" "+nightly-2024-10-28" "metadata" "--manifest-path" "Cargo.toml" "--no-deps", kill_on_drop: false }`
[INFO] started tweaking crates.io crate poem 3.1.3
[INFO] finished tweaking crates.io crate poem 3.1.3
[INFO] tweaked toml for crates.io crate poem 3.1.3 written to /workspace/builds/worker-7-tc1/source/Cargo.toml
[INFO] running `Command { std: CARGO_HOME="/workspace/cargo-home" RUSTUP_HOME="/workspace/rustup-home" "/workspace/cargo-home/bin/cargo" "+nightly-2024-10-28" "generate-lockfile" "--manifest-path" "Cargo.toml", kill_on_drop: false }`
[INFO] [stderr]     Updating crates.io index
[INFO] [stderr]      Locking 321 packages to latest compatible versions
[INFO] [stderr]       Adding aes-gcm v0.9.2 (available: v0.9.4)
[INFO] [stderr]       Adding chacha20 v0.7.1 (available: v0.7.3)
[INFO] [stderr]       Adding chacha20poly1305 v0.8.0 (available: v0.8.2)
[INFO] [stderr]       Adding crypto-mac v0.11.0 (available: v0.11.1)
[INFO] [stderr]       Adding fluent-langneg v0.13.0 (available: v0.14.1)
[INFO] [stderr]       Adding opentelemetry v0.24.0 (available: v0.26.0)
[INFO] [stderr]       Adding opentelemetry-http v0.13.0 (available: v0.26.0)
[INFO] [stderr]       Adding opentelemetry-semantic-conventions v0.16.0 (available: v0.26.0)
[INFO] [stderr]       Adding quick-xml v0.36.2 (available: v0.37.0)
[INFO] [stderr]       Adding rcgen v0.12.1 (available: v0.13.1)
[INFO] [stderr]       Adding tokio-rustls v0.25.0 (available: v0.26.0)
[INFO] [stderr]       Adding tokio-tungstenite v0.23.1 (available: v0.24.0)
[INFO] [stderr]       Adding tower v0.4.13 (available: v0.5.1)
[INFO] [stderr]       Adding universal-hash v0.4.0 (available: v0.4.1)
[INFO] running `Command { std: CARGO_HOME="/workspace/cargo-home" RUSTUP_HOME="/workspace/rustup-home" "/workspace/cargo-home/bin/cargo" "+nightly-2024-10-28" "fetch" "--manifest-path" "Cargo.toml", kill_on_drop: false }`
[INFO] [stderr]     Blocking waiting for file lock on package cache
[INFO] [stderr]     Blocking waiting for file lock on package cache
[INFO] [stderr]  Downloading crates ...
[INFO] [stderr]   Downloaded unic-langid-macros v0.9.5
[INFO] [stderr]   Downloaded tokio-metrics v0.3.1
[INFO] [stderr]   Downloaded unic-langid-macros-impl v0.9.5
[INFO] [stderr]   Downloaded wildmatch v2.4.0
[INFO] [stderr]   Downloaded tungstenite v0.23.0
[INFO] [stderr]   Downloaded sse-codec v0.3.2
[INFO] [stderr]   Downloaded oid-registry v0.7.1
[INFO] [stderr]   Downloaded opentelemetry-http v0.13.0
[INFO] [stderr]   Downloaded cpufeatures v0.1.5
[INFO] [stderr]   Downloaded ghash v0.4.4
[INFO] [stderr]   Downloaded uncased v0.9.10
[INFO] [stderr]   Downloaded chacha20 v0.7.1
[INFO] [stderr]   Downloaded pin-project-internal v0.4.30
[INFO] [stderr]   Downloaded pin-project v0.4.30
[INFO] [stderr]   Downloaded chacha20poly1305 v0.8.0
[INFO] [stderr]   Downloaded opentelemetry v0.24.0
[INFO] [stderr]   Downloaded opentelemetry-semantic-conventions v0.16.0
[INFO] [stderr]   Downloaded futures_codec v0.4.1
[INFO] [stderr]   Downloaded aes-gcm v0.9.2
[INFO] [stderr]   Downloaded opentelemetry_sdk v0.24.1
[INFO] [stderr]   Downloaded opentelemetry-prometheus v0.17.0
[INFO] [stderr]   Downloaded priority-queue v2.1.1
[INFO] [stderr]   Downloaded crypto-mac v0.11.0
[INFO] [stderr]   Downloaded csrf v0.4.1
[INFO] [stderr]   Downloaded poem-derive v3.1.0
[INFO] [stderr]   Downloaded redis v0.27.5
[INFO] [stderr]   Downloaded tokio-retry2 v0.5.6
[INFO] [stderr]   Downloaded tokio-tungstenite v0.23.1
[INFO] [stderr]   Downloaded rfc7239 v0.1.1
[INFO] [stderr]   Downloaded faststr v0.2.23
[INFO] [stderr]   Downloaded sonic-rs v0.3.14
[INFO] [stderr]   Downloaded brotli v7.0.0
[INFO] running `Command { std: "docker" "create" "-v" "/var/lib/crater-agent-workspace/builds/worker-7-tc1/target:/opt/rustwide/target:rw,Z" "-v" "/var/lib/crater-agent-workspace/builds/worker-7-tc1/source:/opt/rustwide/workdir:ro,Z" "-v" "/var/lib/crater-agent-workspace/cargo-home:/opt/rustwide/cargo-home:ro,Z" "-v" "/var/lib/crater-agent-workspace/rustup-home:/opt/rustwide/rustup-home:ro,Z" "-e" "SOURCE_DIR=/opt/rustwide/workdir" "-e" "CARGO_TARGET_DIR=/opt/rustwide/target" "-e" "CARGO_HOME=/opt/rustwide/cargo-home" "-e" "RUSTUP_HOME=/opt/rustwide/rustup-home" "-w" "/opt/rustwide/workdir" "-m" "1610612736" "--user" "0:0" "--network" "none" "ghcr.io/rust-lang/crates-build-env/linux@sha256:4a844ea9eb2546a2d2c7022eacef16ef2e8229c7fbb2c7d4d55a9ceca922f72d" "/opt/rustwide/cargo-home/bin/cargo" "+nightly-2024-10-28" "metadata" "--no-deps" "--format-version=1", kill_on_drop: false }`
[INFO] [stdout] 0f20f5626a34f2c57e7c1bae9bc86f4eb6b6711f3a605d8b339eb49b40c7797b
[INFO] running `Command { std: "docker" "start" "-a" "0f20f5626a34f2c57e7c1bae9bc86f4eb6b6711f3a605d8b339eb49b40c7797b", kill_on_drop: false }`
[INFO] running `Command { std: "docker" "inspect" "0f20f5626a34f2c57e7c1bae9bc86f4eb6b6711f3a605d8b339eb49b40c7797b", kill_on_drop: false }`
[INFO] running `Command { std: "docker" "rm" "-f" "0f20f5626a34f2c57e7c1bae9bc86f4eb6b6711f3a605d8b339eb49b40c7797b", kill_on_drop: false }`
[INFO] [stdout] 0f20f5626a34f2c57e7c1bae9bc86f4eb6b6711f3a605d8b339eb49b40c7797b
[INFO] running `Command { std: "docker" "create" "-v" "/var/lib/crater-agent-workspace/builds/worker-7-tc1/target:/opt/rustwide/target:rw,Z" "-v" "/var/lib/crater-agent-workspace/builds/worker-7-tc1/source:/opt/rustwide/workdir:ro,Z" "-v" "/var/lib/crater-agent-workspace/cargo-home:/opt/rustwide/cargo-home:ro,Z" "-v" "/var/lib/crater-agent-workspace/rustup-home:/opt/rustwide/rustup-home:ro,Z" "-e" "SOURCE_DIR=/opt/rustwide/workdir" "-e" "CARGO_TARGET_DIR=/opt/rustwide/target" "-e" "CARGO_INCREMENTAL=0" "-e" "RUST_BACKTRACE=full" "-e" "RUSTFLAGS=--cap-lints=forbid" "-e" "RUSTDOCFLAGS=--cap-lints=forbid" "-e" "CARGO_HOME=/opt/rustwide/cargo-home" "-e" "RUSTUP_HOME=/opt/rustwide/rustup-home" "-w" "/opt/rustwide/workdir" "-m" "1610612736" "--user" "0:0" "--network" "none" "ghcr.io/rust-lang/crates-build-env/linux@sha256:4a844ea9eb2546a2d2c7022eacef16ef2e8229c7fbb2c7d4d55a9ceca922f72d" "/opt/rustwide/cargo-home/bin/cargo" "+nightly-2024-10-28" "build" "--frozen" "--message-format=json", kill_on_drop: false }`
[INFO] [stdout] 6218b912dc8f528b220702d77bbac20c79b1132e358567f595d4f0da62a36c95
[INFO] running `Command { std: "docker" "start" "-a" "6218b912dc8f528b220702d77bbac20c79b1132e358567f595d4f0da62a36c95", kill_on_drop: false }`
[INFO] [stderr]    Compiling libc v0.2.161
[INFO] [stderr]    Compiling bytes v1.8.0
[INFO] [stderr]    Compiling pin-project-lite v0.2.15
[INFO] [stderr]    Compiling syn v2.0.86
[INFO] [stderr]    Compiling futures-sink v0.3.31
[INFO] [stderr]    Compiling serde v1.0.214
[INFO] [stderr]    Compiling httparse v1.9.5
[INFO] [stderr]    Compiling smallvec v1.13.2
[INFO] [stderr]    Compiling crypto-common v0.1.6
[INFO] [stderr]    Compiling uncased v0.9.10
[INFO] [stderr]    Compiling cfg_aliases v0.2.1
[INFO] [stderr]    Compiling winnow v0.6.20
[INFO] [stderr]    Compiling toml_datetime v0.6.8
[INFO] [stderr]    Compiling nix v0.29.0
[INFO] [stderr]    Compiling digest v0.10.7
[INFO] [stderr]    Compiling aho-corasick v1.1.3
[INFO] [stderr]    Compiling futures-channel v0.3.31
[INFO] [stderr]    Compiling http v1.1.0
[INFO] [stderr]    Compiling thiserror v1.0.66
[INFO] [stderr]    Compiling regex-syntax v0.8.5
[INFO] [stderr]    Compiling sha1 v0.10.6
[INFO] [stderr]    Compiling rfc7239 v0.1.1
[INFO] [stderr]    Compiling sync_wrapper v1.0.1
[INFO] [stderr]    Compiling wildmatch v2.4.0
[INFO] [stderr]    Compiling http-body v1.0.1
[INFO] [stderr]    Compiling headers-core v0.3.0
[INFO] [stderr]    Compiling headers v0.4.0
[INFO] [stderr]    Compiling mio v1.0.2
[INFO] [stderr]    Compiling socket2 v0.5.7
[INFO] [stderr]    Compiling toml_edit v0.22.22
[INFO] [stderr]    Compiling parking_lot_core v0.9.10
[INFO] [stderr]    Compiling parking_lot v0.12.3
[INFO] [stderr]    Compiling regex-automata v0.4.8
[INFO] [stderr]    Compiling proc-macro-crate v3.2.0
[INFO] [stderr]    Compiling tokio-macros v2.4.0
[INFO] [stderr]    Compiling tracing-attributes v0.1.27
[INFO] [stderr]    Compiling futures-macro v0.3.31
[INFO] [stderr]    Compiling serde_derive v1.0.214
[INFO] [stderr]    Compiling thiserror-impl v1.0.66
[INFO] [stderr]    Compiling poem-derive v3.1.0
[INFO] [stderr]    Compiling tokio v1.41.0
[INFO] [stderr]    Compiling futures-util v0.3.31
[INFO] [stderr]    Compiling tracing v0.1.40
[INFO] [stderr]    Compiling regex v1.11.1
[INFO] [stderr]    Compiling http-body-util v0.1.2
[INFO] [stderr]    Compiling tokio-util v0.7.12
[INFO] [stderr]    Compiling h2 v0.4.6
[INFO] [stderr]    Compiling serde_urlencoded v0.7.1
[INFO] [stderr]    Compiling serde_json v1.0.132
[INFO] [stderr]    Compiling hyper v1.5.0
[INFO] [stderr]    Compiling hyper-util v0.1.10
[INFO] [stderr]    Compiling poem v3.1.3 (/opt/rustwide/workdir)
[INFO] [stderr]     Finished `dev` profile [unoptimized + debuginfo] target(s) in 38.17s
[INFO] running `Command { std: "docker" "inspect" "6218b912dc8f528b220702d77bbac20c79b1132e358567f595d4f0da62a36c95", kill_on_drop: false }`
[INFO] running `Command { std: "docker" "rm" "-f" "6218b912dc8f528b220702d77bbac20c79b1132e358567f595d4f0da62a36c95", kill_on_drop: false }`
[INFO] [stdout] 6218b912dc8f528b220702d77bbac20c79b1132e358567f595d4f0da62a36c95
[INFO] running `Command { std: "docker" "create" "-v" "/var/lib/crater-agent-workspace/builds/worker-7-tc1/target:/opt/rustwide/target:rw,Z" "-v" "/var/lib/crater-agent-workspace/builds/worker-7-tc1/source:/opt/rustwide/workdir:ro,Z" "-v" "/var/lib/crater-agent-workspace/cargo-home:/opt/rustwide/cargo-home:ro,Z" "-v" "/var/lib/crater-agent-workspace/rustup-home:/opt/rustwide/rustup-home:ro,Z" "-e" "SOURCE_DIR=/opt/rustwide/workdir" "-e" "CARGO_TARGET_DIR=/opt/rustwide/target" "-e" "CARGO_INCREMENTAL=0" "-e" "RUST_BACKTRACE=full" "-e" "RUSTFLAGS=--cap-lints=forbid" "-e" "RUSTDOCFLAGS=--cap-lints=forbid" "-e" "CARGO_HOME=/opt/rustwide/cargo-home" "-e" "RUSTUP_HOME=/opt/rustwide/rustup-home" "-w" "/opt/rustwide/workdir" "-m" "1610612736" "--user" "0:0" "--network" "none" "ghcr.io/rust-lang/crates-build-env/linux@sha256:4a844ea9eb2546a2d2c7022eacef16ef2e8229c7fbb2c7d4d55a9ceca922f72d" "/opt/rustwide/cargo-home/bin/cargo" "+nightly-2024-10-28" "test" "--frozen" "--no-run" "--message-format=json", kill_on_drop: false }`
[INFO] [stdout] febd16ef7dfd9419e24653a702a709d69cf11b284a05615cb34a8d0bfa6668c4
[INFO] running `Command { std: "docker" "start" "-a" "febd16ef7dfd9419e24653a702a709d69cf11b284a05615cb34a8d0bfa6668c4", kill_on_drop: false }`
[INFO] [stderr]    Compiling tokio v1.41.0
[INFO] [stderr]    Compiling async-stream-impl v0.3.6
[INFO] [stderr]    Compiling async-stream v0.3.6
[INFO] [stderr]    Compiling tokio-util v0.7.12
[INFO] [stderr]    Compiling h2 v0.4.6
[INFO] [stderr]    Compiling hyper v1.5.0
[INFO] [stderr]    Compiling hyper-util v0.1.10
[INFO] [stderr]    Compiling poem v3.1.3 (/opt/rustwide/workdir)
[INFO] [stdout] error[E0432]: unresolved import `crate::test`
[INFO] [stdout]    --> src/endpoint/endpoint.rs:792:9
[INFO] [stdout]     |
[INFO] [stdout] 792 |         test::TestClient,
[INFO] [stdout]     |         ^^^^
[INFO] [stdout]     |         |
[INFO] [stdout]     |         unresolved import
[INFO] [stdout]     |         help: a similar path exists: `endpoint::endpoint::test`
[INFO] [stdout]     |
[INFO] [stdout] note: found an item that was configured out
[INFO] [stdout]    --> src/lib.rs:283:9
[INFO] [stdout]     |
[INFO] [stdout] 283 | pub mod test;
[INFO] [stdout]     |         ^^^^
[INFO] [stdout] note: the item is gated behind the `test` feature
[INFO] [stdout]    --> src/lib.rs:281:7
[INFO] [stdout]     |
[INFO] [stdout] 281 | #[cfg(feature = "test")]
[INFO] [stdout]     |       ^^^^^^^^^^^^^^^^
[INFO] [stdout] 
[INFO] [stdout] 
[INFO] [stdout] error[E0432]: unresolved import `crate::test`
[INFO] [stdout]    --> src/middleware/add_data.rs:52:26
[INFO] [stdout]     |
[INFO] [stdout] 52  |     use crate::{handler, test::TestClient, EndpointExt};
[INFO] [stdout]     |                          ^^^^
[INFO] [stdout]     |                          |
[INFO] [stdout]     |                          unresolved import
[INFO] [stdout]     |                          help: a similar path exists: `endpoint::endpoint::test`
[INFO] [stdout]     |
[INFO] [stdout] note: found an item that was configured out
[INFO] [stdout]    --> src/lib.rs:283:9
[INFO] [stdout]     |
[INFO] [stdout] 283 | pub mod test;
[INFO] [stdout]     |         ^^^^
[INFO] [stdout] note: the item is gated behind the `test` feature
[INFO] [stdout]    --> src/lib.rs:281:7
[INFO] [stdout]     |
[INFO] [stdout] 281 | #[cfg(feature = "test")]
[INFO] [stdout]     |       ^^^^^^^^^^^^^^^^
[INFO] [stdout] 
[INFO] [stdout] 
[INFO] [stdout] error[E0432]: unresolved import `crate::test`
[INFO] [stdout]    --> src/middleware/cors.rs:428:9
[INFO] [stdout]     |
[INFO] [stdout] 428 |         test::{TestClient, TestRequestBuilder},
[INFO] [stdout]     |         ^^^^
[INFO] [stdout]     |         |
[INFO] [stdout]     |         unresolved import
[INFO] [stdout]     |         help: a similar path exists: `endpoint::endpoint::test`
[INFO] [stdout]     |
[INFO] [stdout] note: found an item that was configured out
[INFO] [stdout]    --> src/lib.rs:283:9
[INFO] [stdout]     |
[INFO] [stdout] 283 | pub mod test;
[INFO] [stdout]     |         ^^^^
[INFO] [stdout] note: the item is gated behind the `test` feature
[INFO] [stdout]    --> src/lib.rs:281:7
[INFO] [stdout]     |
[INFO] [stdout] 281 | #[cfg(feature = "test")]
[INFO] [stdout]     |       ^^^^^^^^^^^^^^^^
[INFO] [stdout] 
[INFO] [stdout] 
[INFO] [stdout] error[E0432]: unresolved import `crate::test`
[INFO] [stdout]    --> src/middleware/normalize_path.rs:125:56
[INFO] [stdout]     |
[INFO] [stdout] 125 |     use crate::{endpoint::make_sync, http::StatusCode, test::TestClient, EndpointExt, Route};
[INFO] [stdout]     |                                                        ^^^^
[INFO] [stdout]     |                                                        |
[INFO] [stdout]     |                                                        unresolved import
[INFO] [stdout]     |                                                        help: a similar path exists: `endpoint::endpoint::test`
[INFO] [stdout]     |
[INFO] [stdout] note: found an item that was configured out
[INFO] [stdout]    --> src/lib.rs:283:9
[INFO] [stdout]     |
[INFO] [stdout] 283 | pub mod test;
[INFO] [stdout]     |         ^^^^
[INFO] [stdout] note: the item is gated behind the `test` feature
[INFO] [stdout]    --> src/lib.rs:281:7
[INFO] [stdout]     |
[INFO] [stdout] 281 | #[cfg(feature = "test")]
[INFO] [stdout]     |       ^^^^^^^^^^^^^^^^
[INFO] [stdout] 
[INFO] [stdout] 
[INFO] [stdout] error[E0432]: unresolved import `crate::test`
[INFO] [stdout]    --> src/middleware/propagate_header.rs:71:26
[INFO] [stdout]     |
[INFO] [stdout] 71  |     use crate::{handler, test::TestClient, EndpointExt};
[INFO] [stdout]     |                          ^^^^
[INFO] [stdout]     |                          |
[INFO] [stdout]     |                          unresolved import
[INFO] [stdout]     |                          help: a similar path exists: `endpoint::endpoint::test`
[INFO] [stdout]     |
[INFO] [stdout] note: found an item that was configured out
[INFO] [stdout]    --> src/lib.rs:283:9
[INFO] [stdout]     |
[INFO] [stdout] 283 | pub mod test;
[INFO] [stdout]     |         ^^^^
[INFO] [stdout] note: the item is gated behind the `test` feature
[INFO] [stdout]    --> src/lib.rs:281:7
[INFO] [stdout]     |
[INFO] [stdout] 281 | #[cfg(feature = "test")]
[INFO] [stdout]     |       ^^^^^^^^^^^^^^^^
[INFO] [stdout] 
[INFO] [stdout] 
[INFO] [stdout] error[E0432]: unresolved import `crate::test`
[INFO] [stdout]    --> src/middleware/sensitive_header.rs:126:9
[INFO] [stdout]     |
[INFO] [stdout] 126 |         test::{TestClient, TestRequestBuilder},
[INFO] [stdout]     |         ^^^^
[INFO] [stdout]     |         |
[INFO] [stdout]     |         unresolved import
[INFO] [stdout]     |         help: a similar path exists: `endpoint::endpoint::test`
[INFO] [stdout]     |
[INFO] [stdout] note: found an item that was configured out
[INFO] [stdout]    --> src/lib.rs:283:9
[INFO] [stdout]     |
[INFO] [stdout] 283 | pub mod test;
[INFO] [stdout]     |         ^^^^
[INFO] [stdout] note: the item is gated behind the `test` feature
[INFO] [stdout]    --> src/lib.rs:281:7
[INFO] [stdout]     |
[INFO] [stdout] 281 | #[cfg(feature = "test")]
[INFO] [stdout]     |       ^^^^^^^^^^^^^^^^
[INFO] [stdout] 
[INFO] [stdout] 
[INFO] [stdout] error[E0432]: unresolved import `crate::test`
[INFO] [stdout]    --> src/middleware/set_header.rs:135:26
[INFO] [stdout]     |
[INFO] [stdout] 135 |     use crate::{handler, test::TestClient, EndpointExt};
[INFO] [stdout]     |                          ^^^^
[INFO] [stdout]     |                          |
[INFO] [stdout]     |                          unresolved import
[INFO] [stdout]     |                          help: a similar path exists: `endpoint::endpoint::test`
[INFO] [stdout]     |
[INFO] [stdout] note: found an item that was configured out
[INFO] [stdout]    --> src/lib.rs:283:9
[INFO] [stdout]     |
[INFO] [stdout] 283 | pub mod test;
[INFO] [stdout]     |         ^^^^
[INFO] [stdout] note: the item is gated behind the `test` feature
[INFO] [stdout]    --> src/lib.rs:281:7
[INFO] [stdout]     |
[INFO] [stdout] 281 | #[cfg(feature = "test")]
[INFO] [stdout]     |       ^^^^^^^^^^^^^^^^
[INFO] [stdout] 
[INFO] [stdout] 
[INFO] [stdout] error[E0432]: unresolved import `crate::test`
[INFO] [stdout]    --> src/middleware/size_limit.rs:65:9
[INFO] [stdout]     |
[INFO] [stdout] 65  |         test::TestClient,
[INFO] [stdout]     |         ^^^^
[INFO] [stdout]     |         |
[INFO] [stdout]     |         unresolved import
[INFO] [stdout]     |         help: a similar path exists: `endpoint::endpoint::test`
[INFO] [stdout]     |
[INFO] [stdout] note: found an item that was configured out
[INFO] [stdout]    --> src/lib.rs:283:9
[INFO] [stdout]     |
[INFO] [stdout] 283 | pub mod test;
[INFO] [stdout]     |         ^^^^
[INFO] [stdout] note: the item is gated behind the `test` feature
[INFO] [stdout]    --> src/lib.rs:281:7
[INFO] [stdout]     |
[INFO] [stdout] 281 | #[cfg(feature = "test")]
[INFO] [stdout]     |       ^^^^^^^^^^^^^^^^
[INFO] [stdout] 
[INFO] [stdout] 
[INFO] [stdout] error[E0432]: unresolved import `crate::test`
[INFO] [stdout]    --> src/middleware/mod.rs:395:9
[INFO] [stdout]     |
[INFO] [stdout] 395 |         test::TestClient,
[INFO] [stdout]     |         ^^^^
[INFO] [stdout]     |         |
[INFO] [stdout]     |         unresolved import
[INFO] [stdout]     |         help: a similar path exists: `endpoint::endpoint::test`
[INFO] [stdout]     |
[INFO] [stdout] note: found an item that was configured out
[INFO] [stdout]    --> src/lib.rs:283:9
[INFO] [stdout]     |
[INFO] [stdout] 283 | pub mod test;
[INFO] [stdout]     |         ^^^^
[INFO] [stdout] note: the item is gated behind the `test` feature
[INFO] [stdout]    --> src/lib.rs:281:7
[INFO] [stdout]     |
[INFO] [stdout] 281 | #[cfg(feature = "test")]
[INFO] [stdout]     |       ^^^^^^^^^^^^^^^^
[INFO] [stdout] 
[INFO] [stdout] 
[INFO] [stdout] error[E0432]: unresolved import `crate::test`
[INFO] [stdout]    --> src/web/data.rs:55:47
[INFO] [stdout]     |
[INFO] [stdout] 55  |     use crate::{handler, middleware::AddData, test::TestClient, EndpointExt};
[INFO] [stdout]     |                                               ^^^^
[INFO] [stdout]     |                                               |
[INFO] [stdout]     |                                               unresolved import
[INFO] [stdout]     |                                               help: a similar path exists: `endpoint::endpoint::test`
[INFO] [stdout]     |
[INFO] [stdout] note: found an item that was configured out
[INFO] [stdout]    --> src/lib.rs:283:9
[INFO] [stdout]     |
[INFO] [stdout] 283 | pub mod test;
[INFO] [stdout]     |         ^^^^
[INFO] [stdout] note: the item is gated behind the `test` feature
[INFO] [stdout]    --> src/lib.rs:281:7
[INFO] [stdout]     |
[INFO] [stdout] 281 | #[cfg(feature = "test")]
[INFO] [stdout]     |       ^^^^^^^^^^^^^^^^
[INFO] [stdout] 
[INFO] [stdout] 
[INFO] [stdout] error[E0432]: unresolved import `crate::test`
[INFO] [stdout]    --> src/web/form.rs:130:26
[INFO] [stdout]     |
[INFO] [stdout] 130 |     use crate::{handler, test::TestClient};
[INFO] [stdout]     |                          ^^^^
[INFO] [stdout]     |                          |
[INFO] [stdout]     |                          unresolved import
[INFO] [stdout]     |                          help: a similar path exists: `endpoint::endpoint::test`
[INFO] [stdout]     |
[INFO] [stdout] note: found an item that was configured out
[INFO] [stdout]    --> src/lib.rs:283:9
[INFO] [stdout]     |
[INFO] [stdout] 283 | pub mod test;
[INFO] [stdout]     |         ^^^^
[INFO] [stdout] note: the item is gated behind the `test` feature
[INFO] [stdout]    --> src/lib.rs:281:7
[INFO] [stdout]     |
[INFO] [stdout] 281 | #[cfg(feature = "test")]
[INFO] [stdout]     |       ^^^^^^^^^^^^^^^^
[INFO] [stdout] 
[INFO] [stdout] 
[INFO] [stdout] error[E0432]: unresolved import `crate::test`
[INFO] [stdout]    --> src/web/json.rs:173:26
[INFO] [stdout]     |
[INFO] [stdout] 173 |     use crate::{handler, test::TestClient};
[INFO] [stdout]     |                          ^^^^
[INFO] [stdout]     |                          |
[INFO] [stdout]     |                          unresolved import
[INFO] [stdout]     |                          help: a similar path exists: `endpoint::endpoint::test`
[INFO] [stdout]     |
[INFO] [stdout] note: found an item that was configured out
[INFO] [stdout]    --> src/lib.rs:283:9
[INFO] [stdout]     |
[INFO] [stdout] 283 | pub mod test;
[INFO] [stdout]     |         ^^^^
[INFO] [stdout] note: the item is gated behind the `test` feature
[INFO] [stdout]    --> src/lib.rs:281:7
[INFO] [stdout]     |
[INFO] [stdout] 281 | #[cfg(feature = "test")]
[INFO] [stdout]     |       ^^^^^^^^^^^^^^^^
[INFO] [stdout] 
[INFO] [stdout] 
[INFO] [stdout] error[E0432]: unresolved import `crate::test`
[INFO] [stdout]    --> src/web/query.rs:84:26
[INFO] [stdout]     |
[INFO] [stdout] 84  |     use crate::{handler, test::TestClient};
[INFO] [stdout]     |                          ^^^^
[INFO] [stdout]     |                          |
[INFO] [stdout]     |                          unresolved import
[INFO] [stdout]     |                          help: a similar path exists: `endpoint::endpoint::test`
[INFO] [stdout]     |
[INFO] [stdout] note: found an item that was configured out
[INFO] [stdout]    --> src/lib.rs:283:9
[INFO] [stdout]     |
[INFO] [stdout] 283 | pub mod test;
[INFO] [stdout]     |         ^^^^
[INFO] [stdout] note: the item is gated behind the `test` feature
[INFO] [stdout]    --> src/lib.rs:281:7
[INFO] [stdout]     |
[INFO] [stdout] 281 | #[cfg(feature = "test")]
[INFO] [stdout]     |       ^^^^^^^^^^^^^^^^
[INFO] [stdout] 
[INFO] [stdout] 
[INFO] [stdout] error[E0432]: unresolved import `crate::test`
[INFO] [stdout]    --> src/web/typed_header.rs:79:9
[INFO] [stdout]     |
[INFO] [stdout] 79  |         test::TestClient,
[INFO] [stdout]     |         ^^^^
[INFO] [stdout]     |         |
[INFO] [stdout]     |         unresolved import
[INFO] [stdout]     |         help: a similar path exists: `endpoint::endpoint::test`
[INFO] [stdout]     |
[INFO] [stdout] note: found an item that was configured out
[INFO] [stdout]    --> src/lib.rs:283:9
[INFO] [stdout]     |
[INFO] [stdout] 283 | pub mod test;
[INFO] [stdout]     |         ^^^^
[INFO] [stdout] note: the item is gated behind the `test` feature
[INFO] [stdout]    --> src/lib.rs:281:7
[INFO] [stdout]     |
[INFO] [stdout] 281 | #[cfg(feature = "test")]
[INFO] [stdout]     |       ^^^^^^^^^^^^^^^^
[INFO] [stdout] 
[INFO] [stdout] 
[INFO] [stdout] error[E0432]: unresolved import `crate::test`
[INFO] [stdout]    --> src/route/router.rs:393:47
[INFO] [stdout]     |
[INFO] [stdout] 393 |     use crate::{endpoint::make_sync, handler, test::TestClient, Error};
[INFO] [stdout]     |                                               ^^^^
[INFO] [stdout]     |                                               |
[INFO] [stdout]     |                                               unresolved import
[INFO] [stdout]     |                                               help: a similar path exists: `endpoint::endpoint::test`
[INFO] [stdout]     |
[INFO] [stdout] note: found an item that was configured out
[INFO] [stdout]    --> src/lib.rs:283:9
[INFO] [stdout]     |
[INFO] [stdout] 283 | pub mod test;
[INFO] [stdout]     |         ^^^^
[INFO] [stdout] note: the item is gated behind the `test` feature
[INFO] [stdout]    --> src/lib.rs:281:7
[INFO] [stdout]     |
[INFO] [stdout] 281 | #[cfg(feature = "test")]
[INFO] [stdout]     |       ^^^^^^^^^^^^^^^^
[INFO] [stdout] 
[INFO] [stdout] 
[INFO] [stdout] error[E0432]: unresolved import `crate::test`
[INFO] [stdout]    --> src/route/router_domain.rs:111:64
[INFO] [stdout]     |
[INFO] [stdout] 111 |     use crate::{endpoint::make_sync, handler, http::HeaderMap, test::TestClient};
[INFO] [stdout]     |                                                                ^^^^
[INFO] [stdout]     |                                                                |
[INFO] [stdout]     |                                                                unresolved import
[INFO] [stdout]     |                                                                help: a similar path exists: `endpoint::endpoint::test`
[INFO] [stdout]     |
[INFO] [stdout] note: found an item that was configured out
[INFO] [stdout]    --> src/lib.rs:283:9
[INFO] [stdout]     |
[INFO] [stdout] 283 | pub mod test;
[INFO] [stdout]     |         ^^^^
[INFO] [stdout] note: the item is gated behind the `test` feature
[INFO] [stdout]    --> src/lib.rs:281:7
[INFO] [stdout]     |
[INFO] [stdout] 281 | #[cfg(feature = "test")]
[INFO] [stdout]     |       ^^^^^^^^^^^^^^^^
[INFO] [stdout] 
[INFO] [stdout] 
[INFO] [stdout] error[E0432]: unresolved import `crate::test`
[INFO] [stdout]    --> src/route/router_method.rs:284:44
[INFO] [stdout]     |
[INFO] [stdout] 284 |     use crate::{handler, http::StatusCode, test::TestClient};
[INFO] [stdout]     |                                            ^^^^
[INFO] [stdout]     |                                            |
[INFO] [stdout]     |                                            unresolved import
[INFO] [stdout]     |                                            help: a similar path exists: `endpoint::endpoint::test`
[INFO] [stdout]     |
[INFO] [stdout] note: found an item that was configured out
[INFO] [stdout]    --> src/lib.rs:283:9
[INFO] [stdout]     |
[INFO] [stdout] 283 | pub mod test;
[INFO] [stdout]     |         ^^^^
[INFO] [stdout] note: the item is gated behind the `test` feature
[INFO] [stdout]    --> src/lib.rs:281:7
[INFO] [stdout]     |
[INFO] [stdout] 281 | #[cfg(feature = "test")]
[INFO] [stdout]     |       ^^^^^^^^^^^^^^^^
[INFO] [stdout] 
[INFO] [stdout] 
[INFO] [stdout] For more information about this error, try `rustc --explain E0432`.
[INFO] [stdout] 
[INFO] [stderr] error: could not compile `poem` (lib test) due to 17 previous errors
[INFO] running `Command { std: "docker" "inspect" "febd16ef7dfd9419e24653a702a709d69cf11b284a05615cb34a8d0bfa6668c4", kill_on_drop: false }`
[INFO] running `Command { std: "docker" "rm" "-f" "febd16ef7dfd9419e24653a702a709d69cf11b284a05615cb34a8d0bfa6668c4", kill_on_drop: false }`
[INFO] [stdout] febd16ef7dfd9419e24653a702a709d69cf11b284a05615cb34a8d0bfa6668c4
