[INFO] fetching crate plrs 0.1.3...
[INFO] testing plrs-0.1.3 against nightly-2024-10-28+rustflags=-Zrandomize-layout for randomize-layout
[INFO] extracting crate plrs 0.1.3 into /workspace/builds/worker-3-tc2/source
[INFO] validating manifest of crates.io crate plrs 0.1.3 on toolchain nightly-2024-10-28
[INFO] running `Command { std: CARGO_HOME="/workspace/cargo-home" RUSTUP_HOME="/workspace/rustup-home" "/workspace/cargo-home/bin/cargo" "+nightly-2024-10-28" "metadata" "--manifest-path" "Cargo.toml" "--no-deps", kill_on_drop: false }`
[INFO] started tweaking crates.io crate plrs 0.1.3
[INFO] finished tweaking crates.io crate plrs 0.1.3
[INFO] tweaked toml for crates.io crate plrs 0.1.3 written to /workspace/builds/worker-3-tc2/source/Cargo.toml
[INFO] running `Command { std: CARGO_HOME="/workspace/cargo-home" RUSTUP_HOME="/workspace/rustup-home" "/workspace/cargo-home/bin/cargo" "+nightly-2024-10-28" "generate-lockfile" "--manifest-path" "Cargo.toml", kill_on_drop: false }`
[INFO] [stderr]     Updating crates.io index
[INFO] [stderr]      Locking 32 packages to latest compatible versions
[INFO] [stderr]       Adding bitflags v1.3.2 (available: v2.6.0)
[INFO] [stderr]       Adding indoc-impl v0.3.6 (available: v0.3.7)
[INFO] [stderr]       Adding pyo3 v0.13.2 (available: v0.22.5)
[INFO] running `Command { std: CARGO_HOME="/workspace/cargo-home" RUSTUP_HOME="/workspace/rustup-home" "/workspace/cargo-home/bin/cargo" "+nightly-2024-10-28" "fetch" "--manifest-path" "Cargo.toml", kill_on_drop: false }`
[INFO] running `Command { std: "docker" "create" "-v" "/var/lib/crater-agent-workspace/builds/worker-3-tc2/target:/opt/rustwide/target:rw,Z" "-v" "/var/lib/crater-agent-workspace/builds/worker-3-tc2/source:/opt/rustwide/workdir:ro,Z" "-v" "/var/lib/crater-agent-workspace/cargo-home:/opt/rustwide/cargo-home:ro,Z" "-v" "/var/lib/crater-agent-workspace/rustup-home:/opt/rustwide/rustup-home:ro,Z" "-e" "SOURCE_DIR=/opt/rustwide/workdir" "-e" "CARGO_TARGET_DIR=/opt/rustwide/target" "-e" "CARGO_HOME=/opt/rustwide/cargo-home" "-e" "RUSTUP_HOME=/opt/rustwide/rustup-home" "-w" "/opt/rustwide/workdir" "-m" "1610612736" "--user" "0:0" "--network" "none" "ghcr.io/rust-lang/crates-build-env/linux@sha256:4a844ea9eb2546a2d2c7022eacef16ef2e8229c7fbb2c7d4d55a9ceca922f72d" "/opt/rustwide/cargo-home/bin/cargo" "+nightly-2024-10-28" "metadata" "--no-deps" "--format-version=1", kill_on_drop: false }`
[INFO] [stdout] a68be7363351bbc833ecf5efcbf35c71bbc7b8d5f6b54ab110565309db75d7a2
[INFO] running `Command { std: "docker" "start" "-a" "a68be7363351bbc833ecf5efcbf35c71bbc7b8d5f6b54ab110565309db75d7a2", kill_on_drop: false }`
[INFO] running `Command { std: "docker" "inspect" "a68be7363351bbc833ecf5efcbf35c71bbc7b8d5f6b54ab110565309db75d7a2", kill_on_drop: false }`
[INFO] running `Command { std: "docker" "rm" "-f" "a68be7363351bbc833ecf5efcbf35c71bbc7b8d5f6b54ab110565309db75d7a2", kill_on_drop: false }`
[INFO] [stdout] a68be7363351bbc833ecf5efcbf35c71bbc7b8d5f6b54ab110565309db75d7a2
[INFO] running `Command { std: "docker" "create" "-v" "/var/lib/crater-agent-workspace/builds/worker-3-tc2/target:/opt/rustwide/target:rw,Z" "-v" "/var/lib/crater-agent-workspace/builds/worker-3-tc2/source:/opt/rustwide/workdir:ro,Z" "-v" "/var/lib/crater-agent-workspace/cargo-home:/opt/rustwide/cargo-home:ro,Z" "-v" "/var/lib/crater-agent-workspace/rustup-home:/opt/rustwide/rustup-home:ro,Z" "-e" "SOURCE_DIR=/opt/rustwide/workdir" "-e" "CARGO_TARGET_DIR=/opt/rustwide/target" "-e" "CARGO_INCREMENTAL=0" "-e" "RUST_BACKTRACE=full" "-e" "RUSTFLAGS=--cap-lints=forbid -Zrandomize-layout" "-e" "RUSTDOCFLAGS=--cap-lints=forbid" "-e" "CARGO_HOME=/opt/rustwide/cargo-home" "-e" "RUSTUP_HOME=/opt/rustwide/rustup-home" "-w" "/opt/rustwide/workdir" "-m" "1610612736" "--user" "0:0" "--network" "none" "ghcr.io/rust-lang/crates-build-env/linux@sha256:4a844ea9eb2546a2d2c7022eacef16ef2e8229c7fbb2c7d4d55a9ceca922f72d" "/opt/rustwide/cargo-home/bin/cargo" "+nightly-2024-10-28" "build" "--frozen" "--message-format=json", kill_on_drop: false }`
[INFO] [stdout] 2a7fc0bcdaebf4ce10d4b359e43c5600c00c800eb7617f640453cd4abd018043
[INFO] running `Command { std: "docker" "start" "-a" "2a7fc0bcdaebf4ce10d4b359e43c5600c00c800eb7617f640453cd4abd018043", kill_on_drop: false }`
[INFO] [stderr]    Compiling syn v1.0.109
[INFO] [stderr]    Compiling proc-macro-hack v0.5.20+deprecated
[INFO] [stderr]    Compiling libc v0.2.161
[INFO] [stderr]    Compiling parking_lot_core v0.8.6
[INFO] [stderr]    Compiling instant v0.1.13
[INFO] [stderr]    Compiling unindent v0.1.11
[INFO] [stderr]    Compiling inventory v0.1.11
[INFO] [stderr]    Compiling ghost v0.1.17
[INFO] [stderr]    Compiling pyo3 v0.13.2
[INFO] [stderr]    Compiling bitflags v1.3.2
[INFO] [stderr]    Compiling paste-impl v0.1.18
[INFO] [stderr]    Compiling parking_lot v0.11.2
[INFO] [stderr]    Compiling paste v0.1.18
[INFO] [stderr]    Compiling pyo3-macros-backend v0.13.2
[INFO] [stderr]    Compiling indoc-impl v0.3.6
[INFO] [stderr]    Compiling ctor v0.1.26
[INFO] [stderr]    Compiling inventory-impl v0.1.11
[INFO] [stderr]    Compiling indoc v0.3.6
[INFO] [stderr]    Compiling pyo3-macros v0.13.2
[INFO] [stderr]    Compiling plrs v0.1.3 (/opt/rustwide/workdir)
[INFO] [stderr]     Finished `dev` profile [unoptimized + debuginfo] target(s) in 8.59s
[INFO] [stderr] warning: the following packages contain code that will be rejected by a future version of Rust: pyo3 v0.13.2, pyo3-macros-backend v0.13.2
[INFO] [stderr] note: to see what the problems were, use the option `--future-incompat-report`, or run `cargo report future-incompatibilities --id 1`
[INFO] running `Command { std: "docker" "inspect" "2a7fc0bcdaebf4ce10d4b359e43c5600c00c800eb7617f640453cd4abd018043", kill_on_drop: false }`
[INFO] running `Command { std: "docker" "rm" "-f" "2a7fc0bcdaebf4ce10d4b359e43c5600c00c800eb7617f640453cd4abd018043", kill_on_drop: false }`
[INFO] [stdout] 2a7fc0bcdaebf4ce10d4b359e43c5600c00c800eb7617f640453cd4abd018043
[INFO] running `Command { std: "docker" "create" "-v" "/var/lib/crater-agent-workspace/builds/worker-3-tc2/target:/opt/rustwide/target:rw,Z" "-v" "/var/lib/crater-agent-workspace/builds/worker-3-tc2/source:/opt/rustwide/workdir:ro,Z" "-v" "/var/lib/crater-agent-workspace/cargo-home:/opt/rustwide/cargo-home:ro,Z" "-v" "/var/lib/crater-agent-workspace/rustup-home:/opt/rustwide/rustup-home:ro,Z" "-e" "SOURCE_DIR=/opt/rustwide/workdir" "-e" "CARGO_TARGET_DIR=/opt/rustwide/target" "-e" "CARGO_INCREMENTAL=0" "-e" "RUST_BACKTRACE=full" "-e" "RUSTFLAGS=--cap-lints=forbid -Zrandomize-layout" "-e" "RUSTDOCFLAGS=--cap-lints=forbid" "-e" "CARGO_HOME=/opt/rustwide/cargo-home" "-e" "RUSTUP_HOME=/opt/rustwide/rustup-home" "-w" "/opt/rustwide/workdir" "-m" "1610612736" "--user" "0:0" "--network" "none" "ghcr.io/rust-lang/crates-build-env/linux@sha256:4a844ea9eb2546a2d2c7022eacef16ef2e8229c7fbb2c7d4d55a9ceca922f72d" "/opt/rustwide/cargo-home/bin/cargo" "+nightly-2024-10-28" "test" "--frozen" "--no-run" "--message-format=json", kill_on_drop: false }`
[INFO] [stdout] 996fa9c1c68c2689380fd8a430577742979ec8ae008f1b83545a600e4abd6067
[INFO] running `Command { std: "docker" "start" "-a" "996fa9c1c68c2689380fd8a430577742979ec8ae008f1b83545a600e4abd6067", kill_on_drop: false }`
[INFO] [stderr]    Compiling plrs v0.1.3 (/opt/rustwide/workdir)
[INFO] [stdout] error: linking with `cc` failed: exit status: 1
[INFO] [stdout]   |
[INFO] [stdout]   = note: LC_ALL="C" PATH="/opt/rustwide/rustup-home/toolchains/nightly-2024-10-28-x86_64-unknown-linux-gnu/lib/rustlib/x86_64-unknown-linux-gnu/bin:/opt/rustwide/rustup-home/toolchains/nightly-2024-10-28-x86_64-unknown-linux-gnu/lib/rustlib/x86_64-unknown-linux-gnu/bin/self-contained:/opt/rustwide/cargo-home/bin:/usr/local/sbin:/usr/local/bin:/usr/sbin:/usr/bin:/sbin:/bin" VSLANG="1033" "cc" "-m64" "/tmp/rustcI6sbVV/symbols.o" "/opt/rustwide/target/debug/deps/plrs-6c374e00fe574b40.plrs.8c4c1d2fa1af7a03-cgu.00.rcgu.o" "/opt/rustwide/target/debug/deps/plrs-6c374e00fe574b40.plrs.8c4c1d2fa1af7a03-cgu.01.rcgu.o" "/opt/rustwide/target/debug/deps/plrs-6c374e00fe574b40.plrs.8c4c1d2fa1af7a03-cgu.02.rcgu.o" "/opt/rustwide/target/debug/deps/plrs-6c374e00fe574b40.plrs.8c4c1d2fa1af7a03-cgu.03.rcgu.o" "/opt/rustwide/target/debug/deps/plrs-6c374e00fe574b40.plrs.8c4c1d2fa1af7a03-cgu.04.rcgu.o" "/opt/rustwide/target/debug/deps/plrs-6c374e00fe574b40.plrs.8c4c1d2fa1af7a03-cgu.05.rcgu.o" "/opt/rustwide/target/debug/deps/plrs-6c374e00fe574b40.plrs.8c4c1d2fa1af7a03-cgu.06.rcgu.o" "/opt/rustwide/target/debug/deps/plrs-6c374e00fe574b40.plrs.8c4c1d2fa1af7a03-cgu.07.rcgu.o" "/opt/rustwide/target/debug/deps/plrs-6c374e00fe574b40.plrs.8c4c1d2fa1af7a03-cgu.08.rcgu.o" "/opt/rustwide/target/debug/deps/plrs-6c374e00fe574b40.plrs.8c4c1d2fa1af7a03-cgu.09.rcgu.o" "/opt/rustwide/target/debug/deps/plrs-6c374e00fe574b40.98ktn80v7b00rp8p3916ltt8t.rcgu.o" "-Wl,--as-needed" "-Wl,-Bstatic" "/opt/rustwide/rustup-home/toolchains/nightly-2024-10-28-x86_64-unknown-linux-gnu/lib/rustlib/x86_64-unknown-linux-gnu/lib/libtest-a09fad3b5321e7d6.rlib" "/opt/rustwide/rustup-home/toolchains/nightly-2024-10-28-x86_64-unknown-linux-gnu/lib/rustlib/x86_64-unknown-linux-gnu/lib/libgetopts-f9c3dff41ad42661.rlib" "/opt/rustwide/rustup-home/toolchains/nightly-2024-10-28-x86_64-unknown-linux-gnu/lib/rustlib/x86_64-unknown-linux-gnu/lib/libunicode_width-ad2aef31af6addd3.rlib" "/opt/rustwide/rustup-home/toolchains/nightly-2024-10-28-x86_64-unknown-linux-gnu/lib/rustlib/x86_64-unknown-linux-gnu/lib/librustc_std_workspace_std-e3f907dc03deb913.rlib" "/opt/rustwide/target/debug/deps/libpyo3-6bc920bf63fed190.rlib" "/opt/rustwide/target/debug/deps/libparking_lot-e36f3d87b8e5eee7.rlib" "/opt/rustwide/target/debug/deps/libparking_lot_core-0609ea5729740051.rlib" "/opt/rustwide/target/debug/deps/libsmallvec-756ee87804f0eec5.rlib" "/opt/rustwide/target/debug/deps/liblock_api-e2cb0d427dfba242.rlib" "/opt/rustwide/target/debug/deps/libscopeguard-003ee3b9b09cebdb.rlib" "/opt/rustwide/target/debug/deps/libinstant-969d032a10606262.rlib" "/opt/rustwide/target/debug/deps/libcfg_if-57bf25c23e31efdb.rlib" "/opt/rustwide/target/debug/deps/liblibc-663f09ba3db1840e.rlib" "/opt/rustwide/target/debug/deps/libunindent-1e23dff4ebeeb400.rlib" "/opt/rustwide/target/debug/deps/libpaste-4723de8a0398679a.rlib" "/opt/rustwide/target/debug/deps/libinventory-2a9ed61f8663b724.rlib" "/opt/rustwide/target/debug/deps/libindoc-9d75ecdc7135abea.rlib" "/opt/rustwide/target/debug/deps/libbitflags-560efdb99b117eef.rlib" "/opt/rustwide/rustup-home/toolchains/nightly-2024-10-28-x86_64-unknown-linux-gnu/lib/rustlib/x86_64-unknown-linux-gnu/lib/libstd-fb8c387236db3c10.rlib" "/opt/rustwide/rustup-home/toolchains/nightly-2024-10-28-x86_64-unknown-linux-gnu/lib/rustlib/x86_64-unknown-linux-gnu/lib/libpanic_unwind-b251837809b2f64b.rlib" "/opt/rustwide/rustup-home/toolchains/nightly-2024-10-28-x86_64-unknown-linux-gnu/lib/rustlib/x86_64-unknown-linux-gnu/lib/libobject-cbef83eaa4e01f04.rlib" "/opt/rustwide/rustup-home/toolchains/nightly-2024-10-28-x86_64-unknown-linux-gnu/lib/rustlib/x86_64-unknown-linux-gnu/lib/libmemchr-12a772286de2fca7.rlib" "/opt/rustwide/rustup-home/toolchains/nightly-2024-10-28-x86_64-unknown-linux-gnu/lib/rustlib/x86_64-unknown-linux-gnu/lib/libaddr2line-023bbe5ada7abfc3.rlib" "/opt/rustwide/rustup-home/toolchains/nightly-2024-10-28-x86_64-unknown-linux-gnu/lib/rustlib/x86_64-unknown-linux-gnu/lib/libgimli-de2bcdf10ec69c2b.rlib" "/opt/rustwide/rustup-home/toolchains/nightly-2024-10-28-x86_64-unknown-linux-gnu/lib/rustlib/x86_64-unknown-linux-gnu/lib/librustc_demangle-8e1754df350800fd.rlib" "/opt/rustwide/rustup-home/toolchains/nightly-2024-10-28-x86_64-unknown-linux-gnu/lib/rustlib/x86_64-unknown-linux-gnu/lib/libstd_detect-06c2ab7b9c32e037.rlib" "/opt/rustwide/rustup-home/toolchains/nightly-2024-10-28-x86_64-unknown-linux-gnu/lib/rustlib/x86_64-unknown-linux-gnu/lib/libhashbrown-51d2621fc57a281b.rlib" "/opt/rustwide/rustup-home/toolchains/nightly-2024-10-28-x86_64-unknown-linux-gnu/lib/rustlib/x86_64-unknown-linux-gnu/lib/librustc_std_workspace_alloc-54a930408793772f.rlib" "/opt/rustwide/rustup-home/toolchains/nightly-2024-10-28-x86_64-unknown-linux-gnu/lib/rustlib/x86_64-unknown-linux-gnu/lib/libminiz_oxide-0c7d01cba400dcb2.rlib" "/opt/rustwide/rustup-home/toolchains/nightly-2024-10-28-x86_64-unknown-linux-gnu/lib/rustlib/x86_64-unknown-linux-gnu/lib/libadler-b9f84d69e331b75b.rlib" "/opt/rustwide/rustup-home/toolchains/nightly-2024-10-28-x86_64-unknown-linux-gnu/lib/rustlib/x86_64-unknown-linux-gnu/lib/libunwind-eec95493246aae39.rlib" "/opt/rustwide/rustup-home/toolchains/nightly-2024-10-28-x86_64-unknown-linux-gnu/lib/rustlib/x86_64-unknown-linux-gnu/lib/libcfg_if-6f6676c475e08ab0.rlib" "/opt/rustwide/rustup-home/toolchains/nightly-2024-10-28-x86_64-unknown-linux-gnu/lib/rustlib/x86_64-unknown-linux-gnu/lib/liblibc-799d520624f8b2e0.rlib" "/opt/rustwide/rustup-home/toolchains/nightly-2024-10-28-x86_64-unknown-linux-gnu/lib/rustlib/x86_64-unknown-linux-gnu/lib/liballoc-fcf93d4842acd9a9.rlib" "/opt/rustwide/rustup-home/toolchains/nightly-2024-10-28-x86_64-unknown-linux-gnu/lib/rustlib/x86_64-unknown-linux-gnu/lib/librustc_std_workspace_core-395a38b8e0851c9b.rlib" "/opt/rustwide/rustup-home/toolchains/nightly-2024-10-28-x86_64-unknown-linux-gnu/lib/rustlib/x86_64-unknown-linux-gnu/lib/libcore-d453bab70303062c.rlib" "/opt/rustwide/rustup-home/toolchains/nightly-2024-10-28-x86_64-unknown-linux-gnu/lib/rustlib/x86_64-unknown-linux-gnu/lib/libcompiler_builtins-0e6386368b0a24e8.rlib" "-Wl,-Bdynamic" "-lgcc_s" "-lutil" "-lrt" "-lpthread" "-lm" "-ldl" "-lc" "-B/opt/rustwide/rustup-home/toolchains/nightly-2024-10-28-x86_64-unknown-linux-gnu/lib/rustlib/x86_64-unknown-linux-gnu/bin/gcc-ld" "-fuse-ld=lld" "-Wl,--eh-frame-hdr" "-Wl,-z,noexecstack" "-L" "/opt/rustwide/rustup-home/toolchains/nightly-2024-10-28-x86_64-unknown-linux-gnu/lib/rustlib/x86_64-unknown-linux-gnu/lib" "-o" "/opt/rustwide/target/debug/deps/plrs-6c374e00fe574b40" "-Wl,--gc-sections" "-pie" "-Wl,-z,relro,-z,now" "-nodefaultlibs"
[INFO] [stdout]   = note: rust-lld: error: undefined symbol: PyErr_Restore
[INFO] [stdout]           >>> referenced by mod.rs:357 (/opt/rustwide/cargo-home/registry/src/index.crates.io-6f17d22bba15001f/pyo3-0.13.2/src/err/mod.rs:357)
[INFO] [stdout]           >>>               /opt/rustwide/target/debug/deps/plrs-6c374e00fe574b40.plrs.8c4c1d2fa1af7a03-cgu.04.rcgu.o:(pyo3::err::PyErr::restore::h891dfe4be4cde7f7)
[INFO] [stdout]           >>> referenced by mod.rs:357 (src/err/mod.rs:357)
[INFO] [stdout]           >>>               pyo3-6bc920bf63fed190.pyo3.c42002322494c530-cgu.2.rcgu.o:(pyo3::err::PyErr::restore::h27bae81b1af367c7) in archive /opt/rustwide/target/debug/deps/libpyo3-6bc920bf63fed190.rlib
[INFO] [stdout]           
[INFO] [stdout]           rust-lld: error: undefined symbol: PyType_GenericAlloc
[INFO] [stdout]           >>> referenced by pyclass.rs:66 (/opt/rustwide/cargo-home/registry/src/index.crates.io-6f17d22bba15001f/pyo3-0.13.2/src/pyclass.rs:66)
[INFO] [stdout]           >>>               /opt/rustwide/target/debug/deps/plrs-6c374e00fe574b40.plrs.8c4c1d2fa1af7a03-cgu.04.rcgu.o:(pyo3::pyclass::default_new::h38370328515e24a9)
[INFO] [stdout]           >>> referenced by pyclass.rs:66 (/opt/rustwide/cargo-home/registry/src/index.crates.io-6f17d22bba15001f/pyo3-0.13.2/src/pyclass.rs:66)
[INFO] [stdout]           >>>               /opt/rustwide/target/debug/deps/plrs-6c374e00fe574b40.plrs.8c4c1d2fa1af7a03-cgu.04.rcgu.o:(pyo3::pyclass::default_new::h930f988541a8f051)
[INFO] [stdout]           
[INFO] [stdout]           rust-lld: error: undefined symbol: PyType_GetSlot
[INFO] [stdout]           >>> referenced by pyclass.rs:21 (/opt/rustwide/cargo-home/registry/src/index.crates.io-6f17d22bba15001f/pyo3-0.13.2/src/pyclass.rs:21)
[INFO] [stdout]           >>>               /opt/rustwide/target/debug/deps/plrs-6c374e00fe574b40.plrs.8c4c1d2fa1af7a03-cgu.04.rcgu.o:(pyo3::pyclass::get_type_free::ha7cbc77883ab8843)
[INFO] [stdout]           >>> referenced by pyclass.rs:16 (/opt/rustwide/cargo-home/registry/src/index.crates.io-6f17d22bba15001f/pyo3-0.13.2/src/pyclass.rs:16)
[INFO] [stdout]           >>>               /opt/rustwide/target/debug/deps/plrs-6c374e00fe574b40.plrs.8c4c1d2fa1af7a03-cgu.04.rcgu.o:(pyo3::pyclass::get_type_alloc::h64a72d4df4841fc0)
[INFO] [stdout]           
[INFO] [stdout]           rust-lld: error: undefined symbol: PyType_FromSpec
[INFO] [stdout]           >>> referenced by pyclass.rs:230 (/opt/rustwide/cargo-home/registry/src/index.crates.io-6f17d22bba15001f/pyo3-0.13.2/src/pyclass.rs:230)
[INFO] [stdout]           >>>               /opt/rustwide/target/debug/deps/plrs-6c374e00fe574b40.plrs.8c4c1d2fa1af7a03-cgu.04.rcgu.o:(pyo3::pyclass::create_type_object::h1402f5b27d84837d)
[INFO] [stdout]           
[INFO] [stdout]           rust-lld: error: undefined symbol: PyBaseObject_Type
[INFO] [stdout]           >>> referenced by mod.rs:216 (/opt/rustwide/cargo-home/registry/src/index.crates.io-6f17d22bba15001f/pyo3-0.13.2/src/types/mod.rs:216)
[INFO] [stdout]           >>>               /opt/rustwide/target/debug/deps/plrs-6c374e00fe574b40.plrs.8c4c1d2fa1af7a03-cgu.04.rcgu.o:(_$LT$pyo3..types..any..PyAny$u20$as$u20$pyo3..type_object..PyTypeInfo$GT$::type_object_raw::h72878b7cf96f6c4d)
[INFO] [stdout]           
[INFO] [stdout]           rust-lld: error: undefined symbol: _Py_NoneStruct
[INFO] [stdout]           >>> referenced by object.rs:871 (/opt/rustwide/cargo-home/registry/src/index.crates.io-6f17d22bba15001f/pyo3-0.13.2/src/ffi/object.rs:871)
[INFO] [stdout]           >>>               /opt/rustwide/target/debug/deps/plrs-6c374e00fe574b40.plrs.8c4c1d2fa1af7a03-cgu.08.rcgu.o:(pyo3::ffi::object::Py_None::h542db6ed32fa8c1a)
[INFO] [stdout]           >>> referenced by object.rs:871 (src/ffi/object.rs:871)
[INFO] [stdout]           >>>               pyo3-6bc920bf63fed190.pyo3.c42002322494c530-cgu.7.rcgu.o:(pyo3::ffi::object::Py_None::h45e9df868e06e50f) in archive /opt/rustwide/target/debug/deps/libpyo3-6bc920bf63fed190.rlib
[INFO] [stdout]           
[INFO] [stdout]           rust-lld: error: undefined symbol: _Py_Dealloc
[INFO] [stdout]           >>> referenced by object.rs:825 (/opt/rustwide/cargo-home/registry/src/index.crates.io-6f17d22bba15001f/pyo3-0.13.2/src/ffi/object.rs:825)
[INFO] [stdout]           >>>               /opt/rustwide/target/debug/deps/plrs-6c374e00fe574b40.plrs.8c4c1d2fa1af7a03-cgu.08.rcgu.o:(pyo3::ffi::object::Py_DECREF::h9143da9f1ef6c79b)
[INFO] [stdout]           >>> referenced by object.rs:825 (src/ffi/object.rs:825)
[INFO] [stdout]           >>>               pyo3-6bc920bf63fed190.pyo3.c42002322494c530-cgu.7.rcgu.o:(pyo3::ffi::object::Py_DECREF::h2da067918cd6242f) in archive /opt/rustwide/target/debug/deps/libpyo3-6bc920bf63fed190.rlib
[INFO] [stdout]           
[INFO] [stdout]           rust-lld: error: undefined symbol: PyExc_BaseException
[INFO] [stdout]           >>> referenced by exceptions.rs:217 (src/exceptions.rs:217)
[INFO] [stdout]           >>>               pyo3-6bc920bf63fed190.pyo3.c42002322494c530-cgu.1.rcgu.o:(_$LT$pyo3..exceptions..PyBaseException$u20$as$u20$pyo3..type_object..PyTypeInfo$GT$::type_object_raw::h6c318030203719a0) in archive /opt/rustwide/target/debug/deps/libpyo3-6bc920bf63fed190.rlib
[INFO] [stdout]           
[INFO] [stdout]           rust-lld: error: undefined symbol: PyExc_OverflowError
[INFO] [stdout]           >>> referenced by exceptions.rs:217 (src/exceptions.rs:217)
[INFO] [stdout]           >>>               pyo3-6bc920bf63fed190.pyo3.c42002322494c530-cgu.1.rcgu.o:(_$LT$pyo3..exceptions..PyOverflowError$u20$as$u20$pyo3..type_object..PyTypeInfo$GT$::type_object_raw::h5924740b3aca2899) in archive /opt/rustwide/target/debug/deps/libpyo3-6bc920bf63fed190.rlib
[INFO] [stdout]           
[INFO] [stdout]           rust-lld: error: undefined symbol: PyExc_RuntimeError
[INFO] [stdout]           >>> referenced by exceptions.rs:217 (src/exceptions.rs:217)
[INFO] [stdout]           >>>               pyo3-6bc920bf63fed190.pyo3.c42002322494c530-cgu.1.rcgu.o:(_$LT$pyo3..exceptions..PyRuntimeError$u20$as$u20$pyo3..type_object..PyTypeInfo$GT$::type_object_raw::hd68e24e12b625a48) in archive /opt/rustwide/target/debug/deps/libpyo3-6bc920bf63fed190.rlib
[INFO] [stdout]           
[INFO] [stdout]           rust-lld: error: undefined symbol: PyExc_SystemError
[INFO] [stdout]           >>> referenced by exceptions.rs:217 (src/exceptions.rs:217)
[INFO] [stdout]           >>>               pyo3-6bc920bf63fed190.pyo3.c42002322494c530-cgu.1.rcgu.o:(_$LT$pyo3..exceptions..PySystemError$u20$as$u20$pyo3..type_object..PyTypeInfo$GT$::type_object_raw::haf9eddfa92e14d77) in archive /opt/rustwide/target/debug/deps/libpyo3-6bc920bf63fed190.rlib
[INFO] [stdout]           
[INFO] [stdout]           rust-lld: error: undefined symbol: PyExc_TypeError
[INFO] [stdout]           >>> referenced by exceptions.rs:217 (src/exceptions.rs:217)
[INFO] [stdout]           >>>               pyo3-6bc920bf63fed190.pyo3.c42002322494c530-cgu.1.rcgu.o:(_$LT$pyo3..exceptions..PyTypeError$u20$as$u20$pyo3..type_object..PyTypeInfo$GT$::type_object_raw::h94467789d0cf4040) in archive /opt/rustwide/target/debug/deps/libpyo3-6bc920bf63fed190.rlib
[INFO] [stdout]           
[INFO] [stdout]           rust-lld: error: undefined symbol: PyExc_ValueError
[INFO] [stdout]           >>> referenced by exceptions.rs:217 (src/exceptions.rs:217)
[INFO] [stdout]           >>>               pyo3-6bc920bf63fed190.pyo3.c42002322494c530-cgu.1.rcgu.o:(_$LT$pyo3..exceptions..PyValueError$u20$as$u20$pyo3..type_object..PyTypeInfo$GT$::type_object_raw::h899b689608e80487) in archive /opt/rustwide/target/debug/deps/libpyo3-6bc920bf63fed190.rlib
[INFO] [stdout]           
[INFO] [stdout]           rust-lld: error: undefined symbol: PyErr_Occurred
[INFO] [stdout]           >>> referenced by mod.rs:209 (src/err/mod.rs:209)
[INFO] [stdout]           >>>               pyo3-6bc920bf63fed190.pyo3.c42002322494c530-cgu.2.rcgu.o:(pyo3::err::PyErr::occurred::h83869eb18beb0b2b) in archive /opt/rustwide/target/debug/deps/libpyo3-6bc920bf63fed190.rlib
[INFO] [stdout]           
[INFO] [stdout]           rust-lld: error: undefined symbol: PyErr_Fetch
[INFO] [stdout]           >>> referenced by mod.rs:224 (src/err/mod.rs:224)
[INFO] [stdout]           >>>               pyo3-6bc920bf63fed190.pyo3.c42002322494c530-cgu.2.rcgu.o:(pyo3::err::PyErr::fetch::hde752d99dc6d3499) in archive /opt/rustwide/target/debug/deps/libpyo3-6bc920bf63fed190.rlib
[INFO] [stdout]           
[INFO] [stdout]           rust-lld: error: undefined symbol: PyErr_NewException
[INFO] [stdout]           >>> referenced by mod.rs:271 (src/err/mod.rs:271)
[INFO] [stdout]           >>>               pyo3-6bc920bf63fed190.pyo3.c42002322494c530-cgu.2.rcgu.o:(pyo3::err::PyErr::new_type::hcbd99502de009056) in archive /opt/rustwide/target/debug/deps/libpyo3-6bc920bf63fed190.rlib
[INFO] [stdout]           
[INFO] [stdout]           rust-lld: error: undefined symbol: PyErr_PrintEx
[INFO] [stdout]           >>> referenced by mod.rs:303 (src/err/mod.rs:303)
[INFO] [stdout]           >>>               pyo3-6bc920bf63fed190.pyo3.c42002322494c530-cgu.2.rcgu.o:(pyo3::err::PyErr::print::h0ee2e7514333486b) in archive /opt/rustwide/target/debug/deps/libpyo3-6bc920bf63fed190.rlib
[INFO] [stdout]           
[INFO] [stdout]           rust-lld: error: undefined symbol: PyErr_NormalizeException
[INFO] [stdout]           >>> referenced by mod.rs:428 (src/err/mod.rs:428)
[INFO] [stdout]           >>>               pyo3-6bc920bf63fed190.pyo3.c42002322494c530-cgu.2.rcgu.o:(pyo3::err::PyErr::normalized::h6ac45f71b95b7f70) in archive /opt/rustwide/target/debug/deps/libpyo3-6bc920bf63fed190.rlib
[INFO] [stdout]           
[INFO] [stdout]           rust-lld: error: undefined symbol: PyObject_Free
[INFO] [stdout]           >>> referenced by pyclass.rs:118 (src/pyclass.rs:118)
[INFO] [stdout]           >>>               pyo3-6bc920bf63fed190.pyo3.c42002322494c530-cgu.3.rcgu.o:(pyo3::pyclass::tp_free_fallback::he394582764667ad4) in archive /opt/rustwide/target/debug/deps/libpyo3-6bc920bf63fed190.rlib
[INFO] [stdout]           
[INFO] [stdout]           rust-lld: error: undefined symbol: PyObject_GC_Del
[INFO] [stdout]           >>> referenced by pyclass.rs:116 (src/pyclass.rs:116)
[INFO] [stdout]           >>>               pyo3-6bc920bf63fed190.pyo3.c42002322494c530-cgu.3.rcgu.o:(pyo3::pyclass::tp_free_fallback::he394582764667ad4) in archive /opt/rustwide/target/debug/deps/libpyo3-6bc920bf63fed190.rlib
[INFO] [stdout]           
[INFO] [stdout]           rust-lld: error: too many errors emitted, stopping now (use --error-limit=0 to see all errors)
[INFO] [stdout]           collect2: error: ld returned 1 exit status
[INFO] [stdout]           
[INFO] [stdout] 
[INFO] [stdout] 
[INFO] [stderr] error: could not compile `plrs` (lib test) due to 1 previous error
[INFO] running `Command { std: "docker" "inspect" "996fa9c1c68c2689380fd8a430577742979ec8ae008f1b83545a600e4abd6067", kill_on_drop: false }`
[INFO] running `Command { std: "docker" "rm" "-f" "996fa9c1c68c2689380fd8a430577742979ec8ae008f1b83545a600e4abd6067", kill_on_drop: false }`
[INFO] [stdout] 996fa9c1c68c2689380fd8a430577742979ec8ae008f1b83545a600e4abd6067
