[INFO] fetching crate pkgcruft 0.0.3...
[INFO] testing pkgcruft-0.0.3 against nightly-2024-10-28+rustflags=-Zrandomize-layout for randomize-layout
[INFO] extracting crate pkgcruft 0.0.3 into /workspace/builds/worker-2-tc2/source
[INFO] validating manifest of crates.io crate pkgcruft 0.0.3 on toolchain nightly-2024-10-28
[INFO] running `Command { std: CARGO_HOME="/workspace/cargo-home" RUSTUP_HOME="/workspace/rustup-home" "/workspace/cargo-home/bin/cargo" "+nightly-2024-10-28" "metadata" "--manifest-path" "Cargo.toml" "--no-deps", kill_on_drop: false }`
[INFO] started tweaking crates.io crate pkgcruft 0.0.3
[INFO] removed 0 missing tests
[INFO] finished tweaking crates.io crate pkgcruft 0.0.3
[INFO] tweaked toml for crates.io crate pkgcruft 0.0.3 written to /workspace/builds/worker-2-tc2/source/Cargo.toml
[INFO] crate crates.io crate pkgcruft 0.0.3 already has a lockfile, it will not be regenerated
[INFO] running `Command { std: CARGO_HOME="/workspace/cargo-home" RUSTUP_HOME="/workspace/rustup-home" "/workspace/cargo-home/bin/cargo" "+nightly-2024-10-28" "fetch" "--manifest-path" "Cargo.toml", kill_on_drop: false }`
[INFO] running `Command { std: "docker" "create" "-v" "/var/lib/crater-agent-workspace/builds/worker-2-tc2/target:/opt/rustwide/target:rw,Z" "-v" "/var/lib/crater-agent-workspace/builds/worker-2-tc2/source:/opt/rustwide/workdir:ro,Z" "-v" "/var/lib/crater-agent-workspace/cargo-home:/opt/rustwide/cargo-home:ro,Z" "-v" "/var/lib/crater-agent-workspace/rustup-home:/opt/rustwide/rustup-home:ro,Z" "-e" "SOURCE_DIR=/opt/rustwide/workdir" "-e" "CARGO_TARGET_DIR=/opt/rustwide/target" "-e" "CARGO_HOME=/opt/rustwide/cargo-home" "-e" "RUSTUP_HOME=/opt/rustwide/rustup-home" "-w" "/opt/rustwide/workdir" "-m" "1610612736" "--user" "0:0" "--network" "none" "ghcr.io/rust-lang/crates-build-env/linux@sha256:4a844ea9eb2546a2d2c7022eacef16ef2e8229c7fbb2c7d4d55a9ceca922f72d" "/opt/rustwide/cargo-home/bin/cargo" "+nightly-2024-10-28" "metadata" "--no-deps" "--format-version=1", kill_on_drop: false }`
[INFO] [stdout] 43ba3be725a6e3356f3a5ae689a0c052405d80c923a0314d09e93670f06a6cc6
[INFO] running `Command { std: "docker" "start" "-a" "43ba3be725a6e3356f3a5ae689a0c052405d80c923a0314d09e93670f06a6cc6", kill_on_drop: false }`
[INFO] running `Command { std: "docker" "inspect" "43ba3be725a6e3356f3a5ae689a0c052405d80c923a0314d09e93670f06a6cc6", kill_on_drop: false }`
[INFO] running `Command { std: "docker" "rm" "-f" "43ba3be725a6e3356f3a5ae689a0c052405d80c923a0314d09e93670f06a6cc6", kill_on_drop: false }`
[INFO] [stdout] 43ba3be725a6e3356f3a5ae689a0c052405d80c923a0314d09e93670f06a6cc6
[INFO] running `Command { std: "docker" "create" "-v" "/var/lib/crater-agent-workspace/builds/worker-2-tc2/target:/opt/rustwide/target:rw,Z" "-v" "/var/lib/crater-agent-workspace/builds/worker-2-tc2/source:/opt/rustwide/workdir:ro,Z" "-v" "/var/lib/crater-agent-workspace/cargo-home:/opt/rustwide/cargo-home:ro,Z" "-v" "/var/lib/crater-agent-workspace/rustup-home:/opt/rustwide/rustup-home:ro,Z" "-e" "SOURCE_DIR=/opt/rustwide/workdir" "-e" "CARGO_TARGET_DIR=/opt/rustwide/target" "-e" "CARGO_INCREMENTAL=0" "-e" "RUST_BACKTRACE=full" "-e" "RUSTFLAGS=--cap-lints=forbid -Zrandomize-layout" "-e" "RUSTDOCFLAGS=--cap-lints=forbid" "-e" "CARGO_HOME=/opt/rustwide/cargo-home" "-e" "RUSTUP_HOME=/opt/rustwide/rustup-home" "-w" "/opt/rustwide/workdir" "-m" "1610612736" "--user" "0:0" "--network" "none" "ghcr.io/rust-lang/crates-build-env/linux@sha256:4a844ea9eb2546a2d2c7022eacef16ef2e8229c7fbb2c7d4d55a9ceca922f72d" "/opt/rustwide/cargo-home/bin/cargo" "+nightly-2024-10-28" "build" "--frozen" "--message-format=json", kill_on_drop: false }`
[INFO] [stdout] 61e271b05f32ecbdb4705b740739038e7b2992c2d375d61c661f0f27e65143a4
[INFO] running `Command { std: "docker" "start" "-a" "61e271b05f32ecbdb4705b740739038e7b2992c2d375d61c661f0f27e65143a4", kill_on_drop: false }`
[INFO] [stderr]    Compiling proc-macro2 v1.0.86
[INFO] [stderr]    Compiling version_check v0.9.5
[INFO] [stderr]    Compiling libc v0.2.155
[INFO] [stderr]    Compiling serde v1.0.204
[INFO] [stderr]    Compiling cc v1.1.7
[INFO] [stderr]    Compiling crossbeam-utils v0.8.20
[INFO] [stderr]    Compiling bitflags v2.6.0
[INFO] [stderr]    Compiling typenum v1.17.0
[INFO] [stderr]    Compiling lazy_static v1.5.0
[INFO] [stderr]    Compiling strsim v0.11.1
[INFO] [stderr]    Compiling ahash v0.8.11
[INFO] [stderr]    Compiling generic-array v0.14.7
[INFO] [stderr]    Compiling linux-raw-sys v0.4.14
[INFO] [stderr]    Compiling memchr v2.7.4
[INFO] [stderr]    Compiling quote v1.0.36
[INFO] [stderr]    Compiling zerocopy v0.7.35
[INFO] [stderr]    Compiling syn v2.0.72
[INFO] [stderr]    Compiling crunchy v0.2.2
[INFO] [stderr]    Compiling allocator-api2 v0.2.18
[INFO] [stderr]    Compiling glob v0.3.1
[INFO] [stderr]    Compiling crossbeam-epoch v0.9.18
[INFO] [stderr]    Compiling prettyplease v0.2.20
[INFO] [stderr]    Compiling hashbrown v0.14.5
[INFO] [stderr]    Compiling rayon-core v1.12.1
[INFO] [stderr]    Compiling rustix v0.38.34
[INFO] [stderr]    Compiling tiny-keccak v2.0.2
[INFO] [stderr]    Compiling ident_case v1.0.1
[INFO] [stderr]    Compiling crossbeam-deque v0.8.5
[INFO] [stderr]    Compiling clang-sys v1.8.1
[INFO] [stderr]    Compiling autocfg v1.3.0
[INFO] [stderr]    Compiling either v1.13.0
[INFO] [stderr]    Compiling getrandom v0.2.15
[INFO] [stderr]    Compiling regex-syntax v0.8.4
[INFO] [stderr]    Compiling log v0.4.22
[INFO] [stderr]    Compiling slab v0.4.9
[INFO] [stderr]    Compiling block-buffer v0.10.4
[INFO] [stderr]    Compiling crypto-common v0.1.6
[INFO] [stderr]    Compiling subtle v2.6.1
[INFO] [stderr]    Compiling utf8parse v0.2.2
[INFO] [stderr]    Compiling camino v1.1.7
[INFO] [stderr]    Compiling once_cell v1.19.0
[INFO] [stderr]    Compiling bindgen v0.69.4
[INFO] [stderr]    Compiling pin-project-lite v0.2.14
[INFO] [stderr]    Compiling const-random-macro v0.1.16
[INFO] [stderr]    Compiling digest v0.10.7
[INFO] [stderr]    Compiling rayon v1.10.0
[INFO] [stderr]    Compiling anstyle-parse v0.2.5
[INFO] [stderr]    Compiling regex-automata v0.4.7
[INFO] [stderr]    Compiling rand_core v0.6.4
[INFO] [stderr]    Compiling itertools v0.12.1
[INFO] [stderr]    Compiling aho-corasick v1.1.3
[INFO] [stderr]    Compiling tracing-core v0.1.32
[INFO] [stderr]    Compiling which v4.4.2
[INFO] [stderr]    Compiling darling_core v0.20.10
[INFO] [stderr]    Compiling regex v1.10.5
[INFO] [stderr]    Compiling ppv-lite86 v0.2.17
[INFO] [stderr]    Compiling rustversion v1.0.17
[INFO] [stderr]    Compiling cfg_aliases v0.2.1
[INFO] [stderr]    Compiling anstyle v1.0.8
[INFO] [stderr]    Compiling anstyle-query v1.1.1
[INFO] [stderr]    Compiling colorchoice v1.0.2
[INFO] [stderr]    Compiling futures-core v0.3.30
[INFO] [stderr]    Compiling thiserror v1.0.63
[INFO] [stderr]    Compiling futures-sink v0.3.30
[INFO] [stderr]    Compiling is_terminal_polyfill v1.70.1
[INFO] [stderr]    Compiling equivalent v1.0.1
[INFO] [stderr]    Compiling anstream v0.6.15
[INFO] [stderr]    Compiling futures-channel v0.3.30
[INFO] [stderr]    Compiling nix v0.29.0
[INFO] [stderr]    Compiling rand_chacha v0.3.1
[INFO] [stderr]    Compiling const-random v0.1.18
[INFO] [stderr]    Compiling serde_derive v1.0.204
[INFO] [stderr]    Compiling futures-macro v0.3.30
[INFO] [stderr]    Compiling thiserror-impl v1.0.63
[INFO] [stderr]    Compiling tree-sitter v0.22.6
[INFO] [stderr]    Compiling darling_macro v0.20.10
[INFO] [stderr]    Compiling num_cpus v1.16.0
[INFO] [stderr]    Compiling darling v0.20.10
[INFO] [stderr]    Compiling autotools v0.2.7
[INFO] [stderr]    Compiling fastrand v2.1.0
[INFO] [stderr]    Compiling clap_lex v0.7.2
[INFO] [stderr]    Compiling portable-atomic v1.7.0
[INFO] [stderr]    Compiling futures-util v0.3.30
[INFO] [stderr]    Compiling tempfile v3.10.1
[INFO] [stderr]    Compiling clap_builder v4.5.11
[INFO] [stderr]    Compiling tracing-attributes v0.1.27
[INFO] [stderr]    Compiling clap_derive v4.5.11
[INFO] [stderr]    Compiling rand v0.8.5
[INFO] [stderr]    Compiling dlv-list v0.5.2
[INFO] [stderr]    Compiling mio v1.0.1
[INFO] [stderr]    Compiling uuid v1.10.0
[INFO] [stderr]    Compiling blake3 v1.5.3
[INFO] [stderr]    Compiling crossbeam-channel v0.5.13
[INFO] [stderr]    Compiling unicode-width v0.1.13
[INFO] [stderr]    Compiling peg-runtime v0.8.3
[INFO] [stderr]    Compiling winnow v0.6.16
[INFO] [stderr]    Compiling peg-macros v0.8.4
[INFO] [stderr]    Compiling clap v4.5.11
[INFO] [stderr]    Compiling console v0.15.8
[INFO] [stderr]    Compiling scallop v0.0.16
[INFO] [stderr]    Compiling futures-executor v0.3.30
[INFO] [stderr]    Compiling strum_macros v0.26.4
[INFO] [stderr]    Compiling ordered-multimap v0.7.3
[INFO] [stderr]    Compiling tracing v0.1.40
[INFO] [stderr]    Compiling indexmap v2.2.6
[INFO] [stderr]    Compiling toml_datetime v0.6.7
[INFO] [stderr]    Compiling serde_spanned v0.6.7
[INFO] [stderr]    Compiling bincode v1.3.3
[INFO] [stderr]    Compiling serde_with_macros v3.9.0
[INFO] [stderr]    Compiling ipc-channel v0.18.2
[INFO] [stderr]    Compiling cached_proc_macro v0.23.0
[INFO] [stderr]    Compiling toml_edit v0.22.17
[INFO] [stderr]    Compiling tree-sitter-bash v0.21.0
[INFO] [stderr]    Compiling web-time v1.1.0
[INFO] [stderr]    Compiling anyhow v1.0.86
[INFO] [stderr]    Compiling cached_proc_macro_types v0.1.1
[INFO] [stderr]    Compiling cpufeatures v0.2.12
[INFO] [stderr]    Compiling constant_time_eq v0.3.0
[INFO] [stderr]    Compiling serde_json v1.0.121
[INFO] [stderr]    Compiling arrayref v0.3.8
[INFO] [stderr]    Compiling arrayvec v0.7.4
[INFO] [stderr]    Compiling heck v0.4.1
[INFO] [stderr]    Compiling overload v0.1.1
[INFO] [stderr]    Compiling number_prefix v0.4.0
[INFO] [stderr]    Compiling trim-in-place v0.1.7
[INFO] [stderr]    Compiling annotate-snippets v0.6.1
[INFO] [stderr]    Compiling rust-ini v0.21.0
[INFO] [stderr]    Compiling cached v0.53.1
[INFO] [stderr]    Compiling peg v0.8.4
[INFO] [stderr]    Compiling indicatif v0.17.8
[INFO] [stderr]    Compiling chic v1.2.2
[INFO] [stderr]    Compiling nu-ansi-term v0.46.0
[INFO] [stderr]    Compiling enum-as-inner v0.6.0
[INFO] [stderr]    Compiling strum v0.26.3
[INFO] [stderr]    Compiling sha2 v0.10.8
[INFO] [stderr]    Compiling serde_with v3.9.0
[INFO] [stderr]    Compiling futures v0.3.30
[INFO] [stderr]    Compiling tracing-log v0.2.0
[INFO] [stderr]    Compiling blake2 v0.10.6
[INFO] [stderr]    Compiling md-5 v0.10.6
[INFO] [stderr]    Compiling itertools v0.13.0
[INFO] [stderr]    Compiling filetime v0.2.23
[INFO] [stderr]    Compiling toml v0.8.16
[INFO] [stderr]    Compiling sharded-slab v0.1.7
[INFO] [stderr]    Compiling thread_local v1.1.8
[INFO] [stderr]    Compiling roxmltree v0.20.0
[INFO] [stderr]    Compiling is_executable v1.0.1
[INFO] [stderr]    Compiling indoc v2.0.5
[INFO] [stderr]    Compiling hex v0.4.3
[INFO] [stderr]    Compiling itoa v1.0.11
[INFO] [stderr]    Compiling ryu v1.0.18
[INFO] [stderr]    Compiling tracing-subscriber v0.3.18
[INFO] [stderr]    Compiling clap-verbosity-flag v2.2.1
[INFO] [stderr]    Compiling colored v2.1.0
[INFO] [stderr]    Compiling strfmt v0.2.4
[INFO] [stderr]    Compiling pkgcraft v0.0.16
[INFO] [stderr]    Compiling pkgcruft v0.0.3 (/opt/rustwide/workdir)
[INFO] [stdout] warning: method `as_str` is never used
[INFO] [stdout]   --> src/bash.rs:72:19
[INFO] [stdout]    |
[INFO] [stdout] 70 | impl<'a> Node<'a> {
[INFO] [stdout]    | ----------------- method in this implementation
[INFO] [stdout] 71 |     /// Get the string value of a given node.
[INFO] [stdout] 72 |     pub(crate) fn as_str(&self) -> &str {
[INFO] [stdout]    |                   ^^^^^^
[INFO] [stdout]    |
[INFO] [stdout]    = note: `#[warn(dead_code)]` on by default
[INFO] [stdout] 
[INFO] [stdout] 
[INFO] [stdout] warning: method `check` is never used
[INFO] [stdout]    --> src/check.rs:131:8
[INFO] [stdout]     |
[INFO] [stdout] 130 | pub(crate) trait RegisterCheck: fmt::Display {
[INFO] [stdout]     |                  ------------- method in this trait
[INFO] [stdout] 131 |     fn check(&self) -> Check;
[INFO] [stdout]     |        ^^^^^
[INFO] [stdout] 
[INFO] [stdout] 
[INFO] [stdout] warning: method `repo` is never used
[INFO] [stdout]    --> src/report.rs:214:19
[INFO] [stdout]     |
[INFO] [stdout] 194 | impl ReportKind {
[INFO] [stdout]     | --------------- method in this implementation
[INFO] [stdout] ...
[INFO] [stdout] 214 |     pub(crate) fn repo<R: Repository>(self, repo: R) -> ReportBuilder {
[INFO] [stdout]     |                   ^^^^
[INFO] [stdout] 
[INFO] [stdout] 
[INFO] [stderr]     Finished `dev` profile [unoptimized + debuginfo] target(s) in 2m 56s
[INFO] running `Command { std: "docker" "inspect" "61e271b05f32ecbdb4705b740739038e7b2992c2d375d61c661f0f27e65143a4", kill_on_drop: false }`
[INFO] running `Command { std: "docker" "rm" "-f" "61e271b05f32ecbdb4705b740739038e7b2992c2d375d61c661f0f27e65143a4", kill_on_drop: false }`
[INFO] [stdout] 61e271b05f32ecbdb4705b740739038e7b2992c2d375d61c661f0f27e65143a4
[INFO] running `Command { std: "docker" "create" "-v" "/var/lib/crater-agent-workspace/builds/worker-2-tc2/target:/opt/rustwide/target:rw,Z" "-v" "/var/lib/crater-agent-workspace/builds/worker-2-tc2/source:/opt/rustwide/workdir:ro,Z" "-v" "/var/lib/crater-agent-workspace/cargo-home:/opt/rustwide/cargo-home:ro,Z" "-v" "/var/lib/crater-agent-workspace/rustup-home:/opt/rustwide/rustup-home:ro,Z" "-e" "SOURCE_DIR=/opt/rustwide/workdir" "-e" "CARGO_TARGET_DIR=/opt/rustwide/target" "-e" "CARGO_INCREMENTAL=0" "-e" "RUST_BACKTRACE=full" "-e" "RUSTFLAGS=--cap-lints=forbid -Zrandomize-layout" "-e" "RUSTDOCFLAGS=--cap-lints=forbid" "-e" "CARGO_HOME=/opt/rustwide/cargo-home" "-e" "RUSTUP_HOME=/opt/rustwide/rustup-home" "-w" "/opt/rustwide/workdir" "-m" "1610612736" "--user" "0:0" "--network" "none" "ghcr.io/rust-lang/crates-build-env/linux@sha256:4a844ea9eb2546a2d2c7022eacef16ef2e8229c7fbb2c7d4d55a9ceca922f72d" "/opt/rustwide/cargo-home/bin/cargo" "+nightly-2024-10-28" "test" "--frozen" "--no-run" "--message-format=json", kill_on_drop: false }`
[INFO] [stdout] 2a4bb9450867ef80a589cc559237a11a352fde561eb42ed46be559e765d8eeee
[INFO] running `Command { std: "docker" "start" "-a" "2a4bb9450867ef80a589cc559237a11a352fde561eb42ed46be559e765d8eeee", kill_on_drop: false }`
[INFO] [stderr]    Compiling serde v1.0.204
[INFO] [stderr]    Compiling num-traits v0.2.19
[INFO] [stderr]    Compiling half v2.4.1
[INFO] [stderr]    Compiling plotters-backend v0.3.6
[INFO] [stderr]    Compiling ciborium-io v0.2.2
[INFO] [stderr]    Compiling itertools v0.10.5
[INFO] [stderr]    Compiling cast v0.3.0
[INFO] [stderr]    Compiling is-terminal v0.4.12
[INFO] [stderr]    Compiling anes v0.1.6
[INFO] [stderr]    Compiling predicates-core v1.0.8
[INFO] [stderr]    Compiling diff v0.1.13
[INFO] [stderr]    Compiling plotters-svg v0.3.6
[INFO] [stderr]    Compiling ciborium-ll v0.2.2
[INFO] [stderr]    Compiling difflib v0.4.0
[INFO] [stderr]    Compiling normalize-line-endings v0.3.0
[INFO] [stderr]    Compiling yansi v0.5.1
[INFO] [stderr]    Compiling oorandom v11.1.4
[INFO] [stderr]    Compiling pretty_assertions v1.4.0
[INFO] [stderr]    Compiling float-cmp v0.9.0
[INFO] [stderr]    Compiling plotters v0.3.6
[INFO] [stderr]    Compiling predicates v3.1.2
[INFO] [stderr]    Compiling criterion-plot v0.5.0
[INFO] [stderr]    Compiling indexmap v2.2.6
[INFO] [stderr]    Compiling toml_datetime v0.6.7
[INFO] [stderr]    Compiling bincode v1.3.3
[INFO] [stderr]    Compiling serde_spanned v0.6.7
[INFO] [stderr]    Compiling serde_json v1.0.121
[INFO] [stderr]    Compiling serde_with v3.9.0
[INFO] [stderr]    Compiling camino v1.1.7
[INFO] [stderr]    Compiling ciborium v0.2.2
[INFO] [stderr]    Compiling ipc-channel v0.18.2
[INFO] [stderr]    Compiling toml_edit v0.22.17
[INFO] [stderr]    Compiling scallop v0.0.16
[INFO] [stderr]    Compiling tinytemplate v1.2.1
[INFO] [stderr]    Compiling criterion v0.5.1
[INFO] [stderr]    Compiling toml v0.8.16
[INFO] [stderr]    Compiling pkgcraft v0.0.16
[INFO] [stderr]    Compiling pkgcruft v0.0.3 (/opt/rustwide/workdir)
[INFO] [stdout] warning: method `as_str` is never used
[INFO] [stdout]   --> src/bash.rs:72:19
[INFO] [stdout]    |
[INFO] [stdout] 70 | impl<'a> Node<'a> {
[INFO] [stdout]    | ----------------- method in this implementation
[INFO] [stdout] 71 |     /// Get the string value of a given node.
[INFO] [stdout] 72 |     pub(crate) fn as_str(&self) -> &str {
[INFO] [stdout]    |                   ^^^^^^
[INFO] [stdout]    |
[INFO] [stdout]    = note: `#[warn(dead_code)]` on by default
[INFO] [stdout] 
[INFO] [stdout] 
[INFO] [stdout] warning: method `check` is never used
[INFO] [stdout]    --> src/check.rs:131:8
[INFO] [stdout]     |
[INFO] [stdout] 130 | pub(crate) trait RegisterCheck: fmt::Display {
[INFO] [stdout]     |                  ------------- method in this trait
[INFO] [stdout] 131 |     fn check(&self) -> Check;
[INFO] [stdout]     |        ^^^^^
[INFO] [stdout] 
[INFO] [stdout] 
[INFO] [stdout] warning: method `repo` is never used
[INFO] [stdout]    --> src/report.rs:214:19
[INFO] [stdout]     |
[INFO] [stdout] 194 | impl ReportKind {
[INFO] [stdout]     | --------------- method in this implementation
[INFO] [stdout] ...
[INFO] [stdout] 214 |     pub(crate) fn repo<R: Repository>(self, repo: R) -> ReportBuilder {
[INFO] [stdout]     |                   ^^^^
[INFO] [stdout] 
[INFO] [stdout] 
[INFO] [stdout] error[E0432]: unresolved import `pkgcraft::test`
[INFO] [stdout]   --> tests/pkgcruft/diff.rs:1:15
[INFO] [stdout]    |
[INFO] [stdout] 1  | use pkgcraft::test::cmd;
[INFO] [stdout]    |               ^^^^ could not find `test` in `pkgcraft`
[INFO] [stdout]    |
[INFO] [stdout] note: found an item that was configured out
[INFO] [stdout]   --> /opt/rustwide/cargo-home/registry/src/index.crates.io-6f17d22bba15001f/pkgcraft-0.0.16/src/lib.rs:16:9
[INFO] [stdout]    |
[INFO] [stdout] 16 | pub mod test;
[INFO] [stdout]    |         ^^^^
[INFO] [stdout] note: the item is gated behind the `test` feature
[INFO] [stdout]   --> /opt/rustwide/cargo-home/registry/src/index.crates.io-6f17d22bba15001f/pkgcraft-0.0.16/src/lib.rs:15:7
[INFO] [stdout]    |
[INFO] [stdout] 15 | #[cfg(feature = "test")]
[INFO] [stdout]    |       ^^^^^^^^^^^^^^^^
[INFO] [stdout] 
[INFO] [stdout] 
[INFO] [stdout] error[E0432]: unresolved import `pkgcraft::test`
[INFO] [stdout]   --> tests/pkgcruft/replay.rs:7:15
[INFO] [stdout]    |
[INFO] [stdout] 7  | use pkgcraft::test::cmd;
[INFO] [stdout]    |               ^^^^ could not find `test` in `pkgcraft`
[INFO] [stdout]    |
[INFO] [stdout] note: found an item that was configured out
[INFO] [stdout]   --> /opt/rustwide/cargo-home/registry/src/index.crates.io-6f17d22bba15001f/pkgcraft-0.0.16/src/lib.rs:16:9
[INFO] [stdout]    |
[INFO] [stdout] 16 | pub mod test;
[INFO] [stdout]    |         ^^^^
[INFO] [stdout] note: the item is gated behind the `test` feature
[INFO] [stdout]   --> /opt/rustwide/cargo-home/registry/src/index.crates.io-6f17d22bba15001f/pkgcraft-0.0.16/src/lib.rs:15:7
[INFO] [stdout]    |
[INFO] [stdout] 15 | #[cfg(feature = "test")]
[INFO] [stdout]    |       ^^^^^^^^^^^^^^^^
[INFO] [stdout] 
[INFO] [stdout] 
[INFO] [stdout] error[E0432]: unresolved import `pkgcruft::test`
[INFO] [stdout]  --> tests/pkgcruft/replay.rs:8:15
[INFO] [stdout]   |
[INFO] [stdout] 8 | use pkgcruft::test::*;
[INFO] [stdout]   |               ^^^^ could not find `test` in `pkgcruft`
[INFO] [stdout] 
[INFO] [stdout] 
[INFO] [stdout] error[E0432]: unresolved import `pkgcraft::test`
[INFO] [stdout]   --> tests/pkgcruft/scan.rs:4:15
[INFO] [stdout]    |
[INFO] [stdout] 4  | use pkgcraft::test::cmd;
[INFO] [stdout]    |               ^^^^ could not find `test` in `pkgcraft`
[INFO] [stdout]    |
[INFO] [stdout] note: found an item that was configured out
[INFO] [stdout]   --> /opt/rustwide/cargo-home/registry/src/index.crates.io-6f17d22bba15001f/pkgcraft-0.0.16/src/lib.rs:16:9
[INFO] [stdout]    |
[INFO] [stdout] 16 | pub mod test;
[INFO] [stdout]    |         ^^^^
[INFO] [stdout] note: the item is gated behind the `test` feature
[INFO] [stdout]   --> /opt/rustwide/cargo-home/registry/src/index.crates.io-6f17d22bba15001f/pkgcraft-0.0.16/src/lib.rs:15:7
[INFO] [stdout]    |
[INFO] [stdout] 15 | #[cfg(feature = "test")]
[INFO] [stdout]    |       ^^^^^^^^^^^^^^^^
[INFO] [stdout] 
[INFO] [stdout] 
[INFO] [stdout] error[E0432]: unresolved import `pkgcraft::test`
[INFO] [stdout]   --> tests/pkgcruft/scan.rs:5:15
[INFO] [stdout]    |
[INFO] [stdout] 5  | use pkgcraft::test::TEST_DATA;
[INFO] [stdout]    |               ^^^^ could not find `test` in `pkgcraft`
[INFO] [stdout]    |
[INFO] [stdout] note: found an item that was configured out
[INFO] [stdout]   --> /opt/rustwide/cargo-home/registry/src/index.crates.io-6f17d22bba15001f/pkgcraft-0.0.16/src/lib.rs:16:9
[INFO] [stdout]    |
[INFO] [stdout] 16 | pub mod test;
[INFO] [stdout]    |         ^^^^
[INFO] [stdout] note: the item is gated behind the `test` feature
[INFO] [stdout]   --> /opt/rustwide/cargo-home/registry/src/index.crates.io-6f17d22bba15001f/pkgcraft-0.0.16/src/lib.rs:15:7
[INFO] [stdout]    |
[INFO] [stdout] 15 | #[cfg(feature = "test")]
[INFO] [stdout]    |       ^^^^^^^^^^^^^^^^
[INFO] [stdout] 
[INFO] [stdout] 
[INFO] [stdout] error[E0432]: unresolved import `pkgcruft::test`
[INFO] [stdout]  --> tests/pkgcruft/scan.rs:6:15
[INFO] [stdout]   |
[INFO] [stdout] 6 | use pkgcruft::test::*;
[INFO] [stdout]   |               ^^^^ could not find `test` in `pkgcruft`
[INFO] [stdout] 
[INFO] [stdout] 
[INFO] [stdout] error[E0432]: unresolved import `pkgcraft::test`
[INFO] [stdout]   --> tests/pkgcruft/show/checks.rs:1:15
[INFO] [stdout]    |
[INFO] [stdout] 1  | use pkgcraft::test::cmd;
[INFO] [stdout]    |               ^^^^ could not find `test` in `pkgcraft`
[INFO] [stdout]    |
[INFO] [stdout] note: found an item that was configured out
[INFO] [stdout]   --> /opt/rustwide/cargo-home/registry/src/index.crates.io-6f17d22bba15001f/pkgcraft-0.0.16/src/lib.rs:16:9
[INFO] [stdout]    |
[INFO] [stdout] 16 | pub mod test;
[INFO] [stdout]    |         ^^^^
[INFO] [stdout] note: the item is gated behind the `test` feature
[INFO] [stdout]   --> /opt/rustwide/cargo-home/registry/src/index.crates.io-6f17d22bba15001f/pkgcraft-0.0.16/src/lib.rs:15:7
[INFO] [stdout]    |
[INFO] [stdout] 15 | #[cfg(feature = "test")]
[INFO] [stdout]    |       ^^^^^^^^^^^^^^^^
[INFO] [stdout] 
[INFO] [stdout] 
[INFO] [stdout] error[E0432]: unresolved import `pkgcraft::test`
[INFO] [stdout]   --> tests/pkgcruft/show/reports.rs:1:15
[INFO] [stdout]    |
[INFO] [stdout] 1  | use pkgcraft::test::cmd;
[INFO] [stdout]    |               ^^^^ could not find `test` in `pkgcraft`
[INFO] [stdout]    |
[INFO] [stdout] note: found an item that was configured out
[INFO] [stdout]   --> /opt/rustwide/cargo-home/registry/src/index.crates.io-6f17d22bba15001f/pkgcraft-0.0.16/src/lib.rs:16:9
[INFO] [stdout]    |
[INFO] [stdout] 16 | pub mod test;
[INFO] [stdout]    |         ^^^^
[INFO] [stdout] note: the item is gated behind the `test` feature
[INFO] [stdout]   --> /opt/rustwide/cargo-home/registry/src/index.crates.io-6f17d22bba15001f/pkgcraft-0.0.16/src/lib.rs:15:7
[INFO] [stdout]    |
[INFO] [stdout] 15 | #[cfg(feature = "test")]
[INFO] [stdout]    |       ^^^^^^^^^^^^^^^^
[INFO] [stdout] 
[INFO] [stdout] 
[INFO] [stdout] error[E0432]: unresolved import `pkgcraft::test`
[INFO] [stdout]    --> src/bin/pkgcruft/options/checks.rs:194:19
[INFO] [stdout]     |
[INFO] [stdout] 194 |     use pkgcraft::test::{assert_err_re, assert_ordered_eq};
[INFO] [stdout]     |                   ^^^^ could not find `test` in `pkgcraft`
[INFO] [stdout]     |
[INFO] [stdout] note: found an item that was configured out
[INFO] [stdout]    --> /opt/rustwide/cargo-home/registry/src/index.crates.io-6f17d22bba15001f/pkgcraft-0.0.16/src/lib.rs:16:9
[INFO] [stdout]     |
[INFO] [stdout] 16  | pub mod test;
[INFO] [stdout]     |         ^^^^
[INFO] [stdout] note: the item is gated behind the `test` feature
[INFO] [stdout]    --> /opt/rustwide/cargo-home/registry/src/index.crates.io-6f17d22bba15001f/pkgcraft-0.0.16/src/lib.rs:15:7
[INFO] [stdout]     |
[INFO] [stdout] 15  | #[cfg(feature = "test")]
[INFO] [stdout]     |       ^^^^^^^^^^^^^^^^
[INFO] [stdout] 
[INFO] [stdout] 
[INFO] [stdout] error: cannot find macro `glob_reports` in this scope
[INFO] [stdout]    --> tests/pkgcruft/replay.rs:102:27
[INFO] [stdout]     |
[INFO] [stdout] 102 |     let single_expected = glob_reports!("{repo}/Dependency/**/reports.json");
[INFO] [stdout]     |                           ^^^^^^^^^^^^
[INFO] [stdout] 
[INFO] [stdout] 
[INFO] [stdout] error: cannot find macro `glob_reports` in this scope
[INFO] [stdout]    --> tests/pkgcruft/replay.rs:103:29
[INFO] [stdout]     |
[INFO] [stdout] 103 |     let multiple_expected = glob_reports!(
[INFO] [stdout]     |                             ^^^^^^^^^^^^
[INFO] [stdout] 
[INFO] [stdout] 
[INFO] [stdout] error: cannot find macro `glob_reports` in this scope
[INFO] [stdout]    --> tests/pkgcruft/replay.rs:142:27
[INFO] [stdout]     |
[INFO] [stdout] 142 |     let single_expected = glob_reports!("{repo}/EapiStatus/EapiDeprecated/reports.json");
[INFO] [stdout]     |                           ^^^^^^^^^^^^
[INFO] [stdout] 
[INFO] [stdout] 
[INFO] [stdout] error[E0432]: unresolved import `pkgcraft::test`
[INFO] [stdout]    --> src/check/dependency.rs:123:19
[INFO] [stdout]     |
[INFO] [stdout] 123 |     use pkgcraft::test::{TEST_DATA, TEST_DATA_PATCHED};
[INFO] [stdout]     |                   ^^^^ could not find `test` in `pkgcraft`
[INFO] [stdout]     |
[INFO] [stdout] note: found an item that was configured out
[INFO] [stdout]    --> /opt/rustwide/cargo-home/registry/src/index.crates.io-6f17d22bba15001f/pkgcraft-0.0.16/src/lib.rs:16:9
[INFO] [stdout]     |
[INFO] [stdout] 16  | pub mod test;
[INFO] [stdout]     |         ^^^^
[INFO] [stdout] note: the item is gated behind the `test` feature
[INFO] [stdout]    --> /opt/rustwide/cargo-home/registry/src/index.crates.io-6f17d22bba15001f/pkgcraft-0.0.16/src/lib.rs:15:7
[INFO] [stdout]     |
[INFO] [stdout] 15  | #[cfg(feature = "test")]
[INFO] [stdout]     |       ^^^^^^^^^^^^^^^^
[INFO] [stdout] 
[INFO] [stdout] 
[INFO] [stdout] error[E0432]: unresolved import `crate::test`
[INFO] [stdout]    --> src/check/dependency.rs:127:16
[INFO] [stdout]     |
[INFO] [stdout] 127 |     use crate::test::glob_reports;
[INFO] [stdout]     |                ^^^^ could not find `test` in the crate root
[INFO] [stdout]     |
[INFO] [stdout] note: found an item that was configured out
[INFO] [stdout]    --> src/lib.rs:11:9
[INFO] [stdout]     |
[INFO] [stdout] 11  | pub mod test;
[INFO] [stdout]     |         ^^^^
[INFO] [stdout] note: the item is gated behind the `test` feature
[INFO] [stdout]    --> src/lib.rs:10:7
[INFO] [stdout]     |
[INFO] [stdout] 10  | #[cfg(feature = "test")]
[INFO] [stdout]     |       ^^^^^^^^^^^^^^^^
[INFO] [stdout] 
[INFO] [stdout] 
[INFO] [stdout] error: cannot find macro `glob_reports` in this scope
[INFO] [stdout]    --> tests/pkgcruft/replay.rs:143:29
[INFO] [stdout]     |
[INFO] [stdout] 143 |     let multiple_expected = glob_reports!("{repo}/EapiStatus/**/reports.json");
[INFO] [stdout]     |                             ^^^^^^^^^^^^
[INFO] [stdout] 
[INFO] [stdout] 
[INFO] [stdout] error[E0432]: unresolved import `pkgcraft::test`
[INFO] [stdout]   --> src/check/dependency_slot_missing.rs:60:19
[INFO] [stdout]    |
[INFO] [stdout] 60 |     use pkgcraft::test::{TEST_DATA, TEST_DATA_PATCHED};
[INFO] [stdout]    |                   ^^^^ could not find `test` in `pkgcraft`
[INFO] [stdout]    |
[INFO] [stdout] note: found an item that was configured out
[INFO] [stdout]   --> /opt/rustwide/cargo-home/registry/src/index.crates.io-6f17d22bba15001f/pkgcraft-0.0.16/src/lib.rs:16:9
[INFO] [stdout]    |
[INFO] [stdout] 16 | pub mod test;
[INFO] [stdout]    |         ^^^^
[INFO] [stdout] note: the item is gated behind the `test` feature
[INFO] [stdout]   --> /opt/rustwide/cargo-home/registry/src/index.crates.io-6f17d22bba15001f/pkgcraft-0.0.16/src/lib.rs:15:7
[INFO] [stdout]    |
[INFO] [stdout] 15 | #[cfg(feature = "test")]
[INFO] [stdout]    |       ^^^^^^^^^^^^^^^^
[INFO] [stdout] 
[INFO] [stdout] 
[INFO] [stdout] error[E0432]: unresolved import `crate::test`
[INFO] [stdout]   --> src/check/dependency_slot_missing.rs:64:16
[INFO] [stdout]    |
[INFO] [stdout] 64 |     use crate::test::glob_reports;
[INFO] [stdout]    |                ^^^^ could not find `test` in the crate root
[INFO] [stdout]    |
[INFO] [stdout] note: found an item that was configured out
[INFO] [stdout]   --> src/lib.rs:11:9
[INFO] [stdout]    |
[INFO] [stdout] 11 | pub mod test;
[INFO] [stdout]    |         ^^^^
[INFO] [stdout] note: the item is gated behind the `test` feature
[INFO] [stdout]   --> src/lib.rs:10:7
[INFO] [stdout]    |
[INFO] [stdout] 10 | #[cfg(feature = "test")]
[INFO] [stdout]    |       ^^^^^^^^^^^^^^^^
[INFO] [stdout] 
[INFO] [stdout] 
[INFO] [stdout] error[E0432]: unresolved import `pkgcraft::test`
[INFO] [stdout]   --> src/check/eapi_stale.rs:54:19
[INFO] [stdout]    |
[INFO] [stdout] 54 |     use pkgcraft::test::{TEST_DATA, TEST_DATA_PATCHED};
[INFO] [stdout]    |                   ^^^^ could not find `test` in `pkgcraft`
[INFO] [stdout]    |
[INFO] [stdout] note: found an item that was configured out
[INFO] [stdout]   --> /opt/rustwide/cargo-home/registry/src/index.crates.io-6f17d22bba15001f/pkgcraft-0.0.16/src/lib.rs:16:9
[INFO] [stdout]    |
[INFO] [stdout] 16 | pub mod test;
[INFO] [stdout]    |         ^^^^
[INFO] [stdout] note: the item is gated behind the `test` feature
[INFO] [stdout]   --> /opt/rustwide/cargo-home/registry/src/index.crates.io-6f17d22bba15001f/pkgcraft-0.0.16/src/lib.rs:15:7
[INFO] [stdout]    |
[INFO] [stdout] 15 | #[cfg(feature = "test")]
[INFO] [stdout]    |       ^^^^^^^^^^^^^^^^
[INFO] [stdout] 
[INFO] [stdout] 
[INFO] [stdout] error[E0432]: unresolved import `crate::test`
[INFO] [stdout]   --> src/check/eapi_stale.rs:58:16
[INFO] [stdout]    |
[INFO] [stdout] 58 |     use crate::test::glob_reports;
[INFO] [stdout]    |                ^^^^ could not find `test` in the crate root
[INFO] [stdout]    |
[INFO] [stdout] note: found an item that was configured out
[INFO] [stdout]   --> src/lib.rs:11:9
[INFO] [stdout]    |
[INFO] [stdout] 11 | pub mod test;
[INFO] [stdout]    |         ^^^^
[INFO] [stdout] note: the item is gated behind the `test` feature
[INFO] [stdout]   --> src/lib.rs:10:7
[INFO] [stdout]    |
[INFO] [stdout] 10 | #[cfg(feature = "test")]
[INFO] [stdout]    |       ^^^^^^^^^^^^^^^^
[INFO] [stdout] 
[INFO] [stdout] 
[INFO] [stdout] error[E0432]: unresolved import `pkgcraft::test`
[INFO] [stdout]   --> src/check/eapi_status.rs:46:19
[INFO] [stdout]    |
[INFO] [stdout] 46 |     use pkgcraft::test::{TEST_DATA, TEST_DATA_PATCHED};
[INFO] [stdout]    |                   ^^^^ could not find `test` in `pkgcraft`
[INFO] [stdout]    |
[INFO] [stdout] note: found an item that was configured out
[INFO] [stdout]   --> /opt/rustwide/cargo-home/registry/src/index.crates.io-6f17d22bba15001f/pkgcraft-0.0.16/src/lib.rs:16:9
[INFO] [stdout]    |
[INFO] [stdout] 16 | pub mod test;
[INFO] [stdout]    |         ^^^^
[INFO] [stdout] note: the item is gated behind the `test` feature
[INFO] [stdout]   --> /opt/rustwide/cargo-home/registry/src/index.crates.io-6f17d22bba15001f/pkgcraft-0.0.16/src/lib.rs:15:7
[INFO] [stdout]    |
[INFO] [stdout] 15 | #[cfg(feature = "test")]
[INFO] [stdout]    |       ^^^^^^^^^^^^^^^^
[INFO] [stdout] 
[INFO] [stdout] 
[INFO] [stdout] error[E0432]: unresolved import `crate::test`
[INFO] [stdout]   --> src/check/eapi_status.rs:50:16
[INFO] [stdout]    |
[INFO] [stdout] 50 |     use crate::test::glob_reports;
[INFO] [stdout]    |                ^^^^ could not find `test` in the crate root
[INFO] [stdout]    |
[INFO] [stdout] note: found an item that was configured out
[INFO] [stdout]   --> src/lib.rs:11:9
[INFO] [stdout]    |
[INFO] [stdout] 11 | pub mod test;
[INFO] [stdout]    |         ^^^^
[INFO] [stdout] note: the item is gated behind the `test` feature
[INFO] [stdout]   --> src/lib.rs:10:7
[INFO] [stdout]    |
[INFO] [stdout] 10 | #[cfg(feature = "test")]
[INFO] [stdout]    |       ^^^^^^^^^^^^^^^^
[INFO] [stdout] 
[INFO] [stdout] 
[INFO] [stdout] error[E0432]: unresolved import `pkgcraft::test`
[INFO] [stdout]   --> src/check/header.rs:90:19
[INFO] [stdout]    |
[INFO] [stdout] 90 |     use pkgcraft::test::{TEST_DATA, TEST_DATA_PATCHED};
[INFO] [stdout]    |                   ^^^^ could not find `test` in `pkgcraft`
[INFO] [stdout]    |
[INFO] [stdout] note: found an item that was configured out
[INFO] [stdout]   --> /opt/rustwide/cargo-home/registry/src/index.crates.io-6f17d22bba15001f/pkgcraft-0.0.16/src/lib.rs:16:9
[INFO] [stdout]    |
[INFO] [stdout] 16 | pub mod test;
[INFO] [stdout]    |         ^^^^
[INFO] [stdout] note: the item is gated behind the `test` feature
[INFO] [stdout]   --> /opt/rustwide/cargo-home/registry/src/index.crates.io-6f17d22bba15001f/pkgcraft-0.0.16/src/lib.rs:15:7
[INFO] [stdout]    |
[INFO] [stdout] 15 | #[cfg(feature = "test")]
[INFO] [stdout]    |       ^^^^^^^^^^^^^^^^
[INFO] [stdout] 
[INFO] [stdout] 
[INFO] [stdout] error: cannot find macro `glob_reports` in this scope
[INFO] [stdout]    --> tests/pkgcruft/replay.rs:178:27
[INFO] [stdout]     |
[INFO] [stdout] 178 |     let single_expected = glob_reports!("{repo}/Dependency/DependencyDeprecated/reports.json");
[INFO] [stdout]     |                           ^^^^^^^^^^^^
[INFO] [stdout] 
[INFO] [stdout] 
[INFO] [stdout] error: cannot find macro `glob_reports` in this scope
[INFO] [stdout]    --> tests/pkgcruft/replay.rs:179:29
[INFO] [stdout]     |
[INFO] [stdout] 179 |     let multiple_expected = glob_reports!(
[INFO] [stdout]     |                             ^^^^^^^^^^^^
[INFO] [stdout] 
[INFO] [stdout] 
[INFO] [stdout] error[E0432]: unresolved import `crate::test`
[INFO] [stdout]   --> src/check/header.rs:94:16
[INFO] [stdout]    |
[INFO] [stdout] 94 |     use crate::test::glob_reports;
[INFO] [stdout]    |                ^^^^ could not find `test` in the crate root
[INFO] [stdout]    |
[INFO] [stdout] note: found an item that was configured out
[INFO] [stdout]   --> src/lib.rs:11:9
[INFO] [stdout]    |
[INFO] [stdout] 11 | pub mod test;
[INFO] [stdout]    |         ^^^^
[INFO] [stdout] note: the item is gated behind the `test` feature
[INFO] [stdout]   --> src/lib.rs:10:7
[INFO] [stdout]    |
[INFO] [stdout] 10 | #[cfg(feature = "test")]
[INFO] [stdout]    |       ^^^^^^^^^^^^^^^^
[INFO] [stdout] 
[INFO] [stdout] 
[INFO] [stdout] error[E0432]: unresolved import `pkgcraft::test`
[INFO] [stdout]   --> src/check/keywords.rs:95:19
[INFO] [stdout]    |
[INFO] [stdout] 95 |     use pkgcraft::test::{TEST_DATA, TEST_DATA_PATCHED};
[INFO] [stdout]    |                   ^^^^ could not find `test` in `pkgcraft`
[INFO] [stdout]    |
[INFO] [stdout] note: found an item that was configured out
[INFO] [stdout]   --> /opt/rustwide/cargo-home/registry/src/index.crates.io-6f17d22bba15001f/pkgcraft-0.0.16/src/lib.rs:16:9
[INFO] [stdout]    |
[INFO] [stdout] 16 | pub mod test;
[INFO] [stdout]    |         ^^^^
[INFO] [stdout] note: the item is gated behind the `test` feature
[INFO] [stdout]   --> /opt/rustwide/cargo-home/registry/src/index.crates.io-6f17d22bba15001f/pkgcraft-0.0.16/src/lib.rs:15:7
[INFO] [stdout]    |
[INFO] [stdout] 15 | #[cfg(feature = "test")]
[INFO] [stdout]    |       ^^^^^^^^^^^^^^^^
[INFO] [stdout] 
[INFO] [stdout] 
[INFO] [stdout] error[E0432]: unresolved import `crate::test`
[INFO] [stdout]   --> src/check/keywords.rs:99:16
[INFO] [stdout]    |
[INFO] [stdout] 99 |     use crate::test::glob_reports;
[INFO] [stdout]    |                ^^^^ could not find `test` in the crate root
[INFO] [stdout]    |
[INFO] [stdout] note: found an item that was configured out
[INFO] [stdout]   --> src/lib.rs:11:9
[INFO] [stdout]    |
[INFO] [stdout] 11 | pub mod test;
[INFO] [stdout]    |         ^^^^
[INFO] [stdout] note: the item is gated behind the `test` feature
[INFO] [stdout]   --> src/lib.rs:10:7
[INFO] [stdout]    |
[INFO] [stdout] 10 | #[cfg(feature = "test")]
[INFO] [stdout]    |       ^^^^^^^^^^^^^^^^
[INFO] [stdout] 
[INFO] [stdout] 
[INFO] [stdout] error[E0432]: unresolved import `pkgcraft::test`
[INFO] [stdout]    --> src/check/keywords_dropped.rs:117:19
[INFO] [stdout]     |
[INFO] [stdout] 117 |     use pkgcraft::test::{TEST_DATA, TEST_DATA_PATCHED};
[INFO] [stdout]     |                   ^^^^ could not find `test` in `pkgcraft`
[INFO] [stdout]     |
[INFO] [stdout] note: found an item that was configured out
[INFO] [stdout]    --> /opt/rustwide/cargo-home/registry/src/index.crates.io-6f17d22bba15001f/pkgcraft-0.0.16/src/lib.rs:16:9
[INFO] [stdout]     |
[INFO] [stdout] 16  | pub mod test;
[INFO] [stdout]     |         ^^^^
[INFO] [stdout] note: the item is gated behind the `test` feature
[INFO] [stdout]    --> /opt/rustwide/cargo-home/registry/src/index.crates.io-6f17d22bba15001f/pkgcraft-0.0.16/src/lib.rs:15:7
[INFO] [stdout]     |
[INFO] [stdout] 15  | #[cfg(feature = "test")]
[INFO] [stdout]     |       ^^^^^^^^^^^^^^^^
[INFO] [stdout] 
[INFO] [stdout] 
[INFO] [stdout] error[E0432]: unresolved import `crate::test`
[INFO] [stdout]    --> src/check/keywords_dropped.rs:121:16
[INFO] [stdout]     |
[INFO] [stdout] 121 |     use crate::test::glob_reports;
[INFO] [stdout]     |                ^^^^ could not find `test` in the crate root
[INFO] [stdout]     |
[INFO] [stdout] note: found an item that was configured out
[INFO] [stdout]    --> src/lib.rs:11:9
[INFO] [stdout]     |
[INFO] [stdout] 11  | pub mod test;
[INFO] [stdout]     |         ^^^^
[INFO] [stdout] note: the item is gated behind the `test` feature
[INFO] [stdout]    --> src/lib.rs:10:7
[INFO] [stdout]     |
[INFO] [stdout] 10  | #[cfg(feature = "test")]
[INFO] [stdout]     |       ^^^^^^^^^^^^^^^^
[INFO] [stdout] 
[INFO] [stdout] 
[INFO] [stdout] error: cannot find macro `glob_reports` in this scope
[INFO] [stdout]    --> tests/pkgcruft/replay.rs:218:27
[INFO] [stdout]     |
[INFO] [stdout] 218 |     let single_expected = glob_reports!("{repo}/Dependency/DependencyDeprecated/reports.json");
[INFO] [stdout]     |                           ^^^^^^^^^^^^
[INFO] [stdout] 
[INFO] [stdout] 
[INFO] [stdout] error[E0432]: unresolved import `pkgcraft::test`
[INFO] [stdout]   --> src/check/license.rs:67:19
[INFO] [stdout]    |
[INFO] [stdout] 67 |     use pkgcraft::test::{TEST_DATA, TEST_DATA_PATCHED};
[INFO] [stdout]    |                   ^^^^ could not find `test` in `pkgcraft`
[INFO] [stdout]    |
[INFO] [stdout] note: found an item that was configured out
[INFO] [stdout]   --> /opt/rustwide/cargo-home/registry/src/index.crates.io-6f17d22bba15001f/pkgcraft-0.0.16/src/lib.rs:16:9
[INFO] [stdout]    |
[INFO] [stdout] 16 | pub mod test;
[INFO] [stdout]    |         ^^^^
[INFO] [stdout] note: the item is gated behind the `test` feature
[INFO] [stdout]   --> /opt/rustwide/cargo-home/registry/src/index.crates.io-6f17d22bba15001f/pkgcraft-0.0.16/src/lib.rs:15:7
[INFO] [stdout]    |
[INFO] [stdout] 15 | #[cfg(feature = "test")]
[INFO] [stdout]    |       ^^^^^^^^^^^^^^^^
[INFO] [stdout] 
[INFO] [stdout] 
[INFO] [stdout] error[E0432]: unresolved import `crate::test`
[INFO] [stdout]   --> src/check/license.rs:71:16
[INFO] [stdout]    |
[INFO] [stdout] 71 |     use crate::test::glob_reports;
[INFO] [stdout]    |                ^^^^ could not find `test` in the crate root
[INFO] [stdout]    |
[INFO] [stdout] note: found an item that was configured out
[INFO] [stdout]   --> src/lib.rs:11:9
[INFO] [stdout]    |
[INFO] [stdout] 11 | pub mod test;
[INFO] [stdout]    |         ^^^^
[INFO] [stdout] note: the item is gated behind the `test` feature
[INFO] [stdout]   --> src/lib.rs:10:7
[INFO] [stdout]    |
[INFO] [stdout] 10 | #[cfg(feature = "test")]
[INFO] [stdout]    |       ^^^^^^^^^^^^^^^^
[INFO] [stdout] 
[INFO] [stdout] 
[INFO] [stdout] error[E0432]: unresolved import `pkgcraft::test`
[INFO] [stdout]   --> src/check/live.rs:39:19
[INFO] [stdout]    |
[INFO] [stdout] 39 |     use pkgcraft::test::{TEST_DATA, TEST_DATA_PATCHED};
[INFO] [stdout]    |                   ^^^^ could not find `test` in `pkgcraft`
[INFO] [stdout]    |
[INFO] [stdout] note: found an item that was configured out
[INFO] [stdout]   --> /opt/rustwide/cargo-home/registry/src/index.crates.io-6f17d22bba15001f/pkgcraft-0.0.16/src/lib.rs:16:9
[INFO] [stdout]    |
[INFO] [stdout] 16 | pub mod test;
[INFO] [stdout]    |         ^^^^
[INFO] [stdout] note: the item is gated behind the `test` feature
[INFO] [stdout]   --> /opt/rustwide/cargo-home/registry/src/index.crates.io-6f17d22bba15001f/pkgcraft-0.0.16/src/lib.rs:15:7
[INFO] [stdout]    |
[INFO] [stdout] 15 | #[cfg(feature = "test")]
[INFO] [stdout]    |       ^^^^^^^^^^^^^^^^
[INFO] [stdout] 
[INFO] [stdout] 
[INFO] [stdout] error[E0432]: unresolved import `crate::test`
[INFO] [stdout]   --> src/check/live.rs:43:16
[INFO] [stdout]    |
[INFO] [stdout] 43 |     use crate::test::glob_reports;
[INFO] [stdout]    |                ^^^^ could not find `test` in the crate root
[INFO] [stdout]    |
[INFO] [stdout] note: found an item that was configured out
[INFO] [stdout]   --> src/lib.rs:11:9
[INFO] [stdout]    |
[INFO] [stdout] 11 | pub mod test;
[INFO] [stdout]    |         ^^^^
[INFO] [stdout] note: the item is gated behind the `test` feature
[INFO] [stdout]   --> src/lib.rs:10:7
[INFO] [stdout]    |
[INFO] [stdout] 10 | #[cfg(feature = "test")]
[INFO] [stdout]    |       ^^^^^^^^^^^^^^^^
[INFO] [stdout] 
[INFO] [stdout] 
[INFO] [stdout] error: cannot find macro `glob_reports` in this scope
[INFO] [stdout]    --> tests/pkgcruft/replay.rs:219:29
[INFO] [stdout]     |
[INFO] [stdout] 219 |     let multiple_expected = glob_reports!(
[INFO] [stdout]     |                             ^^^^^^^^^^^^
[INFO] [stdout] 
[INFO] [stdout] 
[INFO] [stdout] error[E0432]: unresolved import `pkgcraft::test`
[INFO] [stdout]   --> src/check/overlay.rs:52:19
[INFO] [stdout]    |
[INFO] [stdout] 52 |     use pkgcraft::test::TEST_DATA;
[INFO] [stdout]    |                   ^^^^ could not find `test` in `pkgcraft`
[INFO] [stdout]    |
[INFO] [stdout] note: found an item that was configured out
[INFO] [stdout]   --> /opt/rustwide/cargo-home/registry/src/index.crates.io-6f17d22bba15001f/pkgcraft-0.0.16/src/lib.rs:16:9
[INFO] [stdout]    |
[INFO] [stdout] 16 | pub mod test;
[INFO] [stdout]    |         ^^^^
[INFO] [stdout] note: the item is gated behind the `test` feature
[INFO] [stdout]   --> /opt/rustwide/cargo-home/registry/src/index.crates.io-6f17d22bba15001f/pkgcraft-0.0.16/src/lib.rs:15:7
[INFO] [stdout]    |
[INFO] [stdout] 15 | #[cfg(feature = "test")]
[INFO] [stdout]    |       ^^^^^^^^^^^^^^^^
[INFO] [stdout] 
[INFO] [stdout] 
[INFO] [stdout] error[E0432]: unresolved import `crate::test`
[INFO] [stdout]   --> src/check/overlay.rs:56:16
[INFO] [stdout]    |
[INFO] [stdout] 56 |     use crate::test::glob_reports;
[INFO] [stdout]    |                ^^^^ could not find `test` in the crate root
[INFO] [stdout]    |
[INFO] [stdout] note: found an item that was configured out
[INFO] [stdout]   --> src/lib.rs:11:9
[INFO] [stdout]    |
[INFO] [stdout] 11 | pub mod test;
[INFO] [stdout]    |         ^^^^
[INFO] [stdout] note: the item is gated behind the `test` feature
[INFO] [stdout]   --> src/lib.rs:10:7
[INFO] [stdout]    |
[INFO] [stdout] 10 | #[cfg(feature = "test")]
[INFO] [stdout]    |       ^^^^^^^^^^^^^^^^
[INFO] [stdout] 
[INFO] [stdout] 
[INFO] [stdout] error[E0432]: unresolved import `pkgcraft::test`
[INFO] [stdout]   --> src/check/properties.rs:62:19
[INFO] [stdout]    |
[INFO] [stdout] 62 |     use pkgcraft::test::{TEST_DATA, TEST_DATA_PATCHED};
[INFO] [stdout]    |                   ^^^^ could not find `test` in `pkgcraft`
[INFO] [stdout]    |
[INFO] [stdout] note: found an item that was configured out
[INFO] [stdout]   --> /opt/rustwide/cargo-home/registry/src/index.crates.io-6f17d22bba15001f/pkgcraft-0.0.16/src/lib.rs:16:9
[INFO] [stdout]    |
[INFO] [stdout] 16 | pub mod test;
[INFO] [stdout]    |         ^^^^
[INFO] [stdout] note: the item is gated behind the `test` feature
[INFO] [stdout]   --> /opt/rustwide/cargo-home/registry/src/index.crates.io-6f17d22bba15001f/pkgcraft-0.0.16/src/lib.rs:15:7
[INFO] [stdout]    |
[INFO] [stdout] 15 | #[cfg(feature = "test")]
[INFO] [stdout]    |       ^^^^^^^^^^^^^^^^
[INFO] [stdout] 
[INFO] [stdout] 
[INFO] [stdout] error[E0432]: unresolved import `crate::test`
[INFO] [stdout]   --> src/check/properties.rs:66:16
[INFO] [stdout]    |
[INFO] [stdout] 66 |     use crate::test::glob_reports;
[INFO] [stdout]    |                ^^^^ could not find `test` in the crate root
[INFO] [stdout]    |
[INFO] [stdout] note: found an item that was configured out
[INFO] [stdout]   --> src/lib.rs:11:9
[INFO] [stdout]    |
[INFO] [stdout] 11 | pub mod test;
[INFO] [stdout]    |         ^^^^
[INFO] [stdout] note: the item is gated behind the `test` feature
[INFO] [stdout]   --> src/lib.rs:10:7
[INFO] [stdout]    |
[INFO] [stdout] 10 | #[cfg(feature = "test")]
[INFO] [stdout]    |       ^^^^^^^^^^^^^^^^
[INFO] [stdout] 
[INFO] [stdout] 
[INFO] [stdout] error: cannot find macro `glob_reports` in this scope
[INFO] [stdout]    --> tests/pkgcruft/replay.rs:257:20
[INFO] [stdout]     |
[INFO] [stdout] 257 |     let expected = glob_reports!(
[INFO] [stdout]     |                    ^^^^^^^^^^^^
[INFO] [stdout] 
[INFO] [stdout] 
[INFO] [stdout] error[E0432]: unresolved import `pkgcraft::test`
[INFO] [stdout]    --> src/check/python_update.rs:151:19
[INFO] [stdout]     |
[INFO] [stdout] 151 |     use pkgcraft::test::{TEST_DATA, TEST_DATA_PATCHED};
[INFO] [stdout]     |                   ^^^^ could not find `test` in `pkgcraft`
[INFO] [stdout]     |
[INFO] [stdout] note: found an item that was configured out
[INFO] [stdout]    --> /opt/rustwide/cargo-home/registry/src/index.crates.io-6f17d22bba15001f/pkgcraft-0.0.16/src/lib.rs:16:9
[INFO] [stdout]     |
[INFO] [stdout] 16  | pub mod test;
[INFO] [stdout]     |         ^^^^
[INFO] [stdout] note: the item is gated behind the `test` feature
[INFO] [stdout]    --> /opt/rustwide/cargo-home/registry/src/index.crates.io-6f17d22bba15001f/pkgcraft-0.0.16/src/lib.rs:15:7
[INFO] [stdout]     |
[INFO] [stdout] 15  | #[cfg(feature = "test")]
[INFO] [stdout]     |       ^^^^^^^^^^^^^^^^
[INFO] [stdout] 
[INFO] [stdout] 
[INFO] [stdout] error[E0432]: unresolved import `crate::test`
[INFO] [stdout]    --> src/check/python_update.rs:155:16
[INFO] [stdout]     |
[INFO] [stdout] 155 |     use crate::test::glob_reports;
[INFO] [stdout]     |                ^^^^ could not find `test` in the crate root
[INFO] [stdout]     |
[INFO] [stdout] note: found an item that was configured out
[INFO] [stdout]    --> src/lib.rs:11:9
[INFO] [stdout]     |
[INFO] [stdout] 11  | pub mod test;
[INFO] [stdout]     |         ^^^^
[INFO] [stdout] note: the item is gated behind the `test` feature
[INFO] [stdout]    --> src/lib.rs:10:7
[INFO] [stdout]     |
[INFO] [stdout] 10  | #[cfg(feature = "test")]
[INFO] [stdout]     |       ^^^^^^^^^^^^^^^^
[INFO] [stdout] 
[INFO] [stdout] 
[INFO] [stdout] error: cannot find macro `glob_reports` in this scope
[INFO] [stdout]   --> tests/pkgcruft/scan.rs:96:20
[INFO] [stdout]    |
[INFO] [stdout] 96 |     let expected = glob_reports!("{repo}/**/reports.json");
[INFO] [stdout]    |                    ^^^^^^^^^^^^
[INFO] [stdout] 
[INFO] [stdout] 
[INFO] [stdout] error[E0432]: unresolved import `pkgcraft::test`
[INFO] [stdout]   --> src/check/restrict.rs:62:19
[INFO] [stdout]    |
[INFO] [stdout] 62 |     use pkgcraft::test::{TEST_DATA, TEST_DATA_PATCHED};
[INFO] [stdout]    |                   ^^^^ could not find `test` in `pkgcraft`
[INFO] [stdout]    |
[INFO] [stdout] note: found an item that was configured out
[INFO] [stdout]   --> /opt/rustwide/cargo-home/registry/src/index.crates.io-6f17d22bba15001f/pkgcraft-0.0.16/src/lib.rs:16:9
[INFO] [stdout]    |
[INFO] [stdout] 16 | pub mod test;
[INFO] [stdout]    |         ^^^^
[INFO] [stdout] note: the item is gated behind the `test` feature
[INFO] [stdout]   --> /opt/rustwide/cargo-home/registry/src/index.crates.io-6f17d22bba15001f/pkgcraft-0.0.16/src/lib.rs:15:7
[INFO] [stdout]    |
[INFO] [stdout] 15 | #[cfg(feature = "test")]
[INFO] [stdout]    |       ^^^^^^^^^^^^^^^^
[INFO] [stdout] 
[INFO] [stdout] 
[INFO] [stdout] error[E0432]: unresolved import `crate::test`
[INFO] [stdout]   --> src/check/restrict.rs:66:16
[INFO] [stdout]    |
[INFO] [stdout] 66 |     use crate::test::glob_reports;
[INFO] [stdout]    |                ^^^^ could not find `test` in the crate root
[INFO] [stdout]    |
[INFO] [stdout] note: found an item that was configured out
[INFO] [stdout]   --> src/lib.rs:11:9
[INFO] [stdout]    |
[INFO] [stdout] 11 | pub mod test;
[INFO] [stdout]    |         ^^^^
[INFO] [stdout] note: the item is gated behind the `test` feature
[INFO] [stdout]   --> src/lib.rs:10:7
[INFO] [stdout]    |
[INFO] [stdout] 10 | #[cfg(feature = "test")]
[INFO] [stdout]    |       ^^^^^^^^^^^^^^^^
[INFO] [stdout] 
[INFO] [stdout] 
[INFO] [stdout] error[E0432]: unresolved import `pkgcraft::test`
[INFO] [stdout]   --> src/check/restrict_test_missing.rs:60:19
[INFO] [stdout]    |
[INFO] [stdout] 60 |     use pkgcraft::test::{TEST_DATA, TEST_DATA_PATCHED};
[INFO] [stdout]    |                   ^^^^ could not find `test` in `pkgcraft`
[INFO] [stdout]    |
[INFO] [stdout] note: found an item that was configured out
[INFO] [stdout]   --> /opt/rustwide/cargo-home/registry/src/index.crates.io-6f17d22bba15001f/pkgcraft-0.0.16/src/lib.rs:16:9
[INFO] [stdout]    |
[INFO] [stdout] 16 | pub mod test;
[INFO] [stdout]    |         ^^^^
[INFO] [stdout] note: the item is gated behind the `test` feature
[INFO] [stdout]   --> /opt/rustwide/cargo-home/registry/src/index.crates.io-6f17d22bba15001f/pkgcraft-0.0.16/src/lib.rs:15:7
[INFO] [stdout]    |
[INFO] [stdout] 15 | #[cfg(feature = "test")]
[INFO] [stdout]    |       ^^^^^^^^^^^^^^^^
[INFO] [stdout] 
[INFO] [stdout] 
[INFO] [stdout] error: cannot find macro `glob_reports` in this scope
[INFO] [stdout]    --> tests/pkgcruft/scan.rs:102:20
[INFO] [stdout]     |
[INFO] [stdout] 102 |     let expected = glob_reports!("{repo}/Dependency/**/reports.json");
[INFO] [stdout]     |                    ^^^^^^^^^^^^
[INFO] [stdout] 
[INFO] [stdout] 
[INFO] [stdout] error[E0432]: unresolved import `crate::test`
[INFO] [stdout]   --> src/check/restrict_test_missing.rs:64:16
[INFO] [stdout]    |
[INFO] [stdout] 64 |     use crate::test::*;
[INFO] [stdout]    |                ^^^^ could not find `test` in the crate root
[INFO] [stdout] 
[INFO] [stdout] 
[INFO] [stdout] error[E0432]: unresolved import `pkgcraft::test`
[INFO] [stdout]    --> src/check/ruby_update.rs:115:19
[INFO] [stdout]     |
[INFO] [stdout] 115 |     use pkgcraft::test::{TEST_DATA, TEST_DATA_PATCHED};
[INFO] [stdout]     |                   ^^^^ could not find `test` in `pkgcraft`
[INFO] [stdout]     |
[INFO] [stdout] note: found an item that was configured out
[INFO] [stdout]    --> /opt/rustwide/cargo-home/registry/src/index.crates.io-6f17d22bba15001f/pkgcraft-0.0.16/src/lib.rs:16:9
[INFO] [stdout]     |
[INFO] [stdout] 16  | pub mod test;
[INFO] [stdout]     |         ^^^^
[INFO] [stdout] note: the item is gated behind the `test` feature
[INFO] [stdout]    --> /opt/rustwide/cargo-home/registry/src/index.crates.io-6f17d22bba15001f/pkgcraft-0.0.16/src/lib.rs:15:7
[INFO] [stdout]     |
[INFO] [stdout] 15  | #[cfg(feature = "test")]
[INFO] [stdout]     |       ^^^^^^^^^^^^^^^^
[INFO] [stdout] 
[INFO] [stdout] 
[INFO] [stdout] error[E0432]: unresolved import `crate::test`
[INFO] [stdout]    --> src/check/ruby_update.rs:119:16
[INFO] [stdout]     |
[INFO] [stdout] 119 |     use crate::test::glob_reports;
[INFO] [stdout]     |                ^^^^ could not find `test` in the crate root
[INFO] [stdout]     |
[INFO] [stdout] note: found an item that was configured out
[INFO] [stdout]    --> src/lib.rs:11:9
[INFO] [stdout]     |
[INFO] [stdout] 11  | pub mod test;
[INFO] [stdout]     |         ^^^^
[INFO] [stdout] note: the item is gated behind the `test` feature
[INFO] [stdout]    --> src/lib.rs:10:7
[INFO] [stdout]     |
[INFO] [stdout] 10  | #[cfg(feature = "test")]
[INFO] [stdout]     |       ^^^^^^^^^^^^^^^^
[INFO] [stdout] 
[INFO] [stdout] 
[INFO] [stdout] error[E0432]: unresolved import `pkgcraft::test`
[INFO] [stdout]   --> src/check/unstable_only.rs:67:19
[INFO] [stdout]    |
[INFO] [stdout] 67 |     use pkgcraft::test::{TEST_DATA, TEST_DATA_PATCHED};
[INFO] [stdout]    |                   ^^^^ could not find `test` in `pkgcraft`
[INFO] [stdout]    |
[INFO] [stdout] note: found an item that was configured out
[INFO] [stdout]   --> /opt/rustwide/cargo-home/registry/src/index.crates.io-6f17d22bba15001f/pkgcraft-0.0.16/src/lib.rs:16:9
[INFO] [stdout]    |
[INFO] [stdout] 16 | pub mod test;
[INFO] [stdout]    |         ^^^^
[INFO] [stdout] note: the item is gated behind the `test` feature
[INFO] [stdout]   --> /opt/rustwide/cargo-home/registry/src/index.crates.io-6f17d22bba15001f/pkgcraft-0.0.16/src/lib.rs:15:7
[INFO] [stdout]    |
[INFO] [stdout] 15 | #[cfg(feature = "test")]
[INFO] [stdout]    |       ^^^^^^^^^^^^^^^^
[INFO] [stdout] 
[INFO] [stdout] 
[INFO] [stdout] error[E0432]: unresolved import `crate::test`
[INFO] [stdout]   --> src/check/unstable_only.rs:71:16
[INFO] [stdout]    |
[INFO] [stdout] 71 |     use crate::test::glob_reports;
[INFO] [stdout]    |                ^^^^ could not find `test` in the crate root
[INFO] [stdout]    |
[INFO] [stdout] note: found an item that was configured out
[INFO] [stdout]   --> src/lib.rs:11:9
[INFO] [stdout]    |
[INFO] [stdout] 11 | pub mod test;
[INFO] [stdout]    |         ^^^^
[INFO] [stdout] note: the item is gated behind the `test` feature
[INFO] [stdout]   --> src/lib.rs:10:7
[INFO] [stdout]    |
[INFO] [stdout] 10 | #[cfg(feature = "test")]
[INFO] [stdout]    |       ^^^^^^^^^^^^^^^^
[INFO] [stdout] 
[INFO] [stdout] 
[INFO] [stdout] error: cannot find macro `glob_reports` in this scope
[INFO] [stdout]    --> tests/pkgcruft/scan.rs:108:20
[INFO] [stdout]     |
[INFO] [stdout] 108 |     let expected = glob_reports!("{repo}/Dependency/DependencyDeprecated/reports.json");
[INFO] [stdout]     |                    ^^^^^^^^^^^^
[INFO] [stdout] 
[INFO] [stdout] 
[INFO] [stdout] error: cannot find macro `glob_reports` in this scope
[INFO] [stdout]    --> tests/pkgcruft/scan.rs:147:20
[INFO] [stdout]     |
[INFO] [stdout] 147 |     let expected = glob_reports!("{repo}/**/reports.json");
[INFO] [stdout]     |                    ^^^^^^^^^^^^
[INFO] [stdout] 
[INFO] [stdout] 
[INFO] [stdout] error[E0432]: unresolved import `pkgcraft::test`
[INFO] [stdout]   --> src/check/use_local.rs:88:19
[INFO] [stdout]    |
[INFO] [stdout] 88 |     use pkgcraft::test::{TEST_DATA, TEST_DATA_PATCHED};
[INFO] [stdout]    |                   ^^^^ could not find `test` in `pkgcraft`
[INFO] [stdout]    |
[INFO] [stdout] note: found an item that was configured out
[INFO] [stdout]   --> /opt/rustwide/cargo-home/registry/src/index.crates.io-6f17d22bba15001f/pkgcraft-0.0.16/src/lib.rs:16:9
[INFO] [stdout]    |
[INFO] [stdout] 16 | pub mod test;
[INFO] [stdout]    |         ^^^^
[INFO] [stdout] note: the item is gated behind the `test` feature
[INFO] [stdout]   --> /opt/rustwide/cargo-home/registry/src/index.crates.io-6f17d22bba15001f/pkgcraft-0.0.16/src/lib.rs:15:7
[INFO] [stdout]    |
[INFO] [stdout] 15 | #[cfg(feature = "test")]
[INFO] [stdout]    |       ^^^^^^^^^^^^^^^^
[INFO] [stdout] 
[INFO] [stdout] 
[INFO] [stdout] error[E0432]: unresolved import `crate::test`
[INFO] [stdout]   --> src/check/use_local.rs:92:16
[INFO] [stdout]    |
[INFO] [stdout] 92 |     use crate::test::glob_reports;
[INFO] [stdout]    |                ^^^^ could not find `test` in the crate root
[INFO] [stdout]    |
[INFO] [stdout] note: found an item that was configured out
[INFO] [stdout]   --> src/lib.rs:11:9
[INFO] [stdout]    |
[INFO] [stdout] 11 | pub mod test;
[INFO] [stdout]    |         ^^^^
[INFO] [stdout] note: the item is gated behind the `test` feature
[INFO] [stdout]   --> src/lib.rs:10:7
[INFO] [stdout]    |
[INFO] [stdout] 10 | #[cfg(feature = "test")]
[INFO] [stdout]    |       ^^^^^^^^^^^^^^^^
[INFO] [stdout] 
[INFO] [stdout] 
[INFO] [stdout] error[E0432]: unresolved import `pkgcraft::test`
[INFO] [stdout]   --> src/check/variable_order.rs:84:19
[INFO] [stdout]    |
[INFO] [stdout] 84 |     use pkgcraft::test::{TEST_DATA, TEST_DATA_PATCHED};
[INFO] [stdout]    |                   ^^^^ could not find `test` in `pkgcraft`
[INFO] [stdout]    |
[INFO] [stdout] note: found an item that was configured out
[INFO] [stdout]   --> /opt/rustwide/cargo-home/registry/src/index.crates.io-6f17d22bba15001f/pkgcraft-0.0.16/src/lib.rs:16:9
[INFO] [stdout]    |
[INFO] [stdout] 16 | pub mod test;
[INFO] [stdout]    |         ^^^^
[INFO] [stdout] note: the item is gated behind the `test` feature
[INFO] [stdout]   --> /opt/rustwide/cargo-home/registry/src/index.crates.io-6f17d22bba15001f/pkgcraft-0.0.16/src/lib.rs:15:7
[INFO] [stdout]    |
[INFO] [stdout] 15 | #[cfg(feature = "test")]
[INFO] [stdout]    |       ^^^^^^^^^^^^^^^^
[INFO] [stdout] 
[INFO] [stdout] 
[INFO] [stdout] error[E0432]: unresolved import `crate::test`
[INFO] [stdout]   --> src/check/variable_order.rs:88:16
[INFO] [stdout]    |
[INFO] [stdout] 88 |     use crate::test::glob_reports;
[INFO] [stdout]    |                ^^^^ could not find `test` in the crate root
[INFO] [stdout]    |
[INFO] [stdout] note: found an item that was configured out
[INFO] [stdout]   --> src/lib.rs:11:9
[INFO] [stdout]    |
[INFO] [stdout] 11 | pub mod test;
[INFO] [stdout]    |         ^^^^
[INFO] [stdout] note: the item is gated behind the `test` feature
[INFO] [stdout]   --> src/lib.rs:10:7
[INFO] [stdout]    |
[INFO] [stdout] 10 | #[cfg(feature = "test")]
[INFO] [stdout]    |       ^^^^^^^^^^^^^^^^
[INFO] [stdout] 
[INFO] [stdout] 
[INFO] [stdout] error[E0432]: unresolved import `pkgcraft::test`
[INFO] [stdout]    --> src/check/whitespace.rs:129:19
[INFO] [stdout]     |
[INFO] [stdout] 129 |     use pkgcraft::test::{TEST_DATA, TEST_DATA_PATCHED};
[INFO] [stdout]     |                   ^^^^ could not find `test` in `pkgcraft`
[INFO] [stdout]     |
[INFO] [stdout] note: found an item that was configured out
[INFO] [stdout]    --> /opt/rustwide/cargo-home/registry/src/index.crates.io-6f17d22bba15001f/pkgcraft-0.0.16/src/lib.rs:16:9
[INFO] [stdout]     |
[INFO] [stdout] 16  | pub mod test;
[INFO] [stdout]     |         ^^^^
[INFO] [stdout] note: the item is gated behind the `test` feature
[INFO] [stdout]    --> /opt/rustwide/cargo-home/registry/src/index.crates.io-6f17d22bba15001f/pkgcraft-0.0.16/src/lib.rs:15:7
[INFO] [stdout]     |
[INFO] [stdout] 15  | #[cfg(feature = "test")]
[INFO] [stdout]     |       ^^^^^^^^^^^^^^^^
[INFO] [stdout] 
[INFO] [stdout] 
[INFO] [stdout] error[E0432]: unresolved import `crate::test`
[INFO] [stdout]    --> src/check/whitespace.rs:133:16
[INFO] [stdout]     |
[INFO] [stdout] 133 |     use crate::test::glob_reports;
[INFO] [stdout]     |                ^^^^ could not find `test` in the crate root
[INFO] [stdout]     |
[INFO] [stdout] note: found an item that was configured out
[INFO] [stdout]    --> src/lib.rs:11:9
[INFO] [stdout]     |
[INFO] [stdout] 11  | pub mod test;
[INFO] [stdout]     |         ^^^^
[INFO] [stdout] note: the item is gated behind the `test` feature
[INFO] [stdout]    --> src/lib.rs:10:7
[INFO] [stdout]     |
[INFO] [stdout] 10  | #[cfg(feature = "test")]
[INFO] [stdout]     |       ^^^^^^^^^^^^^^^^
[INFO] [stdout] 
[INFO] [stdout] 
[INFO] [stdout] error[E0432]: unresolved import `pkgcraft::test`
[INFO] [stdout]    --> src/scanner.rs:233:19
[INFO] [stdout]     |
[INFO] [stdout] 233 |     use pkgcraft::test::TEST_DATA;
[INFO] [stdout]     |                   ^^^^ could not find `test` in `pkgcraft`
[INFO] [stdout]     |
[INFO] [stdout] note: found an item that was configured out
[INFO] [stdout]    --> /opt/rustwide/cargo-home/registry/src/index.crates.io-6f17d22bba15001f/pkgcraft-0.0.16/src/lib.rs:16:9
[INFO] [stdout]     |
[INFO] [stdout] 16  | pub mod test;
[INFO] [stdout]     |         ^^^^
[INFO] [stdout] note: the item is gated behind the `test` feature
[INFO] [stdout]    --> /opt/rustwide/cargo-home/registry/src/index.crates.io-6f17d22bba15001f/pkgcraft-0.0.16/src/lib.rs:15:7
[INFO] [stdout]     |
[INFO] [stdout] 15  | #[cfg(feature = "test")]
[INFO] [stdout]     |       ^^^^^^^^^^^^^^^^
[INFO] [stdout] 
[INFO] [stdout] 
[INFO] [stdout] error[E0432]: unresolved import `crate::test`
[INFO] [stdout]    --> src/scanner.rs:237:16
[INFO] [stdout]     |
[INFO] [stdout] 237 |     use crate::test::glob_reports;
[INFO] [stdout]     |                ^^^^ could not find `test` in the crate root
[INFO] [stdout]     |
[INFO] [stdout] note: found an item that was configured out
[INFO] [stdout]    --> src/lib.rs:11:9
[INFO] [stdout]     |
[INFO] [stdout] 11  | pub mod test;
[INFO] [stdout]     |         ^^^^
[INFO] [stdout] note: the item is gated behind the `test` feature
[INFO] [stdout]    --> src/lib.rs:10:7
[INFO] [stdout]     |
[INFO] [stdout] 10  | #[cfg(feature = "test")]
[INFO] [stdout]     |       ^^^^^^^^^^^^^^^^
[INFO] [stdout] 
[INFO] [stdout] 
[INFO] [stdout] error: cannot find macro `glob_reports` in this scope
[INFO] [stdout]    --> tests/pkgcruft/scan.rs:157:20
[INFO] [stdout]     |
[INFO] [stdout] 157 |     let expected = glob_reports!("{repo}/Dependency/**/reports.json");
[INFO] [stdout]     |                    ^^^^^^^^^^^^
[INFO] [stdout] 
[INFO] [stdout] 
[INFO] [stdout] error: cannot find macro `glob_reports` in this scope
[INFO] [stdout]    --> tests/pkgcruft/scan.rs:165:20
[INFO] [stdout]     |
[INFO] [stdout] 165 |     let expected = glob_reports!("{repo}/Dependency/DependencyDeprecated/reports.json");
[INFO] [stdout]     |                    ^^^^^^^^^^^^
[INFO] [stdout] 
[INFO] [stdout] 
[INFO] [stdout] error: cannot find macro `glob_reports` in this scope
[INFO] [stdout]   --> src/check/restrict_test_missing.rs:74:24
[INFO] [stdout]    |
[INFO] [stdout] 74 |         let expected = glob_reports!("{dir}/*/reports.json");
[INFO] [stdout]    |                        ^^^^^^^^^^^^
[INFO] [stdout] 
[INFO] [stdout] 
[INFO] [stdout] error: cannot find macro `glob_reports` in this scope
[INFO] [stdout]    --> tests/pkgcruft/scan.rs:173:20
[INFO] [stdout]     |
[INFO] [stdout] 173 |     let expected = glob_reports!(
[INFO] [stdout]     |                    ^^^^^^^^^^^^
[INFO] [stdout] 
[INFO] [stdout] 
[INFO] [stdout] error: cannot find macro `glob_reports` in this scope
[INFO] [stdout]    --> tests/pkgcruft/scan.rs:209:24
[INFO] [stdout]     |
[INFO] [stdout] 209 |         let expected = glob_reports!("{repo}/**/reports.json");
[INFO] [stdout]     |                        ^^^^^^^^^^^^
[INFO] [stdout] 
[INFO] [stdout] 
[INFO] [stdout] error: cannot find macro `glob_reports` in this scope
[INFO] [stdout]    --> tests/pkgcruft/scan.rs:218:24
[INFO] [stdout]     |
[INFO] [stdout] 218 |         let expected = glob_reports!("{repo}/Dependency/**/reports.json");
[INFO] [stdout]     |                        ^^^^^^^^^^^^
[INFO] [stdout] 
[INFO] [stdout] 
[INFO] [stdout] error: cannot find macro `glob_reports` in this scope
[INFO] [stdout]    --> tests/pkgcruft/scan.rs:227:24
[INFO] [stdout]     |
[INFO] [stdout] 227 |         let expected = glob_reports!("{repo}/Dependency/DependencyDeprecated/reports.json");
[INFO] [stdout]     |                        ^^^^^^^^^^^^
[INFO] [stdout] 
[INFO] [stdout] 
[INFO] [stdout] error: cannot find macro `glob_reports` in this scope
[INFO] [stdout]    --> tests/pkgcruft/scan.rs:271:20
[INFO] [stdout]     |
[INFO] [stdout] 271 |     let expected = glob_reports!("{gentoo_repo_path}/Header/HeaderInvalid/reports.json");
[INFO] [stdout]     |                    ^^^^^^^^^^^^
[INFO] [stdout] 
[INFO] [stdout] 
[INFO] [stdout] error: cannot find macro `glob_reports` in this scope
[INFO] [stdout]    --> tests/pkgcruft/scan.rs:363:28
[INFO] [stdout]     |
[INFO] [stdout] 363 |         let live_reports = glob_reports!("{primary_repo_path}/Keywords/KeywordsLive/reports.json");
[INFO] [stdout]     |                            ^^^^^^^^^^^^
[INFO] [stdout] 
[INFO] [stdout] 
[INFO] [stdout] error: cannot find macro `glob_reports` in this scope
[INFO] [stdout]    --> tests/pkgcruft/scan.rs:505:27
[INFO] [stdout]     |
[INFO] [stdout] 505 |     let single_expected = glob_reports!("{repo}/Dependency/**/reports.json");
[INFO] [stdout]     |                           ^^^^^^^^^^^^
[INFO] [stdout] 
[INFO] [stdout] 
[INFO] [stdout] error: cannot find macro `glob_reports` in this scope
[INFO] [stdout]    --> tests/pkgcruft/scan.rs:506:29
[INFO] [stdout]     |
[INFO] [stdout] 506 |     let multiple_expected = glob_reports!(
[INFO] [stdout]     |                             ^^^^^^^^^^^^
[INFO] [stdout] 
[INFO] [stdout] 
[INFO] [stdout] error: cannot find macro `glob_reports` in this scope
[INFO] [stdout]    --> tests/pkgcruft/scan.rs:544:27
[INFO] [stdout]     |
[INFO] [stdout] 544 |     let single_expected = glob_reports!("{repo}/EapiStatus/EapiDeprecated/reports.json");
[INFO] [stdout]     |                           ^^^^^^^^^^^^
[INFO] [stdout] 
[INFO] [stdout] 
[INFO] [stdout] error: cannot find macro `glob_reports` in this scope
[INFO] [stdout]    --> tests/pkgcruft/scan.rs:545:29
[INFO] [stdout]     |
[INFO] [stdout] 545 |     let multiple_expected = glob_reports!("{repo}/EapiStatus/**/reports.json");
[INFO] [stdout]     |                             ^^^^^^^^^^^^
[INFO] [stdout] 
[INFO] [stdout] 
[INFO] [stdout] error: cannot find macro `glob_reports` in this scope
[INFO] [stdout]    --> tests/pkgcruft/scan.rs:579:27
[INFO] [stdout]     |
[INFO] [stdout] 579 |     let single_expected = glob_reports!("{repo}/Dependency/DependencyDeprecated/reports.json");
[INFO] [stdout]     |                           ^^^^^^^^^^^^
[INFO] [stdout] 
[INFO] [stdout] 
[INFO] [stdout] error: cannot find macro `glob_reports` in this scope
[INFO] [stdout]    --> tests/pkgcruft/scan.rs:580:29
[INFO] [stdout]     |
[INFO] [stdout] 580 |     let multiple_expected = glob_reports!(
[INFO] [stdout]     |                             ^^^^^^^^^^^^
[INFO] [stdout] 
[INFO] [stdout] 
[INFO] [stdout] error: cannot find macro `glob_reports` in this scope
[INFO] [stdout]    --> tests/pkgcruft/scan.rs:618:27
[INFO] [stdout]     |
[INFO] [stdout] 618 |     let single_expected = glob_reports!("{repo}/Dependency/DependencyDeprecated/reports.json");
[INFO] [stdout]     |                           ^^^^^^^^^^^^
[INFO] [stdout] 
[INFO] [stdout] 
[INFO] [stdout] error: cannot find macro `glob_reports` in this scope
[INFO] [stdout]    --> tests/pkgcruft/scan.rs:619:29
[INFO] [stdout]     |
[INFO] [stdout] 619 |     let multiple_expected = glob_reports!(
[INFO] [stdout]     |                             ^^^^^^^^^^^^
[INFO] [stdout] 
[INFO] [stdout] 
[INFO] [stdout] For more information about this error, try `rustc --explain E0432`.
[INFO] [stdout] 
[INFO] [stderr] error: could not compile `pkgcruft` (test "pkgcruft") due to 37 previous errors
[INFO] [stderr] warning: build failed, waiting for other jobs to finish...
[INFO] [stdout] For more information about this error, try `rustc --explain E0432`.
[INFO] [stdout] 
[INFO] [stderr] error: could not compile `pkgcruft` (bin "pkgcruft" test) due to 1 previous error
[INFO] [stdout] For more information about this error, try `rustc --explain E0432`.
[INFO] [stdout] 
[INFO] [stderr] error: could not compile `pkgcruft` (lib test) due to 41 previous errors
[INFO] running `Command { std: "docker" "inspect" "2a4bb9450867ef80a589cc559237a11a352fde561eb42ed46be559e765d8eeee", kill_on_drop: false }`
[INFO] running `Command { std: "docker" "rm" "-f" "2a4bb9450867ef80a589cc559237a11a352fde561eb42ed46be559e765d8eeee", kill_on_drop: false }`
[INFO] [stdout] 2a4bb9450867ef80a589cc559237a11a352fde561eb42ed46be559e765d8eeee
