[INFO] fetching crate pkgcraft 0.0.16...
[INFO] testing pkgcraft-0.0.16 against nightly-2024-10-28+rustflags=-Zrandomize-layout for randomize-layout
[INFO] extracting crate pkgcraft 0.0.16 into /workspace/builds/worker-7-tc2/source
[INFO] validating manifest of crates.io crate pkgcraft 0.0.16 on toolchain nightly-2024-10-28
[INFO] running `Command { std: CARGO_HOME="/workspace/cargo-home" RUSTUP_HOME="/workspace/rustup-home" "/workspace/cargo-home/bin/cargo" "+nightly-2024-10-28" "metadata" "--manifest-path" "Cargo.toml" "--no-deps", kill_on_drop: false }`
[INFO] started tweaking crates.io crate pkgcraft 0.0.16
[INFO] finished tweaking crates.io crate pkgcraft 0.0.16
[INFO] tweaked toml for crates.io crate pkgcraft 0.0.16 written to /workspace/builds/worker-7-tc2/source/Cargo.toml
[INFO] running `Command { std: CARGO_HOME="/workspace/cargo-home" RUSTUP_HOME="/workspace/rustup-home" "/workspace/cargo-home/bin/cargo" "+nightly-2024-10-28" "generate-lockfile" "--manifest-path" "Cargo.toml", kill_on_drop: false }`
[INFO] [stderr]     Updating crates.io index
[INFO] [stderr]      Locking 310 packages to latest compatible versions
[INFO] running `Command { std: CARGO_HOME="/workspace/cargo-home" RUSTUP_HOME="/workspace/rustup-home" "/workspace/cargo-home/bin/cargo" "+nightly-2024-10-28" "fetch" "--manifest-path" "Cargo.toml", kill_on_drop: false }`
[INFO] running `Command { std: "docker" "create" "-v" "/var/lib/crater-agent-workspace/builds/worker-7-tc2/target:/opt/rustwide/target:rw,Z" "-v" "/var/lib/crater-agent-workspace/builds/worker-7-tc2/source:/opt/rustwide/workdir:ro,Z" "-v" "/var/lib/crater-agent-workspace/cargo-home:/opt/rustwide/cargo-home:ro,Z" "-v" "/var/lib/crater-agent-workspace/rustup-home:/opt/rustwide/rustup-home:ro,Z" "-e" "SOURCE_DIR=/opt/rustwide/workdir" "-e" "CARGO_TARGET_DIR=/opt/rustwide/target" "-e" "CARGO_HOME=/opt/rustwide/cargo-home" "-e" "RUSTUP_HOME=/opt/rustwide/rustup-home" "-w" "/opt/rustwide/workdir" "-m" "1610612736" "--user" "0:0" "--network" "none" "ghcr.io/rust-lang/crates-build-env/linux@sha256:4a844ea9eb2546a2d2c7022eacef16ef2e8229c7fbb2c7d4d55a9ceca922f72d" "/opt/rustwide/cargo-home/bin/cargo" "+nightly-2024-10-28" "metadata" "--no-deps" "--format-version=1", kill_on_drop: false }`
[INFO] [stdout] e76114b85576ce0ebfcf97af03609b83e491142e3ad12563bff3729221ca59a7
[INFO] running `Command { std: "docker" "start" "-a" "e76114b85576ce0ebfcf97af03609b83e491142e3ad12563bff3729221ca59a7", kill_on_drop: false }`
[INFO] running `Command { std: "docker" "inspect" "e76114b85576ce0ebfcf97af03609b83e491142e3ad12563bff3729221ca59a7", kill_on_drop: false }`
[INFO] running `Command { std: "docker" "rm" "-f" "e76114b85576ce0ebfcf97af03609b83e491142e3ad12563bff3729221ca59a7", kill_on_drop: false }`
[INFO] [stdout] e76114b85576ce0ebfcf97af03609b83e491142e3ad12563bff3729221ca59a7
[INFO] running `Command { std: "docker" "create" "-v" "/var/lib/crater-agent-workspace/builds/worker-7-tc2/target:/opt/rustwide/target:rw,Z" "-v" "/var/lib/crater-agent-workspace/builds/worker-7-tc2/source:/opt/rustwide/workdir:ro,Z" "-v" "/var/lib/crater-agent-workspace/cargo-home:/opt/rustwide/cargo-home:ro,Z" "-v" "/var/lib/crater-agent-workspace/rustup-home:/opt/rustwide/rustup-home:ro,Z" "-e" "SOURCE_DIR=/opt/rustwide/workdir" "-e" "CARGO_TARGET_DIR=/opt/rustwide/target" "-e" "CARGO_INCREMENTAL=0" "-e" "RUST_BACKTRACE=full" "-e" "RUSTFLAGS=--cap-lints=forbid -Zrandomize-layout" "-e" "RUSTDOCFLAGS=--cap-lints=forbid" "-e" "CARGO_HOME=/opt/rustwide/cargo-home" "-e" "RUSTUP_HOME=/opt/rustwide/rustup-home" "-w" "/opt/rustwide/workdir" "-m" "1610612736" "--user" "0:0" "--network" "none" "ghcr.io/rust-lang/crates-build-env/linux@sha256:4a844ea9eb2546a2d2c7022eacef16ef2e8229c7fbb2c7d4d55a9ceca922f72d" "/opt/rustwide/cargo-home/bin/cargo" "+nightly-2024-10-28" "build" "--frozen" "--message-format=json", kill_on_drop: false }`
[INFO] [stdout] a72df769976f1bb6b9e65dcb173f80b1ed146b2d261fc3f1db713c0eb95e6c9b
[INFO] running `Command { std: "docker" "start" "-a" "a72df769976f1bb6b9e65dcb173f80b1ed146b2d261fc3f1db713c0eb95e6c9b", kill_on_drop: false }`
[INFO] [stderr]    Compiling proc-macro2 v1.0.89
[INFO] [stderr]    Compiling unicode-ident v1.0.13
[INFO] [stderr]    Compiling cfg-if v1.0.0
[INFO] [stderr]    Compiling version_check v0.9.5
[INFO] [stderr]    Compiling libc v0.2.161
[INFO] [stderr]    Compiling serde v1.0.214
[INFO] [stderr]    Compiling crossbeam-utils v0.8.20
[INFO] [stderr]    Compiling byteorder v1.5.0
[INFO] [stderr]    Compiling bitflags v2.6.0
[INFO] [stderr]    Compiling once_cell v1.20.2
[INFO] [stderr]    Compiling typenum v1.17.0
[INFO] [stderr]    Compiling generic-array v0.14.7
[INFO] [stderr]    Compiling shlex v1.3.0
[INFO] [stderr]    Compiling strsim v0.11.1
[INFO] [stderr]    Compiling fnv v1.0.7
[INFO] [stderr]    Compiling linux-raw-sys v0.4.14
[INFO] [stderr]    Compiling glob v0.3.1
[INFO] [stderr]    Compiling crunchy v0.2.2
[INFO] [stderr]    Compiling quote v1.0.37
[INFO] [stderr]    Compiling crossbeam-epoch v0.9.18
[INFO] [stderr]    Compiling syn v2.0.86
[INFO] [stderr]    Compiling cc v1.1.31
[INFO] [stderr]    Compiling clang-sys v1.8.1
[INFO] [stderr]    Compiling ident_case v1.0.1
[INFO] [stderr]    Compiling lazy_static v1.5.0
[INFO] [stderr]    Compiling rayon-core v1.12.1
[INFO] [stderr]    Compiling tiny-keccak v2.0.2
[INFO] [stderr]    Compiling rustix v0.38.38
[INFO] [stderr]    Compiling prettyplease v0.2.25
[INFO] [stderr]    Compiling crossbeam-deque v0.8.5
[INFO] [stderr]    Compiling ahash v0.8.11
[INFO] [stderr]    Compiling either v1.13.0
[INFO] [stderr]    Compiling memchr v2.7.4
[INFO] [stderr]    Compiling regex-syntax v0.8.5
[INFO] [stderr]    Compiling log v0.4.22
[INFO] [stderr]    Compiling getrandom v0.2.15
[INFO] [stderr]    Compiling minimal-lexical v0.2.1
[INFO] [stderr]    Compiling autocfg v1.4.0
[INFO] [stderr]    Compiling crypto-common v0.1.6
[INFO] [stderr]    Compiling block-buffer v0.10.4
[INFO] [stderr]    Compiling nom v7.1.3
[INFO] [stderr]    Compiling slab v0.4.9
[INFO] [stderr]    Compiling libloading v0.8.5
[INFO] [stderr]    Compiling bindgen v0.69.5
[INFO] [stderr]    Compiling regex-automata v0.4.8
[INFO] [stderr]    Compiling heck v0.5.0
[INFO] [stderr]    Compiling pin-project-lite v0.2.15
[INFO] [stderr]    Compiling subtle v2.6.1
[INFO] [stderr]    Compiling home v0.5.9
[INFO] [stderr]    Compiling camino v1.1.9
[INFO] [stderr]    Compiling digest v0.10.7
[INFO] [stderr]    Compiling rayon v1.10.0
[INFO] [stderr]    Compiling const-random-macro v0.1.16
[INFO] [stderr]    Compiling rand_core v0.6.4
[INFO] [stderr]    Compiling itertools v0.12.1
[INFO] [stderr]    Compiling cexpr v0.6.0
[INFO] [stderr]    Compiling allocator-api2 v0.2.18
[INFO] [stderr]    Compiling which v4.4.2
[INFO] [stderr]    Compiling regex v1.11.1
[INFO] [stderr]    Compiling darling_core v0.20.10
[INFO] [stderr]    Compiling thiserror v1.0.66
[INFO] [stderr]    Compiling futures-sink v0.3.31
[INFO] [stderr]    Compiling lazycell v1.3.0
[INFO] [stderr]    Compiling equivalent v1.0.1
[INFO] [stderr]    Compiling utf8parse v0.2.2
[INFO] [stderr]    Compiling cfg_aliases v0.2.1
[INFO] [stderr]    Compiling rustversion v1.0.18
[INFO] [stderr]    Compiling futures-core v0.3.31
[INFO] [stderr]    Compiling hashbrown v0.15.0
[INFO] [stderr]    Compiling rustc-hash v1.1.0
[INFO] [stderr]    Compiling futures-channel v0.3.31
[INFO] [stderr]    Compiling anstyle-parse v0.2.6
[INFO] [stderr]    Compiling nix v0.29.0
[INFO] [stderr]    Compiling const-random v0.1.18
[INFO] [stderr]    Compiling autotools v0.2.7
[INFO] [stderr]    Compiling num_cpus v1.16.0
[INFO] [stderr]    Compiling colorchoice v1.0.3
[INFO] [stderr]    Compiling pin-utils v0.1.0
[INFO] [stderr]    Compiling anstyle v1.0.9
[INFO] [stderr]    Compiling anstyle-query v1.1.2
[INFO] [stderr]    Compiling futures-io v0.3.31
[INFO] [stderr]    Compiling futures-task v0.3.31
[INFO] [stderr]    Compiling portable-atomic v1.9.0
[INFO] [stderr]    Compiling fastrand v2.1.1
[INFO] [stderr]    Compiling is_terminal_polyfill v1.70.1
[INFO] [stderr]    Compiling anstream v0.6.17
[INFO] [stderr]    Compiling dlv-list v0.5.2
[INFO] [stderr]    Compiling zerocopy-derive v0.7.35
[INFO] [stderr]    Compiling serde_derive v1.0.214
[INFO] [stderr]    Compiling thiserror-impl v1.0.66
[INFO] [stderr]    Compiling darling_macro v0.20.10
[INFO] [stderr]    Compiling futures-macro v0.3.31
[INFO] [stderr]    Compiling darling v0.20.10
[INFO] [stderr]    Compiling tempfile v3.13.0
[INFO] [stderr]    Compiling zerocopy v0.7.35
[INFO] [stderr]    Compiling tracing-attributes v0.1.27
[INFO] [stderr]    Compiling blake3 v1.5.4
[INFO] [stderr]    Compiling futures-util v0.3.31
[INFO] [stderr]    Compiling aho-corasick v1.1.3
[INFO] [stderr]    Compiling uuid v1.11.0
[INFO] [stderr]    Compiling mio v1.0.2
[INFO] [stderr]    Compiling ppv-lite86 v0.2.20
[INFO] [stderr]    Compiling hashbrown v0.14.5
[INFO] [stderr]    Compiling crossbeam-channel v0.5.13
[INFO] [stderr]    Compiling rand_chacha v0.3.1
[INFO] [stderr]    Compiling tracing-core v0.1.32
[INFO] [stderr]    Compiling rand v0.8.5
[INFO] [stderr]    Compiling unicode-width v0.1.14
[INFO] [stderr]    Compiling peg-runtime v0.8.3
[INFO] [stderr]    Compiling winnow v0.6.20
[INFO] [stderr]    Compiling clap_lex v0.7.2
[INFO] [stderr]    Compiling peg-macros v0.8.4
[INFO] [stderr]    Compiling clap_builder v4.5.20
[INFO] [stderr]    Compiling futures-executor v0.3.31
[INFO] [stderr]    Compiling console v0.15.8
[INFO] [stderr]    Compiling tracing v0.1.40
[INFO] [stderr]    Compiling ordered-multimap v0.7.3
[INFO] [stderr]    Compiling cached_proc_macro v0.23.0
[INFO] [stderr]    Compiling serde_with_macros v3.11.0
[INFO] [stderr]    Compiling strum_macros v0.26.4
[INFO] [stderr]    Compiling scallop v0.0.16
[INFO] [stderr]    Compiling clap_derive v4.5.18
[INFO] [stderr]    Compiling indexmap v2.6.0
[INFO] [stderr]    Compiling serde_spanned v0.6.8
[INFO] [stderr]    Compiling toml_datetime v0.6.8
[INFO] [stderr]    Compiling bincode v1.3.3
[INFO] [stderr]    Compiling ipc-channel v0.18.3
[INFO] [stderr]    Compiling toml_edit v0.22.22
[INFO] [stderr]    Compiling cpufeatures v0.2.14
[INFO] [stderr]    Compiling web-time v1.1.0
[INFO] [stderr]    Compiling arrayvec v0.7.6
[INFO] [stderr]    Compiling cached_proc_macro_types v0.1.1
[INFO] [stderr]    Compiling constant_time_eq v0.3.1
[INFO] [stderr]    Compiling same-file v1.0.6
[INFO] [stderr]    Compiling number_prefix v0.4.0
[INFO] [stderr]    Compiling annotate-snippets v0.6.1
[INFO] [stderr]    Compiling arrayref v0.3.9
[INFO] [stderr]    Compiling trim-in-place v0.1.7
[INFO] [stderr]    Compiling rust-ini v0.21.1
[INFO] [stderr]    Compiling chic v1.2.2
[INFO] [stderr]    Compiling indicatif v0.17.8
[INFO] [stderr]    Compiling walkdir v2.5.0
[INFO] [stderr]    Compiling cached v0.53.1
[INFO] [stderr]    Compiling clap v4.5.20
[INFO] [stderr]    Compiling toml v0.8.19
[INFO] [stderr]    Compiling peg v0.8.4
[INFO] [stderr]    Compiling sha2 v0.10.8
[INFO] [stderr]    Compiling strum v0.26.3
[INFO] [stderr]    Compiling serde_with v3.11.0
[INFO] [stderr]    Compiling futures v0.3.31
[INFO] [stderr]    Compiling enum-as-inner v0.6.1
[INFO] [stderr]    Compiling blake2 v0.10.6
[INFO] [stderr]    Compiling md-5 v0.10.6
[INFO] [stderr]    Compiling filetime v0.2.25
[INFO] [stderr]    Compiling itertools v0.13.0
[INFO] [stderr]    Compiling hex v0.4.3
[INFO] [stderr]    Compiling indoc v2.0.5
[INFO] [stderr]    Compiling roxmltree v0.20.0
[INFO] [stderr]    Compiling is_executable v1.0.4
[INFO] [stderr]    Compiling pkgcraft v0.0.16 (/opt/rustwide/workdir)
[INFO] [stdout] warning: elided lifetime has a name
[INFO] [stdout]   --> src/pkg/ebuild/configured.rs:78:33
[INFO] [stdout]    |
[INFO] [stdout] 50 | impl<'a> Pkg<'a> {
[INFO] [stdout]    |      -- lifetime `'a` declared here
[INFO] [stdout] ...
[INFO] [stdout] 78 |     pub fn bdepend(&'a self) -> &DependencySet<&'a Dep> {
[INFO] [stdout]    |                                 ^ this elided lifetime gets resolved as `'a`
[INFO] [stdout]    |
[INFO] [stdout]    = note: `#[warn(elided_named_lifetimes)]` on by default
[INFO] [stdout] 
[INFO] [stdout] 
[INFO] [stdout] warning: elided lifetime has a name
[INFO] [stdout]   --> src/pkg/ebuild/configured.rs:84:32
[INFO] [stdout]    |
[INFO] [stdout] 50 | impl<'a> Pkg<'a> {
[INFO] [stdout]    |      -- lifetime `'a` declared here
[INFO] [stdout] ...
[INFO] [stdout] 84 |     pub fn depend(&'a self) -> &DependencySet<&'a Dep> {
[INFO] [stdout]    |                                ^ this elided lifetime gets resolved as `'a`
[INFO] [stdout] 
[INFO] [stdout] 
[INFO] [stdout] warning: elided lifetime has a name
[INFO] [stdout]   --> src/pkg/ebuild/configured.rs:90:33
[INFO] [stdout]    |
[INFO] [stdout] 50 | impl<'a> Pkg<'a> {
[INFO] [stdout]    |      -- lifetime `'a` declared here
[INFO] [stdout] ...
[INFO] [stdout] 90 |     pub fn idepend(&'a self) -> &DependencySet<&'a Dep> {
[INFO] [stdout]    |                                 ^ this elided lifetime gets resolved as `'a`
[INFO] [stdout] 
[INFO] [stdout] 
[INFO] [stdout] warning: elided lifetime has a name
[INFO] [stdout]   --> src/pkg/ebuild/configured.rs:96:33
[INFO] [stdout]    |
[INFO] [stdout] 50 | impl<'a> Pkg<'a> {
[INFO] [stdout]    |      -- lifetime `'a` declared here
[INFO] [stdout] ...
[INFO] [stdout] 96 |     pub fn pdepend(&'a self) -> &DependencySet<&'a Dep> {
[INFO] [stdout]    |                                 ^ this elided lifetime gets resolved as `'a`
[INFO] [stdout] 
[INFO] [stdout] 
[INFO] [stdout] warning: elided lifetime has a name
[INFO] [stdout]    --> src/pkg/ebuild/configured.rs:102:33
[INFO] [stdout]     |
[INFO] [stdout] 50  | impl<'a> Pkg<'a> {
[INFO] [stdout]     |      -- lifetime `'a` declared here
[INFO] [stdout] ...
[INFO] [stdout] 102 |     pub fn rdepend(&'a self) -> &DependencySet<&'a Dep> {
[INFO] [stdout]     |                                 ^ this elided lifetime gets resolved as `'a`
[INFO] [stdout] 
[INFO] [stdout] 
[INFO] [stdout] warning: elided lifetime has a name
[INFO] [stdout]    --> src/pkg/ebuild/configured.rs:108:33
[INFO] [stdout]     |
[INFO] [stdout] 50  | impl<'a> Pkg<'a> {
[INFO] [stdout]     |      -- lifetime `'a` declared here
[INFO] [stdout] ...
[INFO] [stdout] 108 |     pub fn license(&'a self) -> &DependencySet<&'a String> {
[INFO] [stdout]     |                                 ^ this elided lifetime gets resolved as `'a`
[INFO] [stdout] 
[INFO] [stdout] 
[INFO] [stdout] warning: elided lifetime has a name
[INFO] [stdout]    --> src/pkg/ebuild/configured.rs:114:36
[INFO] [stdout]     |
[INFO] [stdout] 50  | impl<'a> Pkg<'a> {
[INFO] [stdout]     |      -- lifetime `'a` declared here
[INFO] [stdout] ...
[INFO] [stdout] 114 |     pub fn properties(&'a self) -> &DependencySet<&'a String> {
[INFO] [stdout]     |                                    ^ this elided lifetime gets resolved as `'a`
[INFO] [stdout] 
[INFO] [stdout] 
[INFO] [stdout] warning: elided lifetime has a name
[INFO] [stdout]    --> src/pkg/ebuild/configured.rs:120:38
[INFO] [stdout]     |
[INFO] [stdout] 50  | impl<'a> Pkg<'a> {
[INFO] [stdout]     |      -- lifetime `'a` declared here
[INFO] [stdout] ...
[INFO] [stdout] 120 |     pub fn required_use(&'a self) -> &DependencySet<&'a String> {
[INFO] [stdout]     |                                      ^ this elided lifetime gets resolved as `'a`
[INFO] [stdout] 
[INFO] [stdout] 
[INFO] [stdout] warning: elided lifetime has a name
[INFO] [stdout]    --> src/pkg/ebuild/configured.rs:126:34
[INFO] [stdout]     |
[INFO] [stdout] 50  | impl<'a> Pkg<'a> {
[INFO] [stdout]     |      -- lifetime `'a` declared here
[INFO] [stdout] ...
[INFO] [stdout] 126 |     pub fn restrict(&'a self) -> &DependencySet<&'a String> {
[INFO] [stdout]     |                                  ^ this elided lifetime gets resolved as `'a`
[INFO] [stdout] 
[INFO] [stdout] 
[INFO] [stdout] warning: elided lifetime has a name
[INFO] [stdout]    --> src/pkg/ebuild/configured.rs:132:33
[INFO] [stdout]     |
[INFO] [stdout] 50  | impl<'a> Pkg<'a> {
[INFO] [stdout]     |      -- lifetime `'a` declared here
[INFO] [stdout] ...
[INFO] [stdout] 132 |     pub fn src_uri(&'a self) -> &DependencySet<&'a Uri> {
[INFO] [stdout]     |                                 ^ this elided lifetime gets resolved as `'a`
[INFO] [stdout] 
[INFO] [stdout] 
[INFO] [stdout] warning: associated function `pack` is never used
[INFO] [stdout]   --> src/archive.rs:11:8
[INFO] [stdout]    |
[INFO] [stdout] 9  | pub(super) trait ArchiveFormat {
[INFO] [stdout]    |                  ------------- associated function in this trait
[INFO] [stdout] 10 |     const EXTS: &'static [&'static str];
[INFO] [stdout] 11 |     fn pack<P: AsRef<Utf8Path>, Q: AsRef<Utf8Path>>(src: P, dest: Q) -> crate::Result<()>;
[INFO] [stdout]    |        ^^^^
[INFO] [stdout]    |
[INFO] [stdout]    = note: `#[warn(dead_code)]` on by default
[INFO] [stdout] 
[INFO] [stdout] 
[INFO] [stdout] warning: method `hooks` is never used
[INFO] [stdout]    --> src/eapi.rs:325:19
[INFO] [stdout]     |
[INFO] [stdout] 219 | impl Eapi {
[INFO] [stdout]     | --------- method in this implementation
[INFO] [stdout] ...
[INFO] [stdout] 325 |     pub(crate) fn hooks(&self) -> &HashMap<PhaseKind, HashMap<HookKind, IndexSet<Hook>>> {
[INFO] [stdout]     |                   ^^^^^
[INFO] [stdout] 
[INFO] [stdout] 
[INFO] [stdout] warning: method `pkg_err` is never used
[INFO] [stdout]   --> src/error.rs:78:8
[INFO] [stdout]    |
[INFO] [stdout] 70 | pub(crate) trait PackageError: Package {
[INFO] [stdout]    |                  ------------ method in this trait
[INFO] [stdout] ...
[INFO] [stdout] 78 |     fn pkg_err<E: std::error::Error>(&self, err: E) -> Error {
[INFO] [stdout]    |        ^^^^^^^
[INFO] [stdout] 
[INFO] [stdout] 
[INFO] [stdout] warning: trait `Build` is never used
[INFO] [stdout]   --> src/pkg.rs:99:18
[INFO] [stdout]    |
[INFO] [stdout] 99 | pub(crate) trait Build: Package {
[INFO] [stdout]    |                  ^^^^^
[INFO] [stdout] 
[INFO] [stdout] 
[INFO] [stdout] warning: method `unbind` is never used
[INFO] [stdout]    --> src/shell/environment.rs:181:19
[INFO] [stdout]     |
[INFO] [stdout] 153 | impl BuildVariable {
[INFO] [stdout]     | ------------------ method in this implementation
[INFO] [stdout] ...
[INFO] [stdout] 181 |     pub(crate) fn unbind(&self) -> scallop::Result<ExecStatus> {
[INFO] [stdout]     |                   ^^^^^^
[INFO] [stdout] 
[INFO] [stdout] 
[INFO] [stdout] warning: method `run` is never used
[INFO] [stdout]   --> src/shell/hooks.rs:44:19
[INFO] [stdout]    |
[INFO] [stdout] 43 | impl Hook {
[INFO] [stdout]    | --------- method in this implementation
[INFO] [stdout] 44 |     pub(crate) fn run(&self, build: &mut BuildData) -> scallop::Result<ExecStatus> {
[INFO] [stdout]    |                   ^^^
[INFO] [stdout] 
[INFO] [stdout] 
[INFO] [stdout] warning: method `run` is never used
[INFO] [stdout]    --> src/shell/phase.rs:193:19
[INFO] [stdout]     |
[INFO] [stdout] 191 | impl Phase {
[INFO] [stdout]     | ---------- method in this implementation
[INFO] [stdout] 192 |     /// Run the phase operation.
[INFO] [stdout] 193 |     pub(crate) fn run(&self) -> scallop::Result<ExecStatus> {
[INFO] [stdout]     |                   ^^^
[INFO] [stdout] 
[INFO] [stdout] 
[INFO] [stdout] warning: method `sync` is never used
[INFO] [stdout]   --> src/sync.rs:39:14
[INFO] [stdout]    |
[INFO] [stdout] 37 | trait Syncable {
[INFO] [stdout]    |       -------- method in this trait
[INFO] [stdout] 38 |     fn uri_to_syncer(uri: &str) -> crate::Result<Syncer>;
[INFO] [stdout] 39 |     async fn sync<P: AsRef<Path> + Send>(&self, path: P) -> crate::Result<()>;
[INFO] [stdout]    |              ^^^^
[INFO] [stdout] 
[INFO] [stdout] 
[INFO] [stdout] warning: creating a mutable reference to mutable static is discouraged
[INFO] [stdout]    --> src/shell.rs:562:14
[INFO] [stdout]     |
[INFO] [stdout] 562 |     unsafe { STATE.get_mut() }
[INFO] [stdout]     |              ^^^^^^^^^^^^^^^ mutable reference to mutable static
[INFO] [stdout]     |
[INFO] [stdout]     = note: for more information, see <https://doc.rust-lang.org/nightly/edition-guide/rust-2024/static-mut-references.html>
[INFO] [stdout]     = note: mutable references to mutable statics are dangerous; it's undefined behavior if any other pointer to the static is used or if any other reference is created for the static while the mutable reference lives
[INFO] [stdout]     = note: `#[warn(static_mut_refs)]` on by default
[INFO] [stdout] 
[INFO] [stdout] 
[INFO] [stderr]     Finished `dev` profile [unoptimized + debuginfo] target(s) in 2m 31s
[INFO] running `Command { std: "docker" "inspect" "a72df769976f1bb6b9e65dcb173f80b1ed146b2d261fc3f1db713c0eb95e6c9b", kill_on_drop: false }`
[INFO] running `Command { std: "docker" "rm" "-f" "a72df769976f1bb6b9e65dcb173f80b1ed146b2d261fc3f1db713c0eb95e6c9b", kill_on_drop: false }`
[INFO] [stdout] a72df769976f1bb6b9e65dcb173f80b1ed146b2d261fc3f1db713c0eb95e6c9b
[INFO] running `Command { std: "docker" "create" "-v" "/var/lib/crater-agent-workspace/builds/worker-7-tc2/target:/opt/rustwide/target:rw,Z" "-v" "/var/lib/crater-agent-workspace/builds/worker-7-tc2/source:/opt/rustwide/workdir:ro,Z" "-v" "/var/lib/crater-agent-workspace/cargo-home:/opt/rustwide/cargo-home:ro,Z" "-v" "/var/lib/crater-agent-workspace/rustup-home:/opt/rustwide/rustup-home:ro,Z" "-e" "SOURCE_DIR=/opt/rustwide/workdir" "-e" "CARGO_TARGET_DIR=/opt/rustwide/target" "-e" "CARGO_INCREMENTAL=0" "-e" "RUST_BACKTRACE=full" "-e" "RUSTFLAGS=--cap-lints=forbid -Zrandomize-layout" "-e" "RUSTDOCFLAGS=--cap-lints=forbid" "-e" "CARGO_HOME=/opt/rustwide/cargo-home" "-e" "RUSTUP_HOME=/opt/rustwide/rustup-home" "-w" "/opt/rustwide/workdir" "-m" "1610612736" "--user" "0:0" "--network" "none" "ghcr.io/rust-lang/crates-build-env/linux@sha256:4a844ea9eb2546a2d2c7022eacef16ef2e8229c7fbb2c7d4d55a9ceca922f72d" "/opt/rustwide/cargo-home/bin/cargo" "+nightly-2024-10-28" "test" "--frozen" "--no-run" "--message-format=json", kill_on_drop: false }`
[INFO] [stdout] f16ffe60209b8d6f86f269dfe4931870c1081af3f8b1f6ba4016ac6d5fd20d0f
[INFO] running `Command { std: "docker" "start" "-a" "f16ffe60209b8d6f86f269dfe4931870c1081af3f8b1f6ba4016ac6d5fd20d0f", kill_on_drop: false }`
[INFO] [stderr]    Compiling serde v1.0.214
[INFO] [stderr]    Compiling log v0.4.22
[INFO] [stderr]    Compiling tracing-core v0.1.32
[INFO] [stderr]    Compiling num-traits v0.2.19
[INFO] [stderr]    Compiling serde_json v1.0.132
[INFO] [stderr]    Compiling regex-syntax v0.6.29
[INFO] [stderr]    Compiling half v2.4.1
[INFO] [stderr]    Compiling bindgen v0.69.5
[INFO] [stderr]    Compiling mio v1.0.2
[INFO] [stderr]    Compiling ryu v1.0.18
[INFO] [stderr]    Compiling overload v0.1.1
[INFO] [stderr]    Compiling plotters-backend v0.3.7
[INFO] [stderr]    Compiling itoa v1.0.11
[INFO] [stderr]    Compiling tracing v0.1.40
[INFO] [stderr]    Compiling ciborium-io v0.2.2
[INFO] [stderr]    Compiling ciborium-ll v0.2.2
[INFO] [stderr]    Compiling plotters-svg v0.3.7
[INFO] [stderr]    Compiling tracing-log v0.2.0
[INFO] [stderr]    Compiling nu-ansi-term v0.46.0
[INFO] [stderr]    Compiling sharded-slab v0.1.7
[INFO] [stderr]    Compiling itertools v0.10.5
[INFO] [stderr]    Compiling thread_local v1.1.8
[INFO] [stderr]    Compiling cast v0.3.0
[INFO] [stderr]    Compiling smallvec v1.13.2
[INFO] [stderr]    Compiling is-terminal v0.4.13
[INFO] [stderr]    Compiling tracing-test-macro v0.2.5
[INFO] [stderr]    Compiling anes v0.1.6
[INFO] [stderr]    Compiling oorandom v11.1.4
[INFO] [stderr]    Compiling ctor v0.2.8
[INFO] [stderr]    Compiling plotters v0.3.7
[INFO] [stderr]    Compiling criterion-plot v0.5.0
[INFO] [stderr]    Compiling regex-automata v0.1.10
[INFO] [stderr]    Compiling matchers v0.1.0
[INFO] [stderr]    Compiling tracing-subscriber v0.3.18
[INFO] [stderr]    Compiling indexmap v2.6.0
[INFO] [stderr]    Compiling toml_datetime v0.6.8
[INFO] [stderr]    Compiling bincode v1.3.3
[INFO] [stderr]    Compiling serde_spanned v0.6.8
[INFO] [stderr]    Compiling camino v1.1.9
[INFO] [stderr]    Compiling serde_with v3.11.0
[INFO] [stderr]    Compiling ciborium v0.2.2
[INFO] [stderr]    Compiling ipc-channel v0.18.3
[INFO] [stderr]    Compiling toml_edit v0.22.22
[INFO] [stderr]    Compiling tinytemplate v1.2.1
[INFO] [stderr]    Compiling tracing-test v0.2.5
[INFO] [stderr]    Compiling criterion v0.5.1
[INFO] [stderr]    Compiling scallop v0.0.16
[INFO] [stderr]    Compiling toml v0.8.19
[INFO] [stderr]    Compiling pkgcraft v0.0.16 (/opt/rustwide/workdir)
[INFO] [stdout] warning: elided lifetime has a name
[INFO] [stdout]   --> src/pkg/ebuild/configured.rs:78:33
[INFO] [stdout]    |
[INFO] [stdout] 50 | impl<'a> Pkg<'a> {
[INFO] [stdout]    |      -- lifetime `'a` declared here
[INFO] [stdout] ...
[INFO] [stdout] 78 |     pub fn bdepend(&'a self) -> &DependencySet<&'a Dep> {
[INFO] [stdout]    |                                 ^ this elided lifetime gets resolved as `'a`
[INFO] [stdout]    |
[INFO] [stdout]    = note: `#[warn(elided_named_lifetimes)]` on by default
[INFO] [stdout] 
[INFO] [stdout] 
[INFO] [stdout] warning: elided lifetime has a name
[INFO] [stdout]   --> src/pkg/ebuild/configured.rs:84:32
[INFO] [stdout]    |
[INFO] [stdout] 50 | impl<'a> Pkg<'a> {
[INFO] [stdout]    |      -- lifetime `'a` declared here
[INFO] [stdout] ...
[INFO] [stdout] 84 |     pub fn depend(&'a self) -> &DependencySet<&'a Dep> {
[INFO] [stdout]    |                                ^ this elided lifetime gets resolved as `'a`
[INFO] [stdout] 
[INFO] [stdout] 
[INFO] [stdout] warning: elided lifetime has a name
[INFO] [stdout]   --> src/pkg/ebuild/configured.rs:90:33
[INFO] [stdout]    |
[INFO] [stdout] 50 | impl<'a> Pkg<'a> {
[INFO] [stdout]    |      -- lifetime `'a` declared here
[INFO] [stdout] ...
[INFO] [stdout] 90 |     pub fn idepend(&'a self) -> &DependencySet<&'a Dep> {
[INFO] [stdout]    |                                 ^ this elided lifetime gets resolved as `'a`
[INFO] [stdout] 
[INFO] [stdout] 
[INFO] [stdout] warning: elided lifetime has a name
[INFO] [stdout]   --> src/pkg/ebuild/configured.rs:96:33
[INFO] [stdout]    |
[INFO] [stdout] 50 | impl<'a> Pkg<'a> {
[INFO] [stdout]    |      -- lifetime `'a` declared here
[INFO] [stdout] ...
[INFO] [stdout] 96 |     pub fn pdepend(&'a self) -> &DependencySet<&'a Dep> {
[INFO] [stdout]    |                                 ^ this elided lifetime gets resolved as `'a`
[INFO] [stdout] 
[INFO] [stdout] 
[INFO] [stdout] warning: elided lifetime has a name
[INFO] [stdout]    --> src/pkg/ebuild/configured.rs:102:33
[INFO] [stdout]     |
[INFO] [stdout] 50  | impl<'a> Pkg<'a> {
[INFO] [stdout]     |      -- lifetime `'a` declared here
[INFO] [stdout] ...
[INFO] [stdout] 102 |     pub fn rdepend(&'a self) -> &DependencySet<&'a Dep> {
[INFO] [stdout]     |                                 ^ this elided lifetime gets resolved as `'a`
[INFO] [stdout] 
[INFO] [stdout] 
[INFO] [stdout] warning: elided lifetime has a name
[INFO] [stdout]    --> src/pkg/ebuild/configured.rs:108:33
[INFO] [stdout]     |
[INFO] [stdout] 50  | impl<'a> Pkg<'a> {
[INFO] [stdout]     |      -- lifetime `'a` declared here
[INFO] [stdout] ...
[INFO] [stdout] 108 |     pub fn license(&'a self) -> &DependencySet<&'a String> {
[INFO] [stdout]     |                                 ^ this elided lifetime gets resolved as `'a`
[INFO] [stdout] 
[INFO] [stdout] 
[INFO] [stdout] warning: elided lifetime has a name
[INFO] [stdout]    --> src/pkg/ebuild/configured.rs:114:36
[INFO] [stdout]     |
[INFO] [stdout] 50  | impl<'a> Pkg<'a> {
[INFO] [stdout]     |      -- lifetime `'a` declared here
[INFO] [stdout] ...
[INFO] [stdout] 114 |     pub fn properties(&'a self) -> &DependencySet<&'a String> {
[INFO] [stdout]     |                                    ^ this elided lifetime gets resolved as `'a`
[INFO] [stdout] 
[INFO] [stdout] 
[INFO] [stdout] warning: elided lifetime has a name
[INFO] [stdout]    --> src/pkg/ebuild/configured.rs:120:38
[INFO] [stdout]     |
[INFO] [stdout] 50  | impl<'a> Pkg<'a> {
[INFO] [stdout]     |      -- lifetime `'a` declared here
[INFO] [stdout] ...
[INFO] [stdout] 120 |     pub fn required_use(&'a self) -> &DependencySet<&'a String> {
[INFO] [stdout]     |                                      ^ this elided lifetime gets resolved as `'a`
[INFO] [stdout] 
[INFO] [stdout] 
[INFO] [stdout] warning: elided lifetime has a name
[INFO] [stdout]    --> src/pkg/ebuild/configured.rs:126:34
[INFO] [stdout]     |
[INFO] [stdout] 50  | impl<'a> Pkg<'a> {
[INFO] [stdout]     |      -- lifetime `'a` declared here
[INFO] [stdout] ...
[INFO] [stdout] 126 |     pub fn restrict(&'a self) -> &DependencySet<&'a String> {
[INFO] [stdout]     |                                  ^ this elided lifetime gets resolved as `'a`
[INFO] [stdout] 
[INFO] [stdout] 
[INFO] [stdout] warning: elided lifetime has a name
[INFO] [stdout]    --> src/pkg/ebuild/configured.rs:132:33
[INFO] [stdout]     |
[INFO] [stdout] 50  | impl<'a> Pkg<'a> {
[INFO] [stdout]     |      -- lifetime `'a` declared here
[INFO] [stdout] ...
[INFO] [stdout] 132 |     pub fn src_uri(&'a self) -> &DependencySet<&'a Uri> {
[INFO] [stdout]     |                                 ^ this elided lifetime gets resolved as `'a`
[INFO] [stdout] 
[INFO] [stdout] 
[INFO] [stdout] error[E0432]: unresolved import `crate::test`
[INFO] [stdout]    --> src/config.rs:340:16
[INFO] [stdout]     |
[INFO] [stdout] 340 |     use crate::test::{assert_err_re, assert_ordered_eq, TEST_DATA};
[INFO] [stdout]     |                ^^^^
[INFO] [stdout]     |                |
[INFO] [stdout]     |                unresolved import
[INFO] [stdout]     |                help: a similar path exists: `shell::test`
[INFO] [stdout]     |
[INFO] [stdout] note: found an item that was configured out
[INFO] [stdout]    --> src/lib.rs:16:9
[INFO] [stdout]     |
[INFO] [stdout] 16  | pub mod test;
[INFO] [stdout]     |         ^^^^
[INFO] [stdout] note: the item is gated behind the `test` feature
[INFO] [stdout]    --> src/lib.rs:15:7
[INFO] [stdout]     |
[INFO] [stdout] 15  | #[cfg(feature = "test")]
[INFO] [stdout]     |       ^^^^^^^^^^^^^^^^
[INFO] [stdout] 
[INFO] [stdout] 
[INFO] [stdout] error[E0432]: unresolved import `crate::test`
[INFO] [stdout]    --> src/dep/cpv.rs:254:16
[INFO] [stdout]     |
[INFO] [stdout] 254 |     use crate::test::TEST_DATA;
[INFO] [stdout]     |                ^^^^
[INFO] [stdout]     |                |
[INFO] [stdout]     |                unresolved import
[INFO] [stdout]     |                help: a similar path exists: `shell::test`
[INFO] [stdout]     |
[INFO] [stdout] note: found an item that was configured out
[INFO] [stdout]    --> src/lib.rs:16:9
[INFO] [stdout]     |
[INFO] [stdout] 16  | pub mod test;
[INFO] [stdout]     |         ^^^^
[INFO] [stdout] note: the item is gated behind the `test` feature
[INFO] [stdout]    --> src/lib.rs:15:7
[INFO] [stdout]     |
[INFO] [stdout] 15  | #[cfg(feature = "test")]
[INFO] [stdout]     |       ^^^^^^^^^^^^^^^^
[INFO] [stdout] 
[INFO] [stdout] 
[INFO] [stdout] error[E0432]: unresolved import `crate::test`
[INFO] [stdout]    --> src/dep/pkg.rs:624:16
[INFO] [stdout]     |
[INFO] [stdout] 624 |     use crate::test::TEST_DATA;
[INFO] [stdout]     |                ^^^^
[INFO] [stdout]     |                |
[INFO] [stdout]     |                unresolved import
[INFO] [stdout]     |                help: a similar path exists: `shell::test`
[INFO] [stdout]     |
[INFO] [stdout] note: found an item that was configured out
[INFO] [stdout]    --> src/lib.rs:16:9
[INFO] [stdout]     |
[INFO] [stdout] 16  | pub mod test;
[INFO] [stdout]     |         ^^^^
[INFO] [stdout] note: the item is gated behind the `test` feature
[INFO] [stdout]    --> src/lib.rs:15:7
[INFO] [stdout]     |
[INFO] [stdout] 15  | #[cfg(feature = "test")]
[INFO] [stdout]     |       ^^^^^^^^^^^^^^^^
[INFO] [stdout] 
[INFO] [stdout] 
[INFO] [stdout] error[E0432]: unresolved import `crate::test`
[INFO] [stdout]    --> src/dep/version.rs:641:16
[INFO] [stdout]     |
[INFO] [stdout] 641 |     use crate::test::TEST_DATA;
[INFO] [stdout]     |                ^^^^
[INFO] [stdout]     |                |
[INFO] [stdout]     |                unresolved import
[INFO] [stdout]     |                help: a similar path exists: `shell::test`
[INFO] [stdout]     |
[INFO] [stdout] note: found an item that was configured out
[INFO] [stdout]    --> src/lib.rs:16:9
[INFO] [stdout]     |
[INFO] [stdout] 16  | pub mod test;
[INFO] [stdout]     |         ^^^^
[INFO] [stdout] note: the item is gated behind the `test` feature
[INFO] [stdout]    --> src/lib.rs:15:7
[INFO] [stdout]     |
[INFO] [stdout] 15  | #[cfg(feature = "test")]
[INFO] [stdout]     |       ^^^^^^^^^^^^^^^^
[INFO] [stdout] 
[INFO] [stdout] 
[INFO] [stdout] error[E0432]: unresolved import `crate::test`
[INFO] [stdout]     --> src/dep.rs:1381:16
[INFO] [stdout]      |
[INFO] [stdout] 1381 |     use crate::test::assert_ordered_eq;
[INFO] [stdout]      |                ^^^^
[INFO] [stdout]      |                |
[INFO] [stdout]      |                unresolved import
[INFO] [stdout]      |                help: a similar path exists: `shell::test`
[INFO] [stdout]      |
[INFO] [stdout] note: found an item that was configured out
[INFO] [stdout]     --> src/lib.rs:16:9
[INFO] [stdout]      |
[INFO] [stdout] 16   | pub mod test;
[INFO] [stdout]      |         ^^^^
[INFO] [stdout] note: the item is gated behind the `test` feature
[INFO] [stdout]     --> src/lib.rs:15:7
[INFO] [stdout]      |
[INFO] [stdout] 15   | #[cfg(feature = "test")]
[INFO] [stdout]      |       ^^^^^^^^^^^^^^^^
[INFO] [stdout] 
[INFO] [stdout] 
[INFO] [stdout] error[E0432]: unresolved import `crate::test`
[INFO] [stdout]    --> src/eapi.rs:939:16
[INFO] [stdout]     |
[INFO] [stdout] 939 |     use crate::test::assert_err_re;
[INFO] [stdout]     |                ^^^^
[INFO] [stdout]     |                |
[INFO] [stdout]     |                unresolved import
[INFO] [stdout]     |                help: a similar path exists: `shell::test`
[INFO] [stdout]     |
[INFO] [stdout] note: found an item that was configured out
[INFO] [stdout]    --> src/lib.rs:16:9
[INFO] [stdout]     |
[INFO] [stdout] 16  | pub mod test;
[INFO] [stdout]     |         ^^^^
[INFO] [stdout] note: the item is gated behind the `test` feature
[INFO] [stdout]    --> src/lib.rs:15:7
[INFO] [stdout]     |
[INFO] [stdout] 15  | #[cfg(feature = "test")]
[INFO] [stdout]     |       ^^^^^^^^^^^^^^^^
[INFO] [stdout] 
[INFO] [stdout] 
[INFO] [stdout] error[E0432]: unresolved import `crate::test`
[INFO] [stdout]    --> src/eapi.rs:940:16
[INFO] [stdout]     |
[INFO] [stdout] 940 |     use crate::test::assert_ordered_eq;
[INFO] [stdout]     |                ^^^^
[INFO] [stdout]     |                |
[INFO] [stdout]     |                unresolved import
[INFO] [stdout]     |                help: a similar path exists: `shell::test`
[INFO] [stdout]     |
[INFO] [stdout] note: found an item that was configured out
[INFO] [stdout]    --> src/lib.rs:16:9
[INFO] [stdout]     |
[INFO] [stdout] 16  | pub mod test;
[INFO] [stdout]     |         ^^^^
[INFO] [stdout] note: the item is gated behind the `test` feature
[INFO] [stdout]    --> src/lib.rs:15:7
[INFO] [stdout]     |
[INFO] [stdout] 15  | #[cfg(feature = "test")]
[INFO] [stdout]     |       ^^^^^^^^^^^^^^^^
[INFO] [stdout] 
[INFO] [stdout] 
[INFO] [stdout] error[E0432]: unresolved import `crate::test`
[INFO] [stdout]    --> src/pkg/ebuild/manifest.rs:230:16
[INFO] [stdout]     |
[INFO] [stdout] 230 |     use crate::test::assert_err_re;
[INFO] [stdout]     |                ^^^^
[INFO] [stdout]     |                |
[INFO] [stdout]     |                unresolved import
[INFO] [stdout]     |                help: a similar path exists: `shell::test`
[INFO] [stdout]     |
[INFO] [stdout] note: found an item that was configured out
[INFO] [stdout]    --> src/lib.rs:16:9
[INFO] [stdout]     |
[INFO] [stdout] 16  | pub mod test;
[INFO] [stdout]     |         ^^^^
[INFO] [stdout] note: the item is gated behind the `test` feature
[INFO] [stdout]    --> src/lib.rs:15:7
[INFO] [stdout]     |
[INFO] [stdout] 15  | #[cfg(feature = "test")]
[INFO] [stdout]     |       ^^^^^^^^^^^^^^^^
[INFO] [stdout] 
[INFO] [stdout] 
[INFO] [stdout] error[E0432]: unresolved import `crate::test`
[INFO] [stdout]    --> src/pkg/ebuild/raw.rs:160:16
[INFO] [stdout]     |
[INFO] [stdout] 160 |     use crate::test::TEST_DATA;
[INFO] [stdout]     |                ^^^^
[INFO] [stdout]     |                |
[INFO] [stdout]     |                unresolved import
[INFO] [stdout]     |                help: a similar path exists: `shell::test`
[INFO] [stdout]     |
[INFO] [stdout] note: found an item that was configured out
[INFO] [stdout]    --> src/lib.rs:16:9
[INFO] [stdout]     |
[INFO] [stdout] 16  | pub mod test;
[INFO] [stdout]     |         ^^^^
[INFO] [stdout] note: the item is gated behind the `test` feature
[INFO] [stdout]    --> src/lib.rs:15:7
[INFO] [stdout]     |
[INFO] [stdout] 15  | #[cfg(feature = "test")]
[INFO] [stdout]     |       ^^^^^^^^^^^^^^^^
[INFO] [stdout] 
[INFO] [stdout] 
[INFO] [stdout] error[E0432]: unresolved import `crate::test`
[INFO] [stdout]    --> src/pkg/ebuild/restrict.rs:272:16
[INFO] [stdout]     |
[INFO] [stdout] 272 |     use crate::test::assert_ordered_eq;
[INFO] [stdout]     |                ^^^^
[INFO] [stdout]     |                |
[INFO] [stdout]     |                unresolved import
[INFO] [stdout]     |                help: a similar path exists: `shell::test`
[INFO] [stdout]     |
[INFO] [stdout] note: found an item that was configured out
[INFO] [stdout]    --> src/lib.rs:16:9
[INFO] [stdout]     |
[INFO] [stdout] 16  | pub mod test;
[INFO] [stdout]     |         ^^^^
[INFO] [stdout] note: the item is gated behind the `test` feature
[INFO] [stdout]    --> src/lib.rs:15:7
[INFO] [stdout]     |
[INFO] [stdout] 15  | #[cfg(feature = "test")]
[INFO] [stdout]     |       ^^^^^^^^^^^^^^^^
[INFO] [stdout] 
[INFO] [stdout] 
[INFO] [stdout] error[E0432]: unresolved import `crate::test`
[INFO] [stdout]    --> src/pkg/ebuild.rs:373:16
[INFO] [stdout]     |
[INFO] [stdout] 373 |     use crate::test::assert_err_re;
[INFO] [stdout]     |                ^^^^
[INFO] [stdout]     |                |
[INFO] [stdout]     |                unresolved import
[INFO] [stdout]     |                help: a similar path exists: `shell::test`
[INFO] [stdout]     |
[INFO] [stdout] note: found an item that was configured out
[INFO] [stdout]    --> src/lib.rs:16:9
[INFO] [stdout]     |
[INFO] [stdout] 16  | pub mod test;
[INFO] [stdout]     |         ^^^^
[INFO] [stdout] note: the item is gated behind the `test` feature
[INFO] [stdout]    --> src/lib.rs:15:7
[INFO] [stdout]     |
[INFO] [stdout] 15  | #[cfg(feature = "test")]
[INFO] [stdout]     |       ^^^^^^^^^^^^^^^^
[INFO] [stdout] 
[INFO] [stdout] 
[INFO] [stdout] error[E0432]: unresolved import `crate::test`
[INFO] [stdout]    --> src/pkg/ebuild.rs:374:16
[INFO] [stdout]     |
[INFO] [stdout] 374 |     use crate::test::{assert_ordered_eq, TEST_DATA};
[INFO] [stdout]     |                ^^^^
[INFO] [stdout]     |                |
[INFO] [stdout]     |                unresolved import
[INFO] [stdout]     |                help: a similar path exists: `shell::test`
[INFO] [stdout]     |
[INFO] [stdout] note: found an item that was configured out
[INFO] [stdout]    --> src/lib.rs:16:9
[INFO] [stdout]     |
[INFO] [stdout] 16  | pub mod test;
[INFO] [stdout]     |         ^^^^
[INFO] [stdout] note: the item is gated behind the `test` feature
[INFO] [stdout]    --> src/lib.rs:15:7
[INFO] [stdout]     |
[INFO] [stdout] 15  | #[cfg(feature = "test")]
[INFO] [stdout]     |       ^^^^^^^^^^^^^^^^
[INFO] [stdout] 
[INFO] [stdout] 
[INFO] [stdout] error[E0432]: unresolved import `crate::test`
[INFO] [stdout]    --> src/pkg/fake.rs:113:16
[INFO] [stdout]     |
[INFO] [stdout] 113 |     use crate::test::assert_ordered_eq;
[INFO] [stdout]     |                ^^^^
[INFO] [stdout]     |                |
[INFO] [stdout]     |                unresolved import
[INFO] [stdout]     |                help: a similar path exists: `shell::test`
[INFO] [stdout]     |
[INFO] [stdout] note: found an item that was configured out
[INFO] [stdout]    --> src/lib.rs:16:9
[INFO] [stdout]     |
[INFO] [stdout] 16  | pub mod test;
[INFO] [stdout]     |         ^^^^
[INFO] [stdout] note: the item is gated behind the `test` feature
[INFO] [stdout]    --> src/lib.rs:15:7
[INFO] [stdout]     |
[INFO] [stdout] 15  | #[cfg(feature = "test")]
[INFO] [stdout]     |       ^^^^^^^^^^^^^^^^
[INFO] [stdout] 
[INFO] [stdout] 
[INFO] [stdout] error[E0432]: unresolved import `crate::test`
[INFO] [stdout]    --> src/pkg.rs:346:16
[INFO] [stdout]     |
[INFO] [stdout] 346 |     use crate::test::assert_ordered_eq;
[INFO] [stdout]     |                ^^^^
[INFO] [stdout]     |                |
[INFO] [stdout]     |                unresolved import
[INFO] [stdout]     |                help: a similar path exists: `shell::test`
[INFO] [stdout]     |
[INFO] [stdout] note: found an item that was configured out
[INFO] [stdout]    --> src/lib.rs:16:9
[INFO] [stdout]     |
[INFO] [stdout] 16  | pub mod test;
[INFO] [stdout]     |         ^^^^
[INFO] [stdout] note: the item is gated behind the `test` feature
[INFO] [stdout]    --> src/lib.rs:15:7
[INFO] [stdout]     |
[INFO] [stdout] 15  | #[cfg(feature = "test")]
[INFO] [stdout]     |       ^^^^^^^^^^^^^^^^
[INFO] [stdout] 
[INFO] [stdout] 
[INFO] [stdout] error[E0432]: unresolved import `crate::test`
[INFO] [stdout]    --> src/repo/ebuild/cache/md5_dict.rs:402:16
[INFO] [stdout]     |
[INFO] [stdout] 402 |     use crate::test::TEST_DATA;
[INFO] [stdout]     |                ^^^^
[INFO] [stdout]     |                |
[INFO] [stdout]     |                unresolved import
[INFO] [stdout]     |                help: a similar path exists: `shell::test`
[INFO] [stdout]     |
[INFO] [stdout] note: found an item that was configured out
[INFO] [stdout]    --> src/lib.rs:16:9
[INFO] [stdout]     |
[INFO] [stdout] 16  | pub mod test;
[INFO] [stdout]     |         ^^^^
[INFO] [stdout] note: the item is gated behind the `test` feature
[INFO] [stdout]    --> src/lib.rs:15:7
[INFO] [stdout]     |
[INFO] [stdout] 15  | #[cfg(feature = "test")]
[INFO] [stdout]     |       ^^^^^^^^^^^^^^^^
[INFO] [stdout] 
[INFO] [stdout] 
[INFO] [stdout] error[E0432]: unresolved import `crate::test`
[INFO] [stdout]    --> src/repo/ebuild/eclass.rs:109:16
[INFO] [stdout]     |
[INFO] [stdout] 109 |     use crate::test::TEST_DATA;
[INFO] [stdout]     |                ^^^^
[INFO] [stdout]     |                |
[INFO] [stdout]     |                unresolved import
[INFO] [stdout]     |                help: a similar path exists: `shell::test`
[INFO] [stdout]     |
[INFO] [stdout] note: found an item that was configured out
[INFO] [stdout]    --> src/lib.rs:16:9
[INFO] [stdout]     |
[INFO] [stdout] 16  | pub mod test;
[INFO] [stdout]     |         ^^^^
[INFO] [stdout] note: the item is gated behind the `test` feature
[INFO] [stdout]    --> src/lib.rs:15:7
[INFO] [stdout]     |
[INFO] [stdout] 15  | #[cfg(feature = "test")]
[INFO] [stdout]     |       ^^^^^^^^^^^^^^^^
[INFO] [stdout] 
[INFO] [stdout] 
[INFO] [stdout] error[E0432]: unresolved import `crate::test`
[INFO] [stdout]    --> src/repo/ebuild/metadata.rs:678:16
[INFO] [stdout]     |
[INFO] [stdout] 678 |     use crate::test::{assert_err_re, assert_ordered_eq, TEST_DATA};
[INFO] [stdout]     |                ^^^^
[INFO] [stdout]     |                |
[INFO] [stdout]     |                unresolved import
[INFO] [stdout]     |                help: a similar path exists: `shell::test`
[INFO] [stdout]     |
[INFO] [stdout] note: found an item that was configured out
[INFO] [stdout]    --> src/lib.rs:16:9
[INFO] [stdout]     |
[INFO] [stdout] 16  | pub mod test;
[INFO] [stdout]     |         ^^^^
[INFO] [stdout] note: the item is gated behind the `test` feature
[INFO] [stdout]    --> src/lib.rs:15:7
[INFO] [stdout]     |
[INFO] [stdout] 15  | #[cfg(feature = "test")]
[INFO] [stdout]     |       ^^^^^^^^^^^^^^^^
[INFO] [stdout] 
[INFO] [stdout] 
[INFO] [stdout] error[E0432]: unresolved import `crate::test`
[INFO] [stdout]     --> src/repo/ebuild.rs:1179:16
[INFO] [stdout]      |
[INFO] [stdout] 1179 |     use crate::test::{assert_err_re, assert_ordered_eq, TEST_DATA};
[INFO] [stdout]      |                ^^^^
[INFO] [stdout]      |                |
[INFO] [stdout]      |                unresolved import
[INFO] [stdout]      |                help: a similar path exists: `shell::test`
[INFO] [stdout]      |
[INFO] [stdout] note: found an item that was configured out
[INFO] [stdout]     --> src/lib.rs:16:9
[INFO] [stdout]      |
[INFO] [stdout] 16   | pub mod test;
[INFO] [stdout]      |         ^^^^
[INFO] [stdout] note: the item is gated behind the `test` feature
[INFO] [stdout]     --> src/lib.rs:15:7
[INFO] [stdout]      |
[INFO] [stdout] 15   | #[cfg(feature = "test")]
[INFO] [stdout]      |       ^^^^^^^^^^^^^^^^
[INFO] [stdout] 
[INFO] [stdout] 
[INFO] [stdout] error[E0432]: unresolved import `crate::test`
[INFO] [stdout]    --> src/repo/fake.rs:284:16
[INFO] [stdout]     |
[INFO] [stdout] 284 |     use crate::test::assert_ordered_eq;
[INFO] [stdout]     |                ^^^^
[INFO] [stdout]     |                |
[INFO] [stdout]     |                unresolved import
[INFO] [stdout]     |                help: a similar path exists: `shell::test`
[INFO] [stdout]     |
[INFO] [stdout] note: found an item that was configured out
[INFO] [stdout]    --> src/lib.rs:16:9
[INFO] [stdout]     |
[INFO] [stdout] 16  | pub mod test;
[INFO] [stdout]     |         ^^^^
[INFO] [stdout] note: the item is gated behind the `test` feature
[INFO] [stdout]    --> src/lib.rs:15:7
[INFO] [stdout]     |
[INFO] [stdout] 15  | #[cfg(feature = "test")]
[INFO] [stdout]     |       ^^^^^^^^^^^^^^^^
[INFO] [stdout] 
[INFO] [stdout] 
[INFO] [stdout] error[E0432]: unresolved import `crate::test`
[INFO] [stdout]    --> src/repo/set.rs:359:16
[INFO] [stdout]     |
[INFO] [stdout] 359 |     use crate::test::assert_ordered_eq;
[INFO] [stdout]     |                ^^^^
[INFO] [stdout]     |                |
[INFO] [stdout]     |                unresolved import
[INFO] [stdout]     |                help: a similar path exists: `shell::test`
[INFO] [stdout]     |
[INFO] [stdout] note: found an item that was configured out
[INFO] [stdout]    --> src/lib.rs:16:9
[INFO] [stdout]     |
[INFO] [stdout] 16  | pub mod test;
[INFO] [stdout]     |         ^^^^
[INFO] [stdout] note: the item is gated behind the `test` feature
[INFO] [stdout]    --> src/lib.rs:15:7
[INFO] [stdout]     |
[INFO] [stdout] 15  | #[cfg(feature = "test")]
[INFO] [stdout]     |       ^^^^^^^^^^^^^^^^
[INFO] [stdout] 
[INFO] [stdout] 
[INFO] [stdout] error[E0432]: unresolved import `crate::test`
[INFO] [stdout]   --> src/shell/commands/_new.rs:45:16
[INFO] [stdout]    |
[INFO] [stdout] 45 |     use crate::test::assert_err_re;
[INFO] [stdout]    |                ^^^^
[INFO] [stdout]    |                |
[INFO] [stdout]    |                unresolved import
[INFO] [stdout]    |                help: a similar path exists: `shell::test`
[INFO] [stdout]    |
[INFO] [stdout] note: found an item that was configured out
[INFO] [stdout]   --> src/lib.rs:16:9
[INFO] [stdout]    |
[INFO] [stdout] 16 | pub mod test;
[INFO] [stdout]    |         ^^^^
[INFO] [stdout] note: the item is gated behind the `test` feature
[INFO] [stdout]   --> src/lib.rs:15:7
[INFO] [stdout]    |
[INFO] [stdout] 15 | #[cfg(feature = "test")]
[INFO] [stdout]    |       ^^^^^^^^^^^^^^^^
[INFO] [stdout] 
[INFO] [stdout] 
[INFO] [stdout] error[E0432]: unresolved import `crate::test`
[INFO] [stdout]   --> src/shell/commands/assert.rs:29:16
[INFO] [stdout]    |
[INFO] [stdout] 29 |     use crate::test::assert_err_re;
[INFO] [stdout]    |                ^^^^
[INFO] [stdout]    |                |
[INFO] [stdout]    |                unresolved import
[INFO] [stdout]    |                help: a similar path exists: `shell::test`
[INFO] [stdout]    |
[INFO] [stdout] note: found an item that was configured out
[INFO] [stdout]   --> src/lib.rs:16:9
[INFO] [stdout]    |
[INFO] [stdout] 16 | pub mod test;
[INFO] [stdout]    |         ^^^^
[INFO] [stdout] note: the item is gated behind the `test` feature
[INFO] [stdout]   --> src/lib.rs:15:7
[INFO] [stdout]    |
[INFO] [stdout] 15 | #[cfg(feature = "test")]
[INFO] [stdout]    |       ^^^^^^^^^^^^^^^^
[INFO] [stdout] 
[INFO] [stdout] 
[INFO] [stdout] error[E0432]: unresolved import `crate::test`
[INFO] [stdout]   --> src/shell/commands/command_not_found_handle.rs:25:16
[INFO] [stdout]    |
[INFO] [stdout] 25 |     use crate::test::assert_err_re;
[INFO] [stdout]    |                ^^^^
[INFO] [stdout]    |                |
[INFO] [stdout]    |                unresolved import
[INFO] [stdout]    |                help: a similar path exists: `shell::test`
[INFO] [stdout]    |
[INFO] [stdout] note: found an item that was configured out
[INFO] [stdout]   --> src/lib.rs:16:9
[INFO] [stdout]    |
[INFO] [stdout] 16 | pub mod test;
[INFO] [stdout]    |         ^^^^
[INFO] [stdout] note: the item is gated behind the `test` feature
[INFO] [stdout]   --> src/lib.rs:15:7
[INFO] [stdout]    |
[INFO] [stdout] 15 | #[cfg(feature = "test")]
[INFO] [stdout]    |       ^^^^^^^^^^^^^^^^
[INFO] [stdout] 
[INFO] [stdout] 
[INFO] [stdout] error[E0432]: unresolved import `crate::test`
[INFO] [stdout]   --> src/shell/commands/default.rs:34:16
[INFO] [stdout]    |
[INFO] [stdout] 34 |     use crate::test::assert_err_re;
[INFO] [stdout]    |                ^^^^
[INFO] [stdout]    |                |
[INFO] [stdout]    |                unresolved import
[INFO] [stdout]    |                help: a similar path exists: `shell::test`
[INFO] [stdout]    |
[INFO] [stdout] note: found an item that was configured out
[INFO] [stdout]   --> src/lib.rs:16:9
[INFO] [stdout]    |
[INFO] [stdout] 16 | pub mod test;
[INFO] [stdout]    |         ^^^^
[INFO] [stdout] note: the item is gated behind the `test` feature
[INFO] [stdout]   --> src/lib.rs:15:7
[INFO] [stdout]    |
[INFO] [stdout] 15 | #[cfg(feature = "test")]
[INFO] [stdout]    |       ^^^^^^^^^^^^^^^^
[INFO] [stdout] 
[INFO] [stdout] 
[INFO] [stdout] error[E0432]: unresolved import `crate::test`
[INFO] [stdout]   --> src/shell/commands/default_pkg_nofetch.rs:22:16
[INFO] [stdout]    |
[INFO] [stdout] 22 |     use crate::test::assert_err_re;
[INFO] [stdout]    |                ^^^^
[INFO] [stdout]    |                |
[INFO] [stdout]    |                unresolved import
[INFO] [stdout]    |                help: a similar path exists: `shell::test`
[INFO] [stdout]    |
[INFO] [stdout] note: found an item that was configured out
[INFO] [stdout]   --> src/lib.rs:16:9
[INFO] [stdout]    |
[INFO] [stdout] 16 | pub mod test;
[INFO] [stdout]    |         ^^^^
[INFO] [stdout] note: the item is gated behind the `test` feature
[INFO] [stdout]   --> src/lib.rs:15:7
[INFO] [stdout]    |
[INFO] [stdout] 15 | #[cfg(feature = "test")]
[INFO] [stdout]    |       ^^^^^^^^^^^^^^^^
[INFO] [stdout] 
[INFO] [stdout] 
[INFO] [stdout] error[E0432]: unresolved import `crate::test`
[INFO] [stdout]   --> src/shell/commands/default_src_install.rs:24:16
[INFO] [stdout]    |
[INFO] [stdout] 24 |     use crate::test::assert_err_re;
[INFO] [stdout]    |                ^^^^
[INFO] [stdout]    |                |
[INFO] [stdout]    |                unresolved import
[INFO] [stdout]    |                help: a similar path exists: `shell::test`
[INFO] [stdout]    |
[INFO] [stdout] note: found an item that was configured out
[INFO] [stdout]   --> src/lib.rs:16:9
[INFO] [stdout]    |
[INFO] [stdout] 16 | pub mod test;
[INFO] [stdout]    |         ^^^^
[INFO] [stdout] note: the item is gated behind the `test` feature
[INFO] [stdout]   --> src/lib.rs:15:7
[INFO] [stdout]    |
[INFO] [stdout] 15 | #[cfg(feature = "test")]
[INFO] [stdout]    |       ^^^^^^^^^^^^^^^^
[INFO] [stdout] 
[INFO] [stdout] 
[INFO] [stdout] error[E0432]: unresolved import `crate::test`
[INFO] [stdout]   --> src/shell/commands/default_src_prepare.rs:22:16
[INFO] [stdout]    |
[INFO] [stdout] 22 |     use crate::test::assert_err_re;
[INFO] [stdout]    |                ^^^^
[INFO] [stdout]    |                |
[INFO] [stdout]    |                unresolved import
[INFO] [stdout]    |                help: a similar path exists: `shell::test`
[INFO] [stdout]    |
[INFO] [stdout] note: found an item that was configured out
[INFO] [stdout]   --> src/lib.rs:16:9
[INFO] [stdout]    |
[INFO] [stdout] 16 | pub mod test;
[INFO] [stdout]    |         ^^^^
[INFO] [stdout] note: the item is gated behind the `test` feature
[INFO] [stdout]   --> src/lib.rs:15:7
[INFO] [stdout]    |
[INFO] [stdout] 15 | #[cfg(feature = "test")]
[INFO] [stdout]    |       ^^^^^^^^^^^^^^^^
[INFO] [stdout] 
[INFO] [stdout] 
[INFO] [stdout] error[E0432]: unresolved import `crate::test`
[INFO] [stdout]   --> src/shell/commands/die.rs:48:16
[INFO] [stdout]    |
[INFO] [stdout] 48 |     use crate::test::assert_err_re;
[INFO] [stdout]    |                ^^^^
[INFO] [stdout]    |                |
[INFO] [stdout]    |                unresolved import
[INFO] [stdout]    |                help: a similar path exists: `shell::test`
[INFO] [stdout]    |
[INFO] [stdout] note: found an item that was configured out
[INFO] [stdout]   --> src/lib.rs:16:9
[INFO] [stdout]    |
[INFO] [stdout] 16 | pub mod test;
[INFO] [stdout]    |         ^^^^
[INFO] [stdout] note: the item is gated behind the `test` feature
[INFO] [stdout]   --> src/lib.rs:15:7
[INFO] [stdout]    |
[INFO] [stdout] 15 | #[cfg(feature = "test")]
[INFO] [stdout]    |       ^^^^^^^^^^^^^^^^
[INFO] [stdout] 
[INFO] [stdout] 
[INFO] [stdout] error[E0432]: unresolved import `crate::test`
[INFO] [stdout]   --> src/shell/commands/dobin.rs:41:16
[INFO] [stdout]    |
[INFO] [stdout] 41 |     use crate::test::assert_err_re;
[INFO] [stdout]    |                ^^^^
[INFO] [stdout]    |                |
[INFO] [stdout]    |                unresolved import
[INFO] [stdout]    |                help: a similar path exists: `shell::test`
[INFO] [stdout]    |
[INFO] [stdout] note: found an item that was configured out
[INFO] [stdout]   --> src/lib.rs:16:9
[INFO] [stdout]    |
[INFO] [stdout] 16 | pub mod test;
[INFO] [stdout]    |         ^^^^
[INFO] [stdout] note: the item is gated behind the `test` feature
[INFO] [stdout]   --> src/lib.rs:15:7
[INFO] [stdout]    |
[INFO] [stdout] 15 | #[cfg(feature = "test")]
[INFO] [stdout]    |       ^^^^^^^^^^^^^^^^
[INFO] [stdout] 
[INFO] [stdout] 
[INFO] [stdout] error[E0432]: unresolved import `crate::test`
[INFO] [stdout]   --> src/shell/commands/docinto.rs:34:16
[INFO] [stdout]    |
[INFO] [stdout] 34 |     use crate::test::assert_err_re;
[INFO] [stdout]    |                ^^^^
[INFO] [stdout]    |                |
[INFO] [stdout]    |                unresolved import
[INFO] [stdout]    |                help: a similar path exists: `shell::test`
[INFO] [stdout]    |
[INFO] [stdout] note: found an item that was configured out
[INFO] [stdout]   --> src/lib.rs:16:9
[INFO] [stdout]    |
[INFO] [stdout] 16 | pub mod test;
[INFO] [stdout]    |         ^^^^
[INFO] [stdout] note: the item is gated behind the `test` feature
[INFO] [stdout]   --> src/lib.rs:15:7
[INFO] [stdout]    |
[INFO] [stdout] 15 | #[cfg(feature = "test")]
[INFO] [stdout]    |       ^^^^^^^^^^^^^^^^
[INFO] [stdout] 
[INFO] [stdout] 
[INFO] [stdout] error[E0432]: unresolved import `crate::test`
[INFO] [stdout]   --> src/shell/commands/docinto.rs:35:16
[INFO] [stdout]    |
[INFO] [stdout] 35 |     use crate::test::TEST_DATA;
[INFO] [stdout]    |                ^^^^
[INFO] [stdout]    |                |
[INFO] [stdout]    |                unresolved import
[INFO] [stdout]    |                help: a similar path exists: `shell::test`
[INFO] [stdout]    |
[INFO] [stdout] note: found an item that was configured out
[INFO] [stdout]   --> src/lib.rs:16:9
[INFO] [stdout]    |
[INFO] [stdout] 16 | pub mod test;
[INFO] [stdout]    |         ^^^^
[INFO] [stdout] note: the item is gated behind the `test` feature
[INFO] [stdout]   --> src/lib.rs:15:7
[INFO] [stdout]    |
[INFO] [stdout] 15 | #[cfg(feature = "test")]
[INFO] [stdout]    |       ^^^^^^^^^^^^^^^^
[INFO] [stdout] 
[INFO] [stdout] 
[INFO] [stdout] error[E0432]: unresolved import `crate::test`
[INFO] [stdout]   --> src/shell/commands/docompress.rs:31:16
[INFO] [stdout]    |
[INFO] [stdout] 31 |     use crate::test::assert_err_re;
[INFO] [stdout]    |                ^^^^
[INFO] [stdout]    |                |
[INFO] [stdout]    |                unresolved import
[INFO] [stdout]    |                help: a similar path exists: `shell::test`
[INFO] [stdout]    |
[INFO] [stdout] note: found an item that was configured out
[INFO] [stdout]   --> src/lib.rs:16:9
[INFO] [stdout]    |
[INFO] [stdout] 16 | pub mod test;
[INFO] [stdout]    |         ^^^^
[INFO] [stdout] note: the item is gated behind the `test` feature
[INFO] [stdout]   --> src/lib.rs:15:7
[INFO] [stdout]    |
[INFO] [stdout] 15 | #[cfg(feature = "test")]
[INFO] [stdout]    |       ^^^^^^^^^^^^^^^^
[INFO] [stdout] 
[INFO] [stdout] 
[INFO] [stdout] error[E0432]: unresolved import `crate::test`
[INFO] [stdout]   --> src/shell/commands/doconfd.rs:38:16
[INFO] [stdout]    |
[INFO] [stdout] 38 |     use crate::test::assert_err_re;
[INFO] [stdout]    |                ^^^^
[INFO] [stdout]    |                |
[INFO] [stdout]    |                unresolved import
[INFO] [stdout]    |                help: a similar path exists: `shell::test`
[INFO] [stdout]    |
[INFO] [stdout] note: found an item that was configured out
[INFO] [stdout]   --> src/lib.rs:16:9
[INFO] [stdout]    |
[INFO] [stdout] 16 | pub mod test;
[INFO] [stdout]    |         ^^^^
[INFO] [stdout] note: the item is gated behind the `test` feature
[INFO] [stdout]   --> src/lib.rs:15:7
[INFO] [stdout]    |
[INFO] [stdout] 15 | #[cfg(feature = "test")]
[INFO] [stdout]    |       ^^^^^^^^^^^^^^^^
[INFO] [stdout] 
[INFO] [stdout] 
[INFO] [stdout] error[E0432]: unresolved import `crate::test`
[INFO] [stdout]   --> src/shell/commands/dodoc.rs:66:16
[INFO] [stdout]    |
[INFO] [stdout] 66 |     use crate::test::assert_err_re;
[INFO] [stdout]    |                ^^^^
[INFO] [stdout]    |                |
[INFO] [stdout]    |                unresolved import
[INFO] [stdout]    |                help: a similar path exists: `shell::test`
[INFO] [stdout]    |
[INFO] [stdout] note: found an item that was configured out
[INFO] [stdout]   --> src/lib.rs:16:9
[INFO] [stdout]    |
[INFO] [stdout] 16 | pub mod test;
[INFO] [stdout]    |         ^^^^
[INFO] [stdout] note: the item is gated behind the `test` feature
[INFO] [stdout]   --> src/lib.rs:15:7
[INFO] [stdout]    |
[INFO] [stdout] 15 | #[cfg(feature = "test")]
[INFO] [stdout]    |       ^^^^^^^^^^^^^^^^
[INFO] [stdout] 
[INFO] [stdout] 
[INFO] [stdout] error[E0432]: unresolved import `crate::test`
[INFO] [stdout]   --> src/shell/commands/dodoc.rs:67:16
[INFO] [stdout]    |
[INFO] [stdout] 67 |     use crate::test::TEST_DATA;
[INFO] [stdout]    |                ^^^^
[INFO] [stdout]    |                |
[INFO] [stdout]    |                unresolved import
[INFO] [stdout]    |                help: a similar path exists: `shell::test`
[INFO] [stdout]    |
[INFO] [stdout] note: found an item that was configured out
[INFO] [stdout]   --> src/lib.rs:16:9
[INFO] [stdout]    |
[INFO] [stdout] 16 | pub mod test;
[INFO] [stdout]    |         ^^^^
[INFO] [stdout] note: the item is gated behind the `test` feature
[INFO] [stdout]   --> src/lib.rs:15:7
[INFO] [stdout]    |
[INFO] [stdout] 15 | #[cfg(feature = "test")]
[INFO] [stdout]    |       ^^^^^^^^^^^^^^^^
[INFO] [stdout] 
[INFO] [stdout] 
[INFO] [stdout] error[E0432]: unresolved import `crate::test`
[INFO] [stdout]   --> src/shell/commands/doenvd.rs:38:16
[INFO] [stdout]    |
[INFO] [stdout] 38 |     use crate::test::assert_err_re;
[INFO] [stdout]    |                ^^^^
[INFO] [stdout]    |                |
[INFO] [stdout]    |                unresolved import
[INFO] [stdout]    |                help: a similar path exists: `shell::test`
[INFO] [stdout]    |
[INFO] [stdout] note: found an item that was configured out
[INFO] [stdout]   --> src/lib.rs:16:9
[INFO] [stdout]    |
[INFO] [stdout] 16 | pub mod test;
[INFO] [stdout]    |         ^^^^
[INFO] [stdout] note: the item is gated behind the `test` feature
[INFO] [stdout]   --> src/lib.rs:15:7
[INFO] [stdout]    |
[INFO] [stdout] 15 | #[cfg(feature = "test")]
[INFO] [stdout]    |       ^^^^^^^^^^^^^^^^
[INFO] [stdout] 
[INFO] [stdout] 
[INFO] [stdout] error[E0432]: unresolved import `crate::test`
[INFO] [stdout]   --> src/shell/commands/doexe.rs:31:16
[INFO] [stdout]    |
[INFO] [stdout] 31 |     use crate::test::assert_err_re;
[INFO] [stdout]    |                ^^^^
[INFO] [stdout]    |                |
[INFO] [stdout]    |                unresolved import
[INFO] [stdout]    |                help: a similar path exists: `shell::test`
[INFO] [stdout]    |
[INFO] [stdout] note: found an item that was configured out
[INFO] [stdout]   --> src/lib.rs:16:9
[INFO] [stdout]    |
[INFO] [stdout] 16 | pub mod test;
[INFO] [stdout]    |         ^^^^
[INFO] [stdout] note: the item is gated behind the `test` feature
[INFO] [stdout]   --> src/lib.rs:15:7
[INFO] [stdout]    |
[INFO] [stdout] 15 | #[cfg(feature = "test")]
[INFO] [stdout]    |       ^^^^^^^^^^^^^^^^
[INFO] [stdout] 
[INFO] [stdout] 
[INFO] [stdout] error[E0432]: unresolved import `crate::test`
[INFO] [stdout]   --> src/shell/commands/doheader.rs:59:16
[INFO] [stdout]    |
[INFO] [stdout] 59 |     use crate::test::assert_err_re;
[INFO] [stdout]    |                ^^^^
[INFO] [stdout]    |                |
[INFO] [stdout]    |                unresolved import
[INFO] [stdout]    |                help: a similar path exists: `shell::test`
[INFO] [stdout]    |
[INFO] [stdout] note: found an item that was configured out
[INFO] [stdout]   --> src/lib.rs:16:9
[INFO] [stdout]    |
[INFO] [stdout] 16 | pub mod test;
[INFO] [stdout]    |         ^^^^
[INFO] [stdout] note: the item is gated behind the `test` feature
[INFO] [stdout]   --> src/lib.rs:15:7
[INFO] [stdout]    |
[INFO] [stdout] 15 | #[cfg(feature = "test")]
[INFO] [stdout]    |       ^^^^^^^^^^^^^^^^
[INFO] [stdout] 
[INFO] [stdout] 
[INFO] [stdout] error[E0432]: unresolved import `crate::test`
[INFO] [stdout]    --> src/shell/commands/dohtml.rs:166:16
[INFO] [stdout]     |
[INFO] [stdout] 166 |     use crate::test::assert_err_re;
[INFO] [stdout]     |                ^^^^
[INFO] [stdout]     |                |
[INFO] [stdout]     |                unresolved import
[INFO] [stdout]     |                help: a similar path exists: `shell::test`
[INFO] [stdout]     |
[INFO] [stdout] note: found an item that was configured out
[INFO] [stdout]    --> src/lib.rs:16:9
[INFO] [stdout]     |
[INFO] [stdout] 16  | pub mod test;
[INFO] [stdout]     |         ^^^^
[INFO] [stdout] note: the item is gated behind the `test` feature
[INFO] [stdout]    --> src/lib.rs:15:7
[INFO] [stdout]     |
[INFO] [stdout] 15  | #[cfg(feature = "test")]
[INFO] [stdout]     |       ^^^^^^^^^^^^^^^^
[INFO] [stdout] 
[INFO] [stdout] 
[INFO] [stdout] error[E0432]: unresolved import `crate::test`
[INFO] [stdout]    --> src/shell/commands/dohtml.rs:167:16
[INFO] [stdout]     |
[INFO] [stdout] 167 |     use crate::test::TEST_DATA;
[INFO] [stdout]     |                ^^^^
[INFO] [stdout]     |                |
[INFO] [stdout]     |                unresolved import
[INFO] [stdout]     |                help: a similar path exists: `shell::test`
[INFO] [stdout]     |
[INFO] [stdout] note: found an item that was configured out
[INFO] [stdout]    --> src/lib.rs:16:9
[INFO] [stdout]     |
[INFO] [stdout] 16  | pub mod test;
[INFO] [stdout]     |         ^^^^
[INFO] [stdout] note: the item is gated behind the `test` feature
[INFO] [stdout]    --> src/lib.rs:15:7
[INFO] [stdout]     |
[INFO] [stdout] 15  | #[cfg(feature = "test")]
[INFO] [stdout]     |       ^^^^^^^^^^^^^^^^
[INFO] [stdout] 
[INFO] [stdout] 
[INFO] [stdout] error[E0432]: unresolved import `crate::test`
[INFO] [stdout]   --> src/shell/commands/doinfo.rs:30:16
[INFO] [stdout]    |
[INFO] [stdout] 30 |     use crate::test::assert_err_re;
[INFO] [stdout]    |                ^^^^
[INFO] [stdout]    |                |
[INFO] [stdout]    |                unresolved import
[INFO] [stdout]    |                help: a similar path exists: `shell::test`
[INFO] [stdout]    |
[INFO] [stdout] note: found an item that was configured out
[INFO] [stdout]   --> src/lib.rs:16:9
[INFO] [stdout]    |
[INFO] [stdout] 16 | pub mod test;
[INFO] [stdout]    |         ^^^^
[INFO] [stdout] note: the item is gated behind the `test` feature
[INFO] [stdout]   --> src/lib.rs:15:7
[INFO] [stdout]    |
[INFO] [stdout] 15 | #[cfg(feature = "test")]
[INFO] [stdout]    |       ^^^^^^^^^^^^^^^^
[INFO] [stdout] 
[INFO] [stdout] 
[INFO] [stdout] error[E0432]: unresolved import `crate::test`
[INFO] [stdout]   --> src/shell/commands/doinitd.rs:38:16
[INFO] [stdout]    |
[INFO] [stdout] 38 |     use crate::test::assert_err_re;
[INFO] [stdout]    |                ^^^^
[INFO] [stdout]    |                |
[INFO] [stdout]    |                unresolved import
[INFO] [stdout]    |                help: a similar path exists: `shell::test`
[INFO] [stdout]    |
[INFO] [stdout] note: found an item that was configured out
[INFO] [stdout]   --> src/lib.rs:16:9
[INFO] [stdout]    |
[INFO] [stdout] 16 | pub mod test;
[INFO] [stdout]    |         ^^^^
[INFO] [stdout] note: the item is gated behind the `test` feature
[INFO] [stdout]   --> src/lib.rs:15:7
[INFO] [stdout]    |
[INFO] [stdout] 15 | #[cfg(feature = "test")]
[INFO] [stdout]    |       ^^^^^^^^^^^^^^^^
[INFO] [stdout] 
[INFO] [stdout] 
[INFO] [stdout] error[E0432]: unresolved import `crate::test`
[INFO] [stdout]   --> src/shell/commands/doins.rs:51:16
[INFO] [stdout]    |
[INFO] [stdout] 51 |     use crate::test::assert_err_re;
[INFO] [stdout]    |                ^^^^
[INFO] [stdout]    |                |
[INFO] [stdout]    |                unresolved import
[INFO] [stdout]    |                help: a similar path exists: `shell::test`
[INFO] [stdout]    |
[INFO] [stdout] note: found an item that was configured out
[INFO] [stdout]   --> src/lib.rs:16:9
[INFO] [stdout]    |
[INFO] [stdout] 16 | pub mod test;
[INFO] [stdout]    |         ^^^^
[INFO] [stdout] note: the item is gated behind the `test` feature
[INFO] [stdout]   --> src/lib.rs:15:7
[INFO] [stdout]    |
[INFO] [stdout] 15 | #[cfg(feature = "test")]
[INFO] [stdout]    |       ^^^^^^^^^^^^^^^^
[INFO] [stdout] 
[INFO] [stdout] 
[INFO] [stdout] error[E0432]: unresolved import `crate::test`
[INFO] [stdout]   --> src/shell/commands/dolib.rs:48:16
[INFO] [stdout]    |
[INFO] [stdout] 48 |     use crate::test::assert_err_re;
[INFO] [stdout]    |                ^^^^
[INFO] [stdout]    |                |
[INFO] [stdout]    |                unresolved import
[INFO] [stdout]    |                help: a similar path exists: `shell::test`
[INFO] [stdout]    |
[INFO] [stdout] note: found an item that was configured out
[INFO] [stdout]   --> src/lib.rs:16:9
[INFO] [stdout]    |
[INFO] [stdout] 16 | pub mod test;
[INFO] [stdout]    |         ^^^^
[INFO] [stdout] note: the item is gated behind the `test` feature
[INFO] [stdout]   --> src/lib.rs:15:7
[INFO] [stdout]    |
[INFO] [stdout] 15 | #[cfg(feature = "test")]
[INFO] [stdout]    |       ^^^^^^^^^^^^^^^^
[INFO] [stdout] 
[INFO] [stdout] 
[INFO] [stdout] error[E0432]: unresolved import `crate::test`
[INFO] [stdout]   --> src/shell/commands/dolib_a.rs:27:16
[INFO] [stdout]    |
[INFO] [stdout] 27 |     use crate::test::assert_err_re;
[INFO] [stdout]    |                ^^^^
[INFO] [stdout]    |                |
[INFO] [stdout]    |                unresolved import
[INFO] [stdout]    |                help: a similar path exists: `shell::test`
[INFO] [stdout]    |
[INFO] [stdout] note: found an item that was configured out
[INFO] [stdout]   --> src/lib.rs:16:9
[INFO] [stdout]    |
[INFO] [stdout] 16 | pub mod test;
[INFO] [stdout]    |         ^^^^
[INFO] [stdout] note: the item is gated behind the `test` feature
[INFO] [stdout]   --> src/lib.rs:15:7
[INFO] [stdout]    |
[INFO] [stdout] 15 | #[cfg(feature = "test")]
[INFO] [stdout]    |       ^^^^^^^^^^^^^^^^
[INFO] [stdout] 
[INFO] [stdout] 
[INFO] [stdout] error[E0432]: unresolved import `crate::test`
[INFO] [stdout]   --> src/shell/commands/dolib_so.rs:27:16
[INFO] [stdout]    |
[INFO] [stdout] 27 |     use crate::test::assert_err_re;
[INFO] [stdout]    |                ^^^^
[INFO] [stdout]    |                |
[INFO] [stdout]    |                unresolved import
[INFO] [stdout]    |                help: a similar path exists: `shell::test`
[INFO] [stdout]    |
[INFO] [stdout] note: found an item that was configured out
[INFO] [stdout]   --> src/lib.rs:16:9
[INFO] [stdout]    |
[INFO] [stdout] 16 | pub mod test;
[INFO] [stdout]    |         ^^^^
[INFO] [stdout] note: the item is gated behind the `test` feature
[INFO] [stdout]   --> src/lib.rs:15:7
[INFO] [stdout]    |
[INFO] [stdout] 15 | #[cfg(feature = "test")]
[INFO] [stdout]    |       ^^^^^^^^^^^^^^^^
[INFO] [stdout] 
[INFO] [stdout] 
[INFO] [stdout] error[E0432]: unresolved import `crate::test`
[INFO] [stdout]   --> src/shell/commands/doman.rs:78:16
[INFO] [stdout]    |
[INFO] [stdout] 78 |     use crate::test::assert_err_re;
[INFO] [stdout]    |                ^^^^
[INFO] [stdout]    |                |
[INFO] [stdout]    |                unresolved import
[INFO] [stdout]    |                help: a similar path exists: `shell::test`
[INFO] [stdout]    |
[INFO] [stdout] note: found an item that was configured out
[INFO] [stdout]   --> src/lib.rs:16:9
[INFO] [stdout]    |
[INFO] [stdout] 16 | pub mod test;
[INFO] [stdout]    |         ^^^^
[INFO] [stdout] note: the item is gated behind the `test` feature
[INFO] [stdout]   --> src/lib.rs:15:7
[INFO] [stdout]    |
[INFO] [stdout] 15 | #[cfg(feature = "test")]
[INFO] [stdout]    |       ^^^^^^^^^^^^^^^^
[INFO] [stdout] 
[INFO] [stdout] 
[INFO] [stdout] error[E0432]: unresolved import `crate::test`
[INFO] [stdout]   --> src/shell/commands/domo.rs:60:16
[INFO] [stdout]    |
[INFO] [stdout] 60 |     use crate::test::assert_err_re;
[INFO] [stdout]    |                ^^^^
[INFO] [stdout]    |                |
[INFO] [stdout]    |                unresolved import
[INFO] [stdout]    |                help: a similar path exists: `shell::test`
[INFO] [stdout]    |
[INFO] [stdout] note: found an item that was configured out
[INFO] [stdout]   --> src/lib.rs:16:9
[INFO] [stdout]    |
[INFO] [stdout] 16 | pub mod test;
[INFO] [stdout]    |         ^^^^
[INFO] [stdout] note: the item is gated behind the `test` feature
[INFO] [stdout]   --> src/lib.rs:15:7
[INFO] [stdout]    |
[INFO] [stdout] 15 | #[cfg(feature = "test")]
[INFO] [stdout]    |       ^^^^^^^^^^^^^^^^
[INFO] [stdout] 
[INFO] [stdout] 
[INFO] [stdout] error[E0432]: unresolved import `crate::test`
[INFO] [stdout]   --> src/shell/commands/domo.rs:61:16
[INFO] [stdout]    |
[INFO] [stdout] 61 |     use crate::test::TEST_DATA;
[INFO] [stdout]    |                ^^^^
[INFO] [stdout]    |                |
[INFO] [stdout]    |                unresolved import
[INFO] [stdout]    |                help: a similar path exists: `shell::test`
[INFO] [stdout]    |
[INFO] [stdout] note: found an item that was configured out
[INFO] [stdout]   --> src/lib.rs:16:9
[INFO] [stdout]    |
[INFO] [stdout] 16 | pub mod test;
[INFO] [stdout]    |         ^^^^
[INFO] [stdout] note: the item is gated behind the `test` feature
[INFO] [stdout]   --> src/lib.rs:15:7
[INFO] [stdout]    |
[INFO] [stdout] 15 | #[cfg(feature = "test")]
[INFO] [stdout]    |       ^^^^^^^^^^^^^^^^
[INFO] [stdout] 
[INFO] [stdout] 
[INFO] [stdout] error[E0432]: unresolved import `crate::test`
[INFO] [stdout]   --> src/shell/commands/dosbin.rs:25:16
[INFO] [stdout]    |
[INFO] [stdout] 25 |     use crate::test::assert_err_re;
[INFO] [stdout]    |                ^^^^
[INFO] [stdout]    |                |
[INFO] [stdout]    |                unresolved import
[INFO] [stdout]    |                help: a similar path exists: `shell::test`
[INFO] [stdout]    |
[INFO] [stdout] note: found an item that was configured out
[INFO] [stdout]   --> src/lib.rs:16:9
[INFO] [stdout]    |
[INFO] [stdout] 16 | pub mod test;
[INFO] [stdout]    |         ^^^^
[INFO] [stdout] note: the item is gated behind the `test` feature
[INFO] [stdout]   --> src/lib.rs:15:7
[INFO] [stdout]    |
[INFO] [stdout] 15 | #[cfg(feature = "test")]
[INFO] [stdout]    |       ^^^^^^^^^^^^^^^^
[INFO] [stdout] 
[INFO] [stdout] 
[INFO] [stdout] error[E0432]: unresolved import `crate::test`
[INFO] [stdout]   --> src/shell/commands/dostrip.rs:31:16
[INFO] [stdout]    |
[INFO] [stdout] 31 |     use crate::test::assert_err_re;
[INFO] [stdout]    |                ^^^^
[INFO] [stdout]    |                |
[INFO] [stdout]    |                unresolved import
[INFO] [stdout]    |                help: a similar path exists: `shell::test`
[INFO] [stdout]    |
[INFO] [stdout] note: found an item that was configured out
[INFO] [stdout]   --> src/lib.rs:16:9
[INFO] [stdout]    |
[INFO] [stdout] 16 | pub mod test;
[INFO] [stdout]    |         ^^^^
[INFO] [stdout] note: the item is gated behind the `test` feature
[INFO] [stdout]   --> src/lib.rs:15:7
[INFO] [stdout]    |
[INFO] [stdout] 15 | #[cfg(feature = "test")]
[INFO] [stdout]    |       ^^^^^^^^^^^^^^^^
[INFO] [stdout] 
[INFO] [stdout] 
[INFO] [stdout] error[E0432]: unresolved import `crate::test`
[INFO] [stdout]   --> src/shell/commands/dosym.rs:65:16
[INFO] [stdout]    |
[INFO] [stdout] 65 |     use crate::test::assert_err_re;
[INFO] [stdout]    |                ^^^^
[INFO] [stdout]    |                |
[INFO] [stdout]    |                unresolved import
[INFO] [stdout]    |                help: a similar path exists: `shell::test`
[INFO] [stdout]    |
[INFO] [stdout] note: found an item that was configured out
[INFO] [stdout]   --> src/lib.rs:16:9
[INFO] [stdout]    |
[INFO] [stdout] 16 | pub mod test;
[INFO] [stdout]    |         ^^^^
[INFO] [stdout] note: the item is gated behind the `test` feature
[INFO] [stdout]   --> src/lib.rs:15:7
[INFO] [stdout]    |
[INFO] [stdout] 15 | #[cfg(feature = "test")]
[INFO] [stdout]    |       ^^^^^^^^^^^^^^^^
[INFO] [stdout] 
[INFO] [stdout] 
[INFO] [stdout] error[E0432]: unresolved import `crate::test`
[INFO] [stdout]    --> src/shell/commands/eapply.rs:161:16
[INFO] [stdout]     |
[INFO] [stdout] 161 |     use crate::test::assert_err_re;
[INFO] [stdout]     |                ^^^^
[INFO] [stdout]     |                |
[INFO] [stdout]     |                unresolved import
[INFO] [stdout]     |                help: a similar path exists: `shell::test`
[INFO] [stdout]     |
[INFO] [stdout] note: found an item that was configured out
[INFO] [stdout]    --> src/lib.rs:16:9
[INFO] [stdout]     |
[INFO] [stdout] 16  | pub mod test;
[INFO] [stdout]     |         ^^^^
[INFO] [stdout] note: the item is gated behind the `test` feature
[INFO] [stdout]    --> src/lib.rs:15:7
[INFO] [stdout]     |
[INFO] [stdout] 15  | #[cfg(feature = "test")]
[INFO] [stdout]     |       ^^^^^^^^^^^^^^^^
[INFO] [stdout] 
[INFO] [stdout] 
[INFO] [stdout] error[E0432]: unresolved import `crate::test`
[INFO] [stdout]   --> src/shell/commands/eapply_user.rs:39:16
[INFO] [stdout]    |
[INFO] [stdout] 39 |     use crate::test::assert_err_re;
[INFO] [stdout]    |                ^^^^
[INFO] [stdout]    |                |
[INFO] [stdout]    |                unresolved import
[INFO] [stdout]    |                help: a similar path exists: `shell::test`
[INFO] [stdout]    |
[INFO] [stdout] note: found an item that was configured out
[INFO] [stdout]   --> src/lib.rs:16:9
[INFO] [stdout]    |
[INFO] [stdout] 16 | pub mod test;
[INFO] [stdout]    |         ^^^^
[INFO] [stdout] note: the item is gated behind the `test` feature
[INFO] [stdout]   --> src/lib.rs:15:7
[INFO] [stdout]    |
[INFO] [stdout] 15 | #[cfg(feature = "test")]
[INFO] [stdout]    |       ^^^^^^^^^^^^^^^^
[INFO] [stdout] 
[INFO] [stdout] 
[INFO] [stdout] error[E0432]: unresolved import `crate::test`
[INFO] [stdout]   --> src/shell/commands/eapply_user.rs:40:16
[INFO] [stdout]    |
[INFO] [stdout] 40 |     use crate::test::TEST_DATA;
[INFO] [stdout]    |                ^^^^
[INFO] [stdout]    |                |
[INFO] [stdout]    |                unresolved import
[INFO] [stdout]    |                help: a similar path exists: `shell::test`
[INFO] [stdout]    |
[INFO] [stdout] note: found an item that was configured out
[INFO] [stdout]   --> src/lib.rs:16:9
[INFO] [stdout]    |
[INFO] [stdout] 16 | pub mod test;
[INFO] [stdout]    |         ^^^^
[INFO] [stdout] note: the item is gated behind the `test` feature
[INFO] [stdout]   --> src/lib.rs:15:7
[INFO] [stdout]    |
[INFO] [stdout] 15 | #[cfg(feature = "test")]
[INFO] [stdout]    |       ^^^^^^^^^^^^^^^^
[INFO] [stdout] 
[INFO] [stdout] 
[INFO] [stdout] error[E0432]: unresolved import `crate::test`
[INFO] [stdout]    --> src/shell/commands/econf.rs:126:16
[INFO] [stdout]     |
[INFO] [stdout] 126 |     use crate::test::assert_err_re;
[INFO] [stdout]     |                ^^^^
[INFO] [stdout]     |                |
[INFO] [stdout]     |                unresolved import
[INFO] [stdout]     |                help: a similar path exists: `shell::test`
[INFO] [stdout]     |
[INFO] [stdout] note: found an item that was configured out
[INFO] [stdout]    --> src/lib.rs:16:9
[INFO] [stdout]     |
[INFO] [stdout] 16  | pub mod test;
[INFO] [stdout]     |         ^^^^
[INFO] [stdout] note: the item is gated behind the `test` feature
[INFO] [stdout]    --> src/lib.rs:15:7
[INFO] [stdout]     |
[INFO] [stdout] 15  | #[cfg(feature = "test")]
[INFO] [stdout]     |       ^^^^^^^^^^^^^^^^
[INFO] [stdout] 
[INFO] [stdout] 
[INFO] [stdout] error[E0432]: unresolved import `crate::test`
[INFO] [stdout]   --> src/shell/commands/eend.rs:39:16
[INFO] [stdout]    |
[INFO] [stdout] 39 |     use crate::test::assert_err_re;
[INFO] [stdout]    |                ^^^^
[INFO] [stdout]    |                |
[INFO] [stdout]    |                unresolved import
[INFO] [stdout]    |                help: a similar path exists: `shell::test`
[INFO] [stdout]    |
[INFO] [stdout] note: found an item that was configured out
[INFO] [stdout]   --> src/lib.rs:16:9
[INFO] [stdout]    |
[INFO] [stdout] 16 | pub mod test;
[INFO] [stdout]    |         ^^^^
[INFO] [stdout] note: the item is gated behind the `test` feature
[INFO] [stdout]   --> src/lib.rs:15:7
[INFO] [stdout]    |
[INFO] [stdout] 15 | #[cfg(feature = "test")]
[INFO] [stdout]    |       ^^^^^^^^^^^^^^^^
[INFO] [stdout] 
[INFO] [stdout] 
[INFO] [stdout] error[E0432]: unresolved import `crate::test`
[INFO] [stdout]    --> src/shell/commands/einstalldocs.rs:104:16
[INFO] [stdout]     |
[INFO] [stdout] 104 |     use crate::test::assert_err_re;
[INFO] [stdout]     |                ^^^^
[INFO] [stdout]     |                |
[INFO] [stdout]     |                unresolved import
[INFO] [stdout]     |                help: a similar path exists: `shell::test`
[INFO] [stdout]     |
[INFO] [stdout] note: found an item that was configured out
[INFO] [stdout]    --> src/lib.rs:16:9
[INFO] [stdout]     |
[INFO] [stdout] 16  | pub mod test;
[INFO] [stdout]     |         ^^^^
[INFO] [stdout] note: the item is gated behind the `test` feature
[INFO] [stdout]    --> src/lib.rs:15:7
[INFO] [stdout]     |
[INFO] [stdout] 15  | #[cfg(feature = "test")]
[INFO] [stdout]     |       ^^^^^^^^^^^^^^^^
[INFO] [stdout] 
[INFO] [stdout] 
[INFO] [stdout] error[E0432]: unresolved import `crate::test`
[INFO] [stdout]    --> src/shell/commands/einstalldocs.rs:105:16
[INFO] [stdout]     |
[INFO] [stdout] 105 |     use crate::test::TEST_DATA;
[INFO] [stdout]     |                ^^^^
[INFO] [stdout]     |                |
[INFO] [stdout]     |                unresolved import
[INFO] [stdout]     |                help: a similar path exists: `shell::test`
[INFO] [stdout]     |
[INFO] [stdout] note: found an item that was configured out
[INFO] [stdout]    --> src/lib.rs:16:9
[INFO] [stdout]     |
[INFO] [stdout] 16  | pub mod test;
[INFO] [stdout]     |         ^^^^
[INFO] [stdout] note: the item is gated behind the `test` feature
[INFO] [stdout]    --> src/lib.rs:15:7
[INFO] [stdout]     |
[INFO] [stdout] 15  | #[cfg(feature = "test")]
[INFO] [stdout]     |       ^^^^^^^^^^^^^^^^
[INFO] [stdout] 
[INFO] [stdout] 
[INFO] [stdout] error[E0432]: unresolved import `crate::test`
[INFO] [stdout]   --> src/shell/commands/emake.rs:50:16
[INFO] [stdout]    |
[INFO] [stdout] 50 |     use crate::test::assert_err_re;
[INFO] [stdout]    |                ^^^^
[INFO] [stdout]    |                |
[INFO] [stdout]    |                unresolved import
[INFO] [stdout]    |                help: a similar path exists: `shell::test`
[INFO] [stdout]    |
[INFO] [stdout] note: found an item that was configured out
[INFO] [stdout]   --> src/lib.rs:16:9
[INFO] [stdout]    |
[INFO] [stdout] 16 | pub mod test;
[INFO] [stdout]    |         ^^^^
[INFO] [stdout] note: the item is gated behind the `test` feature
[INFO] [stdout]   --> src/lib.rs:15:7
[INFO] [stdout]    |
[INFO] [stdout] 15 | #[cfg(feature = "test")]
[INFO] [stdout]    |       ^^^^^^^^^^^^^^^^
[INFO] [stdout] 
[INFO] [stdout] 
[INFO] [stdout] error[E0432]: unresolved import `crate::test`
[INFO] [stdout]   --> src/shell/commands/export_functions.rs:48:16
[INFO] [stdout]    |
[INFO] [stdout] 48 |     use crate::test::assert_err_re;
[INFO] [stdout]    |                ^^^^
[INFO] [stdout]    |                |
[INFO] [stdout]    |                unresolved import
[INFO] [stdout]    |                help: a similar path exists: `shell::test`
[INFO] [stdout]    |
[INFO] [stdout] note: found an item that was configured out
[INFO] [stdout]   --> src/lib.rs:16:9
[INFO] [stdout]    |
[INFO] [stdout] 16 | pub mod test;
[INFO] [stdout]    |         ^^^^
[INFO] [stdout] note: the item is gated behind the `test` feature
[INFO] [stdout]   --> src/lib.rs:15:7
[INFO] [stdout]    |
[INFO] [stdout] 15 | #[cfg(feature = "test")]
[INFO] [stdout]    |       ^^^^^^^^^^^^^^^^
[INFO] [stdout] 
[INFO] [stdout] 
[INFO] [stdout] error[E0432]: unresolved import `crate::test`
[INFO] [stdout]   --> src/shell/commands/fowners.rs:36:16
[INFO] [stdout]    |
[INFO] [stdout] 36 |     use crate::test::assert_err_re;
[INFO] [stdout]    |                ^^^^
[INFO] [stdout]    |                |
[INFO] [stdout]    |                unresolved import
[INFO] [stdout]    |                help: a similar path exists: `shell::test`
[INFO] [stdout]    |
[INFO] [stdout] note: found an item that was configured out
[INFO] [stdout]   --> src/lib.rs:16:9
[INFO] [stdout]    |
[INFO] [stdout] 16 | pub mod test;
[INFO] [stdout]    |         ^^^^
[INFO] [stdout] note: the item is gated behind the `test` feature
[INFO] [stdout]   --> src/lib.rs:15:7
[INFO] [stdout]    |
[INFO] [stdout] 15 | #[cfg(feature = "test")]
[INFO] [stdout]    |       ^^^^^^^^^^^^^^^^
[INFO] [stdout] 
[INFO] [stdout] 
[INFO] [stdout] error[E0432]: unresolved import `crate::test`
[INFO] [stdout]   --> src/shell/commands/fperms.rs:36:16
[INFO] [stdout]    |
[INFO] [stdout] 36 |     use crate::test::assert_err_re;
[INFO] [stdout]    |                ^^^^
[INFO] [stdout]    |                |
[INFO] [stdout]    |                unresolved import
[INFO] [stdout]    |                help: a similar path exists: `shell::test`
[INFO] [stdout]    |
[INFO] [stdout] note: found an item that was configured out
[INFO] [stdout]   --> src/lib.rs:16:9
[INFO] [stdout]    |
[INFO] [stdout] 16 | pub mod test;
[INFO] [stdout]    |         ^^^^
[INFO] [stdout] note: the item is gated behind the `test` feature
[INFO] [stdout]   --> src/lib.rs:15:7
[INFO] [stdout]    |
[INFO] [stdout] 15 | #[cfg(feature = "test")]
[INFO] [stdout]    |       ^^^^^^^^^^^^^^^^
[INFO] [stdout] 
[INFO] [stdout] 
[INFO] [stdout] error[E0432]: unresolved import `crate::test`
[INFO] [stdout]   --> src/shell/commands/inherit.rs:89:16
[INFO] [stdout]    |
[INFO] [stdout] 89 |     use crate::test::assert_err_re;
[INFO] [stdout]    |                ^^^^
[INFO] [stdout]    |                |
[INFO] [stdout]    |                unresolved import
[INFO] [stdout]    |                help: a similar path exists: `shell::test`
[INFO] [stdout]    |
[INFO] [stdout] note: found an item that was configured out
[INFO] [stdout]   --> src/lib.rs:16:9
[INFO] [stdout]    |
[INFO] [stdout] 16 | pub mod test;
[INFO] [stdout]    |         ^^^^
[INFO] [stdout] note: the item is gated behind the `test` feature
[INFO] [stdout]   --> src/lib.rs:15:7
[INFO] [stdout]    |
[INFO] [stdout] 15 | #[cfg(feature = "test")]
[INFO] [stdout]    |       ^^^^^^^^^^^^^^^^
[INFO] [stdout] 
[INFO] [stdout] 
[INFO] [stdout] error[E0432]: unresolved import `crate::test`
[INFO] [stdout]   --> src/shell/commands/inherit.rs:90:16
[INFO] [stdout]    |
[INFO] [stdout] 90 |     use crate::test::{assert_ordered_eq, TEST_DATA};
[INFO] [stdout]    |                ^^^^
[INFO] [stdout]    |                |
[INFO] [stdout]    |                unresolved import
[INFO] [stdout]    |                help: a similar path exists: `shell::test`
[INFO] [stdout]    |
[INFO] [stdout] note: found an item that was configured out
[INFO] [stdout]   --> src/lib.rs:16:9
[INFO] [stdout]    |
[INFO] [stdout] 16 | pub mod test;
[INFO] [stdout]    |         ^^^^
[INFO] [stdout] note: the item is gated behind the `test` feature
[INFO] [stdout]   --> src/lib.rs:15:7
[INFO] [stdout]    |
[INFO] [stdout] 15 | #[cfg(feature = "test")]
[INFO] [stdout]    |       ^^^^^^^^^^^^^^^^
[INFO] [stdout] 
[INFO] [stdout] 
[INFO] [stdout] error[E0432]: unresolved import `crate::test`
[INFO] [stdout]   --> src/shell/commands/newdoc.rs:24:16
[INFO] [stdout]    |
[INFO] [stdout] 24 |     use crate::test::TEST_DATA;
[INFO] [stdout]    |                ^^^^
[INFO] [stdout]    |                |
[INFO] [stdout]    |                unresolved import
[INFO] [stdout]    |                help: a similar path exists: `shell::test`
[INFO] [stdout]    |
[INFO] [stdout] note: found an item that was configured out
[INFO] [stdout]   --> src/lib.rs:16:9
[INFO] [stdout]    |
[INFO] [stdout] 16 | pub mod test;
[INFO] [stdout]    |         ^^^^
[INFO] [stdout] note: the item is gated behind the `test` feature
[INFO] [stdout]   --> src/lib.rs:15:7
[INFO] [stdout]    |
[INFO] [stdout] 15 | #[cfg(feature = "test")]
[INFO] [stdout]    |       ^^^^^^^^^^^^^^^^
[INFO] [stdout] 
[INFO] [stdout] 
[INFO] [stdout] error[E0432]: unresolved import `crate::test`
[INFO] [stdout]    --> src/shell/commands/unpack.rs:128:16
[INFO] [stdout]     |
[INFO] [stdout] 128 |     use crate::test::assert_err_re;
[INFO] [stdout]     |                ^^^^
[INFO] [stdout]     |                |
[INFO] [stdout]     |                unresolved import
[INFO] [stdout]     |                help: a similar path exists: `shell::test`
[INFO] [stdout]     |
[INFO] [stdout] note: found an item that was configured out
[INFO] [stdout]    --> src/lib.rs:16:9
[INFO] [stdout]     |
[INFO] [stdout] 16  | pub mod test;
[INFO] [stdout]     |         ^^^^
[INFO] [stdout] note: the item is gated behind the `test` feature
[INFO] [stdout]    --> src/lib.rs:15:7
[INFO] [stdout]     |
[INFO] [stdout] 15  | #[cfg(feature = "test")]
[INFO] [stdout]     |       ^^^^^^^^^^^^^^^^
[INFO] [stdout] 
[INFO] [stdout] 
[INFO] [stdout] error[E0432]: unresolved import `crate::test`
[INFO] [stdout]   --> src/shell/commands/use_.rs:42:16
[INFO] [stdout]    |
[INFO] [stdout] 42 |     use crate::test::assert_err_re;
[INFO] [stdout]    |                ^^^^
[INFO] [stdout]    |                |
[INFO] [stdout]    |                unresolved import
[INFO] [stdout]    |                help: a similar path exists: `shell::test`
[INFO] [stdout]    |
[INFO] [stdout] note: found an item that was configured out
[INFO] [stdout]   --> src/lib.rs:16:9
[INFO] [stdout]    |
[INFO] [stdout] 16 | pub mod test;
[INFO] [stdout]    |         ^^^^
[INFO] [stdout] note: the item is gated behind the `test` feature
[INFO] [stdout]   --> src/lib.rs:15:7
[INFO] [stdout]    |
[INFO] [stdout] 15 | #[cfg(feature = "test")]
[INFO] [stdout]    |       ^^^^^^^^^^^^^^^^
[INFO] [stdout] 
[INFO] [stdout] 
[INFO] [stdout] error[E0432]: unresolved import `crate::test`
[INFO] [stdout]   --> src/shell/commands/use_.rs:43:16
[INFO] [stdout]    |
[INFO] [stdout] 43 |     use crate::test::TEST_DATA;
[INFO] [stdout]    |                ^^^^
[INFO] [stdout]    |                |
[INFO] [stdout]    |                unresolved import
[INFO] [stdout]    |                help: a similar path exists: `shell::test`
[INFO] [stdout]    |
[INFO] [stdout] note: found an item that was configured out
[INFO] [stdout]   --> src/lib.rs:16:9
[INFO] [stdout]    |
[INFO] [stdout] 16 | pub mod test;
[INFO] [stdout]    |         ^^^^
[INFO] [stdout] note: the item is gated behind the `test` feature
[INFO] [stdout]   --> src/lib.rs:15:7
[INFO] [stdout]    |
[INFO] [stdout] 15 | #[cfg(feature = "test")]
[INFO] [stdout]    |       ^^^^^^^^^^^^^^^^
[INFO] [stdout] 
[INFO] [stdout] 
[INFO] [stdout] error[E0432]: unresolved import `crate::test`
[INFO] [stdout]   --> src/shell/commands/use_enable.rs:22:16
[INFO] [stdout]    |
[INFO] [stdout] 22 |     use crate::test::assert_err_re;
[INFO] [stdout]    |                ^^^^
[INFO] [stdout]    |                |
[INFO] [stdout]    |                unresolved import
[INFO] [stdout]    |                help: a similar path exists: `shell::test`
[INFO] [stdout]    |
[INFO] [stdout] note: found an item that was configured out
[INFO] [stdout]   --> src/lib.rs:16:9
[INFO] [stdout]    |
[INFO] [stdout] 16 | pub mod test;
[INFO] [stdout]    |         ^^^^
[INFO] [stdout] note: the item is gated behind the `test` feature
[INFO] [stdout]   --> src/lib.rs:15:7
[INFO] [stdout]    |
[INFO] [stdout] 15 | #[cfg(feature = "test")]
[INFO] [stdout]    |       ^^^^^^^^^^^^^^^^
[INFO] [stdout] 
[INFO] [stdout] 
[INFO] [stdout] error[E0432]: unresolved import `crate::test`
[INFO] [stdout]   --> src/shell/commands/use_enable.rs:23:16
[INFO] [stdout]    |
[INFO] [stdout] 23 |     use crate::test::TEST_DATA;
[INFO] [stdout]    |                ^^^^
[INFO] [stdout]    |                |
[INFO] [stdout]    |                unresolved import
[INFO] [stdout]    |                help: a similar path exists: `shell::test`
[INFO] [stdout]    |
[INFO] [stdout] note: found an item that was configured out
[INFO] [stdout]   --> src/lib.rs:16:9
[INFO] [stdout]    |
[INFO] [stdout] 16 | pub mod test;
[INFO] [stdout]    |         ^^^^
[INFO] [stdout] note: the item is gated behind the `test` feature
[INFO] [stdout]   --> src/lib.rs:15:7
[INFO] [stdout]    |
[INFO] [stdout] 15 | #[cfg(feature = "test")]
[INFO] [stdout]    |       ^^^^^^^^^^^^^^^^
[INFO] [stdout] 
[INFO] [stdout] 
[INFO] [stdout] error[E0432]: unresolved import `crate::test`
[INFO] [stdout]   --> src/shell/commands/use_with.rs:22:16
[INFO] [stdout]    |
[INFO] [stdout] 22 |     use crate::test::assert_err_re;
[INFO] [stdout]    |                ^^^^
[INFO] [stdout]    |                |
[INFO] [stdout]    |                unresolved import
[INFO] [stdout]    |                help: a similar path exists: `shell::test`
[INFO] [stdout]    |
[INFO] [stdout] note: found an item that was configured out
[INFO] [stdout]   --> src/lib.rs:16:9
[INFO] [stdout]    |
[INFO] [stdout] 16 | pub mod test;
[INFO] [stdout]    |         ^^^^
[INFO] [stdout] note: the item is gated behind the `test` feature
[INFO] [stdout]   --> src/lib.rs:15:7
[INFO] [stdout]    |
[INFO] [stdout] 15 | #[cfg(feature = "test")]
[INFO] [stdout]    |       ^^^^^^^^^^^^^^^^
[INFO] [stdout] 
[INFO] [stdout] 
[INFO] [stdout] error[E0432]: unresolved import `crate::test`
[INFO] [stdout]   --> src/shell/commands/use_with.rs:23:16
[INFO] [stdout]    |
[INFO] [stdout] 23 |     use crate::test::TEST_DATA;
[INFO] [stdout]    |                ^^^^
[INFO] [stdout]    |                |
[INFO] [stdout]    |                unresolved import
[INFO] [stdout]    |                help: a similar path exists: `shell::test`
[INFO] [stdout]    |
[INFO] [stdout] note: found an item that was configured out
[INFO] [stdout]   --> src/lib.rs:16:9
[INFO] [stdout]    |
[INFO] [stdout] 16 | pub mod test;
[INFO] [stdout]    |         ^^^^
[INFO] [stdout] note: the item is gated behind the `test` feature
[INFO] [stdout]   --> src/lib.rs:15:7
[INFO] [stdout]    |
[INFO] [stdout] 15 | #[cfg(feature = "test")]
[INFO] [stdout]    |       ^^^^^^^^^^^^^^^^
[INFO] [stdout] 
[INFO] [stdout] 
[INFO] [stdout] error[E0432]: unresolved import `crate::test`
[INFO] [stdout]   --> src/shell/commands/useq.rs:20:16
[INFO] [stdout]    |
[INFO] [stdout] 20 |     use crate::test::assert_err_re;
[INFO] [stdout]    |                ^^^^
[INFO] [stdout]    |                |
[INFO] [stdout]    |                unresolved import
[INFO] [stdout]    |                help: a similar path exists: `shell::test`
[INFO] [stdout]    |
[INFO] [stdout] note: found an item that was configured out
[INFO] [stdout]   --> src/lib.rs:16:9
[INFO] [stdout]    |
[INFO] [stdout] 16 | pub mod test;
[INFO] [stdout]    |         ^^^^
[INFO] [stdout] note: the item is gated behind the `test` feature
[INFO] [stdout]   --> src/lib.rs:15:7
[INFO] [stdout]    |
[INFO] [stdout] 15 | #[cfg(feature = "test")]
[INFO] [stdout]    |       ^^^^^^^^^^^^^^^^
[INFO] [stdout] 
[INFO] [stdout] 
[INFO] [stdout] error[E0432]: unresolved import `crate::test`
[INFO] [stdout]   --> src/shell/commands/useq.rs:21:16
[INFO] [stdout]    |
[INFO] [stdout] 21 |     use crate::test::TEST_DATA;
[INFO] [stdout]    |                ^^^^
[INFO] [stdout]    |                |
[INFO] [stdout]    |                unresolved import
[INFO] [stdout]    |                help: a similar path exists: `shell::test`
[INFO] [stdout]    |
[INFO] [stdout] note: found an item that was configured out
[INFO] [stdout]   --> src/lib.rs:16:9
[INFO] [stdout]    |
[INFO] [stdout] 16 | pub mod test;
[INFO] [stdout]    |         ^^^^
[INFO] [stdout] note: the item is gated behind the `test` feature
[INFO] [stdout]   --> src/lib.rs:15:7
[INFO] [stdout]    |
[INFO] [stdout] 15 | #[cfg(feature = "test")]
[INFO] [stdout]    |       ^^^^^^^^^^^^^^^^
[INFO] [stdout] 
[INFO] [stdout] 
[INFO] [stdout] error[E0432]: unresolved import `crate::test`
[INFO] [stdout]   --> src/shell/commands/usev.rs:37:16
[INFO] [stdout]    |
[INFO] [stdout] 37 |     use crate::test::assert_err_re;
[INFO] [stdout]    |                ^^^^
[INFO] [stdout]    |                |
[INFO] [stdout]    |                unresolved import
[INFO] [stdout]    |                help: a similar path exists: `shell::test`
[INFO] [stdout]    |
[INFO] [stdout] note: found an item that was configured out
[INFO] [stdout]   --> src/lib.rs:16:9
[INFO] [stdout]    |
[INFO] [stdout] 16 | pub mod test;
[INFO] [stdout]    |         ^^^^
[INFO] [stdout] note: the item is gated behind the `test` feature
[INFO] [stdout]   --> src/lib.rs:15:7
[INFO] [stdout]    |
[INFO] [stdout] 15 | #[cfg(feature = "test")]
[INFO] [stdout]    |       ^^^^^^^^^^^^^^^^
[INFO] [stdout] 
[INFO] [stdout] 
[INFO] [stdout] error[E0432]: unresolved import `crate::test`
[INFO] [stdout]   --> src/shell/commands/usev.rs:38:16
[INFO] [stdout]    |
[INFO] [stdout] 38 |     use crate::test::TEST_DATA;
[INFO] [stdout]    |                ^^^^
[INFO] [stdout]    |                |
[INFO] [stdout]    |                unresolved import
[INFO] [stdout]    |                help: a similar path exists: `shell::test`
[INFO] [stdout]    |
[INFO] [stdout] note: found an item that was configured out
[INFO] [stdout]   --> src/lib.rs:16:9
[INFO] [stdout]    |
[INFO] [stdout] 16 | pub mod test;
[INFO] [stdout]    |         ^^^^
[INFO] [stdout] note: the item is gated behind the `test` feature
[INFO] [stdout]   --> src/lib.rs:15:7
[INFO] [stdout]    |
[INFO] [stdout] 15 | #[cfg(feature = "test")]
[INFO] [stdout]    |       ^^^^^^^^^^^^^^^^
[INFO] [stdout] 
[INFO] [stdout] 
[INFO] [stdout] error[E0432]: unresolved import `crate::test`
[INFO] [stdout]   --> src/shell/commands/usex.rs:41:16
[INFO] [stdout]    |
[INFO] [stdout] 41 |     use crate::test::assert_err_re;
[INFO] [stdout]    |                ^^^^
[INFO] [stdout]    |                |
[INFO] [stdout]    |                unresolved import
[INFO] [stdout]    |                help: a similar path exists: `shell::test`
[INFO] [stdout]    |
[INFO] [stdout] note: found an item that was configured out
[INFO] [stdout]   --> src/lib.rs:16:9
[INFO] [stdout]    |
[INFO] [stdout] 16 | pub mod test;
[INFO] [stdout]    |         ^^^^
[INFO] [stdout] note: the item is gated behind the `test` feature
[INFO] [stdout]   --> src/lib.rs:15:7
[INFO] [stdout]    |
[INFO] [stdout] 15 | #[cfg(feature = "test")]
[INFO] [stdout]    |       ^^^^^^^^^^^^^^^^
[INFO] [stdout] 
[INFO] [stdout] 
[INFO] [stdout] error[E0432]: unresolved import `crate::test`
[INFO] [stdout]   --> src/shell/commands/usex.rs:42:16
[INFO] [stdout]    |
[INFO] [stdout] 42 |     use crate::test::TEST_DATA;
[INFO] [stdout]    |                ^^^^
[INFO] [stdout]    |                |
[INFO] [stdout]    |                unresolved import
[INFO] [stdout]    |                help: a similar path exists: `shell::test`
[INFO] [stdout]    |
[INFO] [stdout] note: found an item that was configured out
[INFO] [stdout]   --> src/lib.rs:16:9
[INFO] [stdout]    |
[INFO] [stdout] 16 | pub mod test;
[INFO] [stdout]    |         ^^^^
[INFO] [stdout] note: the item is gated behind the `test` feature
[INFO] [stdout]   --> src/lib.rs:15:7
[INFO] [stdout]    |
[INFO] [stdout] 15 | #[cfg(feature = "test")]
[INFO] [stdout]    |       ^^^^^^^^^^^^^^^^
[INFO] [stdout] 
[INFO] [stdout] 
[INFO] [stdout] error[E0432]: unresolved import `crate::test`
[INFO] [stdout]   --> src/shell/commands/ver_cut.rs:44:16
[INFO] [stdout]    |
[INFO] [stdout] 44 |     use crate::test::assert_err_re;
[INFO] [stdout]    |                ^^^^
[INFO] [stdout]    |                |
[INFO] [stdout]    |                unresolved import
[INFO] [stdout]    |                help: a similar path exists: `shell::test`
[INFO] [stdout]    |
[INFO] [stdout] note: found an item that was configured out
[INFO] [stdout]   --> src/lib.rs:16:9
[INFO] [stdout]    |
[INFO] [stdout] 16 | pub mod test;
[INFO] [stdout]    |         ^^^^
[INFO] [stdout] note: the item is gated behind the `test` feature
[INFO] [stdout]   --> src/lib.rs:15:7
[INFO] [stdout]    |
[INFO] [stdout] 15 | #[cfg(feature = "test")]
[INFO] [stdout]    |       ^^^^^^^^^^^^^^^^
[INFO] [stdout] 
[INFO] [stdout] 
[INFO] [stdout] error[E0432]: unresolved import `crate::test`
[INFO] [stdout]   --> src/shell/commands/ver_cut.rs:45:16
[INFO] [stdout]    |
[INFO] [stdout] 45 |     use crate::test::TEST_DATA;
[INFO] [stdout]    |                ^^^^
[INFO] [stdout]    |                |
[INFO] [stdout]    |                unresolved import
[INFO] [stdout]    |                help: a similar path exists: `shell::test`
[INFO] [stdout]    |
[INFO] [stdout] note: found an item that was configured out
[INFO] [stdout]   --> src/lib.rs:16:9
[INFO] [stdout]    |
[INFO] [stdout] 16 | pub mod test;
[INFO] [stdout]    |         ^^^^
[INFO] [stdout] note: the item is gated behind the `test` feature
[INFO] [stdout]   --> src/lib.rs:15:7
[INFO] [stdout]    |
[INFO] [stdout] 15 | #[cfg(feature = "test")]
[INFO] [stdout]    |       ^^^^^^^^^^^^^^^^
[INFO] [stdout] 
[INFO] [stdout] 
[INFO] [stdout] error[E0432]: unresolved import `crate::test`
[INFO] [stdout]   --> src/shell/commands/ver_rs.rs:58:16
[INFO] [stdout]    |
[INFO] [stdout] 58 |     use crate::test::assert_err_re;
[INFO] [stdout]    |                ^^^^
[INFO] [stdout]    |                |
[INFO] [stdout]    |                unresolved import
[INFO] [stdout]    |                help: a similar path exists: `shell::test`
[INFO] [stdout]    |
[INFO] [stdout] note: found an item that was configured out
[INFO] [stdout]   --> src/lib.rs:16:9
[INFO] [stdout]    |
[INFO] [stdout] 16 | pub mod test;
[INFO] [stdout]    |         ^^^^
[INFO] [stdout] note: the item is gated behind the `test` feature
[INFO] [stdout]   --> src/lib.rs:15:7
[INFO] [stdout]    |
[INFO] [stdout] 15 | #[cfg(feature = "test")]
[INFO] [stdout]    |       ^^^^^^^^^^^^^^^^
[INFO] [stdout] 
[INFO] [stdout] 
[INFO] [stdout] error[E0432]: unresolved import `crate::test`
[INFO] [stdout]   --> src/shell/commands/ver_rs.rs:59:16
[INFO] [stdout]    |
[INFO] [stdout] 59 |     use crate::test::TEST_DATA;
[INFO] [stdout]    |                ^^^^
[INFO] [stdout]    |                |
[INFO] [stdout]    |                unresolved import
[INFO] [stdout]    |                help: a similar path exists: `shell::test`
[INFO] [stdout]    |
[INFO] [stdout] note: found an item that was configured out
[INFO] [stdout]   --> src/lib.rs:16:9
[INFO] [stdout]    |
[INFO] [stdout] 16 | pub mod test;
[INFO] [stdout]    |         ^^^^
[INFO] [stdout] note: the item is gated behind the `test` feature
[INFO] [stdout]   --> src/lib.rs:15:7
[INFO] [stdout]    |
[INFO] [stdout] 15 | #[cfg(feature = "test")]
[INFO] [stdout]    |       ^^^^^^^^^^^^^^^^
[INFO] [stdout] 
[INFO] [stdout] 
[INFO] [stdout] error[E0432]: unresolved import `crate::test`
[INFO] [stdout]   --> src/shell/commands/ver_test.rs:48:16
[INFO] [stdout]    |
[INFO] [stdout] 48 |     use crate::test::assert_err_re;
[INFO] [stdout]    |                ^^^^
[INFO] [stdout]    |                |
[INFO] [stdout]    |                unresolved import
[INFO] [stdout]    |                help: a similar path exists: `shell::test`
[INFO] [stdout]    |
[INFO] [stdout] note: found an item that was configured out
[INFO] [stdout]   --> src/lib.rs:16:9
[INFO] [stdout]    |
[INFO] [stdout] 16 | pub mod test;
[INFO] [stdout]    |         ^^^^
[INFO] [stdout] note: the item is gated behind the `test` feature
[INFO] [stdout]   --> src/lib.rs:15:7
[INFO] [stdout]    |
[INFO] [stdout] 15 | #[cfg(feature = "test")]
[INFO] [stdout]    |       ^^^^^^^^^^^^^^^^
[INFO] [stdout] 
[INFO] [stdout] 
[INFO] [stdout] error[E0432]: unresolved import `crate::test`
[INFO] [stdout]   --> src/shell/commands/ver_test.rs:49:16
[INFO] [stdout]    |
[INFO] [stdout] 49 |     use crate::test::TEST_DATA;
[INFO] [stdout]    |                ^^^^
[INFO] [stdout]    |                |
[INFO] [stdout]    |                unresolved import
[INFO] [stdout]    |                help: a similar path exists: `shell::test`
[INFO] [stdout]    |
[INFO] [stdout] note: found an item that was configured out
[INFO] [stdout]   --> src/lib.rs:16:9
[INFO] [stdout]    |
[INFO] [stdout] 16 | pub mod test;
[INFO] [stdout]    |         ^^^^
[INFO] [stdout] note: the item is gated behind the `test` feature
[INFO] [stdout]   --> src/lib.rs:15:7
[INFO] [stdout]    |
[INFO] [stdout] 15 | #[cfg(feature = "test")]
[INFO] [stdout]    |       ^^^^^^^^^^^^^^^^
[INFO] [stdout] 
[INFO] [stdout] 
[INFO] [stdout] error[E0432]: unresolved import `crate::test`
[INFO] [stdout]    --> src/shell/install.rs:369:16
[INFO] [stdout]     |
[INFO] [stdout] 369 |     use crate::test::assert_err_re;
[INFO] [stdout]     |                ^^^^
[INFO] [stdout]     |                |
[INFO] [stdout]     |                unresolved import
[INFO] [stdout]     |                help: a similar path exists: `shell::test`
[INFO] [stdout]     |
[INFO] [stdout] note: found an item that was configured out
[INFO] [stdout]    --> src/lib.rs:16:9
[INFO] [stdout]     |
[INFO] [stdout] 16  | pub mod test;
[INFO] [stdout]     |         ^^^^
[INFO] [stdout] note: the item is gated behind the `test` feature
[INFO] [stdout]    --> src/lib.rs:15:7
[INFO] [stdout]     |
[INFO] [stdout] 15  | #[cfg(feature = "test")]
[INFO] [stdout]     |       ^^^^^^^^^^^^^^^^
[INFO] [stdout] 
[INFO] [stdout] 
[INFO] [stdout] error[E0432]: unresolved import `crate::test`
[INFO] [stdout]   --> src/shell/metadata.rs:83:16
[INFO] [stdout]    |
[INFO] [stdout] 83 |     use crate::test::TEST_DATA;
[INFO] [stdout]    |                ^^^^
[INFO] [stdout]    |                |
[INFO] [stdout]    |                unresolved import
[INFO] [stdout]    |                help: a similar path exists: `shell::test`
[INFO] [stdout]    |
[INFO] [stdout] note: found an item that was configured out
[INFO] [stdout]   --> src/lib.rs:16:9
[INFO] [stdout]    |
[INFO] [stdout] 16 | pub mod test;
[INFO] [stdout]    |         ^^^^
[INFO] [stdout] note: the item is gated behind the `test` feature
[INFO] [stdout]   --> src/lib.rs:15:7
[INFO] [stdout]    |
[INFO] [stdout] 15 | #[cfg(feature = "test")]
[INFO] [stdout]    |       ^^^^^^^^^^^^^^^^
[INFO] [stdout] 
[INFO] [stdout] 
[INFO] [stdout] error[E0432]: unresolved import `crate::test`
[INFO] [stdout]   --> src/shell/operations/ebuild.rs:93:16
[INFO] [stdout]    |
[INFO] [stdout] 93 |     use crate::test::TEST_DATA;
[INFO] [stdout]    |                ^^^^
[INFO] [stdout]    |                |
[INFO] [stdout]    |                unresolved import
[INFO] [stdout]    |                help: a similar path exists: `shell::test`
[INFO] [stdout]    |
[INFO] [stdout] note: found an item that was configured out
[INFO] [stdout]   --> src/lib.rs:16:9
[INFO] [stdout]    |
[INFO] [stdout] 16 | pub mod test;
[INFO] [stdout]    |         ^^^^
[INFO] [stdout] note: the item is gated behind the `test` feature
[INFO] [stdout]   --> src/lib.rs:15:7
[INFO] [stdout]    |
[INFO] [stdout] 15 | #[cfg(feature = "test")]
[INFO] [stdout]    |       ^^^^^^^^^^^^^^^^
[INFO] [stdout] 
[INFO] [stdout] 
[INFO] [stdout] error[E0432]: unresolved import `crate::test`
[INFO] [stdout]   --> src/shell/phase/eapi6.rs:39:16
[INFO] [stdout]    |
[INFO] [stdout] 39 |     use crate::test::assert_err_re;
[INFO] [stdout]    |                ^^^^
[INFO] [stdout]    |                |
[INFO] [stdout]    |                unresolved import
[INFO] [stdout]    |                help: a similar path exists: `shell::test`
[INFO] [stdout]    |
[INFO] [stdout] note: found an item that was configured out
[INFO] [stdout]   --> src/lib.rs:16:9
[INFO] [stdout]    |
[INFO] [stdout] 16 | pub mod test;
[INFO] [stdout]    |         ^^^^
[INFO] [stdout] note: the item is gated behind the `test` feature
[INFO] [stdout]   --> src/lib.rs:15:7
[INFO] [stdout]    |
[INFO] [stdout] 15 | #[cfg(feature = "test")]
[INFO] [stdout]    |       ^^^^^^^^^^^^^^^^
[INFO] [stdout] 
[INFO] [stdout] 
[INFO] [stdout] error[E0432]: unresolved import `crate::test`
[INFO] [stdout]    --> src/shell.rs:622:16
[INFO] [stdout]     |
[INFO] [stdout] 622 |     use crate::test::assert_err_re;
[INFO] [stdout]     |                ^^^^
[INFO] [stdout]     |                |
[INFO] [stdout]     |                unresolved import
[INFO] [stdout]     |                help: a similar path exists: `shell::test`
[INFO] [stdout]     |
[INFO] [stdout] note: found an item that was configured out
[INFO] [stdout]    --> src/lib.rs:16:9
[INFO] [stdout]     |
[INFO] [stdout] 16  | pub mod test;
[INFO] [stdout]     |         ^^^^
[INFO] [stdout] note: the item is gated behind the `test` feature
[INFO] [stdout]    --> src/lib.rs:15:7
[INFO] [stdout]     |
[INFO] [stdout] 15  | #[cfg(feature = "test")]
[INFO] [stdout]     |       ^^^^^^^^^^^^^^^^
[INFO] [stdout] 
[INFO] [stdout] 
[INFO] [stdout] error[E0432]: unresolved import `crate::test`
[INFO] [stdout]    --> src/shell/commands.rs:582:24
[INFO] [stdout]     |
[INFO] [stdout] 582 |             use crate::test::assert_err_re;
[INFO] [stdout]     |                        ^^^^
[INFO] [stdout]     |                        |
[INFO] [stdout]     |                        unresolved import
[INFO] [stdout]     |                        help: a similar path exists: `shell::test`
[INFO] [stdout]     |
[INFO] [stdout]    ::: src/shell/commands/adddeny.rs:21:5
[INFO] [stdout]     |
[INFO] [stdout] 21  |     cmd_scope_tests!(USAGE);
[INFO] [stdout]     |     ----------------------- in this macro invocation
[INFO] [stdout]     |
[INFO] [stdout] note: found an item that was configured out
[INFO] [stdout]    --> src/lib.rs:16:9
[INFO] [stdout]     |
[INFO] [stdout] 16  | pub mod test;
[INFO] [stdout]     |         ^^^^
[INFO] [stdout] note: the item is gated behind the `test` feature
[INFO] [stdout]    --> src/lib.rs:15:7
[INFO] [stdout]     |
[INFO] [stdout] 15  | #[cfg(feature = "test")]
[INFO] [stdout]     |       ^^^^^^^^^^^^^^^^
[INFO] [stdout]     = note: this error originates in the macro `cmd_scope_tests` (in Nightly builds, run with -Z macro-backtrace for more info)
[INFO] [stdout] 
[INFO] [stdout] 
[INFO] [stdout] error[E0432]: unresolved import `crate::test`
[INFO] [stdout]    --> src/shell/commands.rs:582:24
[INFO] [stdout]     |
[INFO] [stdout] 582 |             use crate::test::assert_err_re;
[INFO] [stdout]     |                        ^^^^
[INFO] [stdout]     |                        |
[INFO] [stdout]     |                        unresolved import
[INFO] [stdout]     |                        help: a similar path exists: `shell::test`
[INFO] [stdout]     |
[INFO] [stdout]    ::: src/shell/commands/addpredict.rs:21:5
[INFO] [stdout]     |
[INFO] [stdout] 21  |     cmd_scope_tests!(USAGE);
[INFO] [stdout]     |     ----------------------- in this macro invocation
[INFO] [stdout]     |
[INFO] [stdout] note: found an item that was configured out
[INFO] [stdout]    --> src/lib.rs:16:9
[INFO] [stdout]     |
[INFO] [stdout] 16  | pub mod test;
[INFO] [stdout]     |         ^^^^
[INFO] [stdout] note: the item is gated behind the `test` feature
[INFO] [stdout]    --> src/lib.rs:15:7
[INFO] [stdout]     |
[INFO] [stdout] 15  | #[cfg(feature = "test")]
[INFO] [stdout]     |       ^^^^^^^^^^^^^^^^
[INFO] [stdout]     = note: this error originates in the macro `cmd_scope_tests` (in Nightly builds, run with -Z macro-backtrace for more info)
[INFO] [stdout] 
[INFO] [stdout] 
[INFO] [stdout] error[E0432]: unresolved import `crate::test`
[INFO] [stdout]    --> src/shell/commands.rs:582:24
[INFO] [stdout]     |
[INFO] [stdout] 582 |             use crate::test::assert_err_re;
[INFO] [stdout]     |                        ^^^^
[INFO] [stdout]     |                        |
[INFO] [stdout]     |                        unresolved import
[INFO] [stdout]     |                        help: a similar path exists: `shell::test`
[INFO] [stdout]     |
[INFO] [stdout]    ::: src/shell/commands/addread.rs:21:5
[INFO] [stdout]     |
[INFO] [stdout] 21  |     cmd_scope_tests!(USAGE);
[INFO] [stdout]     |     ----------------------- in this macro invocation
[INFO] [stdout]     |
[INFO] [stdout] note: found an item that was configured out
[INFO] [stdout]    --> src/lib.rs:16:9
[INFO] [stdout]     |
[INFO] [stdout] 16  | pub mod test;
[INFO] [stdout]     |         ^^^^
[INFO] [stdout] note: the item is gated behind the `test` feature
[INFO] [stdout]    --> src/lib.rs:15:7
[INFO] [stdout]     |
[INFO] [stdout] 15  | #[cfg(feature = "test")]
[INFO] [stdout]     |       ^^^^^^^^^^^^^^^^
[INFO] [stdout]     = note: this error originates in the macro `cmd_scope_tests` (in Nightly builds, run with -Z macro-backtrace for more info)
[INFO] [stdout] 
[INFO] [stdout] 
[INFO] [stdout] error[E0432]: unresolved import `crate::test`
[INFO] [stdout]    --> src/shell/commands.rs:582:24
[INFO] [stdout]     |
[INFO] [stdout] 582 |             use crate::test::assert_err_re;
[INFO] [stdout]     |                        ^^^^
[INFO] [stdout]     |                        |
[INFO] [stdout]     |                        unresolved import
[INFO] [stdout]     |                        help: a similar path exists: `shell::test`
[INFO] [stdout]     |
[INFO] [stdout]    ::: src/shell/commands/addwrite.rs:21:5
[INFO] [stdout]     |
[INFO] [stdout] 21  |     cmd_scope_tests!(USAGE);
[INFO] [stdout]     |     ----------------------- in this macro invocation
[INFO] [stdout]     |
[INFO] [stdout] note: found an item that was configured out
[INFO] [stdout]    --> src/lib.rs:16:9
[INFO] [stdout]     |
[INFO] [stdout] 16  | pub mod test;
[INFO] [stdout]     |         ^^^^
[INFO] [stdout] note: the item is gated behind the `test` feature
[INFO] [stdout]    --> src/lib.rs:15:7
[INFO] [stdout]     |
[INFO] [stdout] 15  | #[cfg(feature = "test")]
[INFO] [stdout]     |       ^^^^^^^^^^^^^^^^
[INFO] [stdout]     = note: this error originates in the macro `cmd_scope_tests` (in Nightly builds, run with -Z macro-backtrace for more info)
[INFO] [stdout] 
[INFO] [stdout] 
[INFO] [stdout] error[E0432]: unresolved import `crate::test`
[INFO] [stdout]    --> src/shell/commands.rs:582:24
[INFO] [stdout]     |
[INFO] [stdout] 582 |             use crate::test::assert_err_re;
[INFO] [stdout]     |                        ^^^^
[INFO] [stdout]     |                        |
[INFO] [stdout]     |                        unresolved import
[INFO] [stdout]     |                        help: a similar path exists: `shell::test`
[INFO] [stdout]     |
[INFO] [stdout]    ::: src/shell/commands/assert.rs:34:5
[INFO] [stdout]     |
[INFO] [stdout] 34  |     cmd_scope_tests!(USAGE);
[INFO] [stdout]     |     ----------------------- in this macro invocation
[INFO] [stdout]     |
[INFO] [stdout] note: found an item that was configured out
[INFO] [stdout]    --> src/lib.rs:16:9
[INFO] [stdout]     |
[INFO] [stdout] 16  | pub mod test;
[INFO] [stdout]     |         ^^^^
[INFO] [stdout] note: the item is gated behind the `test` feature
[INFO] [stdout]    --> src/lib.rs:15:7
[INFO] [stdout]     |
[INFO] [stdout] 15  | #[cfg(feature = "test")]
[INFO] [stdout]     |       ^^^^^^^^^^^^^^^^
[INFO] [stdout]     = note: this error originates in the macro `cmd_scope_tests` (in Nightly builds, run with -Z macro-backtrace for more info)
[INFO] [stdout] 
[INFO] [stdout] 
[INFO] [stdout] error[E0432]: unresolved import `crate::test`
[INFO] [stdout]    --> src/shell/commands.rs:582:24
[INFO] [stdout]     |
[INFO] [stdout] 582 |             use crate::test::assert_err_re;
[INFO] [stdout]     |                        ^^^^
[INFO] [stdout]     |                        |
[INFO] [stdout]     |                        unresolved import
[INFO] [stdout]     |                        help: a similar path exists: `shell::test`
[INFO] [stdout]     |
[INFO] [stdout]    ::: src/shell/commands/best_version.rs:32:5
[INFO] [stdout]     |
[INFO] [stdout] 32  |     cmd_scope_tests!(USAGE);
[INFO] [stdout]     |     ----------------------- in this macro invocation
[INFO] [stdout]     |
[INFO] [stdout] note: found an item that was configured out
[INFO] [stdout]    --> src/lib.rs:16:9
[INFO] [stdout]     |
[INFO] [stdout] 16  | pub mod test;
[INFO] [stdout]     |         ^^^^
[INFO] [stdout] note: the item is gated behind the `test` feature
[INFO] [stdout]    --> src/lib.rs:15:7
[INFO] [stdout]     |
[INFO] [stdout] 15  | #[cfg(feature = "test")]
[INFO] [stdout]     |       ^^^^^^^^^^^^^^^^
[INFO] [stdout]     = note: this error originates in the macro `cmd_scope_tests` (in Nightly builds, run with -Z macro-backtrace for more info)
[INFO] [stdout] 
[INFO] [stdout] 
[INFO] [stdout] error[E0432]: unresolved import `crate::test`
[INFO] [stdout]    --> src/shell/commands.rs:582:24
[INFO] [stdout]     |
[INFO] [stdout] 582 |             use crate::test::assert_err_re;
[INFO] [stdout]     |                        ^^^^
[INFO] [stdout]     |                        |
[INFO] [stdout]     |                        unresolved import
[INFO] [stdout]     |                        help: a similar path exists: `shell::test`
[INFO] [stdout]     |
[INFO] [stdout]    ::: src/shell/commands/debug_print.rs:30:5
[INFO] [stdout]     |
[INFO] [stdout] 30  |     cmd_scope_tests!(USAGE);
[INFO] [stdout]     |     ----------------------- in this macro invocation
[INFO] [stdout]     |
[INFO] [stdout] note: found an item that was configured out
[INFO] [stdout]    --> src/lib.rs:16:9
[INFO] [stdout]     |
[INFO] [stdout] 16  | pub mod test;
[INFO] [stdout]     |         ^^^^
[INFO] [stdout] note: the item is gated behind the `test` feature
[INFO] [stdout]    --> src/lib.rs:15:7
[INFO] [stdout]     |
[INFO] [stdout] 15  | #[cfg(feature = "test")]
[INFO] [stdout]     |       ^^^^^^^^^^^^^^^^
[INFO] [stdout]     = note: this error originates in the macro `cmd_scope_tests` (in Nightly builds, run with -Z macro-backtrace for more info)
[INFO] [stdout] 
[INFO] [stdout] 
[INFO] [stdout] error[E0432]: unresolved import `crate::test`
[INFO] [stdout]    --> src/shell/commands.rs:582:24
[INFO] [stdout]     |
[INFO] [stdout] 582 |             use crate::test::assert_err_re;
[INFO] [stdout]     |                        ^^^^
[INFO] [stdout]     |                        |
[INFO] [stdout]     |                        unresolved import
[INFO] [stdout]     |                        help: a similar path exists: `shell::test`
[INFO] [stdout]     |
[INFO] [stdout]    ::: src/shell/commands/debug_print_function.rs:35:5
[INFO] [stdout]     |
[INFO] [stdout] 35  |     cmd_scope_tests!(USAGE);
[INFO] [stdout]     |     ----------------------- in this macro invocation
[INFO] [stdout]     |
[INFO] [stdout] note: found an item that was configured out
[INFO] [stdout]    --> src/lib.rs:16:9
[INFO] [stdout]     |
[INFO] [stdout] 16  | pub mod test;
[INFO] [stdout]     |         ^^^^
[INFO] [stdout] note: the item is gated behind the `test` feature
[INFO] [stdout]    --> src/lib.rs:15:7
[INFO] [stdout]     |
[INFO] [stdout] 15  | #[cfg(feature = "test")]
[INFO] [stdout]     |       ^^^^^^^^^^^^^^^^
[INFO] [stdout]     = note: this error originates in the macro `cmd_scope_tests` (in Nightly builds, run with -Z macro-backtrace for more info)
[INFO] [stdout] 
[INFO] [stdout] 
[INFO] [stdout] error[E0432]: unresolved import `crate::test`
[INFO] [stdout]    --> src/shell/commands.rs:582:24
[INFO] [stdout]     |
[INFO] [stdout] 582 |             use crate::test::assert_err_re;
[INFO] [stdout]     |                        ^^^^
[INFO] [stdout]     |                        |
[INFO] [stdout]     |                        unresolved import
[INFO] [stdout]     |                        help: a similar path exists: `shell::test`
[INFO] [stdout]     |
[INFO] [stdout]    ::: src/shell/commands/debug_print_section.rs:33:5
[INFO] [stdout]     |
[INFO] [stdout] 33  |     cmd_scope_tests!(USAGE);
[INFO] [stdout]     |     ----------------------- in this macro invocation
[INFO] [stdout]     |
[INFO] [stdout] note: found an item that was configured out
[INFO] [stdout]    --> src/lib.rs:16:9
[INFO] [stdout]     |
[INFO] [stdout] 16  | pub mod test;
[INFO] [stdout]     |         ^^^^
[INFO] [stdout] note: the item is gated behind the `test` feature
[INFO] [stdout]    --> src/lib.rs:15:7
[INFO] [stdout]     |
[INFO] [stdout] 15  | #[cfg(feature = "test")]
[INFO] [stdout]     |       ^^^^^^^^^^^^^^^^
[INFO] [stdout]     = note: this error originates in the macro `cmd_scope_tests` (in Nightly builds, run with -Z macro-backtrace for more info)
[INFO] [stdout] 
[INFO] [stdout] 
[INFO] [stdout] error[E0432]: unresolved import `crate::test`
[INFO] [stdout]    --> src/shell/commands.rs:582:24
[INFO] [stdout]     |
[INFO] [stdout] 582 |             use crate::test::assert_err_re;
[INFO] [stdout]     |                        ^^^^
[INFO] [stdout]     |                        |
[INFO] [stdout]     |                        unresolved import
[INFO] [stdout]     |                        help: a similar path exists: `shell::test`
[INFO] [stdout]     |
[INFO] [stdout]    ::: src/shell/commands/default.rs:39:5
[INFO] [stdout]     |
[INFO] [stdout] 39  |     cmd_scope_tests!(USAGE);
[INFO] [stdout]     |     ----------------------- in this macro invocation
[INFO] [stdout]     |
[INFO] [stdout] note: found an item that was configured out
[INFO] [stdout]    --> src/lib.rs:16:9
[INFO] [stdout]     |
[INFO] [stdout] 16  | pub mod test;
[INFO] [stdout]     |         ^^^^
[INFO] [stdout] note: the item is gated behind the `test` feature
[INFO] [stdout]    --> src/lib.rs:15:7
[INFO] [stdout]     |
[INFO] [stdout] 15  | #[cfg(feature = "test")]
[INFO] [stdout]     |       ^^^^^^^^^^^^^^^^
[INFO] [stdout]     = note: this error originates in the macro `cmd_scope_tests` (in Nightly builds, run with -Z macro-backtrace for more info)
[INFO] [stdout] 
[INFO] [stdout] 
[INFO] [stdout] error[E0432]: unresolved import `crate::test`
[INFO] [stdout]    --> src/shell/commands.rs:582:24
[INFO] [stdout]     |
[INFO] [stdout] 582 |             use crate::test::assert_err_re;
[INFO] [stdout]     |                        ^^^^
[INFO] [stdout]     |                        |
[INFO] [stdout]     |                        unresolved import
[INFO] [stdout]     |                        help: a similar path exists: `shell::test`
[INFO] [stdout]     |
[INFO] [stdout]    ::: src/shell/commands/default_pkg_nofetch.rs:27:5
[INFO] [stdout]     |
[INFO] [stdout] 27  |     cmd_scope_tests!(USAGE);
[INFO] [stdout]     |     ----------------------- in this macro invocation
[INFO] [stdout]     |
[INFO] [stdout] note: found an item that was configured out
[INFO] [stdout]    --> src/lib.rs:16:9
[INFO] [stdout]     |
[INFO] [stdout] 16  | pub mod test;
[INFO] [stdout]     |         ^^^^
[INFO] [stdout] note: the item is gated behind the `test` feature
[INFO] [stdout]    --> src/lib.rs:15:7
[INFO] [stdout]     |
[INFO] [stdout] 15  | #[cfg(feature = "test")]
[INFO] [stdout]     |       ^^^^^^^^^^^^^^^^
[INFO] [stdout]     = note: this error originates in the macro `cmd_scope_tests` (in Nightly builds, run with -Z macro-backtrace for more info)
[INFO] [stdout] 
[INFO] [stdout] 
[INFO] [stdout] error[E0432]: unresolved import `crate::test`
[INFO] [stdout]    --> src/shell/commands.rs:582:24
[INFO] [stdout]     |
[INFO] [stdout] 582 |             use crate::test::assert_err_re;
[INFO] [stdout]     |                        ^^^^
[INFO] [stdout]     |                        |
[INFO] [stdout]     |                        unresolved import
[INFO] [stdout]     |                        help: a similar path exists: `shell::test`
[INFO] [stdout]     |
[INFO] [stdout]    ::: src/shell/commands/default_src_compile.rs:22:5
[INFO] [stdout]     |
[INFO] [stdout] 22  |     cmd_scope_tests!(USAGE);
[INFO] [stdout]     |     ----------------------- in this macro invocation
[INFO] [stdout]     |
[INFO] [stdout] note: found an item that was configured out
[INFO] [stdout]    --> src/lib.rs:16:9
[INFO] [stdout]     |
[INFO] [stdout] 16  | pub mod test;
[INFO] [stdout]     |         ^^^^
[INFO] [stdout] note: the item is gated behind the `test` feature
[INFO] [stdout]    --> src/lib.rs:15:7
[INFO] [stdout]     |
[INFO] [stdout] 15  | #[cfg(feature = "test")]
[INFO] [stdout]     |       ^^^^^^^^^^^^^^^^
[INFO] [stdout]     = note: this error originates in the macro `cmd_scope_tests` (in Nightly builds, run with -Z macro-backtrace for more info)
[INFO] [stdout] 
[INFO] [stdout] 
[INFO] [stdout] error[E0432]: unresolved import `crate::test`
[INFO] [stdout]    --> src/shell/commands.rs:582:24
[INFO] [stdout]     |
[INFO] [stdout] 582 |             use crate::test::assert_err_re;
[INFO] [stdout]     |                        ^^^^
[INFO] [stdout]     |                        |
[INFO] [stdout]     |                        unresolved import
[INFO] [stdout]     |                        help: a similar path exists: `shell::test`
[INFO] [stdout]     |
[INFO] [stdout]    ::: src/shell/commands/default_src_configure.rs:22:5
[INFO] [stdout]     |
[INFO] [stdout] 22  |     cmd_scope_tests!(USAGE);
[INFO] [stdout]     |     ----------------------- in this macro invocation
[INFO] [stdout]     |
[INFO] [stdout] note: found an item that was configured out
[INFO] [stdout]    --> src/lib.rs:16:9
[INFO] [stdout]     |
[INFO] [stdout] 16  | pub mod test;
[INFO] [stdout]     |         ^^^^
[INFO] [stdout] note: the item is gated behind the `test` feature
[INFO] [stdout]    --> src/lib.rs:15:7
[INFO] [stdout]     |
[INFO] [stdout] 15  | #[cfg(feature = "test")]
[INFO] [stdout]     |       ^^^^^^^^^^^^^^^^
[INFO] [stdout]     = note: this error originates in the macro `cmd_scope_tests` (in Nightly builds, run with -Z macro-backtrace for more info)
[INFO] [stdout] 
[INFO] [stdout] 
[INFO] [stdout] error[E0432]: unresolved import `crate::test`
[INFO] [stdout]    --> src/shell/commands.rs:582:24
[INFO] [stdout]     |
[INFO] [stdout] 582 |             use crate::test::assert_err_re;
[INFO] [stdout]     |                        ^^^^
[INFO] [stdout]     |                        |
[INFO] [stdout]     |                        unresolved import
[INFO] [stdout]     |                        help: a similar path exists: `shell::test`
[INFO] [stdout]     |
[INFO] [stdout]    ::: src/shell/commands/default_src_install.rs:29:5
[INFO] [stdout]     |
[INFO] [stdout] 29  |     cmd_scope_tests!(USAGE);
[INFO] [stdout]     |     ----------------------- in this macro invocation
[INFO] [stdout]     |
[INFO] [stdout] note: found an item that was configured out
[INFO] [stdout]    --> src/lib.rs:16:9
[INFO] [stdout]     |
[INFO] [stdout] 16  | pub mod test;
[INFO] [stdout]     |         ^^^^
[INFO] [stdout] note: the item is gated behind the `test` feature
[INFO] [stdout]    --> src/lib.rs:15:7
[INFO] [stdout]     |
[INFO] [stdout] 15  | #[cfg(feature = "test")]
[INFO] [stdout]     |       ^^^^^^^^^^^^^^^^
[INFO] [stdout]     = note: this error originates in the macro `cmd_scope_tests` (in Nightly builds, run with -Z macro-backtrace for more info)
[INFO] [stdout] 
[INFO] [stdout] 
[INFO] [stdout] error[E0432]: unresolved import `crate::test`
[INFO] [stdout]    --> src/shell/commands.rs:582:24
[INFO] [stdout]     |
[INFO] [stdout] 582 |             use crate::test::assert_err_re;
[INFO] [stdout]     |                        ^^^^
[INFO] [stdout]     |                        |
[INFO] [stdout]     |                        unresolved import
[INFO] [stdout]     |                        help: a similar path exists: `shell::test`
[INFO] [stdout]     |
[INFO] [stdout]    ::: src/shell/commands/default_src_prepare.rs:27:5
[INFO] [stdout]     |
[INFO] [stdout] 27  |     cmd_scope_tests!(USAGE);
[INFO] [stdout]     |     ----------------------- in this macro invocation
[INFO] [stdout]     |
[INFO] [stdout] note: found an item that was configured out
[INFO] [stdout]    --> src/lib.rs:16:9
[INFO] [stdout]     |
[INFO] [stdout] 16  | pub mod test;
[INFO] [stdout]     |         ^^^^
[INFO] [stdout] note: the item is gated behind the `test` feature
[INFO] [stdout]    --> src/lib.rs:15:7
[INFO] [stdout]     |
[INFO] [stdout] 15  | #[cfg(feature = "test")]
[INFO] [stdout]     |       ^^^^^^^^^^^^^^^^
[INFO] [stdout]     = note: this error originates in the macro `cmd_scope_tests` (in Nightly builds, run with -Z macro-backtrace for more info)
[INFO] [stdout] 
[INFO] [stdout] 
[INFO] [stdout] error[E0432]: unresolved import `crate::test`
[INFO] [stdout]    --> src/shell/commands.rs:582:24
[INFO] [stdout]     |
[INFO] [stdout] 582 |             use crate::test::assert_err_re;
[INFO] [stdout]     |                        ^^^^
[INFO] [stdout]     |                        |
[INFO] [stdout]     |                        unresolved import
[INFO] [stdout]     |                        help: a similar path exists: `shell::test`
[INFO] [stdout]     |
[INFO] [stdout]    ::: src/shell/commands/default_src_test.rs:22:5
[INFO] [stdout]     |
[INFO] [stdout] 22  |     cmd_scope_tests!(USAGE);
[INFO] [stdout]     |     ----------------------- in this macro invocation
[INFO] [stdout]     |
[INFO] [stdout] note: found an item that was configured out
[INFO] [stdout]    --> src/lib.rs:16:9
[INFO] [stdout]     |
[INFO] [stdout] 16  | pub mod test;
[INFO] [stdout]     |         ^^^^
[INFO] [stdout] note: the item is gated behind the `test` feature
[INFO] [stdout]    --> src/lib.rs:15:7
[INFO] [stdout]     |
[INFO] [stdout] 15  | #[cfg(feature = "test")]
[INFO] [stdout]     |       ^^^^^^^^^^^^^^^^
[INFO] [stdout]     = note: this error originates in the macro `cmd_scope_tests` (in Nightly builds, run with -Z macro-backtrace for more info)
[INFO] [stdout] 
[INFO] [stdout] 
[INFO] [stdout] error[E0432]: unresolved import `crate::test`
[INFO] [stdout]    --> src/shell/commands.rs:582:24
[INFO] [stdout]     |
[INFO] [stdout] 582 |             use crate::test::assert_err_re;
[INFO] [stdout]     |                        ^^^^
[INFO] [stdout]     |                        |
[INFO] [stdout]     |                        unresolved import
[INFO] [stdout]     |                        help: a similar path exists: `shell::test`
[INFO] [stdout]     |
[INFO] [stdout]    ::: src/shell/commands/default_src_unpack.rs:22:5
[INFO] [stdout]     |
[INFO] [stdout] 22  |     cmd_scope_tests!(USAGE);
[INFO] [stdout]     |     ----------------------- in this macro invocation
[INFO] [stdout]     |
[INFO] [stdout] note: found an item that was configured out
[INFO] [stdout]    --> src/lib.rs:16:9
[INFO] [stdout]     |
[INFO] [stdout] 16  | pub mod test;
[INFO] [stdout]     |         ^^^^
[INFO] [stdout] note: the item is gated behind the `test` feature
[INFO] [stdout]    --> src/lib.rs:15:7
[INFO] [stdout]     |
[INFO] [stdout] 15  | #[cfg(feature = "test")]
[INFO] [stdout]     |       ^^^^^^^^^^^^^^^^
[INFO] [stdout]     = note: this error originates in the macro `cmd_scope_tests` (in Nightly builds, run with -Z macro-backtrace for more info)
[INFO] [stdout] 
[INFO] [stdout] 
[INFO] [stdout] error[E0432]: unresolved import `crate::test`
[INFO] [stdout]    --> src/shell/commands.rs:582:24
[INFO] [stdout]     |
[INFO] [stdout] 582 |             use crate::test::assert_err_re;
[INFO] [stdout]     |                        ^^^^
[INFO] [stdout]     |                        |
[INFO] [stdout]     |                        unresolved import
[INFO] [stdout]     |                        help: a similar path exists: `shell::test`
[INFO] [stdout]     |
[INFO] [stdout]    ::: src/shell/commands/die.rs:53:5
[INFO] [stdout]     |
[INFO] [stdout] 53  |     cmd_scope_tests!(USAGE);
[INFO] [stdout]     |     ----------------------- in this macro invocation
[INFO] [stdout]     |
[INFO] [stdout] note: found an item that was configured out
[INFO] [stdout]    --> src/lib.rs:16:9
[INFO] [stdout]     |
[INFO] [stdout] 16  | pub mod test;
[INFO] [stdout]     |         ^^^^
[INFO] [stdout] note: the item is gated behind the `test` feature
[INFO] [stdout]    --> src/lib.rs:15:7
[INFO] [stdout]     |
[INFO] [stdout] 15  | #[cfg(feature = "test")]
[INFO] [stdout]     |       ^^^^^^^^^^^^^^^^
[INFO] [stdout]     = note: this error originates in the macro `cmd_scope_tests` (in Nightly builds, run with -Z macro-backtrace for more info)
[INFO] [stdout] 
[INFO] [stdout] 
[INFO] [stdout] error[E0432]: unresolved import `crate::test`
[INFO] [stdout]    --> src/shell/commands.rs:582:24
[INFO] [stdout]     |
[INFO] [stdout] 582 |             use crate::test::assert_err_re;
[INFO] [stdout]     |                        ^^^^
[INFO] [stdout]     |                        |
[INFO] [stdout]     |                        unresolved import
[INFO] [stdout]     |                        help: a similar path exists: `shell::test`
[INFO] [stdout]     |
[INFO] [stdout]    ::: src/shell/commands/diropts.rs:31:5
[INFO] [stdout]     |
[INFO] [stdout] 31  |     cmd_scope_tests!(USAGE);
[INFO] [stdout]     |     ----------------------- in this macro invocation
[INFO] [stdout]     |
[INFO] [stdout] note: found an item that was configured out
[INFO] [stdout]    --> src/lib.rs:16:9
[INFO] [stdout]     |
[INFO] [stdout] 16  | pub mod test;
[INFO] [stdout]     |         ^^^^
[INFO] [stdout] note: the item is gated behind the `test` feature
[INFO] [stdout]    --> src/lib.rs:15:7
[INFO] [stdout]     |
[INFO] [stdout] 15  | #[cfg(feature = "test")]
[INFO] [stdout]     |       ^^^^^^^^^^^^^^^^
[INFO] [stdout]     = note: this error originates in the macro `cmd_scope_tests` (in Nightly builds, run with -Z macro-backtrace for more info)
[INFO] [stdout] 
[INFO] [stdout] 
[INFO] [stdout] error[E0432]: unresolved import `crate::test`
[INFO] [stdout]    --> src/shell/commands.rs:582:24
[INFO] [stdout]     |
[INFO] [stdout] 582 |             use crate::test::assert_err_re;
[INFO] [stdout]     |                        ^^^^
[INFO] [stdout]     |                        |
[INFO] [stdout]     |                        unresolved import
[INFO] [stdout]     |                        help: a similar path exists: `shell::test`
[INFO] [stdout]     |
[INFO] [stdout]    ::: src/shell/commands/dobin.rs:46:5
[INFO] [stdout]     |
[INFO] [stdout] 46  |     cmd_scope_tests!(USAGE);
[INFO] [stdout]     |     ----------------------- in this macro invocation
[INFO] [stdout]     |
[INFO] [stdout] note: found an item that was configured out
[INFO] [stdout]    --> src/lib.rs:16:9
[INFO] [stdout]     |
[INFO] [stdout] 16  | pub mod test;
[INFO] [stdout]     |         ^^^^
[INFO] [stdout] note: the item is gated behind the `test` feature
[INFO] [stdout]    --> src/lib.rs:15:7
[INFO] [stdout]     |
[INFO] [stdout] 15  | #[cfg(feature = "test")]
[INFO] [stdout]     |       ^^^^^^^^^^^^^^^^
[INFO] [stdout]     = note: this error originates in the macro `cmd_scope_tests` (in Nightly builds, run with -Z macro-backtrace for more info)
[INFO] [stdout] 
[INFO] [stdout] 
[INFO] [stdout] error[E0432]: unresolved import `crate::test`
[INFO] [stdout]    --> src/shell/commands.rs:582:24
[INFO] [stdout]     |
[INFO] [stdout] 582 |             use crate::test::assert_err_re;
[INFO] [stdout]     |                        ^^^^
[INFO] [stdout]     |                        |
[INFO] [stdout]     |                        unresolved import
[INFO] [stdout]     |                        help: a similar path exists: `shell::test`
[INFO] [stdout]     |
[INFO] [stdout]    ::: src/shell/commands/docinto.rs:40:5
[INFO] [stdout]     |
[INFO] [stdout] 40  |     cmd_scope_tests!(USAGE);
[INFO] [stdout]     |     ----------------------- in this macro invocation
[INFO] [stdout]     |
[INFO] [stdout] note: found an item that was configured out
[INFO] [stdout]    --> src/lib.rs:16:9
[INFO] [stdout]     |
[INFO] [stdout] 16  | pub mod test;
[INFO] [stdout]     |         ^^^^
[INFO] [stdout] note: the item is gated behind the `test` feature
[INFO] [stdout]    --> src/lib.rs:15:7
[INFO] [stdout]     |
[INFO] [stdout] 15  | #[cfg(feature = "test")]
[INFO] [stdout]     |       ^^^^^^^^^^^^^^^^
[INFO] [stdout]     = note: this error originates in the macro `cmd_scope_tests` (in Nightly builds, run with -Z macro-backtrace for more info)
[INFO] [stdout] 
[INFO] [stdout] 
[INFO] [stdout] error[E0432]: unresolved import `crate::test`
[INFO] [stdout]    --> src/shell/commands.rs:582:24
[INFO] [stdout]     |
[INFO] [stdout] 582 |             use crate::test::assert_err_re;
[INFO] [stdout]     |                        ^^^^
[INFO] [stdout]     |                        |
[INFO] [stdout]     |                        unresolved import
[INFO] [stdout]     |                        help: a similar path exists: `shell::test`
[INFO] [stdout]     |
[INFO] [stdout]    ::: src/shell/commands/docompress.rs:36:5
[INFO] [stdout]     |
[INFO] [stdout] 36  |     cmd_scope_tests!(USAGE);
[INFO] [stdout]     |     ----------------------- in this macro invocation
[INFO] [stdout]     |
[INFO] [stdout] note: found an item that was configured out
[INFO] [stdout]    --> src/lib.rs:16:9
[INFO] [stdout]     |
[INFO] [stdout] 16  | pub mod test;
[INFO] [stdout]     |         ^^^^
[INFO] [stdout] note: the item is gated behind the `test` feature
[INFO] [stdout]    --> src/lib.rs:15:7
[INFO] [stdout]     |
[INFO] [stdout] 15  | #[cfg(feature = "test")]
[INFO] [stdout]     |       ^^^^^^^^^^^^^^^^
[INFO] [stdout]     = note: this error originates in the macro `cmd_scope_tests` (in Nightly builds, run with -Z macro-backtrace for more info)
[INFO] [stdout] 
[INFO] [stdout] 
[INFO] [stdout] error[E0432]: unresolved import `crate::test`
[INFO] [stdout]    --> src/shell/commands.rs:582:24
[INFO] [stdout]     |
[INFO] [stdout] 582 |             use crate::test::assert_err_re;
[INFO] [stdout]     |                        ^^^^
[INFO] [stdout]     |                        |
[INFO] [stdout]     |                        unresolved import
[INFO] [stdout]     |                        help: a similar path exists: `shell::test`
[INFO] [stdout]     |
[INFO] [stdout]    ::: src/shell/commands/doconfd.rs:43:5
[INFO] [stdout]     |
[INFO] [stdout] 43  |     cmd_scope_tests!(USAGE);
[INFO] [stdout]     |     ----------------------- in this macro invocation
[INFO] [stdout]     |
[INFO] [stdout] note: found an item that was configured out
[INFO] [stdout]    --> src/lib.rs:16:9
[INFO] [stdout]     |
[INFO] [stdout] 16  | pub mod test;
[INFO] [stdout]     |         ^^^^
[INFO] [stdout] note: the item is gated behind the `test` feature
[INFO] [stdout]    --> src/lib.rs:15:7
[INFO] [stdout]     |
[INFO] [stdout] 15  | #[cfg(feature = "test")]
[INFO] [stdout]     |       ^^^^^^^^^^^^^^^^
[INFO] [stdout]     = note: this error originates in the macro `cmd_scope_tests` (in Nightly builds, run with -Z macro-backtrace for more info)
[INFO] [stdout] 
[INFO] [stdout] 
[INFO] [stdout] error[E0432]: unresolved import `crate::test`
[INFO] [stdout]    --> src/shell/commands.rs:582:24
[INFO] [stdout]     |
[INFO] [stdout] 582 |             use crate::test::assert_err_re;
[INFO] [stdout]     |                        ^^^^
[INFO] [stdout]     |                        |
[INFO] [stdout]     |                        unresolved import
[INFO] [stdout]     |                        help: a similar path exists: `shell::test`
[INFO] [stdout]     |
[INFO] [stdout]    ::: src/shell/commands/dodir.rs:31:5
[INFO] [stdout]     |
[INFO] [stdout] 31  |     cmd_scope_tests!(USAGE);
[INFO] [stdout]     |     ----------------------- in this macro invocation
[INFO] [stdout]     |
[INFO] [stdout] note: found an item that was configured out
[INFO] [stdout]    --> src/lib.rs:16:9
[INFO] [stdout]     |
[INFO] [stdout] 16  | pub mod test;
[INFO] [stdout]     |         ^^^^
[INFO] [stdout] note: the item is gated behind the `test` feature
[INFO] [stdout]    --> src/lib.rs:15:7
[INFO] [stdout]     |
[INFO] [stdout] 15  | #[cfg(feature = "test")]
[INFO] [stdout]     |       ^^^^^^^^^^^^^^^^
[INFO] [stdout]     = note: this error originates in the macro `cmd_scope_tests` (in Nightly builds, run with -Z macro-backtrace for more info)
[INFO] [stdout] 
[INFO] [stdout] 
[INFO] [stdout] error[E0432]: unresolved import `crate::test`
[INFO] [stdout]    --> src/shell/commands.rs:582:24
[INFO] [stdout]     |
[INFO] [stdout] 582 |             use crate::test::assert_err_re;
[INFO] [stdout]     |                        ^^^^
[INFO] [stdout]     |                        |
[INFO] [stdout]     |                        unresolved import
[INFO] [stdout]     |                        help: a similar path exists: `shell::test`
[INFO] [stdout]     |
[INFO] [stdout]    ::: src/shell/commands/dodoc.rs:72:5
[INFO] [stdout]     |
[INFO] [stdout] 72  |     cmd_scope_tests!(USAGE);
[INFO] [stdout]     |     ----------------------- in this macro invocation
[INFO] [stdout]     |
[INFO] [stdout] note: found an item that was configured out
[INFO] [stdout]    --> src/lib.rs:16:9
[INFO] [stdout]     |
[INFO] [stdout] 16  | pub mod test;
[INFO] [stdout]     |         ^^^^
[INFO] [stdout] note: the item is gated behind the `test` feature
[INFO] [stdout]    --> src/lib.rs:15:7
[INFO] [stdout]     |
[INFO] [stdout] 15  | #[cfg(feature = "test")]
[INFO] [stdout]     |       ^^^^^^^^^^^^^^^^
[INFO] [stdout]     = note: this error originates in the macro `cmd_scope_tests` (in Nightly builds, run with -Z macro-backtrace for more info)
[INFO] [stdout] 
[INFO] [stdout] 
[INFO] [stdout] error[E0432]: unresolved import `crate::test`
[INFO] [stdout]    --> src/shell/commands.rs:582:24
[INFO] [stdout]     |
[INFO] [stdout] 582 |             use crate::test::assert_err_re;
[INFO] [stdout]     |                        ^^^^
[INFO] [stdout]     |                        |
[INFO] [stdout]     |                        unresolved import
[INFO] [stdout]     |                        help: a similar path exists: `shell::test`
[INFO] [stdout]     |
[INFO] [stdout]    ::: src/shell/commands/doenvd.rs:43:5
[INFO] [stdout]     |
[INFO] [stdout] 43  |     cmd_scope_tests!(USAGE);
[INFO] [stdout]     |     ----------------------- in this macro invocation
[INFO] [stdout]     |
[INFO] [stdout] note: found an item that was configured out
[INFO] [stdout]    --> src/lib.rs:16:9
[INFO] [stdout]     |
[INFO] [stdout] 16  | pub mod test;
[INFO] [stdout]     |         ^^^^
[INFO] [stdout] note: the item is gated behind the `test` feature
[INFO] [stdout]    --> src/lib.rs:15:7
[INFO] [stdout]     |
[INFO] [stdout] 15  | #[cfg(feature = "test")]
[INFO] [stdout]     |       ^^^^^^^^^^^^^^^^
[INFO] [stdout]     = note: this error originates in the macro `cmd_scope_tests` (in Nightly builds, run with -Z macro-backtrace for more info)
[INFO] [stdout] 
[INFO] [stdout] 
[INFO] [stdout] error[E0432]: unresolved import `crate::test`
[INFO] [stdout]    --> src/shell/commands.rs:582:24
[INFO] [stdout]     |
[INFO] [stdout] 582 |             use crate::test::assert_err_re;
[INFO] [stdout]     |                        ^^^^
[INFO] [stdout]     |                        |
[INFO] [stdout]     |                        unresolved import
[INFO] [stdout]     |                        help: a similar path exists: `shell::test`
[INFO] [stdout]     |
[INFO] [stdout]    ::: src/shell/commands/doexe.rs:36:5
[INFO] [stdout]     |
[INFO] [stdout] 36  |     cmd_scope_tests!(USAGE);
[INFO] [stdout]     |     ----------------------- in this macro invocation
[INFO] [stdout]     |
[INFO] [stdout] note: found an item that was configured out
[INFO] [stdout]    --> src/lib.rs:16:9
[INFO] [stdout]     |
[INFO] [stdout] 16  | pub mod test;
[INFO] [stdout]     |         ^^^^
[INFO] [stdout] note: the item is gated behind the `test` feature
[INFO] [stdout]    --> src/lib.rs:15:7
[INFO] [stdout]     |
[INFO] [stdout] 15  | #[cfg(feature = "test")]
[INFO] [stdout]     |       ^^^^^^^^^^^^^^^^
[INFO] [stdout]     = note: this error originates in the macro `cmd_scope_tests` (in Nightly builds, run with -Z macro-backtrace for more info)
[INFO] [stdout] 
[INFO] [stdout] 
[INFO] [stdout] error[E0432]: unresolved import `crate::test`
[INFO] [stdout]    --> src/shell/commands.rs:582:24
[INFO] [stdout]     |
[INFO] [stdout] 582 |             use crate::test::assert_err_re;
[INFO] [stdout]     |                        ^^^^
[INFO] [stdout]     |                        |
[INFO] [stdout]     |                        unresolved import
[INFO] [stdout]     |                        help: a similar path exists: `shell::test`
[INFO] [stdout]     |
[INFO] [stdout]    ::: src/shell/commands/doheader.rs:64:5
[INFO] [stdout]     |
[INFO] [stdout] 64  |     cmd_scope_tests!(USAGE);
[INFO] [stdout]     |     ----------------------- in this macro invocation
[INFO] [stdout]     |
[INFO] [stdout] note: found an item that was configured out
[INFO] [stdout]    --> src/lib.rs:16:9
[INFO] [stdout]     |
[INFO] [stdout] 16  | pub mod test;
[INFO] [stdout]     |         ^^^^
[INFO] [stdout] note: the item is gated behind the `test` feature
[INFO] [stdout]    --> src/lib.rs:15:7
[INFO] [stdout]     |
[INFO] [stdout] 15  | #[cfg(feature = "test")]
[INFO] [stdout]     |       ^^^^^^^^^^^^^^^^
[INFO] [stdout]     = note: this error originates in the macro `cmd_scope_tests` (in Nightly builds, run with -Z macro-backtrace for more info)
[INFO] [stdout] 
[INFO] [stdout] 
[INFO] [stdout] error[E0432]: unresolved import `crate::test`
[INFO] [stdout]    --> src/shell/commands.rs:582:24
[INFO] [stdout]     |
[INFO] [stdout] 582 |             use crate::test::assert_err_re;
[INFO] [stdout]     |                        ^^^^
[INFO] [stdout]     |                        |
[INFO] [stdout]     |                        unresolved import
[INFO] [stdout]     |                        help: a similar path exists: `shell::test`
[INFO] [stdout]     |
[INFO] [stdout]    ::: src/shell/commands/dohtml.rs:172:5
[INFO] [stdout]     |
[INFO] [stdout] 172 |     cmd_scope_tests!(USAGE);
[INFO] [stdout]     |     ----------------------- in this macro invocation
[INFO] [stdout]     |
[INFO] [stdout] note: found an item that was configured out
[INFO] [stdout]    --> src/lib.rs:16:9
[INFO] [stdout]     |
[INFO] [stdout] 16  | pub mod test;
[INFO] [stdout]     |         ^^^^
[INFO] [stdout] note: the item is gated behind the `test` feature
[INFO] [stdout]    --> src/lib.rs:15:7
[INFO] [stdout]     |
[INFO] [stdout] 15  | #[cfg(feature = "test")]
[INFO] [stdout]     |       ^^^^^^^^^^^^^^^^
[INFO] [stdout]     = note: this error originates in the macro `cmd_scope_tests` (in Nightly builds, run with -Z macro-backtrace for more info)
[INFO] [stdout] 
[INFO] [stdout] 
[INFO] [stdout] error[E0432]: unresolved import `crate::test`
[INFO] [stdout]    --> src/shell/commands.rs:582:24
[INFO] [stdout]     |
[INFO] [stdout] 582 |             use crate::test::assert_err_re;
[INFO] [stdout]     |                        ^^^^
[INFO] [stdout]     |                        |
[INFO] [stdout]     |                        unresolved import
[INFO] [stdout]     |                        help: a similar path exists: `shell::test`
[INFO] [stdout]     |
[INFO] [stdout]    ::: src/shell/commands/doinfo.rs:35:5
[INFO] [stdout]     |
[INFO] [stdout] 35  |     cmd_scope_tests!(USAGE);
[INFO] [stdout]     |     ----------------------- in this macro invocation
[INFO] [stdout]     |
[INFO] [stdout] note: found an item that was configured out
[INFO] [stdout]    --> src/lib.rs:16:9
[INFO] [stdout]     |
[INFO] [stdout] 16  | pub mod test;
[INFO] [stdout]     |         ^^^^
[INFO] [stdout] note: the item is gated behind the `test` feature
[INFO] [stdout]    --> src/lib.rs:15:7
[INFO] [stdout]     |
[INFO] [stdout] 15  | #[cfg(feature = "test")]
[INFO] [stdout]     |       ^^^^^^^^^^^^^^^^
[INFO] [stdout]     = note: this error originates in the macro `cmd_scope_tests` (in Nightly builds, run with -Z macro-backtrace for more info)
[INFO] [stdout] 
[INFO] [stdout] 
[INFO] [stdout] error[E0432]: unresolved import `crate::test`
[INFO] [stdout]    --> src/shell/commands.rs:582:24
[INFO] [stdout]     |
[INFO] [stdout] 582 |             use crate::test::assert_err_re;
[INFO] [stdout]     |                        ^^^^
[INFO] [stdout]     |                        |
[INFO] [stdout]     |                        unresolved import
[INFO] [stdout]     |                        help: a similar path exists: `shell::test`
[INFO] [stdout]     |
[INFO] [stdout]    ::: src/shell/commands/doinitd.rs:43:5
[INFO] [stdout]     |
[INFO] [stdout] 43  |     cmd_scope_tests!(USAGE);
[INFO] [stdout]     |     ----------------------- in this macro invocation
[INFO] [stdout]     |
[INFO] [stdout] note: found an item that was configured out
[INFO] [stdout]    --> src/lib.rs:16:9
[INFO] [stdout]     |
[INFO] [stdout] 16  | pub mod test;
[INFO] [stdout]     |         ^^^^
[INFO] [stdout] note: the item is gated behind the `test` feature
[INFO] [stdout]    --> src/lib.rs:15:7
[INFO] [stdout]     |
[INFO] [stdout] 15  | #[cfg(feature = "test")]
[INFO] [stdout]     |       ^^^^^^^^^^^^^^^^
[INFO] [stdout]     = note: this error originates in the macro `cmd_scope_tests` (in Nightly builds, run with -Z macro-backtrace for more info)
[INFO] [stdout] 
[INFO] [stdout] 
[INFO] [stdout] error[E0432]: unresolved import `crate::test`
[INFO] [stdout]    --> src/shell/commands.rs:582:24
[INFO] [stdout]     |
[INFO] [stdout] 582 |             use crate::test::assert_err_re;
[INFO] [stdout]     |                        ^^^^
[INFO] [stdout]     |                        |
[INFO] [stdout]     |                        unresolved import
[INFO] [stdout]     |                        help: a similar path exists: `shell::test`
[INFO] [stdout]     |
[INFO] [stdout]    ::: src/shell/commands/doins.rs:56:5
[INFO] [stdout]     |
[INFO] [stdout] 56  |     cmd_scope_tests!(USAGE);
[INFO] [stdout]     |     ----------------------- in this macro invocation
[INFO] [stdout]     |
[INFO] [stdout] note: found an item that was configured out
[INFO] [stdout]    --> src/lib.rs:16:9
[INFO] [stdout]     |
[INFO] [stdout] 16  | pub mod test;
[INFO] [stdout]     |         ^^^^
[INFO] [stdout] note: the item is gated behind the `test` feature
[INFO] [stdout]    --> src/lib.rs:15:7
[INFO] [stdout]     |
[INFO] [stdout] 15  | #[cfg(feature = "test")]
[INFO] [stdout]     |       ^^^^^^^^^^^^^^^^
[INFO] [stdout]     = note: this error originates in the macro `cmd_scope_tests` (in Nightly builds, run with -Z macro-backtrace for more info)
[INFO] [stdout] 
[INFO] [stdout] 
[INFO] [stdout] error[E0432]: unresolved import `crate::test`
[INFO] [stdout]    --> src/shell/commands.rs:582:24
[INFO] [stdout]     |
[INFO] [stdout] 582 |             use crate::test::assert_err_re;
[INFO] [stdout]     |                        ^^^^
[INFO] [stdout]     |                        |
[INFO] [stdout]     |                        unresolved import
[INFO] [stdout]     |                        help: a similar path exists: `shell::test`
[INFO] [stdout]     |
[INFO] [stdout]    ::: src/shell/commands/dolib.rs:53:5
[INFO] [stdout]     |
[INFO] [stdout] 53  |     cmd_scope_tests!(USAGE);
[INFO] [stdout]     |     ----------------------- in this macro invocation
[INFO] [stdout]     |
[INFO] [stdout] note: found an item that was configured out
[INFO] [stdout]    --> src/lib.rs:16:9
[INFO] [stdout]     |
[INFO] [stdout] 16  | pub mod test;
[INFO] [stdout]     |         ^^^^
[INFO] [stdout] note: the item is gated behind the `test` feature
[INFO] [stdout]    --> src/lib.rs:15:7
[INFO] [stdout]     |
[INFO] [stdout] 15  | #[cfg(feature = "test")]
[INFO] [stdout]     |       ^^^^^^^^^^^^^^^^
[INFO] [stdout]     = note: this error originates in the macro `cmd_scope_tests` (in Nightly builds, run with -Z macro-backtrace for more info)
[INFO] [stdout] 
[INFO] [stdout] 
[INFO] [stdout] error[E0432]: unresolved import `crate::test`
[INFO] [stdout]    --> src/shell/commands.rs:582:24
[INFO] [stdout]     |
[INFO] [stdout] 582 |             use crate::test::assert_err_re;
[INFO] [stdout]     |                        ^^^^
[INFO] [stdout]     |                        |
[INFO] [stdout]     |                        unresolved import
[INFO] [stdout]     |                        help: a similar path exists: `shell::test`
[INFO] [stdout]     |
[INFO] [stdout]    ::: src/shell/commands/dolib_a.rs:32:5
[INFO] [stdout]     |
[INFO] [stdout] 32  |     cmd_scope_tests!(USAGE);
[INFO] [stdout]     |     ----------------------- in this macro invocation
[INFO] [stdout]     |
[INFO] [stdout] note: found an item that was configured out
[INFO] [stdout]    --> src/lib.rs:16:9
[INFO] [stdout]     |
[INFO] [stdout] 16  | pub mod test;
[INFO] [stdout]     |         ^^^^
[INFO] [stdout] note: the item is gated behind the `test` feature
[INFO] [stdout]    --> src/lib.rs:15:7
[INFO] [stdout]     |
[INFO] [stdout] 15  | #[cfg(feature = "test")]
[INFO] [stdout]     |       ^^^^^^^^^^^^^^^^
[INFO] [stdout]     = note: this error originates in the macro `cmd_scope_tests` (in Nightly builds, run with -Z macro-backtrace for more info)
[INFO] [stdout] 
[INFO] [stdout] 
[INFO] [stdout] error[E0432]: unresolved import `crate::test`
[INFO] [stdout]    --> src/shell/commands.rs:582:24
[INFO] [stdout]     |
[INFO] [stdout] 582 |             use crate::test::assert_err_re;
[INFO] [stdout]     |                        ^^^^
[INFO] [stdout]     |                        |
[INFO] [stdout]     |                        unresolved import
[INFO] [stdout]     |                        help: a similar path exists: `shell::test`
[INFO] [stdout]     |
[INFO] [stdout]    ::: src/shell/commands/dolib_so.rs:32:5
[INFO] [stdout]     |
[INFO] [stdout] 32  |     cmd_scope_tests!(USAGE);
[INFO] [stdout]     |     ----------------------- in this macro invocation
[INFO] [stdout]     |
[INFO] [stdout] note: found an item that was configured out
[INFO] [stdout]    --> src/lib.rs:16:9
[INFO] [stdout]     |
[INFO] [stdout] 16  | pub mod test;
[INFO] [stdout]     |         ^^^^
[INFO] [stdout] note: the item is gated behind the `test` feature
[INFO] [stdout]    --> src/lib.rs:15:7
[INFO] [stdout]     |
[INFO] [stdout] 15  | #[cfg(feature = "test")]
[INFO] [stdout]     |       ^^^^^^^^^^^^^^^^
[INFO] [stdout]     = note: this error originates in the macro `cmd_scope_tests` (in Nightly builds, run with -Z macro-backtrace for more info)
[INFO] [stdout] 
[INFO] [stdout] 
[INFO] [stdout] error[E0432]: unresolved import `crate::test`
[INFO] [stdout]    --> src/shell/commands.rs:582:24
[INFO] [stdout]     |
[INFO] [stdout] 582 |             use crate::test::assert_err_re;
[INFO] [stdout]     |                        ^^^^
[INFO] [stdout]     |                        |
[INFO] [stdout]     |                        unresolved import
[INFO] [stdout]     |                        help: a similar path exists: `shell::test`
[INFO] [stdout]     |
[INFO] [stdout]    ::: src/shell/commands/doman.rs:83:5
[INFO] [stdout]     |
[INFO] [stdout] 83  |     cmd_scope_tests!(USAGE);
[INFO] [stdout]     |     ----------------------- in this macro invocation
[INFO] [stdout]     |
[INFO] [stdout] note: found an item that was configured out
[INFO] [stdout]    --> src/lib.rs:16:9
[INFO] [stdout]     |
[INFO] [stdout] 16  | pub mod test;
[INFO] [stdout]     |         ^^^^
[INFO] [stdout] note: the item is gated behind the `test` feature
[INFO] [stdout]    --> src/lib.rs:15:7
[INFO] [stdout]     |
[INFO] [stdout] 15  | #[cfg(feature = "test")]
[INFO] [stdout]     |       ^^^^^^^^^^^^^^^^
[INFO] [stdout]     = note: this error originates in the macro `cmd_scope_tests` (in Nightly builds, run with -Z macro-backtrace for more info)
[INFO] [stdout] 
[INFO] [stdout] 
[INFO] [stdout] error[E0432]: unresolved import `crate::test`
[INFO] [stdout]    --> src/shell/commands.rs:582:24
[INFO] [stdout]     |
[INFO] [stdout] 582 |             use crate::test::assert_err_re;
[INFO] [stdout]     |                        ^^^^
[INFO] [stdout]     |                        |
[INFO] [stdout]     |                        unresolved import
[INFO] [stdout]     |                        help: a similar path exists: `shell::test`
[INFO] [stdout]     |
[INFO] [stdout]    ::: src/shell/commands/domo.rs:66:5
[INFO] [stdout]     |
[INFO] [stdout] 66  |     cmd_scope_tests!(USAGE);
[INFO] [stdout]     |     ----------------------- in this macro invocation
[INFO] [stdout]     |
[INFO] [stdout] note: found an item that was configured out
[INFO] [stdout]    --> src/lib.rs:16:9
[INFO] [stdout]     |
[INFO] [stdout] 16  | pub mod test;
[INFO] [stdout]     |         ^^^^
[INFO] [stdout] note: the item is gated behind the `test` feature
[INFO] [stdout]    --> src/lib.rs:15:7
[INFO] [stdout]     |
[INFO] [stdout] 15  | #[cfg(feature = "test")]
[INFO] [stdout]     |       ^^^^^^^^^^^^^^^^
[INFO] [stdout]     = note: this error originates in the macro `cmd_scope_tests` (in Nightly builds, run with -Z macro-backtrace for more info)
[INFO] [stdout] 
[INFO] [stdout] 
[INFO] [stdout] error[E0432]: unresolved import `crate::test`
[INFO] [stdout]    --> src/shell/commands.rs:582:24
[INFO] [stdout]     |
[INFO] [stdout] 582 |             use crate::test::assert_err_re;
[INFO] [stdout]     |                        ^^^^
[INFO] [stdout]     |                        |
[INFO] [stdout]     |                        unresolved import
[INFO] [stdout]     |                        help: a similar path exists: `shell::test`
[INFO] [stdout]     |
[INFO] [stdout]    ::: src/shell/commands/dosbin.rs:30:5
[INFO] [stdout]     |
[INFO] [stdout] 30  |     cmd_scope_tests!(USAGE);
[INFO] [stdout]     |     ----------------------- in this macro invocation
[INFO] [stdout]     |
[INFO] [stdout] note: found an item that was configured out
[INFO] [stdout]    --> src/lib.rs:16:9
[INFO] [stdout]     |
[INFO] [stdout] 16  | pub mod test;
[INFO] [stdout]     |         ^^^^
[INFO] [stdout] note: the item is gated behind the `test` feature
[INFO] [stdout]    --> src/lib.rs:15:7
[INFO] [stdout]     |
[INFO] [stdout] 15  | #[cfg(feature = "test")]
[INFO] [stdout]     |       ^^^^^^^^^^^^^^^^
[INFO] [stdout]     = note: this error originates in the macro `cmd_scope_tests` (in Nightly builds, run with -Z macro-backtrace for more info)
[INFO] [stdout] 
[INFO] [stdout] 
[INFO] [stdout] error[E0432]: unresolved import `crate::test`
[INFO] [stdout]    --> src/shell/commands.rs:582:24
[INFO] [stdout]     |
[INFO] [stdout] 582 |             use crate::test::assert_err_re;
[INFO] [stdout]     |                        ^^^^
[INFO] [stdout]     |                        |
[INFO] [stdout]     |                        unresolved import
[INFO] [stdout]     |                        help: a similar path exists: `shell::test`
[INFO] [stdout]     |
[INFO] [stdout]    ::: src/shell/commands/dostrip.rs:36:5
[INFO] [stdout]     |
[INFO] [stdout] 36  |     cmd_scope_tests!(USAGE);
[INFO] [stdout]     |     ----------------------- in this macro invocation
[INFO] [stdout]     |
[INFO] [stdout] note: found an item that was configured out
[INFO] [stdout]    --> src/lib.rs:16:9
[INFO] [stdout]     |
[INFO] [stdout] 16  | pub mod test;
[INFO] [stdout]     |         ^^^^
[INFO] [stdout] note: the item is gated behind the `test` feature
[INFO] [stdout]    --> src/lib.rs:15:7
[INFO] [stdout]     |
[INFO] [stdout] 15  | #[cfg(feature = "test")]
[INFO] [stdout]     |       ^^^^^^^^^^^^^^^^
[INFO] [stdout]     = note: this error originates in the macro `cmd_scope_tests` (in Nightly builds, run with -Z macro-backtrace for more info)
[INFO] [stdout] 
[INFO] [stdout] 
[INFO] [stdout] error[E0432]: unresolved import `crate::test`
[INFO] [stdout]    --> src/shell/commands.rs:582:24
[INFO] [stdout]     |
[INFO] [stdout] 582 |             use crate::test::assert_err_re;
[INFO] [stdout]     |                        ^^^^
[INFO] [stdout]     |                        |
[INFO] [stdout]     |                        unresolved import
[INFO] [stdout]     |                        help: a similar path exists: `shell::test`
[INFO] [stdout]     |
[INFO] [stdout]    ::: src/shell/commands/dosym.rs:70:5
[INFO] [stdout]     |
[INFO] [stdout] 70  |     cmd_scope_tests!(USAGE);
[INFO] [stdout]     |     ----------------------- in this macro invocation
[INFO] [stdout]     |
[INFO] [stdout] note: found an item that was configured out
[INFO] [stdout]    --> src/lib.rs:16:9
[INFO] [stdout]     |
[INFO] [stdout] 16  | pub mod test;
[INFO] [stdout]     |         ^^^^
[INFO] [stdout] note: the item is gated behind the `test` feature
[INFO] [stdout]    --> src/lib.rs:15:7
[INFO] [stdout]     |
[INFO] [stdout] 15  | #[cfg(feature = "test")]
[INFO] [stdout]     |       ^^^^^^^^^^^^^^^^
[INFO] [stdout]     = note: this error originates in the macro `cmd_scope_tests` (in Nightly builds, run with -Z macro-backtrace for more info)
[INFO] [stdout] 
[INFO] [stdout] 
[INFO] [stdout] error[E0432]: unresolved import `crate::test`
[INFO] [stdout]    --> src/shell/commands.rs:582:24
[INFO] [stdout]     |
[INFO] [stdout] 582 |             use crate::test::assert_err_re;
[INFO] [stdout]     |                        ^^^^
[INFO] [stdout]     |                        |
[INFO] [stdout]     |                        unresolved import
[INFO] [stdout]     |                        help: a similar path exists: `shell::test`
[INFO] [stdout]     |
[INFO] [stdout]    ::: src/shell/commands/eapply.rs:166:5
[INFO] [stdout]     |
[INFO] [stdout] 166 |     cmd_scope_tests!(USAGE);
[INFO] [stdout]     |     ----------------------- in this macro invocation
[INFO] [stdout]     |
[INFO] [stdout] note: found an item that was configured out
[INFO] [stdout]    --> src/lib.rs:16:9
[INFO] [stdout]     |
[INFO] [stdout] 16  | pub mod test;
[INFO] [stdout]     |         ^^^^
[INFO] [stdout] note: the item is gated behind the `test` feature
[INFO] [stdout]    --> src/lib.rs:15:7
[INFO] [stdout]     |
[INFO] [stdout] 15  | #[cfg(feature = "test")]
[INFO] [stdout]     |       ^^^^^^^^^^^^^^^^
[INFO] [stdout]     = note: this error originates in the macro `cmd_scope_tests` (in Nightly builds, run with -Z macro-backtrace for more info)
[INFO] [stdout] 
[INFO] [stdout] 
[INFO] [stdout] error[E0432]: unresolved import `crate::test`
[INFO] [stdout]    --> src/shell/commands.rs:582:24
[INFO] [stdout]     |
[INFO] [stdout] 582 |             use crate::test::assert_err_re;
[INFO] [stdout]     |                        ^^^^
[INFO] [stdout]     |                        |
[INFO] [stdout]     |                        unresolved import
[INFO] [stdout]     |                        help: a similar path exists: `shell::test`
[INFO] [stdout]     |
[INFO] [stdout]    ::: src/shell/commands/eapply_user.rs:45:5
[INFO] [stdout]     |
[INFO] [stdout] 45  |     cmd_scope_tests!(USAGE);
[INFO] [stdout]     |     ----------------------- in this macro invocation
[INFO] [stdout]     |
[INFO] [stdout] note: found an item that was configured out
[INFO] [stdout]    --> src/lib.rs:16:9
[INFO] [stdout]     |
[INFO] [stdout] 16  | pub mod test;
[INFO] [stdout]     |         ^^^^
[INFO] [stdout] note: the item is gated behind the `test` feature
[INFO] [stdout]    --> src/lib.rs:15:7
[INFO] [stdout]     |
[INFO] [stdout] 15  | #[cfg(feature = "test")]
[INFO] [stdout]     |       ^^^^^^^^^^^^^^^^
[INFO] [stdout]     = note: this error originates in the macro `cmd_scope_tests` (in Nightly builds, run with -Z macro-backtrace for more info)
[INFO] [stdout] 
[INFO] [stdout] 
[INFO] [stdout] error[E0432]: unresolved import `crate::test`
[INFO] [stdout]    --> src/shell/commands.rs:582:24
[INFO] [stdout]     |
[INFO] [stdout] 582 |             use crate::test::assert_err_re;
[INFO] [stdout]     |                        ^^^^
[INFO] [stdout]     |                        |
[INFO] [stdout]     |                        unresolved import
[INFO] [stdout]     |                        help: a similar path exists: `shell::test`
[INFO] [stdout]     |
[INFO] [stdout]    ::: src/shell/commands/ebegin.rs:31:5
[INFO] [stdout]     |
[INFO] [stdout] 31  |     cmd_scope_tests!(USAGE);
[INFO] [stdout]     |     ----------------------- in this macro invocation
[INFO] [stdout]     |
[INFO] [stdout] note: found an item that was configured out
[INFO] [stdout]    --> src/lib.rs:16:9
[INFO] [stdout]     |
[INFO] [stdout] 16  | pub mod test;
[INFO] [stdout]     |         ^^^^
[INFO] [stdout] note: the item is gated behind the `test` feature
[INFO] [stdout]    --> src/lib.rs:15:7
[INFO] [stdout]     |
[INFO] [stdout] 15  | #[cfg(feature = "test")]
[INFO] [stdout]     |       ^^^^^^^^^^^^^^^^
[INFO] [stdout]     = note: this error originates in the macro `cmd_scope_tests` (in Nightly builds, run with -Z macro-backtrace for more info)
[INFO] [stdout] 
[INFO] [stdout] 
[INFO] [stdout] error[E0432]: unresolved import `crate::test`
[INFO] [stdout]    --> src/shell/commands.rs:582:24
[INFO] [stdout]     |
[INFO] [stdout] 582 |             use crate::test::assert_err_re;
[INFO] [stdout]     |                        ^^^^
[INFO] [stdout]     |                        |
[INFO] [stdout]     |                        unresolved import
[INFO] [stdout]     |                        help: a similar path exists: `shell::test`
[INFO] [stdout]     |
[INFO] [stdout]    ::: src/shell/commands/econf.rs:131:5
[INFO] [stdout]     |
[INFO] [stdout] 131 |     cmd_scope_tests!(USAGE);
[INFO] [stdout]     |     ----------------------- in this macro invocation
[INFO] [stdout]     |
[INFO] [stdout] note: found an item that was configured out
[INFO] [stdout]    --> src/lib.rs:16:9
[INFO] [stdout]     |
[INFO] [stdout] 16  | pub mod test;
[INFO] [stdout]     |         ^^^^
[INFO] [stdout] note: the item is gated behind the `test` feature
[INFO] [stdout]    --> src/lib.rs:15:7
[INFO] [stdout]     |
[INFO] [stdout] 15  | #[cfg(feature = "test")]
[INFO] [stdout]     |       ^^^^^^^^^^^^^^^^
[INFO] [stdout]     = note: this error originates in the macro `cmd_scope_tests` (in Nightly builds, run with -Z macro-backtrace for more info)
[INFO] [stdout] 
[INFO] [stdout] 
[INFO] [stdout] error[E0432]: unresolved import `crate::test`
[INFO] [stdout]    --> src/shell/commands.rs:582:24
[INFO] [stdout]     |
[INFO] [stdout] 582 |             use crate::test::assert_err_re;
[INFO] [stdout]     |                        ^^^^
[INFO] [stdout]     |                        |
[INFO] [stdout]     |                        unresolved import
[INFO] [stdout]     |                        help: a similar path exists: `shell::test`
[INFO] [stdout]     |
[INFO] [stdout]    ::: src/shell/commands/eend.rs:44:5
[INFO] [stdout]     |
[INFO] [stdout] 44  |     cmd_scope_tests!(USAGE);
[INFO] [stdout]     |     ----------------------- in this macro invocation
[INFO] [stdout]     |
[INFO] [stdout] note: found an item that was configured out
[INFO] [stdout]    --> src/lib.rs:16:9
[INFO] [stdout]     |
[INFO] [stdout] 16  | pub mod test;
[INFO] [stdout]     |         ^^^^
[INFO] [stdout] note: the item is gated behind the `test` feature
[INFO] [stdout]    --> src/lib.rs:15:7
[INFO] [stdout]     |
[INFO] [stdout] 15  | #[cfg(feature = "test")]
[INFO] [stdout]     |       ^^^^^^^^^^^^^^^^
[INFO] [stdout]     = note: this error originates in the macro `cmd_scope_tests` (in Nightly builds, run with -Z macro-backtrace for more info)
[INFO] [stdout] 
[INFO] [stdout] 
[INFO] [stdout] error[E0432]: unresolved import `crate::test`
[INFO] [stdout]    --> src/shell/commands.rs:582:24
[INFO] [stdout]     |
[INFO] [stdout] 582 |             use crate::test::assert_err_re;
[INFO] [stdout]     |                        ^^^^
[INFO] [stdout]     |                        |
[INFO] [stdout]     |                        unresolved import
[INFO] [stdout]     |                        help: a similar path exists: `shell::test`
[INFO] [stdout]     |
[INFO] [stdout]    ::: src/shell/commands/eerror.rs:31:5
[INFO] [stdout]     |
[INFO] [stdout] 31  |     cmd_scope_tests!(USAGE);
[INFO] [stdout]     |     ----------------------- in this macro invocation
[INFO] [stdout]     |
[INFO] [stdout] note: found an item that was configured out
[INFO] [stdout]    --> src/lib.rs:16:9
[INFO] [stdout]     |
[INFO] [stdout] 16  | pub mod test;
[INFO] [stdout]     |         ^^^^
[INFO] [stdout] note: the item is gated behind the `test` feature
[INFO] [stdout]    --> src/lib.rs:15:7
[INFO] [stdout]     |
[INFO] [stdout] 15  | #[cfg(feature = "test")]
[INFO] [stdout]     |       ^^^^^^^^^^^^^^^^
[INFO] [stdout]     = note: this error originates in the macro `cmd_scope_tests` (in Nightly builds, run with -Z macro-backtrace for more info)
[INFO] [stdout] 
[INFO] [stdout] 
[INFO] [stdout] error[E0432]: unresolved import `crate::test`
[INFO] [stdout]    --> src/shell/commands.rs:582:24
[INFO] [stdout]     |
[INFO] [stdout] 582 |             use crate::test::assert_err_re;
[INFO] [stdout]     |                        ^^^^
[INFO] [stdout]     |                        |
[INFO] [stdout]     |                        unresolved import
[INFO] [stdout]     |                        help: a similar path exists: `shell::test`
[INFO] [stdout]     |
[INFO] [stdout]    ::: src/shell/commands/einfo.rs:31:5
[INFO] [stdout]     |
[INFO] [stdout] 31  |     cmd_scope_tests!(USAGE);
[INFO] [stdout]     |     ----------------------- in this macro invocation
[INFO] [stdout]     |
[INFO] [stdout] note: found an item that was configured out
[INFO] [stdout]    --> src/lib.rs:16:9
[INFO] [stdout]     |
[INFO] [stdout] 16  | pub mod test;
[INFO] [stdout]     |         ^^^^
[INFO] [stdout] note: the item is gated behind the `test` feature
[INFO] [stdout]    --> src/lib.rs:15:7
[INFO] [stdout]     |
[INFO] [stdout] 15  | #[cfg(feature = "test")]
[INFO] [stdout]     |       ^^^^^^^^^^^^^^^^
[INFO] [stdout]     = note: this error originates in the macro `cmd_scope_tests` (in Nightly builds, run with -Z macro-backtrace for more info)
[INFO] [stdout] 
[INFO] [stdout] 
[INFO] [stdout] error[E0432]: unresolved import `crate::test`
[INFO] [stdout]    --> src/shell/commands.rs:582:24
[INFO] [stdout]     |
[INFO] [stdout] 582 |             use crate::test::assert_err_re;
[INFO] [stdout]     |                        ^^^^
[INFO] [stdout]     |                        |
[INFO] [stdout]     |                        unresolved import
[INFO] [stdout]     |                        help: a similar path exists: `shell::test`
[INFO] [stdout]     |
[INFO] [stdout]    ::: src/shell/commands/einfon.rs:31:5
[INFO] [stdout]     |
[INFO] [stdout] 31  |     cmd_scope_tests!(USAGE);
[INFO] [stdout]     |     ----------------------- in this macro invocation
[INFO] [stdout]     |
[INFO] [stdout] note: found an item that was configured out
[INFO] [stdout]    --> src/lib.rs:16:9
[INFO] [stdout]     |
[INFO] [stdout] 16  | pub mod test;
[INFO] [stdout]     |         ^^^^
[INFO] [stdout] note: the item is gated behind the `test` feature
[INFO] [stdout]    --> src/lib.rs:15:7
[INFO] [stdout]     |
[INFO] [stdout] 15  | #[cfg(feature = "test")]
[INFO] [stdout]     |       ^^^^^^^^^^^^^^^^
[INFO] [stdout]     = note: this error originates in the macro `cmd_scope_tests` (in Nightly builds, run with -Z macro-backtrace for more info)
[INFO] [stdout] 
[INFO] [stdout] 
[INFO] [stdout] error[E0432]: unresolved import `crate::test`
[INFO] [stdout]    --> src/shell/commands.rs:582:24
[INFO] [stdout]     |
[INFO] [stdout] 582 |             use crate::test::assert_err_re;
[INFO] [stdout]     |                        ^^^^
[INFO] [stdout]     |                        |
[INFO] [stdout]     |                        unresolved import
[INFO] [stdout]     |                        help: a similar path exists: `shell::test`
[INFO] [stdout]     |
[INFO] [stdout]    ::: src/shell/commands/einstall.rs:36:5
[INFO] [stdout]     |
[INFO] [stdout] 36  |     cmd_scope_tests!(USAGE);
[INFO] [stdout]     |     ----------------------- in this macro invocation
[INFO] [stdout]     |
[INFO] [stdout] note: found an item that was configured out
[INFO] [stdout]    --> src/lib.rs:16:9
[INFO] [stdout]     |
[INFO] [stdout] 16  | pub mod test;
[INFO] [stdout]     |         ^^^^
[INFO] [stdout] note: the item is gated behind the `test` feature
[INFO] [stdout]    --> src/lib.rs:15:7
[INFO] [stdout]     |
[INFO] [stdout] 15  | #[cfg(feature = "test")]
[INFO] [stdout]     |       ^^^^^^^^^^^^^^^^
[INFO] [stdout]     = note: this error originates in the macro `cmd_scope_tests` (in Nightly builds, run with -Z macro-backtrace for more info)
[INFO] [stdout] 
[INFO] [stdout] 
[INFO] [stdout] error[E0432]: unresolved import `crate::test`
[INFO] [stdout]    --> src/shell/commands.rs:582:24
[INFO] [stdout]     |
[INFO] [stdout] 582 |             use crate::test::assert_err_re;
[INFO] [stdout]     |                        ^^^^
[INFO] [stdout]     |                        |
[INFO] [stdout]     |                        unresolved import
[INFO] [stdout]     |                        help: a similar path exists: `shell::test`
[INFO] [stdout]     |
[INFO] [stdout]    ::: src/shell/commands/einstalldocs.rs:110:5
[INFO] [stdout]     |
[INFO] [stdout] 110 |     cmd_scope_tests!(USAGE);
[INFO] [stdout]     |     ----------------------- in this macro invocation
[INFO] [stdout]     |
[INFO] [stdout] note: found an item that was configured out
[INFO] [stdout]    --> src/lib.rs:16:9
[INFO] [stdout]     |
[INFO] [stdout] 16  | pub mod test;
[INFO] [stdout]     |         ^^^^
[INFO] [stdout] note: the item is gated behind the `test` feature
[INFO] [stdout]    --> src/lib.rs:15:7
[INFO] [stdout]     |
[INFO] [stdout] 15  | #[cfg(feature = "test")]
[INFO] [stdout]     |       ^^^^^^^^^^^^^^^^
[INFO] [stdout]     = note: this error originates in the macro `cmd_scope_tests` (in Nightly builds, run with -Z macro-backtrace for more info)
[INFO] [stdout] 
[INFO] [stdout] 
[INFO] [stdout] error[E0432]: unresolved import `crate::test`
[INFO] [stdout]    --> src/shell/commands.rs:582:24
[INFO] [stdout]     |
[INFO] [stdout] 582 |             use crate::test::assert_err_re;
[INFO] [stdout]     |                        ^^^^
[INFO] [stdout]     |                        |
[INFO] [stdout]     |                        unresolved import
[INFO] [stdout]     |                        help: a similar path exists: `shell::test`
[INFO] [stdout]     |
[INFO] [stdout]    ::: src/shell/commands/elog.rs:33:5
[INFO] [stdout]     |
[INFO] [stdout] 33  |     cmd_scope_tests!(USAGE);
[INFO] [stdout]     |     ----------------------- in this macro invocation
[INFO] [stdout]     |
[INFO] [stdout] note: found an item that was configured out
[INFO] [stdout]    --> src/lib.rs:16:9
[INFO] [stdout]     |
[INFO] [stdout] 16  | pub mod test;
[INFO] [stdout]     |         ^^^^
[INFO] [stdout] note: the item is gated behind the `test` feature
[INFO] [stdout]    --> src/lib.rs:15:7
[INFO] [stdout]     |
[INFO] [stdout] 15  | #[cfg(feature = "test")]
[INFO] [stdout]     |       ^^^^^^^^^^^^^^^^
[INFO] [stdout]     = note: this error originates in the macro `cmd_scope_tests` (in Nightly builds, run with -Z macro-backtrace for more info)
[INFO] [stdout] 
[INFO] [stdout] 
[INFO] [stdout] error[E0432]: unresolved import `crate::test`
[INFO] [stdout]    --> src/shell/commands.rs:582:24
[INFO] [stdout]     |
[INFO] [stdout] 582 |             use crate::test::assert_err_re;
[INFO] [stdout]     |                        ^^^^
[INFO] [stdout]     |                        |
[INFO] [stdout]     |                        unresolved import
[INFO] [stdout]     |                        help: a similar path exists: `shell::test`
[INFO] [stdout]     |
[INFO] [stdout]    ::: src/shell/commands/emake.rs:55:5
[INFO] [stdout]     |
[INFO] [stdout] 55  |     cmd_scope_tests!(USAGE);
[INFO] [stdout]     |     ----------------------- in this macro invocation
[INFO] [stdout]     |
[INFO] [stdout] note: found an item that was configured out
[INFO] [stdout]    --> src/lib.rs:16:9
[INFO] [stdout]     |
[INFO] [stdout] 16  | pub mod test;
[INFO] [stdout]     |         ^^^^
[INFO] [stdout] note: the item is gated behind the `test` feature
[INFO] [stdout]    --> src/lib.rs:15:7
[INFO] [stdout]     |
[INFO] [stdout] 15  | #[cfg(feature = "test")]
[INFO] [stdout]     |       ^^^^^^^^^^^^^^^^
[INFO] [stdout]     = note: this error originates in the macro `cmd_scope_tests` (in Nightly builds, run with -Z macro-backtrace for more info)
[INFO] [stdout] 
[INFO] [stdout] 
[INFO] [stdout] error[E0432]: unresolved import `crate::test`
[INFO] [stdout]    --> src/shell/commands.rs:582:24
[INFO] [stdout]     |
[INFO] [stdout] 582 |             use crate::test::assert_err_re;
[INFO] [stdout]     |                        ^^^^
[INFO] [stdout]     |                        |
[INFO] [stdout]     |                        unresolved import
[INFO] [stdout]     |                        help: a similar path exists: `shell::test`
[INFO] [stdout]     |
[INFO] [stdout]    ::: src/shell/commands/eqawarn.rs:31:5
[INFO] [stdout]     |
[INFO] [stdout] 31  |     cmd_scope_tests!(USAGE);
[INFO] [stdout]     |     ----------------------- in this macro invocation
[INFO] [stdout]     |
[INFO] [stdout] note: found an item that was configured out
[INFO] [stdout]    --> src/lib.rs:16:9
[INFO] [stdout]     |
[INFO] [stdout] 16  | pub mod test;
[INFO] [stdout]     |         ^^^^
[INFO] [stdout] note: the item is gated behind the `test` feature
[INFO] [stdout]    --> src/lib.rs:15:7
[INFO] [stdout]     |
[INFO] [stdout] 15  | #[cfg(feature = "test")]
[INFO] [stdout]     |       ^^^^^^^^^^^^^^^^
[INFO] [stdout]     = note: this error originates in the macro `cmd_scope_tests` (in Nightly builds, run with -Z macro-backtrace for more info)
[INFO] [stdout] 
[INFO] [stdout] 
[INFO] [stdout] error[E0432]: unresolved import `crate::test`
[INFO] [stdout]    --> src/shell/commands.rs:582:24
[INFO] [stdout]     |
[INFO] [stdout] 582 |             use crate::test::assert_err_re;
[INFO] [stdout]     |                        ^^^^
[INFO] [stdout]     |                        |
[INFO] [stdout]     |                        unresolved import
[INFO] [stdout]     |                        help: a similar path exists: `shell::test`
[INFO] [stdout]     |
[INFO] [stdout]    ::: src/shell/commands/ewarn.rs:31:5
[INFO] [stdout]     |
[INFO] [stdout] 31  |     cmd_scope_tests!(USAGE);
[INFO] [stdout]     |     ----------------------- in this macro invocation
[INFO] [stdout]     |
[INFO] [stdout] note: found an item that was configured out
[INFO] [stdout]    --> src/lib.rs:16:9
[INFO] [stdout]     |
[INFO] [stdout] 16  | pub mod test;
[INFO] [stdout]     |         ^^^^
[INFO] [stdout] note: the item is gated behind the `test` feature
[INFO] [stdout]    --> src/lib.rs:15:7
[INFO] [stdout]     |
[INFO] [stdout] 15  | #[cfg(feature = "test")]
[INFO] [stdout]     |       ^^^^^^^^^^^^^^^^
[INFO] [stdout]     = note: this error originates in the macro `cmd_scope_tests` (in Nightly builds, run with -Z macro-backtrace for more info)
[INFO] [stdout] 
[INFO] [stdout] 
[INFO] [stdout] error[E0432]: unresolved import `crate::test`
[INFO] [stdout]    --> src/shell/commands.rs:582:24
[INFO] [stdout]     |
[INFO] [stdout] 582 |             use crate::test::assert_err_re;
[INFO] [stdout]     |                        ^^^^
[INFO] [stdout]     |                        |
[INFO] [stdout]     |                        unresolved import
[INFO] [stdout]     |                        help: a similar path exists: `shell::test`
[INFO] [stdout]     |
[INFO] [stdout]    ::: src/shell/commands/exeinto.rs:33:5
[INFO] [stdout]     |
[INFO] [stdout] 33  |     cmd_scope_tests!(USAGE);
[INFO] [stdout]     |     ----------------------- in this macro invocation
[INFO] [stdout]     |
[INFO] [stdout] note: found an item that was configured out
[INFO] [stdout]    --> src/lib.rs:16:9
[INFO] [stdout]     |
[INFO] [stdout] 16  | pub mod test;
[INFO] [stdout]     |         ^^^^
[INFO] [stdout] note: the item is gated behind the `test` feature
[INFO] [stdout]    --> src/lib.rs:15:7
[INFO] [stdout]     |
[INFO] [stdout] 15  | #[cfg(feature = "test")]
[INFO] [stdout]     |       ^^^^^^^^^^^^^^^^
[INFO] [stdout]     = note: this error originates in the macro `cmd_scope_tests` (in Nightly builds, run with -Z macro-backtrace for more info)
[INFO] [stdout] 
[INFO] [stdout] 
[INFO] [stdout] error[E0432]: unresolved import `crate::test`
[INFO] [stdout]    --> src/shell/commands.rs:582:24
[INFO] [stdout]     |
[INFO] [stdout] 582 |             use crate::test::assert_err_re;
[INFO] [stdout]     |                        ^^^^
[INFO] [stdout]     |                        |
[INFO] [stdout]     |                        unresolved import
[INFO] [stdout]     |                        help: a similar path exists: `shell::test`
[INFO] [stdout]     |
[INFO] [stdout]    ::: src/shell/commands/exeopts.rs:33:5
[INFO] [stdout]     |
[INFO] [stdout] 33  |     cmd_scope_tests!(USAGE);
[INFO] [stdout]     |     ----------------------- in this macro invocation
[INFO] [stdout]     |
[INFO] [stdout] note: found an item that was configured out
[INFO] [stdout]    --> src/lib.rs:16:9
[INFO] [stdout]     |
[INFO] [stdout] 16  | pub mod test;
[INFO] [stdout]     |         ^^^^
[INFO] [stdout] note: the item is gated behind the `test` feature
[INFO] [stdout]    --> src/lib.rs:15:7
[INFO] [stdout]     |
[INFO] [stdout] 15  | #[cfg(feature = "test")]
[INFO] [stdout]     |       ^^^^^^^^^^^^^^^^
[INFO] [stdout]     = note: this error originates in the macro `cmd_scope_tests` (in Nightly builds, run with -Z macro-backtrace for more info)
[INFO] [stdout] 
[INFO] [stdout] 
[INFO] [stdout] error[E0432]: unresolved import `crate::test`
[INFO] [stdout]    --> src/shell/commands.rs:582:24
[INFO] [stdout]     |
[INFO] [stdout] 582 |             use crate::test::assert_err_re;
[INFO] [stdout]     |                        ^^^^
[INFO] [stdout]     |                        |
[INFO] [stdout]     |                        unresolved import
[INFO] [stdout]     |                        help: a similar path exists: `shell::test`
[INFO] [stdout]     |
[INFO] [stdout]    ::: src/shell/commands/export_functions.rs:53:5
[INFO] [stdout]     |
[INFO] [stdout] 53  |     cmd_scope_tests!(USAGE);
[INFO] [stdout]     |     ----------------------- in this macro invocation
[INFO] [stdout]     |
[INFO] [stdout] note: found an item that was configured out
[INFO] [stdout]    --> src/lib.rs:16:9
[INFO] [stdout]     |
[INFO] [stdout] 16  | pub mod test;
[INFO] [stdout]     |         ^^^^
[INFO] [stdout] note: the item is gated behind the `test` feature
[INFO] [stdout]    --> src/lib.rs:15:7
[INFO] [stdout]     |
[INFO] [stdout] 15  | #[cfg(feature = "test")]
[INFO] [stdout]     |       ^^^^^^^^^^^^^^^^
[INFO] [stdout]     = note: this error originates in the macro `cmd_scope_tests` (in Nightly builds, run with -Z macro-backtrace for more info)
[INFO] [stdout] 
[INFO] [stdout] 
[INFO] [stdout] error[E0432]: unresolved import `crate::test`
[INFO] [stdout]    --> src/shell/commands.rs:582:24
[INFO] [stdout]     |
[INFO] [stdout] 582 |             use crate::test::assert_err_re;
[INFO] [stdout]     |                        ^^^^
[INFO] [stdout]     |                        |
[INFO] [stdout]     |                        unresolved import
[INFO] [stdout]     |                        help: a similar path exists: `shell::test`
[INFO] [stdout]     |
[INFO] [stdout]    ::: src/shell/commands/fowners.rs:41:5
[INFO] [stdout]     |
[INFO] [stdout] 41  |     cmd_scope_tests!(USAGE);
[INFO] [stdout]     |     ----------------------- in this macro invocation
[INFO] [stdout]     |
[INFO] [stdout] note: found an item that was configured out
[INFO] [stdout]    --> src/lib.rs:16:9
[INFO] [stdout]     |
[INFO] [stdout] 16  | pub mod test;
[INFO] [stdout]     |         ^^^^
[INFO] [stdout] note: the item is gated behind the `test` feature
[INFO] [stdout]    --> src/lib.rs:15:7
[INFO] [stdout]     |
[INFO] [stdout] 15  | #[cfg(feature = "test")]
[INFO] [stdout]     |       ^^^^^^^^^^^^^^^^
[INFO] [stdout]     = note: this error originates in the macro `cmd_scope_tests` (in Nightly builds, run with -Z macro-backtrace for more info)
[INFO] [stdout] 
[INFO] [stdout] 
[INFO] [stdout] error[E0432]: unresolved import `crate::test`
[INFO] [stdout]    --> src/shell/commands.rs:582:24
[INFO] [stdout]     |
[INFO] [stdout] 582 |             use crate::test::assert_err_re;
[INFO] [stdout]     |                        ^^^^
[INFO] [stdout]     |                        |
[INFO] [stdout]     |                        unresolved import
[INFO] [stdout]     |                        help: a similar path exists: `shell::test`
[INFO] [stdout]     |
[INFO] [stdout]    ::: src/shell/commands/fperms.rs:41:5
[INFO] [stdout]     |
[INFO] [stdout] 41  |     cmd_scope_tests!(USAGE);
[INFO] [stdout]     |     ----------------------- in this macro invocation
[INFO] [stdout]     |
[INFO] [stdout] note: found an item that was configured out
[INFO] [stdout]    --> src/lib.rs:16:9
[INFO] [stdout]     |
[INFO] [stdout] 16  | pub mod test;
[INFO] [stdout]     |         ^^^^
[INFO] [stdout] note: the item is gated behind the `test` feature
[INFO] [stdout]    --> src/lib.rs:15:7
[INFO] [stdout]     |
[INFO] [stdout] 15  | #[cfg(feature = "test")]
[INFO] [stdout]     |       ^^^^^^^^^^^^^^^^
[INFO] [stdout]     = note: this error originates in the macro `cmd_scope_tests` (in Nightly builds, run with -Z macro-backtrace for more info)
[INFO] [stdout] 
[INFO] [stdout] 
[INFO] [stdout] error[E0432]: unresolved import `crate::test`
[INFO] [stdout]    --> src/shell/commands.rs:582:24
[INFO] [stdout]     |
[INFO] [stdout] 582 |             use crate::test::assert_err_re;
[INFO] [stdout]     |                        ^^^^
[INFO] [stdout]     |                        |
[INFO] [stdout]     |                        unresolved import
[INFO] [stdout]     |                        help: a similar path exists: `shell::test`
[INFO] [stdout]     |
[INFO] [stdout]    ::: src/shell/commands/get_libdir.rs:34:5
[INFO] [stdout]     |
[INFO] [stdout] 34  |     cmd_scope_tests!(USAGE);
[INFO] [stdout]     |     ----------------------- in this macro invocation
[INFO] [stdout]     |
[INFO] [stdout] note: found an item that was configured out
[INFO] [stdout]    --> src/lib.rs:16:9
[INFO] [stdout]     |
[INFO] [stdout] 16  | pub mod test;
[INFO] [stdout]     |         ^^^^
[INFO] [stdout] note: the item is gated behind the `test` feature
[INFO] [stdout]    --> src/lib.rs:15:7
[INFO] [stdout]     |
[INFO] [stdout] 15  | #[cfg(feature = "test")]
[INFO] [stdout]     |       ^^^^^^^^^^^^^^^^
[INFO] [stdout]     = note: this error originates in the macro `cmd_scope_tests` (in Nightly builds, run with -Z macro-backtrace for more info)
[INFO] [stdout] 
[INFO] [stdout] 
[INFO] [stdout] error[E0432]: unresolved import `crate::test`
[INFO] [stdout]    --> src/shell/commands.rs:582:24
[INFO] [stdout]     |
[INFO] [stdout] 582 |             use crate::test::assert_err_re;
[INFO] [stdout]     |                        ^^^^
[INFO] [stdout]     |                        |
[INFO] [stdout]     |                        unresolved import
[INFO] [stdout]     |                        help: a similar path exists: `shell::test`
[INFO] [stdout]     |
[INFO] [stdout]    ::: src/shell/commands/has.rs:25:5
[INFO] [stdout]     |
[INFO] [stdout] 25  |     cmd_scope_tests!(USAGE);
[INFO] [stdout]     |     ----------------------- in this macro invocation
[INFO] [stdout]     |
[INFO] [stdout] note: found an item that was configured out
[INFO] [stdout]    --> src/lib.rs:16:9
[INFO] [stdout]     |
[INFO] [stdout] 16  | pub mod test;
[INFO] [stdout]     |         ^^^^
[INFO] [stdout] note: the item is gated behind the `test` feature
[INFO] [stdout]    --> src/lib.rs:15:7
[INFO] [stdout]     |
[INFO] [stdout] 15  | #[cfg(feature = "test")]
[INFO] [stdout]     |       ^^^^^^^^^^^^^^^^
[INFO] [stdout]     = note: this error originates in the macro `cmd_scope_tests` (in Nightly builds, run with -Z macro-backtrace for more info)
[INFO] [stdout] 
[INFO] [stdout] 
[INFO] [stdout] error[E0432]: unresolved import `crate::test`
[INFO] [stdout]    --> src/shell/commands.rs:582:24
[INFO] [stdout]     |
[INFO] [stdout] 582 |             use crate::test::assert_err_re;
[INFO] [stdout]     |                        ^^^^
[INFO] [stdout]     |                        |
[INFO] [stdout]     |                        unresolved import
[INFO] [stdout]     |                        help: a similar path exists: `shell::test`
[INFO] [stdout]     |
[INFO] [stdout]    ::: src/shell/commands/has_version.rs:22:5
[INFO] [stdout]     |
[INFO] [stdout] 22  |     cmd_scope_tests!(USAGE);
[INFO] [stdout]     |     ----------------------- in this macro invocation
[INFO] [stdout]     |
[INFO] [stdout] note: found an item that was configured out
[INFO] [stdout]    --> src/lib.rs:16:9
[INFO] [stdout]     |
[INFO] [stdout] 16  | pub mod test;
[INFO] [stdout]     |         ^^^^
[INFO] [stdout] note: the item is gated behind the `test` feature
[INFO] [stdout]    --> src/lib.rs:15:7
[INFO] [stdout]     |
[INFO] [stdout] 15  | #[cfg(feature = "test")]
[INFO] [stdout]     |       ^^^^^^^^^^^^^^^^
[INFO] [stdout]     = note: this error originates in the macro `cmd_scope_tests` (in Nightly builds, run with -Z macro-backtrace for more info)
[INFO] [stdout] 
[INFO] [stdout] 
[INFO] [stdout] error[E0432]: unresolved import `crate::test`
[INFO] [stdout]    --> src/shell/commands.rs:582:24
[INFO] [stdout]     |
[INFO] [stdout] 582 |             use crate::test::assert_err_re;
[INFO] [stdout]     |                        ^^^^
[INFO] [stdout]     |                        |
[INFO] [stdout]     |                        unresolved import
[INFO] [stdout]     |                        help: a similar path exists: `shell::test`
[INFO] [stdout]     |
[INFO] [stdout]    ::: src/shell/commands/hasq.rs:20:5
[INFO] [stdout]     |
[INFO] [stdout] 20  |     cmd_scope_tests!(USAGE);
[INFO] [stdout]     |     ----------------------- in this macro invocation
[INFO] [stdout]     |
[INFO] [stdout] note: found an item that was configured out
[INFO] [stdout]    --> src/lib.rs:16:9
[INFO] [stdout]     |
[INFO] [stdout] 16  | pub mod test;
[INFO] [stdout]     |         ^^^^
[INFO] [stdout] note: the item is gated behind the `test` feature
[INFO] [stdout]    --> src/lib.rs:15:7
[INFO] [stdout]     |
[INFO] [stdout] 15  | #[cfg(feature = "test")]
[INFO] [stdout]     |       ^^^^^^^^^^^^^^^^
[INFO] [stdout]     = note: this error originates in the macro `cmd_scope_tests` (in Nightly builds, run with -Z macro-backtrace for more info)
[INFO] [stdout] 
[INFO] [stdout] 
[INFO] [stdout] error[E0432]: unresolved import `crate::test`
[INFO] [stdout]    --> src/shell/commands.rs:582:24
[INFO] [stdout]     |
[INFO] [stdout] 582 |             use crate::test::assert_err_re;
[INFO] [stdout]     |                        ^^^^
[INFO] [stdout]     |                        |
[INFO] [stdout]     |                        unresolved import
[INFO] [stdout]     |                        help: a similar path exists: `shell::test`
[INFO] [stdout]     |
[INFO] [stdout]    ::: src/shell/commands/hasv.rs:29:5
[INFO] [stdout]     |
[INFO] [stdout] 29  |     cmd_scope_tests!(USAGE);
[INFO] [stdout]     |     ----------------------- in this macro invocation
[INFO] [stdout]     |
[INFO] [stdout] note: found an item that was configured out
[INFO] [stdout]    --> src/lib.rs:16:9
[INFO] [stdout]     |
[INFO] [stdout] 16  | pub mod test;
[INFO] [stdout]     |         ^^^^
[INFO] [stdout] note: the item is gated behind the `test` feature
[INFO] [stdout]    --> src/lib.rs:15:7
[INFO] [stdout]     |
[INFO] [stdout] 15  | #[cfg(feature = "test")]
[INFO] [stdout]     |       ^^^^^^^^^^^^^^^^
[INFO] [stdout]     = note: this error originates in the macro `cmd_scope_tests` (in Nightly builds, run with -Z macro-backtrace for more info)
[INFO] [stdout] 
[INFO] [stdout] 
[INFO] [stdout] error[E0432]: unresolved import `crate::test`
[INFO] [stdout]    --> src/shell/commands.rs:582:24
[INFO] [stdout]     |
[INFO] [stdout] 582 |             use crate::test::assert_err_re;
[INFO] [stdout]     |                        ^^^^
[INFO] [stdout]     |                        |
[INFO] [stdout]     |                        unresolved import
[INFO] [stdout]     |                        help: a similar path exists: `shell::test`
[INFO] [stdout]     |
[INFO] [stdout]    ::: src/shell/commands/in_iuse.rs:32:5
[INFO] [stdout]     |
[INFO] [stdout] 32  |     cmd_scope_tests!(USAGE);
[INFO] [stdout]     |     ----------------------- in this macro invocation
[INFO] [stdout]     |
[INFO] [stdout] note: found an item that was configured out
[INFO] [stdout]    --> src/lib.rs:16:9
[INFO] [stdout]     |
[INFO] [stdout] 16  | pub mod test;
[INFO] [stdout]     |         ^^^^
[INFO] [stdout] note: the item is gated behind the `test` feature
[INFO] [stdout]    --> src/lib.rs:15:7
[INFO] [stdout]     |
[INFO] [stdout] 15  | #[cfg(feature = "test")]
[INFO] [stdout]     |       ^^^^^^^^^^^^^^^^
[INFO] [stdout]     = note: this error originates in the macro `cmd_scope_tests` (in Nightly builds, run with -Z macro-backtrace for more info)
[INFO] [stdout] 
[INFO] [stdout] 
[INFO] [stdout] error[E0432]: unresolved import `crate::test`
[INFO] [stdout]    --> src/shell/commands.rs:582:24
[INFO] [stdout]     |
[INFO] [stdout] 582 |             use crate::test::assert_err_re;
[INFO] [stdout]     |                        ^^^^
[INFO] [stdout]     |                        |
[INFO] [stdout]     |                        unresolved import
[INFO] [stdout]     |                        help: a similar path exists: `shell::test`
[INFO] [stdout]     |
[INFO] [stdout]    ::: src/shell/commands/inherit.rs:95:5
[INFO] [stdout]     |
[INFO] [stdout] 95  |     cmd_scope_tests!(USAGE);
[INFO] [stdout]     |     ----------------------- in this macro invocation
[INFO] [stdout]     |
[INFO] [stdout] note: found an item that was configured out
[INFO] [stdout]    --> src/lib.rs:16:9
[INFO] [stdout]     |
[INFO] [stdout] 16  | pub mod test;
[INFO] [stdout]     |         ^^^^
[INFO] [stdout] note: the item is gated behind the `test` feature
[INFO] [stdout]    --> src/lib.rs:15:7
[INFO] [stdout]     |
[INFO] [stdout] 15  | #[cfg(feature = "test")]
[INFO] [stdout]     |       ^^^^^^^^^^^^^^^^
[INFO] [stdout]     = note: this error originates in the macro `cmd_scope_tests` (in Nightly builds, run with -Z macro-backtrace for more info)
[INFO] [stdout] 
[INFO] [stdout] 
[INFO] [stdout] error[E0432]: unresolved import `crate::test`
[INFO] [stdout]    --> src/shell/commands.rs:582:24
[INFO] [stdout]     |
[INFO] [stdout] 582 |             use crate::test::assert_err_re;
[INFO] [stdout]     |                        ^^^^
[INFO] [stdout]     |                        |
[INFO] [stdout]     |                        unresolved import
[INFO] [stdout]     |                        help: a similar path exists: `shell::test`
[INFO] [stdout]     |
[INFO] [stdout]    ::: src/shell/commands/insinto.rs:40:5
[INFO] [stdout]     |
[INFO] [stdout] 40  |     cmd_scope_tests!(USAGE);
[INFO] [stdout]     |     ----------------------- in this macro invocation
[INFO] [stdout]     |
[INFO] [stdout] note: found an item that was configured out
[INFO] [stdout]    --> src/lib.rs:16:9
[INFO] [stdout]     |
[INFO] [stdout] 16  | pub mod test;
[INFO] [stdout]     |         ^^^^
[INFO] [stdout] note: the item is gated behind the `test` feature
[INFO] [stdout]    --> src/lib.rs:15:7
[INFO] [stdout]     |
[INFO] [stdout] 15  | #[cfg(feature = "test")]
[INFO] [stdout]     |       ^^^^^^^^^^^^^^^^
[INFO] [stdout]     = note: this error originates in the macro `cmd_scope_tests` (in Nightly builds, run with -Z macro-backtrace for more info)
[INFO] [stdout] 
[INFO] [stdout] 
[INFO] [stdout] error[E0432]: unresolved import `crate::test`
[INFO] [stdout]    --> src/shell/commands.rs:582:24
[INFO] [stdout]     |
[INFO] [stdout] 582 |             use crate::test::assert_err_re;
[INFO] [stdout]     |                        ^^^^
[INFO] [stdout]     |                        |
[INFO] [stdout]     |                        unresolved import
[INFO] [stdout]     |                        help: a similar path exists: `shell::test`
[INFO] [stdout]     |
[INFO] [stdout]    ::: src/shell/commands/insopts.rs:33:5
[INFO] [stdout]     |
[INFO] [stdout] 33  |     cmd_scope_tests!(USAGE);
[INFO] [stdout]     |     ----------------------- in this macro invocation
[INFO] [stdout]     |
[INFO] [stdout] note: found an item that was configured out
[INFO] [stdout]    --> src/lib.rs:16:9
[INFO] [stdout]     |
[INFO] [stdout] 16  | pub mod test;
[INFO] [stdout]     |         ^^^^
[INFO] [stdout] note: the item is gated behind the `test` feature
[INFO] [stdout]    --> src/lib.rs:15:7
[INFO] [stdout]     |
[INFO] [stdout] 15  | #[cfg(feature = "test")]
[INFO] [stdout]     |       ^^^^^^^^^^^^^^^^
[INFO] [stdout]     = note: this error originates in the macro `cmd_scope_tests` (in Nightly builds, run with -Z macro-backtrace for more info)
[INFO] [stdout] 
[INFO] [stdout] 
[INFO] [stdout] error[E0432]: unresolved import `crate::test`
[INFO] [stdout]    --> src/shell/commands.rs:582:24
[INFO] [stdout]     |
[INFO] [stdout] 582 |             use crate::test::assert_err_re;
[INFO] [stdout]     |                        ^^^^
[INFO] [stdout]     |                        |
[INFO] [stdout]     |                        unresolved import
[INFO] [stdout]     |                        help: a similar path exists: `shell::test`
[INFO] [stdout]     |
[INFO] [stdout]    ::: src/shell/commands/into.rs:40:5
[INFO] [stdout]     |
[INFO] [stdout] 40  |     cmd_scope_tests!(USAGE);
[INFO] [stdout]     |     ----------------------- in this macro invocation
[INFO] [stdout]     |
[INFO] [stdout] note: found an item that was configured out
[INFO] [stdout]    --> src/lib.rs:16:9
[INFO] [stdout]     |
[INFO] [stdout] 16  | pub mod test;
[INFO] [stdout]     |         ^^^^
[INFO] [stdout] note: the item is gated behind the `test` feature
[INFO] [stdout]    --> src/lib.rs:15:7
[INFO] [stdout]     |
[INFO] [stdout] 15  | #[cfg(feature = "test")]
[INFO] [stdout]     |       ^^^^^^^^^^^^^^^^
[INFO] [stdout]     = note: this error originates in the macro `cmd_scope_tests` (in Nightly builds, run with -Z macro-backtrace for more info)
[INFO] [stdout] 
[INFO] [stdout] 
[INFO] [stdout] error[E0432]: unresolved import `crate::test`
[INFO] [stdout]    --> src/shell/commands.rs:582:24
[INFO] [stdout]     |
[INFO] [stdout] 582 |             use crate::test::assert_err_re;
[INFO] [stdout]     |                        ^^^^
[INFO] [stdout]     |                        |
[INFO] [stdout]     |                        unresolved import
[INFO] [stdout]     |                        help: a similar path exists: `shell::test`
[INFO] [stdout]     |
[INFO] [stdout]    ::: src/shell/commands/keepdir.rs:51:5
[INFO] [stdout]     |
[INFO] [stdout] 51  |     cmd_scope_tests!(USAGE);
[INFO] [stdout]     |     ----------------------- in this macro invocation
[INFO] [stdout]     |
[INFO] [stdout] note: found an item that was configured out
[INFO] [stdout]    --> src/lib.rs:16:9
[INFO] [stdout]     |
[INFO] [stdout] 16  | pub mod test;
[INFO] [stdout]     |         ^^^^
[INFO] [stdout] note: the item is gated behind the `test` feature
[INFO] [stdout]    --> src/lib.rs:15:7
[INFO] [stdout]     |
[INFO] [stdout] 15  | #[cfg(feature = "test")]
[INFO] [stdout]     |       ^^^^^^^^^^^^^^^^
[INFO] [stdout]     = note: this error originates in the macro `cmd_scope_tests` (in Nightly builds, run with -Z macro-backtrace for more info)
[INFO] [stdout] 
[INFO] [stdout] 
[INFO] [stdout] error[E0432]: unresolved import `crate::test`
[INFO] [stdout]    --> src/shell/commands.rs:582:24
[INFO] [stdout]     |
[INFO] [stdout] 582 |             use crate::test::assert_err_re;
[INFO] [stdout]     |                        ^^^^
[INFO] [stdout]     |                        |
[INFO] [stdout]     |                        unresolved import
[INFO] [stdout]     |                        help: a similar path exists: `shell::test`
[INFO] [stdout]     |
[INFO] [stdout]    ::: src/shell/commands/libopts.rs:33:5
[INFO] [stdout]     |
[INFO] [stdout] 33  |     cmd_scope_tests!(USAGE);
[INFO] [stdout]     |     ----------------------- in this macro invocation
[INFO] [stdout]     |
[INFO] [stdout] note: found an item that was configured out
[INFO] [stdout]    --> src/lib.rs:16:9
[INFO] [stdout]     |
[INFO] [stdout] 16  | pub mod test;
[INFO] [stdout]     |         ^^^^
[INFO] [stdout] note: the item is gated behind the `test` feature
[INFO] [stdout]    --> src/lib.rs:15:7
[INFO] [stdout]     |
[INFO] [stdout] 15  | #[cfg(feature = "test")]
[INFO] [stdout]     |       ^^^^^^^^^^^^^^^^
[INFO] [stdout]     = note: this error originates in the macro `cmd_scope_tests` (in Nightly builds, run with -Z macro-backtrace for more info)
[INFO] [stdout] 
[INFO] [stdout] 
[INFO] [stdout] error[E0432]: unresolved import `crate::test`
[INFO] [stdout]    --> src/shell/commands.rs:582:24
[INFO] [stdout]     |
[INFO] [stdout] 582 |             use crate::test::assert_err_re;
[INFO] [stdout]     |                        ^^^^
[INFO] [stdout]     |                        |
[INFO] [stdout]     |                        unresolved import
[INFO] [stdout]     |                        help: a similar path exists: `shell::test`
[INFO] [stdout]     |
[INFO] [stdout]    ::: src/shell/commands/newbin.rs:28:5
[INFO] [stdout]     |
[INFO] [stdout] 28  |     cmd_scope_tests!(USAGE);
[INFO] [stdout]     |     ----------------------- in this macro invocation
[INFO] [stdout]     |
[INFO] [stdout] note: found an item that was configured out
[INFO] [stdout]    --> src/lib.rs:16:9
[INFO] [stdout]     |
[INFO] [stdout] 16  | pub mod test;
[INFO] [stdout]     |         ^^^^
[INFO] [stdout] note: the item is gated behind the `test` feature
[INFO] [stdout]    --> src/lib.rs:15:7
[INFO] [stdout]     |
[INFO] [stdout] 15  | #[cfg(feature = "test")]
[INFO] [stdout]     |       ^^^^^^^^^^^^^^^^
[INFO] [stdout]     = note: this error originates in the macro `cmd_scope_tests` (in Nightly builds, run with -Z macro-backtrace for more info)
[INFO] [stdout] 
[INFO] [stdout] 
[INFO] [stdout] error[E0432]: unresolved import `crate::test`
[INFO] [stdout]    --> src/shell/commands.rs:582:24
[INFO] [stdout]     |
[INFO] [stdout] 582 |             use crate::test::assert_err_re;
[INFO] [stdout]     |                        ^^^^
[INFO] [stdout]     |                        |
[INFO] [stdout]     |                        unresolved import
[INFO] [stdout]     |                        help: a similar path exists: `shell::test`
[INFO] [stdout]     |
[INFO] [stdout]    ::: src/shell/commands/newconfd.rs:28:5
[INFO] [stdout]     |
[INFO] [stdout] 28  |     cmd_scope_tests!(USAGE);
[INFO] [stdout]     |     ----------------------- in this macro invocation
[INFO] [stdout]     |
[INFO] [stdout] note: found an item that was configured out
[INFO] [stdout]    --> src/lib.rs:16:9
[INFO] [stdout]     |
[INFO] [stdout] 16  | pub mod test;
[INFO] [stdout]     |         ^^^^
[INFO] [stdout] note: the item is gated behind the `test` feature
[INFO] [stdout]    --> src/lib.rs:15:7
[INFO] [stdout]     |
[INFO] [stdout] 15  | #[cfg(feature = "test")]
[INFO] [stdout]     |       ^^^^^^^^^^^^^^^^
[INFO] [stdout]     = note: this error originates in the macro `cmd_scope_tests` (in Nightly builds, run with -Z macro-backtrace for more info)
[INFO] [stdout] 
[INFO] [stdout] 
[INFO] [stdout] error[E0432]: unresolved import `crate::test`
[INFO] [stdout]    --> src/shell/commands.rs:582:24
[INFO] [stdout]     |
[INFO] [stdout] 582 |             use crate::test::assert_err_re;
[INFO] [stdout]     |                        ^^^^
[INFO] [stdout]     |                        |
[INFO] [stdout]     |                        unresolved import
[INFO] [stdout]     |                        help: a similar path exists: `shell::test`
[INFO] [stdout]     |
[INFO] [stdout]    ::: src/shell/commands/newdoc.rs:29:5
[INFO] [stdout]     |
[INFO] [stdout] 29  |     cmd_scope_tests!(USAGE);
[INFO] [stdout]     |     ----------------------- in this macro invocation
[INFO] [stdout]     |
[INFO] [stdout] note: found an item that was configured out
[INFO] [stdout]    --> src/lib.rs:16:9
[INFO] [stdout]     |
[INFO] [stdout] 16  | pub mod test;
[INFO] [stdout]     |         ^^^^
[INFO] [stdout] note: the item is gated behind the `test` feature
[INFO] [stdout]    --> src/lib.rs:15:7
[INFO] [stdout]     |
[INFO] [stdout] 15  | #[cfg(feature = "test")]
[INFO] [stdout]     |       ^^^^^^^^^^^^^^^^
[INFO] [stdout]     = note: this error originates in the macro `cmd_scope_tests` (in Nightly builds, run with -Z macro-backtrace for more info)
[INFO] [stdout] 
[INFO] [stdout] 
[INFO] [stdout] error[E0432]: unresolved import `crate::test`
[INFO] [stdout]    --> src/shell/commands.rs:582:24
[INFO] [stdout]     |
[INFO] [stdout] 582 |             use crate::test::assert_err_re;
[INFO] [stdout]     |                        ^^^^
[INFO] [stdout]     |                        |
[INFO] [stdout]     |                        unresolved import
[INFO] [stdout]     |                        help: a similar path exists: `shell::test`
[INFO] [stdout]     |
[INFO] [stdout]    ::: src/shell/commands/newenvd.rs:28:5
[INFO] [stdout]     |
[INFO] [stdout] 28  |     cmd_scope_tests!(USAGE);
[INFO] [stdout]     |     ----------------------- in this macro invocation
[INFO] [stdout]     |
[INFO] [stdout] note: found an item that was configured out
[INFO] [stdout]    --> src/lib.rs:16:9
[INFO] [stdout]     |
[INFO] [stdout] 16  | pub mod test;
[INFO] [stdout]     |         ^^^^
[INFO] [stdout] note: the item is gated behind the `test` feature
[INFO] [stdout]    --> src/lib.rs:15:7
[INFO] [stdout]     |
[INFO] [stdout] 15  | #[cfg(feature = "test")]
[INFO] [stdout]     |       ^^^^^^^^^^^^^^^^
[INFO] [stdout]     = note: this error originates in the macro `cmd_scope_tests` (in Nightly builds, run with -Z macro-backtrace for more info)
[INFO] [stdout] 
[INFO] [stdout] 
[INFO] [stdout] error[E0432]: unresolved import `crate::test`
[INFO] [stdout]    --> src/shell/commands.rs:582:24
[INFO] [stdout]     |
[INFO] [stdout] 582 |             use crate::test::assert_err_re;
[INFO] [stdout]     |                        ^^^^
[INFO] [stdout]     |                        |
[INFO] [stdout]     |                        unresolved import
[INFO] [stdout]     |                        help: a similar path exists: `shell::test`
[INFO] [stdout]     |
[INFO] [stdout]    ::: src/shell/commands/newexe.rs:28:5
[INFO] [stdout]     |
[INFO] [stdout] 28  |     cmd_scope_tests!(USAGE);
[INFO] [stdout]     |     ----------------------- in this macro invocation
[INFO] [stdout]     |
[INFO] [stdout] note: found an item that was configured out
[INFO] [stdout]    --> src/lib.rs:16:9
[INFO] [stdout]     |
[INFO] [stdout] 16  | pub mod test;
[INFO] [stdout]     |         ^^^^
[INFO] [stdout] note: the item is gated behind the `test` feature
[INFO] [stdout]    --> src/lib.rs:15:7
[INFO] [stdout]     |
[INFO] [stdout] 15  | #[cfg(feature = "test")]
[INFO] [stdout]     |       ^^^^^^^^^^^^^^^^
[INFO] [stdout]     = note: this error originates in the macro `cmd_scope_tests` (in Nightly builds, run with -Z macro-backtrace for more info)
[INFO] [stdout] 
[INFO] [stdout] 
[INFO] [stdout] error[E0432]: unresolved import `crate::test`
[INFO] [stdout]    --> src/shell/commands.rs:582:24
[INFO] [stdout]     |
[INFO] [stdout] 582 |             use crate::test::assert_err_re;
[INFO] [stdout]     |                        ^^^^
[INFO] [stdout]     |                        |
[INFO] [stdout]     |                        unresolved import
[INFO] [stdout]     |                        help: a similar path exists: `shell::test`
[INFO] [stdout]     |
[INFO] [stdout]    ::: src/shell/commands/newheader.rs:28:5
[INFO] [stdout]     |
[INFO] [stdout] 28  |     cmd_scope_tests!(USAGE);
[INFO] [stdout]     |     ----------------------- in this macro invocation
[INFO] [stdout]     |
[INFO] [stdout] note: found an item that was configured out
[INFO] [stdout]    --> src/lib.rs:16:9
[INFO] [stdout]     |
[INFO] [stdout] 16  | pub mod test;
[INFO] [stdout]     |         ^^^^
[INFO] [stdout] note: the item is gated behind the `test` feature
[INFO] [stdout]    --> src/lib.rs:15:7
[INFO] [stdout]     |
[INFO] [stdout] 15  | #[cfg(feature = "test")]
[INFO] [stdout]     |       ^^^^^^^^^^^^^^^^
[INFO] [stdout]     = note: this error originates in the macro `cmd_scope_tests` (in Nightly builds, run with -Z macro-backtrace for more info)
[INFO] [stdout] 
[INFO] [stdout] 
[INFO] [stdout] error[E0432]: unresolved import `crate::test`
[INFO] [stdout]    --> src/shell/commands.rs:582:24
[INFO] [stdout]     |
[INFO] [stdout] 582 |             use crate::test::assert_err_re;
[INFO] [stdout]     |                        ^^^^
[INFO] [stdout]     |                        |
[INFO] [stdout]     |                        unresolved import
[INFO] [stdout]     |                        help: a similar path exists: `shell::test`
[INFO] [stdout]     |
[INFO] [stdout]    ::: src/shell/commands/newinitd.rs:28:5
[INFO] [stdout]     |
[INFO] [stdout] 28  |     cmd_scope_tests!(USAGE);
[INFO] [stdout]     |     ----------------------- in this macro invocation
[INFO] [stdout]     |
[INFO] [stdout] note: found an item that was configured out
[INFO] [stdout]    --> src/lib.rs:16:9
[INFO] [stdout]     |
[INFO] [stdout] 16  | pub mod test;
[INFO] [stdout]     |         ^^^^
[INFO] [stdout] note: the item is gated behind the `test` feature
[INFO] [stdout]    --> src/lib.rs:15:7
[INFO] [stdout]     |
[INFO] [stdout] 15  | #[cfg(feature = "test")]
[INFO] [stdout]     |       ^^^^^^^^^^^^^^^^
[INFO] [stdout]     = note: this error originates in the macro `cmd_scope_tests` (in Nightly builds, run with -Z macro-backtrace for more info)
[INFO] [stdout] 
[INFO] [stdout] 
[INFO] [stdout] error[E0432]: unresolved import `crate::test`
[INFO] [stdout]    --> src/shell/commands.rs:582:24
[INFO] [stdout]     |
[INFO] [stdout] 582 |             use crate::test::assert_err_re;
[INFO] [stdout]     |                        ^^^^
[INFO] [stdout]     |                        |
[INFO] [stdout]     |                        unresolved import
[INFO] [stdout]     |                        help: a similar path exists: `shell::test`
[INFO] [stdout]     |
[INFO] [stdout]    ::: src/shell/commands/newins.rs:28:5
[INFO] [stdout]     |
[INFO] [stdout] 28  |     cmd_scope_tests!(USAGE);
[INFO] [stdout]     |     ----------------------- in this macro invocation
[INFO] [stdout]     |
[INFO] [stdout] note: found an item that was configured out
[INFO] [stdout]    --> src/lib.rs:16:9
[INFO] [stdout]     |
[INFO] [stdout] 16  | pub mod test;
[INFO] [stdout]     |         ^^^^
[INFO] [stdout] note: the item is gated behind the `test` feature
[INFO] [stdout]    --> src/lib.rs:15:7
[INFO] [stdout]     |
[INFO] [stdout] 15  | #[cfg(feature = "test")]
[INFO] [stdout]     |       ^^^^^^^^^^^^^^^^
[INFO] [stdout]     = note: this error originates in the macro `cmd_scope_tests` (in Nightly builds, run with -Z macro-backtrace for more info)
[INFO] [stdout] 
[INFO] [stdout] 
[INFO] [stdout] error[E0432]: unresolved import `crate::test`
[INFO] [stdout]    --> src/shell/commands.rs:582:24
[INFO] [stdout]     |
[INFO] [stdout] 582 |             use crate::test::assert_err_re;
[INFO] [stdout]     |                        ^^^^
[INFO] [stdout]     |                        |
[INFO] [stdout]     |                        unresolved import
[INFO] [stdout]     |                        help: a similar path exists: `shell::test`
[INFO] [stdout]     |
[INFO] [stdout]    ::: src/shell/commands/newlib_a.rs:28:5
[INFO] [stdout]     |
[INFO] [stdout] 28  |     cmd_scope_tests!(USAGE);
[INFO] [stdout]     |     ----------------------- in this macro invocation
[INFO] [stdout]     |
[INFO] [stdout] note: found an item that was configured out
[INFO] [stdout]    --> src/lib.rs:16:9
[INFO] [stdout]     |
[INFO] [stdout] 16  | pub mod test;
[INFO] [stdout]     |         ^^^^
[INFO] [stdout] note: the item is gated behind the `test` feature
[INFO] [stdout]    --> src/lib.rs:15:7
[INFO] [stdout]     |
[INFO] [stdout] 15  | #[cfg(feature = "test")]
[INFO] [stdout]     |       ^^^^^^^^^^^^^^^^
[INFO] [stdout]     = note: this error originates in the macro `cmd_scope_tests` (in Nightly builds, run with -Z macro-backtrace for more info)
[INFO] [stdout] 
[INFO] [stdout] 
[INFO] [stdout] error[E0432]: unresolved import `crate::test`
[INFO] [stdout]    --> src/shell/commands.rs:582:24
[INFO] [stdout]     |
[INFO] [stdout] 582 |             use crate::test::assert_err_re;
[INFO] [stdout]     |                        ^^^^
[INFO] [stdout]     |                        |
[INFO] [stdout]     |                        unresolved import
[INFO] [stdout]     |                        help: a similar path exists: `shell::test`
[INFO] [stdout]     |
[INFO] [stdout]    ::: src/shell/commands/newlib_so.rs:28:5
[INFO] [stdout]     |
[INFO] [stdout] 28  |     cmd_scope_tests!(USAGE);
[INFO] [stdout]     |     ----------------------- in this macro invocation
[INFO] [stdout]     |
[INFO] [stdout] note: found an item that was configured out
[INFO] [stdout]    --> src/lib.rs:16:9
[INFO] [stdout]     |
[INFO] [stdout] 16  | pub mod test;
[INFO] [stdout]     |         ^^^^
[INFO] [stdout] note: the item is gated behind the `test` feature
[INFO] [stdout]    --> src/lib.rs:15:7
[INFO] [stdout]     |
[INFO] [stdout] 15  | #[cfg(feature = "test")]
[INFO] [stdout]     |       ^^^^^^^^^^^^^^^^
[INFO] [stdout]     = note: this error originates in the macro `cmd_scope_tests` (in Nightly builds, run with -Z macro-backtrace for more info)
[INFO] [stdout] 
[INFO] [stdout] 
[INFO] [stdout] error[E0432]: unresolved import `crate::test`
[INFO] [stdout]    --> src/shell/commands.rs:582:24
[INFO] [stdout]     |
[INFO] [stdout] 582 |             use crate::test::assert_err_re;
[INFO] [stdout]     |                        ^^^^
[INFO] [stdout]     |                        |
[INFO] [stdout]     |                        unresolved import
[INFO] [stdout]     |                        help: a similar path exists: `shell::test`
[INFO] [stdout]     |
[INFO] [stdout]    ::: src/shell/commands/newman.rs:28:5
[INFO] [stdout]     |
[INFO] [stdout] 28  |     cmd_scope_tests!(USAGE);
[INFO] [stdout]     |     ----------------------- in this macro invocation
[INFO] [stdout]     |
[INFO] [stdout] note: found an item that was configured out
[INFO] [stdout]    --> src/lib.rs:16:9
[INFO] [stdout]     |
[INFO] [stdout] 16  | pub mod test;
[INFO] [stdout]     |         ^^^^
[INFO] [stdout] note: the item is gated behind the `test` feature
[INFO] [stdout]    --> src/lib.rs:15:7
[INFO] [stdout]     |
[INFO] [stdout] 15  | #[cfg(feature = "test")]
[INFO] [stdout]     |       ^^^^^^^^^^^^^^^^
[INFO] [stdout]     = note: this error originates in the macro `cmd_scope_tests` (in Nightly builds, run with -Z macro-backtrace for more info)
[INFO] [stdout] 
[INFO] [stdout] 
[INFO] [stdout] error[E0432]: unresolved import `crate::test`
[INFO] [stdout]    --> src/shell/commands.rs:582:24
[INFO] [stdout]     |
[INFO] [stdout] 582 |             use crate::test::assert_err_re;
[INFO] [stdout]     |                        ^^^^
[INFO] [stdout]     |                        |
[INFO] [stdout]     |                        unresolved import
[INFO] [stdout]     |                        help: a similar path exists: `shell::test`
[INFO] [stdout]     |
[INFO] [stdout]    ::: src/shell/commands/newsbin.rs:28:5
[INFO] [stdout]     |
[INFO] [stdout] 28  |     cmd_scope_tests!(USAGE);
[INFO] [stdout]     |     ----------------------- in this macro invocation
[INFO] [stdout]     |
[INFO] [stdout] note: found an item that was configured out
[INFO] [stdout]    --> src/lib.rs:16:9
[INFO] [stdout]     |
[INFO] [stdout] 16  | pub mod test;
[INFO] [stdout]     |         ^^^^
[INFO] [stdout] note: the item is gated behind the `test` feature
[INFO] [stdout]    --> src/lib.rs:15:7
[INFO] [stdout]     |
[INFO] [stdout] 15  | #[cfg(feature = "test")]
[INFO] [stdout]     |       ^^^^^^^^^^^^^^^^
[INFO] [stdout]     = note: this error originates in the macro `cmd_scope_tests` (in Nightly builds, run with -Z macro-backtrace for more info)
[INFO] [stdout] 
[INFO] [stdout] 
[INFO] [stdout] error[E0432]: unresolved import `crate::test`
[INFO] [stdout]    --> src/shell/commands.rs:582:24
[INFO] [stdout]     |
[INFO] [stdout] 582 |             use crate::test::assert_err_re;
[INFO] [stdout]     |                        ^^^^
[INFO] [stdout]     |                        |
[INFO] [stdout]     |                        unresolved import
[INFO] [stdout]     |                        help: a similar path exists: `shell::test`
[INFO] [stdout]     |
[INFO] [stdout]    ::: src/shell/commands/nonfatal.rs:47:5
[INFO] [stdout]     |
[INFO] [stdout] 47  |     cmd_scope_tests!(USAGE);
[INFO] [stdout]     |     ----------------------- in this macro invocation
[INFO] [stdout]     |
[INFO] [stdout] note: found an item that was configured out
[INFO] [stdout]    --> src/lib.rs:16:9
[INFO] [stdout]     |
[INFO] [stdout] 16  | pub mod test;
[INFO] [stdout]     |         ^^^^
[INFO] [stdout] note: the item is gated behind the `test` feature
[INFO] [stdout]    --> src/lib.rs:15:7
[INFO] [stdout]     |
[INFO] [stdout] 15  | #[cfg(feature = "test")]
[INFO] [stdout]     |       ^^^^^^^^^^^^^^^^
[INFO] [stdout]     = note: this error originates in the macro `cmd_scope_tests` (in Nightly builds, run with -Z macro-backtrace for more info)
[INFO] [stdout] 
[INFO] [stdout] 
[INFO] [stdout] error[E0432]: unresolved import `crate::test`
[INFO] [stdout]    --> src/shell/commands.rs:582:24
[INFO] [stdout]     |
[INFO] [stdout] 582 |             use crate::test::assert_err_re;
[INFO] [stdout]     |                        ^^^^
[INFO] [stdout]     |                        |
[INFO] [stdout]     |                        unresolved import
[INFO] [stdout]     |                        help: a similar path exists: `shell::test`
[INFO] [stdout]     |
[INFO] [stdout]    ::: src/shell/commands/unpack.rs:133:5
[INFO] [stdout]     |
[INFO] [stdout] 133 |     cmd_scope_tests!(USAGE);
[INFO] [stdout]     |     ----------------------- in this macro invocation
[INFO] [stdout]     |
[INFO] [stdout] note: found an item that was configured out
[INFO] [stdout]    --> src/lib.rs:16:9
[INFO] [stdout]     |
[INFO] [stdout] 16  | pub mod test;
[INFO] [stdout]     |         ^^^^
[INFO] [stdout] note: the item is gated behind the `test` feature
[INFO] [stdout]    --> src/lib.rs:15:7
[INFO] [stdout]     |
[INFO] [stdout] 15  | #[cfg(feature = "test")]
[INFO] [stdout]     |       ^^^^^^^^^^^^^^^^
[INFO] [stdout]     = note: this error originates in the macro `cmd_scope_tests` (in Nightly builds, run with -Z macro-backtrace for more info)
[INFO] [stdout] 
[INFO] [stdout] 
[INFO] [stdout] error[E0432]: unresolved import `crate::test`
[INFO] [stdout]    --> src/shell/commands.rs:582:24
[INFO] [stdout]     |
[INFO] [stdout] 582 |             use crate::test::assert_err_re;
[INFO] [stdout]     |                        ^^^^
[INFO] [stdout]     |                        |
[INFO] [stdout]     |                        unresolved import
[INFO] [stdout]     |                        help: a similar path exists: `shell::test`
[INFO] [stdout]     |
[INFO] [stdout]    ::: src/shell/commands/use_.rs:48:5
[INFO] [stdout]     |
[INFO] [stdout] 48  |     cmd_scope_tests!(USAGE);
[INFO] [stdout]     |     ----------------------- in this macro invocation
[INFO] [stdout]     |
[INFO] [stdout] note: found an item that was configured out
[INFO] [stdout]    --> src/lib.rs:16:9
[INFO] [stdout]     |
[INFO] [stdout] 16  | pub mod test;
[INFO] [stdout]     |         ^^^^
[INFO] [stdout] note: the item is gated behind the `test` feature
[INFO] [stdout]    --> src/lib.rs:15:7
[INFO] [stdout]     |
[INFO] [stdout] 15  | #[cfg(feature = "test")]
[INFO] [stdout]     |       ^^^^^^^^^^^^^^^^
[INFO] [stdout]     = note: this error originates in the macro `cmd_scope_tests` (in Nightly builds, run with -Z macro-backtrace for more info)
[INFO] [stdout] 
[INFO] [stdout] 
[INFO] [stdout] error[E0432]: unresolved import `crate::test`
[INFO] [stdout]    --> src/shell/commands.rs:582:24
[INFO] [stdout]     |
[INFO] [stdout] 582 |             use crate::test::assert_err_re;
[INFO] [stdout]     |                        ^^^^
[INFO] [stdout]     |                        |
[INFO] [stdout]     |                        unresolved import
[INFO] [stdout]     |                        help: a similar path exists: `shell::test`
[INFO] [stdout]     |
[INFO] [stdout]    ::: src/shell/commands/use_enable.rs:28:5
[INFO] [stdout]     |
[INFO] [stdout] 28  |     cmd_scope_tests!(USAGE);
[INFO] [stdout]     |     ----------------------- in this macro invocation
[INFO] [stdout]     |
[INFO] [stdout] note: found an item that was configured out
[INFO] [stdout]    --> src/lib.rs:16:9
[INFO] [stdout]     |
[INFO] [stdout] 16  | pub mod test;
[INFO] [stdout]     |         ^^^^
[INFO] [stdout] note: the item is gated behind the `test` feature
[INFO] [stdout]    --> src/lib.rs:15:7
[INFO] [stdout]     |
[INFO] [stdout] 15  | #[cfg(feature = "test")]
[INFO] [stdout]     |       ^^^^^^^^^^^^^^^^
[INFO] [stdout]     = note: this error originates in the macro `cmd_scope_tests` (in Nightly builds, run with -Z macro-backtrace for more info)
[INFO] [stdout] 
[INFO] [stdout] 
[INFO] [stdout] error[E0432]: unresolved import `crate::test`
[INFO] [stdout]    --> src/shell/commands.rs:582:24
[INFO] [stdout]     |
[INFO] [stdout] 582 |             use crate::test::assert_err_re;
[INFO] [stdout]     |                        ^^^^
[INFO] [stdout]     |                        |
[INFO] [stdout]     |                        unresolved import
[INFO] [stdout]     |                        help: a similar path exists: `shell::test`
[INFO] [stdout]     |
[INFO] [stdout]    ::: src/shell/commands/use_with.rs:28:5
[INFO] [stdout]     |
[INFO] [stdout] 28  |     cmd_scope_tests!(USAGE);
[INFO] [stdout]     |     ----------------------- in this macro invocation
[INFO] [stdout]     |
[INFO] [stdout] note: found an item that was configured out
[INFO] [stdout]    --> src/lib.rs:16:9
[INFO] [stdout]     |
[INFO] [stdout] 16  | pub mod test;
[INFO] [stdout]     |         ^^^^
[INFO] [stdout] note: the item is gated behind the `test` feature
[INFO] [stdout]    --> src/lib.rs:15:7
[INFO] [stdout]     |
[INFO] [stdout] 15  | #[cfg(feature = "test")]
[INFO] [stdout]     |       ^^^^^^^^^^^^^^^^
[INFO] [stdout]     = note: this error originates in the macro `cmd_scope_tests` (in Nightly builds, run with -Z macro-backtrace for more info)
[INFO] [stdout] 
[INFO] [stdout] 
[INFO] [stdout] error[E0432]: unresolved import `crate::test`
[INFO] [stdout]    --> src/shell/commands.rs:582:24
[INFO] [stdout]     |
[INFO] [stdout] 582 |             use crate::test::assert_err_re;
[INFO] [stdout]     |                        ^^^^
[INFO] [stdout]     |                        |
[INFO] [stdout]     |                        unresolved import
[INFO] [stdout]     |                        help: a similar path exists: `shell::test`
[INFO] [stdout]     |
[INFO] [stdout]    ::: src/shell/commands/useq.rs:26:5
[INFO] [stdout]     |
[INFO] [stdout] 26  |     cmd_scope_tests!(USAGE);
[INFO] [stdout]     |     ----------------------- in this macro invocation
[INFO] [stdout]     |
[INFO] [stdout] note: found an item that was configured out
[INFO] [stdout]    --> src/lib.rs:16:9
[INFO] [stdout]     |
[INFO] [stdout] 16  | pub mod test;
[INFO] [stdout]     |         ^^^^
[INFO] [stdout] note: the item is gated behind the `test` feature
[INFO] [stdout]    --> src/lib.rs:15:7
[INFO] [stdout]     |
[INFO] [stdout] 15  | #[cfg(feature = "test")]
[INFO] [stdout]     |       ^^^^^^^^^^^^^^^^
[INFO] [stdout]     = note: this error originates in the macro `cmd_scope_tests` (in Nightly builds, run with -Z macro-backtrace for more info)
[INFO] [stdout] 
[INFO] [stdout] 
[INFO] [stdout] error[E0432]: unresolved import `crate::test`
[INFO] [stdout]    --> src/shell/commands.rs:582:24
[INFO] [stdout]     |
[INFO] [stdout] 582 |             use crate::test::assert_err_re;
[INFO] [stdout]     |                        ^^^^
[INFO] [stdout]     |                        |
[INFO] [stdout]     |                        unresolved import
[INFO] [stdout]     |                        help: a similar path exists: `shell::test`
[INFO] [stdout]     |
[INFO] [stdout]    ::: src/shell/commands/usev.rs:43:5
[INFO] [stdout]     |
[INFO] [stdout] 43  |     cmd_scope_tests!(USAGE);
[INFO] [stdout]     |     ----------------------- in this macro invocation
[INFO] [stdout]     |
[INFO] [stdout] note: found an item that was configured out
[INFO] [stdout]    --> src/lib.rs:16:9
[INFO] [stdout]     |
[INFO] [stdout] 16  | pub mod test;
[INFO] [stdout]     |         ^^^^
[INFO] [stdout] note: the item is gated behind the `test` feature
[INFO] [stdout]    --> src/lib.rs:15:7
[INFO] [stdout]     |
[INFO] [stdout] 15  | #[cfg(feature = "test")]
[INFO] [stdout]     |       ^^^^^^^^^^^^^^^^
[INFO] [stdout]     = note: this error originates in the macro `cmd_scope_tests` (in Nightly builds, run with -Z macro-backtrace for more info)
[INFO] [stdout] 
[INFO] [stdout] 
[INFO] [stdout] error[E0432]: unresolved import `crate::test`
[INFO] [stdout]    --> src/shell/commands.rs:582:24
[INFO] [stdout]     |
[INFO] [stdout] 582 |             use crate::test::assert_err_re;
[INFO] [stdout]     |                        ^^^^
[INFO] [stdout]     |                        |
[INFO] [stdout]     |                        unresolved import
[INFO] [stdout]     |                        help: a similar path exists: `shell::test`
[INFO] [stdout]     |
[INFO] [stdout]    ::: src/shell/commands/usex.rs:47:5
[INFO] [stdout]     |
[INFO] [stdout] 47  |     cmd_scope_tests!(USAGE);
[INFO] [stdout]     |     ----------------------- in this macro invocation
[INFO] [stdout]     |
[INFO] [stdout] note: found an item that was configured out
[INFO] [stdout]    --> src/lib.rs:16:9
[INFO] [stdout]     |
[INFO] [stdout] 16  | pub mod test;
[INFO] [stdout]     |         ^^^^
[INFO] [stdout] note: the item is gated behind the `test` feature
[INFO] [stdout]    --> src/lib.rs:15:7
[INFO] [stdout]     |
[INFO] [stdout] 15  | #[cfg(feature = "test")]
[INFO] [stdout]     |       ^^^^^^^^^^^^^^^^
[INFO] [stdout]     = note: this error originates in the macro `cmd_scope_tests` (in Nightly builds, run with -Z macro-backtrace for more info)
[INFO] [stdout] 
[INFO] [stdout] 
[INFO] [stdout] error[E0432]: unresolved import `crate::test`
[INFO] [stdout]    --> src/shell/commands.rs:582:24
[INFO] [stdout]     |
[INFO] [stdout] 582 |             use crate::test::assert_err_re;
[INFO] [stdout]     |                        ^^^^
[INFO] [stdout]     |                        |
[INFO] [stdout]     |                        unresolved import
[INFO] [stdout]     |                        help: a similar path exists: `shell::test`
[INFO] [stdout]     |
[INFO] [stdout]    ::: src/shell/commands/ver_cut.rs:50:5
[INFO] [stdout]     |
[INFO] [stdout] 50  |     cmd_scope_tests!(USAGE);
[INFO] [stdout]     |     ----------------------- in this macro invocation
[INFO] [stdout]     |
[INFO] [stdout] note: found an item that was configured out
[INFO] [stdout]    --> src/lib.rs:16:9
[INFO] [stdout]     |
[INFO] [stdout] 16  | pub mod test;
[INFO] [stdout]     |         ^^^^
[INFO] [stdout] note: the item is gated behind the `test` feature
[INFO] [stdout]    --> src/lib.rs:15:7
[INFO] [stdout]     |
[INFO] [stdout] 15  | #[cfg(feature = "test")]
[INFO] [stdout]     |       ^^^^^^^^^^^^^^^^
[INFO] [stdout]     = note: this error originates in the macro `cmd_scope_tests` (in Nightly builds, run with -Z macro-backtrace for more info)
[INFO] [stdout] 
[INFO] [stdout] 
[INFO] [stdout] error[E0432]: unresolved import `crate::test`
[INFO] [stdout]    --> src/shell/commands.rs:582:24
[INFO] [stdout]     |
[INFO] [stdout] 582 |             use crate::test::assert_err_re;
[INFO] [stdout]     |                        ^^^^
[INFO] [stdout]     |                        |
[INFO] [stdout]     |                        unresolved import
[INFO] [stdout]     |                        help: a similar path exists: `shell::test`
[INFO] [stdout]     |
[INFO] [stdout]    ::: src/shell/commands/ver_rs.rs:64:5
[INFO] [stdout]     |
[INFO] [stdout] 64  |     cmd_scope_tests!(USAGE);
[INFO] [stdout]     |     ----------------------- in this macro invocation
[INFO] [stdout]     |
[INFO] [stdout] note: found an item that was configured out
[INFO] [stdout]    --> src/lib.rs:16:9
[INFO] [stdout]     |
[INFO] [stdout] 16  | pub mod test;
[INFO] [stdout]     |         ^^^^
[INFO] [stdout] note: the item is gated behind the `test` feature
[INFO] [stdout]    --> src/lib.rs:15:7
[INFO] [stdout]     |
[INFO] [stdout] 15  | #[cfg(feature = "test")]
[INFO] [stdout]     |       ^^^^^^^^^^^^^^^^
[INFO] [stdout]     = note: this error originates in the macro `cmd_scope_tests` (in Nightly builds, run with -Z macro-backtrace for more info)
[INFO] [stdout] 
[INFO] [stdout] 
[INFO] [stdout] error[E0432]: unresolved import `crate::test`
[INFO] [stdout]    --> src/shell/commands.rs:582:24
[INFO] [stdout]     |
[INFO] [stdout] 582 |             use crate::test::assert_err_re;
[INFO] [stdout]     |                        ^^^^
[INFO] [stdout]     |                        |
[INFO] [stdout]     |                        unresolved import
[INFO] [stdout]     |                        help: a similar path exists: `shell::test`
[INFO] [stdout]     |
[INFO] [stdout]    ::: src/shell/commands/ver_test.rs:54:5
[INFO] [stdout]     |
[INFO] [stdout] 54  |     cmd_scope_tests!(USAGE);
[INFO] [stdout]     |     ----------------------- in this macro invocation
[INFO] [stdout]     |
[INFO] [stdout] note: found an item that was configured out
[INFO] [stdout]    --> src/lib.rs:16:9
[INFO] [stdout]     |
[INFO] [stdout] 16  | pub mod test;
[INFO] [stdout]     |         ^^^^
[INFO] [stdout] note: the item is gated behind the `test` feature
[INFO] [stdout]    --> src/lib.rs:15:7
[INFO] [stdout]     |
[INFO] [stdout] 15  | #[cfg(feature = "test")]
[INFO] [stdout]     |       ^^^^^^^^^^^^^^^^
[INFO] [stdout]     = note: this error originates in the macro `cmd_scope_tests` (in Nightly builds, run with -Z macro-backtrace for more info)
[INFO] [stdout] 
[INFO] [stdout] 
[INFO] [stdout] error[E0433]: failed to resolve: unresolved import
[INFO] [stdout]    --> src/shell/commands.rs:567:16
[INFO] [stdout]     |
[INFO] [stdout] 567 |         crate::test::assert_err_re!(builtin(&args), re);
[INFO] [stdout]     |                ^^^^ unresolved import
[INFO] [stdout] 
[INFO] [stdout] 
[INFO] [stdout] warning: elided lifetime has a name
[INFO] [stdout]   --> src/pkg/ebuild/configured.rs:78:33
[INFO] [stdout]    |
[INFO] [stdout] 50 | impl<'a> Pkg<'a> {
[INFO] [stdout]    |      -- lifetime `'a` declared here
[INFO] [stdout] ...
[INFO] [stdout] 78 |     pub fn bdepend(&'a self) -> &DependencySet<&'a Dep> {
[INFO] [stdout]    |                                 ^ this elided lifetime gets resolved as `'a`
[INFO] [stdout]    |
[INFO] [stdout]    = note: `#[warn(elided_named_lifetimes)]` on by default
[INFO] [stdout] 
[INFO] [stdout] 
[INFO] [stdout] warning: elided lifetime has a name
[INFO] [stdout]   --> src/pkg/ebuild/configured.rs:84:32
[INFO] [stdout]    |
[INFO] [stdout] 50 | impl<'a> Pkg<'a> {
[INFO] [stdout]    |      -- lifetime `'a` declared here
[INFO] [stdout] ...
[INFO] [stdout] 84 |     pub fn depend(&'a self) -> &DependencySet<&'a Dep> {
[INFO] [stdout]    |                                ^ this elided lifetime gets resolved as `'a`
[INFO] [stdout] 
[INFO] [stdout] 
[INFO] [stdout] warning: elided lifetime has a name
[INFO] [stdout]   --> src/pkg/ebuild/configured.rs:90:33
[INFO] [stdout]    |
[INFO] [stdout] 50 | impl<'a> Pkg<'a> {
[INFO] [stdout]    |      -- lifetime `'a` declared here
[INFO] [stdout] ...
[INFO] [stdout] 90 |     pub fn idepend(&'a self) -> &DependencySet<&'a Dep> {
[INFO] [stdout]    |                                 ^ this elided lifetime gets resolved as `'a`
[INFO] [stdout] 
[INFO] [stdout] 
[INFO] [stdout] warning: elided lifetime has a name
[INFO] [stdout]   --> src/pkg/ebuild/configured.rs:96:33
[INFO] [stdout]    |
[INFO] [stdout] 50 | impl<'a> Pkg<'a> {
[INFO] [stdout]    |      -- lifetime `'a` declared here
[INFO] [stdout] ...
[INFO] [stdout] 96 |     pub fn pdepend(&'a self) -> &DependencySet<&'a Dep> {
[INFO] [stdout]    |                                 ^ this elided lifetime gets resolved as `'a`
[INFO] [stdout] 
[INFO] [stdout] 
[INFO] [stdout] warning: elided lifetime has a name
[INFO] [stdout]    --> src/pkg/ebuild/configured.rs:102:33
[INFO] [stdout]     |
[INFO] [stdout] 50  | impl<'a> Pkg<'a> {
[INFO] [stdout]     |      -- lifetime `'a` declared here
[INFO] [stdout] ...
[INFO] [stdout] 102 |     pub fn rdepend(&'a self) -> &DependencySet<&'a Dep> {
[INFO] [stdout]     |                                 ^ this elided lifetime gets resolved as `'a`
[INFO] [stdout] 
[INFO] [stdout] 
[INFO] [stdout] warning: elided lifetime has a name
[INFO] [stdout]    --> src/pkg/ebuild/configured.rs:108:33
[INFO] [stdout]     |
[INFO] [stdout] 50  | impl<'a> Pkg<'a> {
[INFO] [stdout]     |      -- lifetime `'a` declared here
[INFO] [stdout] ...
[INFO] [stdout] 108 |     pub fn license(&'a self) -> &DependencySet<&'a String> {
[INFO] [stdout]     |                                 ^ this elided lifetime gets resolved as `'a`
[INFO] [stdout] 
[INFO] [stdout] 
[INFO] [stdout] warning: elided lifetime has a name
[INFO] [stdout]    --> src/pkg/ebuild/configured.rs:114:36
[INFO] [stdout]     |
[INFO] [stdout] 50  | impl<'a> Pkg<'a> {
[INFO] [stdout]     |      -- lifetime `'a` declared here
[INFO] [stdout] ...
[INFO] [stdout] 114 |     pub fn properties(&'a self) -> &DependencySet<&'a String> {
[INFO] [stdout]     |                                    ^ this elided lifetime gets resolved as `'a`
[INFO] [stdout] 
[INFO] [stdout] 
[INFO] [stdout] warning: elided lifetime has a name
[INFO] [stdout]    --> src/pkg/ebuild/configured.rs:120:38
[INFO] [stdout]     |
[INFO] [stdout] 50  | impl<'a> Pkg<'a> {
[INFO] [stdout]     |      -- lifetime `'a` declared here
[INFO] [stdout] ...
[INFO] [stdout] 120 |     pub fn required_use(&'a self) -> &DependencySet<&'a String> {
[INFO] [stdout]     |                                      ^ this elided lifetime gets resolved as `'a`
[INFO] [stdout] 
[INFO] [stdout] 
[INFO] [stdout] warning: elided lifetime has a name
[INFO] [stdout]    --> src/pkg/ebuild/configured.rs:126:34
[INFO] [stdout]     |
[INFO] [stdout] 50  | impl<'a> Pkg<'a> {
[INFO] [stdout]     |      -- lifetime `'a` declared here
[INFO] [stdout] ...
[INFO] [stdout] 126 |     pub fn restrict(&'a self) -> &DependencySet<&'a String> {
[INFO] [stdout]     |                                  ^ this elided lifetime gets resolved as `'a`
[INFO] [stdout] 
[INFO] [stdout] 
[INFO] [stdout] warning: elided lifetime has a name
[INFO] [stdout]    --> src/pkg/ebuild/configured.rs:132:33
[INFO] [stdout]     |
[INFO] [stdout] 50  | impl<'a> Pkg<'a> {
[INFO] [stdout]     |      -- lifetime `'a` declared here
[INFO] [stdout] ...
[INFO] [stdout] 132 |     pub fn src_uri(&'a self) -> &DependencySet<&'a Uri> {
[INFO] [stdout]     |                                 ^ this elided lifetime gets resolved as `'a`
[INFO] [stdout] 
[INFO] [stdout] 
[INFO] [stdout] warning: unused import: `crate::repo::PkgRepository`
[INFO] [stdout]    --> src/pkg/ebuild/restrict.rs:271:9
[INFO] [stdout]     |
[INFO] [stdout] 271 |     use crate::repo::PkgRepository;
[INFO] [stdout]     |         ^^^^^^^^^^^^^^^^^^^^^^^^^^
[INFO] [stdout]     |
[INFO] [stdout]     = note: `#[warn(unused_imports)]` on by default
[INFO] [stdout] 
[INFO] [stdout] 
[INFO] [stdout] warning: associated function `pack` is never used
[INFO] [stdout]   --> src/archive.rs:11:8
[INFO] [stdout]    |
[INFO] [stdout] 9  | pub(super) trait ArchiveFormat {
[INFO] [stdout]    |                  ------------- associated function in this trait
[INFO] [stdout] 10 |     const EXTS: &'static [&'static str];
[INFO] [stdout] 11 |     fn pack<P: AsRef<Utf8Path>, Q: AsRef<Utf8Path>>(src: P, dest: Q) -> crate::Result<()>;
[INFO] [stdout]    |        ^^^^
[INFO] [stdout]    |
[INFO] [stdout]    = note: `#[warn(dead_code)]` on by default
[INFO] [stdout] 
[INFO] [stdout] 
[INFO] [stdout] warning: method `hooks` is never used
[INFO] [stdout]    --> src/eapi.rs:325:19
[INFO] [stdout]     |
[INFO] [stdout] 219 | impl Eapi {
[INFO] [stdout]     | --------- method in this implementation
[INFO] [stdout] ...
[INFO] [stdout] 325 |     pub(crate) fn hooks(&self) -> &HashMap<PhaseKind, HashMap<HookKind, IndexSet<Hook>>> {
[INFO] [stdout]     |                   ^^^^^
[INFO] [stdout] 
[INFO] [stdout] 
[INFO] [stdout] warning: method `pkg_err` is never used
[INFO] [stdout]   --> src/error.rs:78:8
[INFO] [stdout]    |
[INFO] [stdout] 70 | pub(crate) trait PackageError: Package {
[INFO] [stdout]    |                  ------------ method in this trait
[INFO] [stdout] ...
[INFO] [stdout] 78 |     fn pkg_err<E: std::error::Error>(&self, err: E) -> Error {
[INFO] [stdout]    |        ^^^^^^^
[INFO] [stdout] 
[INFO] [stdout] 
[INFO] [stdout] warning: trait `Build` is never used
[INFO] [stdout]   --> src/pkg.rs:99:18
[INFO] [stdout]    |
[INFO] [stdout] 99 | pub(crate) trait Build: Package {
[INFO] [stdout]    |                  ^^^^^
[INFO] [stdout] 
[INFO] [stdout] 
[INFO] [stdout] warning: method `unbind` is never used
[INFO] [stdout]    --> src/shell/environment.rs:181:19
[INFO] [stdout]     |
[INFO] [stdout] 153 | impl BuildVariable {
[INFO] [stdout]     | ------------------ method in this implementation
[INFO] [stdout] ...
[INFO] [stdout] 181 |     pub(crate) fn unbind(&self) -> scallop::Result<ExecStatus> {
[INFO] [stdout]     |                   ^^^^^^
[INFO] [stdout] 
[INFO] [stdout] 
[INFO] [stdout] warning: method `run` is never used
[INFO] [stdout]   --> src/shell/hooks.rs:44:19
[INFO] [stdout]    |
[INFO] [stdout] 43 | impl Hook {
[INFO] [stdout]    | --------- method in this implementation
[INFO] [stdout] 44 |     pub(crate) fn run(&self, build: &mut BuildData) -> scallop::Result<ExecStatus> {
[INFO] [stdout]    |                   ^^^
[INFO] [stdout] 
[INFO] [stdout] 
[INFO] [stdout] warning: method `run` is never used
[INFO] [stdout]    --> src/shell/phase.rs:193:19
[INFO] [stdout]     |
[INFO] [stdout] 191 | impl Phase {
[INFO] [stdout]     | ---------- method in this implementation
[INFO] [stdout] 192 |     /// Run the phase operation.
[INFO] [stdout] 193 |     pub(crate) fn run(&self) -> scallop::Result<ExecStatus> {
[INFO] [stdout]     |                   ^^^
[INFO] [stdout] 
[INFO] [stdout] 
[INFO] [stdout] warning: method `sync` is never used
[INFO] [stdout]   --> src/sync.rs:39:14
[INFO] [stdout]    |
[INFO] [stdout] 37 | trait Syncable {
[INFO] [stdout]    |       -------- method in this trait
[INFO] [stdout] 38 |     fn uri_to_syncer(uri: &str) -> crate::Result<Syncer>;
[INFO] [stdout] 39 |     async fn sync<P: AsRef<Path> + Send>(&self, path: P) -> crate::Result<()>;
[INFO] [stdout]    |              ^^^^
[INFO] [stdout] 
[INFO] [stdout] 
[INFO] [stdout] warning: creating a mutable reference to mutable static is discouraged
[INFO] [stdout]    --> src/shell.rs:562:14
[INFO] [stdout]     |
[INFO] [stdout] 562 |     unsafe { STATE.get_mut() }
[INFO] [stdout]     |              ^^^^^^^^^^^^^^^ mutable reference to mutable static
[INFO] [stdout]     |
[INFO] [stdout]     = note: for more information, see <https://doc.rust-lang.org/nightly/edition-guide/rust-2024/static-mut-references.html>
[INFO] [stdout]     = note: mutable references to mutable statics are dangerous; it's undefined behavior if any other pointer to the static is used or if any other reference is created for the static while the mutable reference lives
[INFO] [stdout]     = note: `#[warn(static_mut_refs)]` on by default
[INFO] [stdout] 
[INFO] [stdout] 
[INFO] [stdout] Some errors have detailed explanations: E0432, E0433.
[INFO] [stdout] 
[INFO] [stdout] For more information about an error, try `rustc --explain E0432`.
[INFO] [stdout] 
[INFO] [stderr] error: could not compile `pkgcraft` (lib test) due to 185 previous errors; 11 warnings emitted
[INFO] [stderr] warning: build failed, waiting for other jobs to finish...
[INFO] running `Command { std: "docker" "inspect" "f16ffe60209b8d6f86f269dfe4931870c1081af3f8b1f6ba4016ac6d5fd20d0f", kill_on_drop: false }`
[INFO] running `Command { std: "docker" "rm" "-f" "f16ffe60209b8d6f86f269dfe4931870c1081af3f8b1f6ba4016ac6d5fd20d0f", kill_on_drop: false }`
[INFO] [stdout] f16ffe60209b8d6f86f269dfe4931870c1081af3f8b1f6ba4016ac6d5fd20d0f
