[INFO] fetching crate pkgcraft-tools 0.0.16...
[INFO] testing pkgcraft-tools-0.0.16 against nightly-2024-10-28+rustflags=-Zrandomize-layout for randomize-layout
[INFO] extracting crate pkgcraft-tools 0.0.16 into /workspace/builds/worker-7-tc2/source
[INFO] validating manifest of crates.io crate pkgcraft-tools 0.0.16 on toolchain nightly-2024-10-28
[INFO] running `Command { std: CARGO_HOME="/workspace/cargo-home" RUSTUP_HOME="/workspace/rustup-home" "/workspace/cargo-home/bin/cargo" "+nightly-2024-10-28" "metadata" "--manifest-path" "Cargo.toml" "--no-deps", kill_on_drop: false }`
[INFO] started tweaking crates.io crate pkgcraft-tools 0.0.16
[INFO] removed 0 missing tests
[INFO] finished tweaking crates.io crate pkgcraft-tools 0.0.16
[INFO] tweaked toml for crates.io crate pkgcraft-tools 0.0.16 written to /workspace/builds/worker-7-tc2/source/Cargo.toml
[INFO] crate crates.io crate pkgcraft-tools 0.0.16 already has a lockfile, it will not be regenerated
[INFO] running `Command { std: CARGO_HOME="/workspace/cargo-home" RUSTUP_HOME="/workspace/rustup-home" "/workspace/cargo-home/bin/cargo" "+nightly-2024-10-28" "fetch" "--manifest-path" "Cargo.toml", kill_on_drop: false }`
[INFO] running `Command { std: "docker" "create" "-v" "/var/lib/crater-agent-workspace/builds/worker-7-tc2/target:/opt/rustwide/target:rw,Z" "-v" "/var/lib/crater-agent-workspace/builds/worker-7-tc2/source:/opt/rustwide/workdir:ro,Z" "-v" "/var/lib/crater-agent-workspace/cargo-home:/opt/rustwide/cargo-home:ro,Z" "-v" "/var/lib/crater-agent-workspace/rustup-home:/opt/rustwide/rustup-home:ro,Z" "-e" "SOURCE_DIR=/opt/rustwide/workdir" "-e" "CARGO_TARGET_DIR=/opt/rustwide/target" "-e" "CARGO_HOME=/opt/rustwide/cargo-home" "-e" "RUSTUP_HOME=/opt/rustwide/rustup-home" "-w" "/opt/rustwide/workdir" "-m" "1610612736" "--user" "0:0" "--network" "none" "ghcr.io/rust-lang/crates-build-env/linux@sha256:4a844ea9eb2546a2d2c7022eacef16ef2e8229c7fbb2c7d4d55a9ceca922f72d" "/opt/rustwide/cargo-home/bin/cargo" "+nightly-2024-10-28" "metadata" "--no-deps" "--format-version=1", kill_on_drop: false }`
[INFO] [stdout] f8024c16218c70f0b5fa9cfa576b22ef4b67968dc071e52950bfc8ec62e20c09
[INFO] running `Command { std: "docker" "start" "-a" "f8024c16218c70f0b5fa9cfa576b22ef4b67968dc071e52950bfc8ec62e20c09", kill_on_drop: false }`
[INFO] running `Command { std: "docker" "inspect" "f8024c16218c70f0b5fa9cfa576b22ef4b67968dc071e52950bfc8ec62e20c09", kill_on_drop: false }`
[INFO] running `Command { std: "docker" "rm" "-f" "f8024c16218c70f0b5fa9cfa576b22ef4b67968dc071e52950bfc8ec62e20c09", kill_on_drop: false }`
[INFO] [stdout] f8024c16218c70f0b5fa9cfa576b22ef4b67968dc071e52950bfc8ec62e20c09
[INFO] running `Command { std: "docker" "create" "-v" "/var/lib/crater-agent-workspace/builds/worker-7-tc2/target:/opt/rustwide/target:rw,Z" "-v" "/var/lib/crater-agent-workspace/builds/worker-7-tc2/source:/opt/rustwide/workdir:ro,Z" "-v" "/var/lib/crater-agent-workspace/cargo-home:/opt/rustwide/cargo-home:ro,Z" "-v" "/var/lib/crater-agent-workspace/rustup-home:/opt/rustwide/rustup-home:ro,Z" "-e" "SOURCE_DIR=/opt/rustwide/workdir" "-e" "CARGO_TARGET_DIR=/opt/rustwide/target" "-e" "CARGO_INCREMENTAL=0" "-e" "RUST_BACKTRACE=full" "-e" "RUSTFLAGS=--cap-lints=forbid -Zrandomize-layout" "-e" "RUSTDOCFLAGS=--cap-lints=forbid" "-e" "CARGO_HOME=/opt/rustwide/cargo-home" "-e" "RUSTUP_HOME=/opt/rustwide/rustup-home" "-w" "/opt/rustwide/workdir" "-m" "1610612736" "--user" "0:0" "--network" "none" "ghcr.io/rust-lang/crates-build-env/linux@sha256:4a844ea9eb2546a2d2c7022eacef16ef2e8229c7fbb2c7d4d55a9ceca922f72d" "/opt/rustwide/cargo-home/bin/cargo" "+nightly-2024-10-28" "build" "--frozen" "--message-format=json", kill_on_drop: false }`
[INFO] [stdout] af18db2a200ce123e7f0f836ea6624911c0b1f8721df685a33ad8a4113b27d8b
[INFO] running `Command { std: "docker" "start" "-a" "af18db2a200ce123e7f0f836ea6624911c0b1f8721df685a33ad8a4113b27d8b", kill_on_drop: false }`
[INFO] [stderr]    Compiling proc-macro2 v1.0.86
[INFO] [stderr]    Compiling libc v0.2.155
[INFO] [stderr]    Compiling crossbeam-utils v0.8.20
[INFO] [stderr]    Compiling serde v1.0.204
[INFO] [stderr]    Compiling bitflags v2.6.0
[INFO] [stderr]    Compiling lazy_static v1.5.0
[INFO] [stderr]    Compiling zerocopy v0.7.35
[INFO] [stderr]    Compiling ahash v0.8.11
[INFO] [stderr]    Compiling generic-array v0.14.7
[INFO] [stderr]    Compiling allocator-api2 v0.2.18
[INFO] [stderr]    Compiling crunchy v0.2.2
[INFO] [stderr]    Compiling glob v0.3.1
[INFO] [stderr]    Compiling prettyplease v0.2.20
[INFO] [stderr]    Compiling rustix v0.38.34
[INFO] [stderr]    Compiling ident_case v1.0.1
[INFO] [stderr]    Compiling tiny-keccak v2.0.2
[INFO] [stderr]    Compiling cc v1.1.7
[INFO] [stderr]    Compiling rayon-core v1.12.1
[INFO] [stderr]    Compiling either v1.13.0
[INFO] [stderr]    Compiling log v0.4.22
[INFO] [stderr]    Compiling memchr v2.7.4
[INFO] [stderr]    Compiling autocfg v1.3.0
[INFO] [stderr]    Compiling regex-syntax v0.8.4
[INFO] [stderr]    Compiling minimal-lexical v0.2.1
[INFO] [stderr]    Compiling libloading v0.8.5
[INFO] [stderr]    Compiling subtle v2.6.1
[INFO] [stderr]    Compiling crossbeam-epoch v0.9.18
[INFO] [stderr]    Compiling hashbrown v0.14.5
[INFO] [stderr]    Compiling clang-sys v1.8.1
[INFO] [stderr]    Compiling camino v1.1.7
[INFO] [stderr]    Compiling slab v0.4.9
[INFO] [stderr]    Compiling bindgen v0.69.4
[INFO] [stderr]    Compiling quote v1.0.36
[INFO] [stderr]    Compiling block-buffer v0.10.4
[INFO] [stderr]    Compiling crypto-common v0.1.6
[INFO] [stderr]    Compiling crossbeam-deque v0.8.5
[INFO] [stderr]    Compiling syn v2.0.72
[INFO] [stderr]    Compiling getrandom v0.2.15
[INFO] [stderr]    Compiling nom v7.1.3
[INFO] [stderr]    Compiling home v0.5.9
[INFO] [stderr]    Compiling once_cell v1.19.0
[INFO] [stderr]    Compiling digest v0.10.7
[INFO] [stderr]    Compiling itertools v0.12.1
[INFO] [stderr]    Compiling tracing-core v0.1.32
[INFO] [stderr]    Compiling lazycell v1.3.0
[INFO] [stderr]    Compiling rustc-hash v1.1.0
[INFO] [stderr]    Compiling const-random-macro v0.1.16
[INFO] [stderr]    Compiling shlex v1.3.0
[INFO] [stderr]    Compiling futures-core v0.3.30
[INFO] [stderr]    Compiling thiserror v1.0.63
[INFO] [stderr]    Compiling futures-sink v0.3.30
[INFO] [stderr]    Compiling cfg_aliases v0.2.1
[INFO] [stderr]    Compiling futures-channel v0.3.30
[INFO] [stderr]    Compiling rayon v1.10.0
[INFO] [stderr]    Compiling regex-automata v0.4.7
[INFO] [stderr]    Compiling const-random v0.1.18
[INFO] [stderr]    Compiling nix v0.29.0
[INFO] [stderr]    Compiling num_cpus v1.16.0
[INFO] [stderr]    Compiling autotools v0.2.7
[INFO] [stderr]    Compiling fastrand v2.1.0
[INFO] [stderr]    Compiling futures-task v0.3.30
[INFO] [stderr]    Compiling futures-io v0.3.30
[INFO] [stderr]    Compiling rand_core v0.6.4
[INFO] [stderr]    Compiling which v4.4.2
[INFO] [stderr]    Compiling portable-atomic v1.7.0
[INFO] [stderr]    Compiling uuid v1.10.0
[INFO] [stderr]    Compiling clap_builder v4.5.11
[INFO] [stderr]    Compiling mio v1.0.1
[INFO] [stderr]    Compiling blake3 v1.5.3
[INFO] [stderr]    Compiling rand_chacha v0.3.1
[INFO] [stderr]    Compiling dlv-list v0.5.2
[INFO] [stderr]    Compiling crossbeam-channel v0.5.13
[INFO] [stderr]    Compiling aho-corasick v1.1.3
[INFO] [stderr]    Compiling peg-runtime v0.8.3
[INFO] [stderr]    Compiling unicode-width v0.1.13
[INFO] [stderr]    Compiling winnow v0.6.16
[INFO] [stderr]    Compiling rand v0.8.5
[INFO] [stderr]    Compiling console v0.15.8
[INFO] [stderr]    Compiling ordered-multimap v0.7.3
[INFO] [stderr]    Compiling peg-macros v0.8.4
[INFO] [stderr]    Compiling cexpr v0.6.0
[INFO] [stderr]    Compiling tempfile v3.10.1
[INFO] [stderr]    Compiling cached_proc_macro_types v0.1.1
[INFO] [stderr]    Compiling web-time v1.1.0
[INFO] [stderr]    Compiling annotate-snippets v0.6.1
[INFO] [stderr]    Compiling regex v1.10.5
[INFO] [stderr]    Compiling constant_time_eq v0.3.0
[INFO] [stderr]    Compiling trim-in-place v0.1.7
[INFO] [stderr]    Compiling arrayvec v0.7.4
[INFO] [stderr]    Compiling overload v0.1.1
[INFO] [stderr]    Compiling arrayref v0.3.8
[INFO] [stderr]    Compiling cpufeatures v0.2.12
[INFO] [stderr]    Compiling anyhow v1.0.86
[INFO] [stderr]    Compiling number_prefix v0.4.0
[INFO] [stderr]    Compiling chic v1.2.2
[INFO] [stderr]    Compiling indicatif v0.17.8
[INFO] [stderr]    Compiling sha2 v0.10.8
[INFO] [stderr]    Compiling nu-ansi-term v0.46.0
[INFO] [stderr]    Compiling darling_core v0.20.10
[INFO] [stderr]    Compiling rust-ini v0.21.0
[INFO] [stderr]    Compiling peg v0.8.4
[INFO] [stderr]    Compiling walkdir v2.5.0
[INFO] [stderr]    Compiling filetime v0.2.23
[INFO] [stderr]    Compiling tracing-log v0.2.0
[INFO] [stderr]    Compiling blake2 v0.10.6
[INFO] [stderr]    Compiling md-5 v0.10.6
[INFO] [stderr]    Compiling itertools v0.13.0
[INFO] [stderr]    Compiling sharded-slab v0.1.7
[INFO] [stderr]    Compiling thread_local v1.1.8
[INFO] [stderr]    Compiling roxmltree v0.20.0
[INFO] [stderr]    Compiling hex v0.4.3
[INFO] [stderr]    Compiling indoc v2.0.5
[INFO] [stderr]    Compiling is_executable v1.0.1
[INFO] [stderr]    Compiling smallvec v1.13.2
[INFO] [stderr]    Compiling humantime v2.1.0
[INFO] [stderr]    Compiling tracing-subscriber v0.3.18
[INFO] [stderr]    Compiling serde_derive v1.0.204
[INFO] [stderr]    Compiling futures-macro v0.3.30
[INFO] [stderr]    Compiling thiserror-impl v1.0.63
[INFO] [stderr]    Compiling tracing-attributes v0.1.27
[INFO] [stderr]    Compiling clap_derive v4.5.11
[INFO] [stderr]    Compiling strum_macros v0.26.4
[INFO] [stderr]    Compiling enum-as-inner v0.6.0
[INFO] [stderr]    Compiling darling_macro v0.20.10
[INFO] [stderr]    Compiling darling v0.20.10
[INFO] [stderr]    Compiling cached_proc_macro v0.23.0
[INFO] [stderr]    Compiling serde_with_macros v3.9.0
[INFO] [stderr]    Compiling futures-util v0.3.30
[INFO] [stderr]    Compiling tracing v0.1.40
[INFO] [stderr]    Compiling strum v0.26.3
[INFO] [stderr]    Compiling cached v0.53.1
[INFO] [stderr]    Compiling clap v4.5.11
[INFO] [stderr]    Compiling clap-verbosity-flag v2.2.1
[INFO] [stderr]    Compiling scallop v0.0.16
[INFO] [stderr]    Compiling futures-executor v0.3.30
[INFO] [stderr]    Compiling futures v0.3.30
[INFO] [stderr]    Compiling indexmap v2.2.6
[INFO] [stderr]    Compiling bincode v1.3.3
[INFO] [stderr]    Compiling serde_spanned v0.6.7
[INFO] [stderr]    Compiling toml_datetime v0.6.7
[INFO] [stderr]    Compiling serde_with v3.9.0
[INFO] [stderr]    Compiling ipc-channel v0.18.2
[INFO] [stderr]    Compiling toml_edit v0.22.17
[INFO] [stderr]    Compiling toml v0.8.16
[INFO] [stderr]    Compiling pkgcraft v0.0.16
[INFO] [stderr]    Compiling pkgcraft-tools v0.0.16 (/opt/rustwide/workdir)
[INFO] [stderr]     Finished `dev` profile [unoptimized + debuginfo] target(s) in 1m 17s
[INFO] running `Command { std: "docker" "inspect" "af18db2a200ce123e7f0f836ea6624911c0b1f8721df685a33ad8a4113b27d8b", kill_on_drop: false }`
[INFO] running `Command { std: "docker" "rm" "-f" "af18db2a200ce123e7f0f836ea6624911c0b1f8721df685a33ad8a4113b27d8b", kill_on_drop: false }`
[INFO] [stdout] af18db2a200ce123e7f0f836ea6624911c0b1f8721df685a33ad8a4113b27d8b
[INFO] running `Command { std: "docker" "create" "-v" "/var/lib/crater-agent-workspace/builds/worker-7-tc2/target:/opt/rustwide/target:rw,Z" "-v" "/var/lib/crater-agent-workspace/builds/worker-7-tc2/source:/opt/rustwide/workdir:ro,Z" "-v" "/var/lib/crater-agent-workspace/cargo-home:/opt/rustwide/cargo-home:ro,Z" "-v" "/var/lib/crater-agent-workspace/rustup-home:/opt/rustwide/rustup-home:ro,Z" "-e" "SOURCE_DIR=/opt/rustwide/workdir" "-e" "CARGO_TARGET_DIR=/opt/rustwide/target" "-e" "CARGO_INCREMENTAL=0" "-e" "RUST_BACKTRACE=full" "-e" "RUSTFLAGS=--cap-lints=forbid -Zrandomize-layout" "-e" "RUSTDOCFLAGS=--cap-lints=forbid" "-e" "CARGO_HOME=/opt/rustwide/cargo-home" "-e" "RUSTUP_HOME=/opt/rustwide/rustup-home" "-w" "/opt/rustwide/workdir" "-m" "1610612736" "--user" "0:0" "--network" "none" "ghcr.io/rust-lang/crates-build-env/linux@sha256:4a844ea9eb2546a2d2c7022eacef16ef2e8229c7fbb2c7d4d55a9ceca922f72d" "/opt/rustwide/cargo-home/bin/cargo" "+nightly-2024-10-28" "test" "--frozen" "--no-run" "--message-format=json", kill_on_drop: false }`
[INFO] [stdout] 2d223749b67e4e8d7a2b33349c2e79871e41b6dfa74e8a2af7ed55727c6670c5
[INFO] running `Command { std: "docker" "start" "-a" "2d223749b67e4e8d7a2b33349c2e79871e41b6dfa74e8a2af7ed55727c6670c5", kill_on_drop: false }`
[INFO] [stderr]    Compiling num-traits v0.2.19
[INFO] [stderr]    Compiling difflib v0.4.0
[INFO] [stderr]    Compiling diff v0.1.13
[INFO] [stderr]    Compiling normalize-line-endings v0.3.0
[INFO] [stderr]    Compiling yansi v0.5.1
[INFO] [stderr]    Compiling predicates-core v1.0.8
[INFO] [stderr]    Compiling pretty_assertions v1.4.0
[INFO] [stderr]    Compiling float-cmp v0.9.0
[INFO] [stderr]    Compiling predicates v3.1.2
[INFO] [stderr]    Compiling pkgcraft-tools v0.0.16 (/opt/rustwide/workdir)
[INFO] [stdout] error[E0432]: unresolved import `pkgcraft::test`
[INFO] [stdout]   --> tests/pk/cpv/intersect.rs:1:15
[INFO] [stdout]    |
[INFO] [stdout] 1  | use pkgcraft::test::cmd;
[INFO] [stdout]    |               ^^^^ could not find `test` in `pkgcraft`
[INFO] [stdout]    |
[INFO] [stdout] note: found an item that was configured out
[INFO] [stdout]   --> /opt/rustwide/cargo-home/registry/src/index.crates.io-6f17d22bba15001f/pkgcraft-0.0.16/src/lib.rs:16:9
[INFO] [stdout]    |
[INFO] [stdout] 16 | pub mod test;
[INFO] [stdout]    |         ^^^^
[INFO] [stdout] note: the item is gated behind the `test` feature
[INFO] [stdout]   --> /opt/rustwide/cargo-home/registry/src/index.crates.io-6f17d22bba15001f/pkgcraft-0.0.16/src/lib.rs:15:7
[INFO] [stdout]    |
[INFO] [stdout] 15 | #[cfg(feature = "test")]
[INFO] [stdout]    |       ^^^^^^^^^^^^^^^^
[INFO] [stdout] 
[INFO] [stdout] 
[INFO] [stdout] error[E0432]: unresolved import `pkgcraft::test`
[INFO] [stdout]   --> tests/pk/cpv/parse.rs:2:15
[INFO] [stdout]    |
[INFO] [stdout] 2  | use pkgcraft::test::cmd;
[INFO] [stdout]    |               ^^^^ could not find `test` in `pkgcraft`
[INFO] [stdout]    |
[INFO] [stdout] note: found an item that was configured out
[INFO] [stdout]   --> /opt/rustwide/cargo-home/registry/src/index.crates.io-6f17d22bba15001f/pkgcraft-0.0.16/src/lib.rs:16:9
[INFO] [stdout]    |
[INFO] [stdout] 16 | pub mod test;
[INFO] [stdout]    |         ^^^^
[INFO] [stdout] note: the item is gated behind the `test` feature
[INFO] [stdout]   --> /opt/rustwide/cargo-home/registry/src/index.crates.io-6f17d22bba15001f/pkgcraft-0.0.16/src/lib.rs:15:7
[INFO] [stdout]    |
[INFO] [stdout] 15 | #[cfg(feature = "test")]
[INFO] [stdout]    |       ^^^^^^^^^^^^^^^^
[INFO] [stdout] 
[INFO] [stdout] 
[INFO] [stdout] error[E0432]: unresolved import `pkgcraft::test`
[INFO] [stdout]   --> tests/pk/cpv/set.rs:1:15
[INFO] [stdout]    |
[INFO] [stdout] 1  | use pkgcraft::test::{cmd, TEST_DATA};
[INFO] [stdout]    |               ^^^^ could not find `test` in `pkgcraft`
[INFO] [stdout]    |
[INFO] [stdout] note: found an item that was configured out
[INFO] [stdout]   --> /opt/rustwide/cargo-home/registry/src/index.crates.io-6f17d22bba15001f/pkgcraft-0.0.16/src/lib.rs:16:9
[INFO] [stdout]    |
[INFO] [stdout] 16 | pub mod test;
[INFO] [stdout]    |         ^^^^
[INFO] [stdout] note: the item is gated behind the `test` feature
[INFO] [stdout]   --> /opt/rustwide/cargo-home/registry/src/index.crates.io-6f17d22bba15001f/pkgcraft-0.0.16/src/lib.rs:15:7
[INFO] [stdout]    |
[INFO] [stdout] 15 | #[cfg(feature = "test")]
[INFO] [stdout]    |       ^^^^^^^^^^^^^^^^
[INFO] [stdout] 
[INFO] [stdout] 
[INFO] [stdout] error[E0432]: unresolved import `pkgcraft::test`
[INFO] [stdout]   --> tests/pk/cpv/sort.rs:2:15
[INFO] [stdout]    |
[INFO] [stdout] 2  | use pkgcraft::test::{cmd, TEST_DATA};
[INFO] [stdout]    |               ^^^^ could not find `test` in `pkgcraft`
[INFO] [stdout]    |
[INFO] [stdout] note: found an item that was configured out
[INFO] [stdout]   --> /opt/rustwide/cargo-home/registry/src/index.crates.io-6f17d22bba15001f/pkgcraft-0.0.16/src/lib.rs:16:9
[INFO] [stdout]    |
[INFO] [stdout] 16 | pub mod test;
[INFO] [stdout]    |         ^^^^
[INFO] [stdout] note: the item is gated behind the `test` feature
[INFO] [stdout]   --> /opt/rustwide/cargo-home/registry/src/index.crates.io-6f17d22bba15001f/pkgcraft-0.0.16/src/lib.rs:15:7
[INFO] [stdout]    |
[INFO] [stdout] 15 | #[cfg(feature = "test")]
[INFO] [stdout]    |       ^^^^^^^^^^^^^^^^
[INFO] [stdout] 
[INFO] [stdout] 
[INFO] [stdout] error[E0432]: unresolved import `pkgcraft::test`
[INFO] [stdout]   --> tests/pk/dep/compare.rs:2:15
[INFO] [stdout]    |
[INFO] [stdout] 2  | use pkgcraft::test::{cmd, TEST_DATA};
[INFO] [stdout]    |               ^^^^ could not find `test` in `pkgcraft`
[INFO] [stdout]    |
[INFO] [stdout] note: found an item that was configured out
[INFO] [stdout]   --> /opt/rustwide/cargo-home/registry/src/index.crates.io-6f17d22bba15001f/pkgcraft-0.0.16/src/lib.rs:16:9
[INFO] [stdout]    |
[INFO] [stdout] 16 | pub mod test;
[INFO] [stdout]    |         ^^^^
[INFO] [stdout] note: the item is gated behind the `test` feature
[INFO] [stdout]   --> /opt/rustwide/cargo-home/registry/src/index.crates.io-6f17d22bba15001f/pkgcraft-0.0.16/src/lib.rs:15:7
[INFO] [stdout]    |
[INFO] [stdout] 15 | #[cfg(feature = "test")]
[INFO] [stdout]    |       ^^^^^^^^^^^^^^^^
[INFO] [stdout] 
[INFO] [stdout] 
[INFO] [stdout] error[E0432]: unresolved import `pkgcraft::test`
[INFO] [stdout]   --> tests/pk/dep/intersect.rs:1:15
[INFO] [stdout]    |
[INFO] [stdout] 1  | use pkgcraft::test::cmd;
[INFO] [stdout]    |               ^^^^ could not find `test` in `pkgcraft`
[INFO] [stdout]    |
[INFO] [stdout] note: found an item that was configured out
[INFO] [stdout]   --> /opt/rustwide/cargo-home/registry/src/index.crates.io-6f17d22bba15001f/pkgcraft-0.0.16/src/lib.rs:16:9
[INFO] [stdout]    |
[INFO] [stdout] 16 | pub mod test;
[INFO] [stdout]    |         ^^^^
[INFO] [stdout] note: the item is gated behind the `test` feature
[INFO] [stdout]   --> /opt/rustwide/cargo-home/registry/src/index.crates.io-6f17d22bba15001f/pkgcraft-0.0.16/src/lib.rs:15:7
[INFO] [stdout]    |
[INFO] [stdout] 15 | #[cfg(feature = "test")]
[INFO] [stdout]    |       ^^^^^^^^^^^^^^^^
[INFO] [stdout] 
[INFO] [stdout] 
[INFO] [stdout] error[E0432]: unresolved import `pkgcraft::test`
[INFO] [stdout]   --> tests/pk/dep/parse.rs:2:15
[INFO] [stdout]    |
[INFO] [stdout] 2  | use pkgcraft::test::{cmd, TEST_DATA};
[INFO] [stdout]    |               ^^^^ could not find `test` in `pkgcraft`
[INFO] [stdout]    |
[INFO] [stdout] note: found an item that was configured out
[INFO] [stdout]   --> /opt/rustwide/cargo-home/registry/src/index.crates.io-6f17d22bba15001f/pkgcraft-0.0.16/src/lib.rs:16:9
[INFO] [stdout]    |
[INFO] [stdout] 16 | pub mod test;
[INFO] [stdout]    |         ^^^^
[INFO] [stdout] note: the item is gated behind the `test` feature
[INFO] [stdout]   --> /opt/rustwide/cargo-home/registry/src/index.crates.io-6f17d22bba15001f/pkgcraft-0.0.16/src/lib.rs:15:7
[INFO] [stdout]    |
[INFO] [stdout] 15 | #[cfg(feature = "test")]
[INFO] [stdout]    |       ^^^^^^^^^^^^^^^^
[INFO] [stdout] 
[INFO] [stdout] 
[INFO] [stdout] error[E0432]: unresolved import `pkgcraft::test`
[INFO] [stdout]   --> tests/pk/dep/set.rs:1:15
[INFO] [stdout]    |
[INFO] [stdout] 1  | use pkgcraft::test::{cmd, TEST_DATA};
[INFO] [stdout]    |               ^^^^ could not find `test` in `pkgcraft`
[INFO] [stdout]    |
[INFO] [stdout] note: found an item that was configured out
[INFO] [stdout]   --> /opt/rustwide/cargo-home/registry/src/index.crates.io-6f17d22bba15001f/pkgcraft-0.0.16/src/lib.rs:16:9
[INFO] [stdout]    |
[INFO] [stdout] 16 | pub mod test;
[INFO] [stdout]    |         ^^^^
[INFO] [stdout] note: the item is gated behind the `test` feature
[INFO] [stdout]   --> /opt/rustwide/cargo-home/registry/src/index.crates.io-6f17d22bba15001f/pkgcraft-0.0.16/src/lib.rs:15:7
[INFO] [stdout]    |
[INFO] [stdout] 15 | #[cfg(feature = "test")]
[INFO] [stdout]    |       ^^^^^^^^^^^^^^^^
[INFO] [stdout] 
[INFO] [stdout] 
[INFO] [stdout] error[E0432]: unresolved import `pkgcraft::test`
[INFO] [stdout]   --> tests/pk/dep/sort.rs:1:15
[INFO] [stdout]    |
[INFO] [stdout] 1  | use pkgcraft::test::{cmd, TEST_DATA};
[INFO] [stdout]    |               ^^^^ could not find `test` in `pkgcraft`
[INFO] [stdout]    |
[INFO] [stdout] note: found an item that was configured out
[INFO] [stdout]   --> /opt/rustwide/cargo-home/registry/src/index.crates.io-6f17d22bba15001f/pkgcraft-0.0.16/src/lib.rs:16:9
[INFO] [stdout]    |
[INFO] [stdout] 16 | pub mod test;
[INFO] [stdout]    |         ^^^^
[INFO] [stdout] note: the item is gated behind the `test` feature
[INFO] [stdout]   --> /opt/rustwide/cargo-home/registry/src/index.crates.io-6f17d22bba15001f/pkgcraft-0.0.16/src/lib.rs:15:7
[INFO] [stdout]    |
[INFO] [stdout] 15 | #[cfg(feature = "test")]
[INFO] [stdout]    |       ^^^^^^^^^^^^^^^^
[INFO] [stdout] 
[INFO] [stdout] 
[INFO] [stdout] error[E0432]: unresolved import `pkgcraft::test`
[INFO] [stdout]   --> tests/pk/pkg/pretend.rs:5:15
[INFO] [stdout]    |
[INFO] [stdout] 5  | use pkgcraft::test::{cmd, TEST_DATA};
[INFO] [stdout]    |               ^^^^ could not find `test` in `pkgcraft`
[INFO] [stdout]    |
[INFO] [stdout] note: found an item that was configured out
[INFO] [stdout]   --> /opt/rustwide/cargo-home/registry/src/index.crates.io-6f17d22bba15001f/pkgcraft-0.0.16/src/lib.rs:16:9
[INFO] [stdout]    |
[INFO] [stdout] 16 | pub mod test;
[INFO] [stdout]    |         ^^^^
[INFO] [stdout] note: the item is gated behind the `test` feature
[INFO] [stdout]   --> /opt/rustwide/cargo-home/registry/src/index.crates.io-6f17d22bba15001f/pkgcraft-0.0.16/src/lib.rs:15:7
[INFO] [stdout]    |
[INFO] [stdout] 15 | #[cfg(feature = "test")]
[INFO] [stdout]    |       ^^^^^^^^^^^^^^^^
[INFO] [stdout] 
[INFO] [stdout] 
[INFO] [stdout] error[E0432]: unresolved import `pkgcraft::test`
[INFO] [stdout]   --> tests/pk/pkg/source.rs:5:15
[INFO] [stdout]    |
[INFO] [stdout] 5  | use pkgcraft::test::{cmd, TEST_DATA};
[INFO] [stdout]    |               ^^^^ could not find `test` in `pkgcraft`
[INFO] [stdout]    |
[INFO] [stdout] note: found an item that was configured out
[INFO] [stdout]   --> /opt/rustwide/cargo-home/registry/src/index.crates.io-6f17d22bba15001f/pkgcraft-0.0.16/src/lib.rs:16:9
[INFO] [stdout]    |
[INFO] [stdout] 16 | pub mod test;
[INFO] [stdout]    |         ^^^^
[INFO] [stdout] note: the item is gated behind the `test` feature
[INFO] [stdout]   --> /opt/rustwide/cargo-home/registry/src/index.crates.io-6f17d22bba15001f/pkgcraft-0.0.16/src/lib.rs:15:7
[INFO] [stdout]    |
[INFO] [stdout] 15 | #[cfg(feature = "test")]
[INFO] [stdout]    |       ^^^^^^^^^^^^^^^^
[INFO] [stdout] 
[INFO] [stdout] 
[INFO] [stdout] error[E0432]: unresolved import `pkgcraft::test`
[INFO] [stdout]   --> tests/pk/repo/eapis.rs:2:15
[INFO] [stdout]    |
[INFO] [stdout] 2  | use pkgcraft::test::{cmd, TEST_DATA};
[INFO] [stdout]    |               ^^^^ could not find `test` in `pkgcraft`
[INFO] [stdout]    |
[INFO] [stdout] note: found an item that was configured out
[INFO] [stdout]   --> /opt/rustwide/cargo-home/registry/src/index.crates.io-6f17d22bba15001f/pkgcraft-0.0.16/src/lib.rs:16:9
[INFO] [stdout]    |
[INFO] [stdout] 16 | pub mod test;
[INFO] [stdout]    |         ^^^^
[INFO] [stdout] note: the item is gated behind the `test` feature
[INFO] [stdout]   --> /opt/rustwide/cargo-home/registry/src/index.crates.io-6f17d22bba15001f/pkgcraft-0.0.16/src/lib.rs:15:7
[INFO] [stdout]    |
[INFO] [stdout] 15 | #[cfg(feature = "test")]
[INFO] [stdout]    |       ^^^^^^^^^^^^^^^^
[INFO] [stdout] 
[INFO] [stdout] 
[INFO] [stdout] error[E0432]: unresolved import `pkgcraft::test`
[INFO] [stdout]   --> tests/pk/repo/leaf.rs:3:15
[INFO] [stdout]    |
[INFO] [stdout] 3  | use pkgcraft::test::{cmd, TEST_DATA};
[INFO] [stdout]    |               ^^^^ could not find `test` in `pkgcraft`
[INFO] [stdout]    |
[INFO] [stdout] note: found an item that was configured out
[INFO] [stdout]   --> /opt/rustwide/cargo-home/registry/src/index.crates.io-6f17d22bba15001f/pkgcraft-0.0.16/src/lib.rs:16:9
[INFO] [stdout]    |
[INFO] [stdout] 16 | pub mod test;
[INFO] [stdout]    |         ^^^^
[INFO] [stdout] note: the item is gated behind the `test` feature
[INFO] [stdout]   --> /opt/rustwide/cargo-home/registry/src/index.crates.io-6f17d22bba15001f/pkgcraft-0.0.16/src/lib.rs:15:7
[INFO] [stdout]    |
[INFO] [stdout] 15 | #[cfg(feature = "test")]
[INFO] [stdout]    |       ^^^^^^^^^^^^^^^^
[INFO] [stdout] 
[INFO] [stdout] 
[INFO] [stdout] error[E0432]: unresolved import `pkgcraft::test`
[INFO] [stdout]   --> tests/pk/repo/metadata/clean.rs:6:15
[INFO] [stdout]    |
[INFO] [stdout] 6  | use pkgcraft::test::cmd;
[INFO] [stdout]    |               ^^^^ could not find `test` in `pkgcraft`
[INFO] [stdout]    |
[INFO] [stdout] note: found an item that was configured out
[INFO] [stdout]   --> /opt/rustwide/cargo-home/registry/src/index.crates.io-6f17d22bba15001f/pkgcraft-0.0.16/src/lib.rs:16:9
[INFO] [stdout]    |
[INFO] [stdout] 16 | pub mod test;
[INFO] [stdout]    |         ^^^^
[INFO] [stdout] note: the item is gated behind the `test` feature
[INFO] [stdout]   --> /opt/rustwide/cargo-home/registry/src/index.crates.io-6f17d22bba15001f/pkgcraft-0.0.16/src/lib.rs:15:7
[INFO] [stdout]    |
[INFO] [stdout] 15 | #[cfg(feature = "test")]
[INFO] [stdout]    |       ^^^^^^^^^^^^^^^^
[INFO] [stdout] 
[INFO] [stdout] 
[INFO] [stdout] error[E0432]: unresolved import `pkgcraft::test`
[INFO] [stdout]   --> tests/pk/repo/metadata/regen.rs:6:15
[INFO] [stdout]    |
[INFO] [stdout] 6  | use pkgcraft::test::{assert_unordered_eq, cmd, TEST_DATA};
[INFO] [stdout]    |               ^^^^ could not find `test` in `pkgcraft`
[INFO] [stdout]    |
[INFO] [stdout] note: found an item that was configured out
[INFO] [stdout]   --> /opt/rustwide/cargo-home/registry/src/index.crates.io-6f17d22bba15001f/pkgcraft-0.0.16/src/lib.rs:16:9
[INFO] [stdout]    |
[INFO] [stdout] 16 | pub mod test;
[INFO] [stdout]    |         ^^^^
[INFO] [stdout] note: the item is gated behind the `test` feature
[INFO] [stdout]   --> /opt/rustwide/cargo-home/registry/src/index.crates.io-6f17d22bba15001f/pkgcraft-0.0.16/src/lib.rs:15:7
[INFO] [stdout]    |
[INFO] [stdout] 15 | #[cfg(feature = "test")]
[INFO] [stdout]    |       ^^^^^^^^^^^^^^^^
[INFO] [stdout] 
[INFO] [stdout] 
[INFO] [stdout] error[E0432]: unresolved import `pkgcraft::test`
[INFO] [stdout]   --> tests/pk/repo/metadata/remove.rs:4:15
[INFO] [stdout]    |
[INFO] [stdout] 4  | use pkgcraft::test::cmd;
[INFO] [stdout]    |               ^^^^ could not find `test` in `pkgcraft`
[INFO] [stdout]    |
[INFO] [stdout] note: found an item that was configured out
[INFO] [stdout]   --> /opt/rustwide/cargo-home/registry/src/index.crates.io-6f17d22bba15001f/pkgcraft-0.0.16/src/lib.rs:16:9
[INFO] [stdout]    |
[INFO] [stdout] 16 | pub mod test;
[INFO] [stdout]    |         ^^^^
[INFO] [stdout] note: the item is gated behind the `test` feature
[INFO] [stdout]   --> /opt/rustwide/cargo-home/registry/src/index.crates.io-6f17d22bba15001f/pkgcraft-0.0.16/src/lib.rs:15:7
[INFO] [stdout]    |
[INFO] [stdout] 15 | #[cfg(feature = "test")]
[INFO] [stdout]    |       ^^^^^^^^^^^^^^^^
[INFO] [stdout] 
[INFO] [stdout] 
[INFO] [stdout] error[E0432]: unresolved import `pkgcraft::test`
[INFO] [stdout]   --> tests/pk/version/compare.rs:2:15
[INFO] [stdout]    |
[INFO] [stdout] 2  | use pkgcraft::test::{cmd, TEST_DATA};
[INFO] [stdout]    |               ^^^^ could not find `test` in `pkgcraft`
[INFO] [stdout]    |
[INFO] [stdout] note: found an item that was configured out
[INFO] [stdout]   --> /opt/rustwide/cargo-home/registry/src/index.crates.io-6f17d22bba15001f/pkgcraft-0.0.16/src/lib.rs:16:9
[INFO] [stdout]    |
[INFO] [stdout] 16 | pub mod test;
[INFO] [stdout]    |         ^^^^
[INFO] [stdout] note: the item is gated behind the `test` feature
[INFO] [stdout]   --> /opt/rustwide/cargo-home/registry/src/index.crates.io-6f17d22bba15001f/pkgcraft-0.0.16/src/lib.rs:15:7
[INFO] [stdout]    |
[INFO] [stdout] 15 | #[cfg(feature = "test")]
[INFO] [stdout]    |       ^^^^^^^^^^^^^^^^
[INFO] [stdout] 
[INFO] [stdout] 
[INFO] [stdout] error[E0432]: unresolved import `pkgcraft::test`
[INFO] [stdout]   --> tests/pk/version/intersect.rs:1:15
[INFO] [stdout]    |
[INFO] [stdout] 1  | use pkgcraft::test::cmd;
[INFO] [stdout]    |               ^^^^ could not find `test` in `pkgcraft`
[INFO] [stdout]    |
[INFO] [stdout] note: found an item that was configured out
[INFO] [stdout]   --> /opt/rustwide/cargo-home/registry/src/index.crates.io-6f17d22bba15001f/pkgcraft-0.0.16/src/lib.rs:16:9
[INFO] [stdout]    |
[INFO] [stdout] 16 | pub mod test;
[INFO] [stdout]    |         ^^^^
[INFO] [stdout] note: the item is gated behind the `test` feature
[INFO] [stdout]   --> /opt/rustwide/cargo-home/registry/src/index.crates.io-6f17d22bba15001f/pkgcraft-0.0.16/src/lib.rs:15:7
[INFO] [stdout]    |
[INFO] [stdout] 15 | #[cfg(feature = "test")]
[INFO] [stdout]    |       ^^^^^^^^^^^^^^^^
[INFO] [stdout] 
[INFO] [stdout] 
[INFO] [stdout] error[E0432]: unresolved import `pkgcraft::test`
[INFO] [stdout]   --> tests/pk/version/parse.rs:2:15
[INFO] [stdout]    |
[INFO] [stdout] 2  | use pkgcraft::test::{cmd, TEST_DATA};
[INFO] [stdout]    |               ^^^^ could not find `test` in `pkgcraft`
[INFO] [stdout]    |
[INFO] [stdout] note: found an item that was configured out
[INFO] [stdout]   --> /opt/rustwide/cargo-home/registry/src/index.crates.io-6f17d22bba15001f/pkgcraft-0.0.16/src/lib.rs:16:9
[INFO] [stdout]    |
[INFO] [stdout] 16 | pub mod test;
[INFO] [stdout]    |         ^^^^
[INFO] [stdout] note: the item is gated behind the `test` feature
[INFO] [stdout]   --> /opt/rustwide/cargo-home/registry/src/index.crates.io-6f17d22bba15001f/pkgcraft-0.0.16/src/lib.rs:15:7
[INFO] [stdout]    |
[INFO] [stdout] 15 | #[cfg(feature = "test")]
[INFO] [stdout]    |       ^^^^^^^^^^^^^^^^
[INFO] [stdout] 
[INFO] [stdout] 
[INFO] [stdout] error[E0432]: unresolved import `pkgcraft::test`
[INFO] [stdout]   --> tests/pk/version/set.rs:1:15
[INFO] [stdout]    |
[INFO] [stdout] 1  | use pkgcraft::test::{cmd, TEST_DATA};
[INFO] [stdout]    |               ^^^^ could not find `test` in `pkgcraft`
[INFO] [stdout]    |
[INFO] [stdout] note: found an item that was configured out
[INFO] [stdout]   --> /opt/rustwide/cargo-home/registry/src/index.crates.io-6f17d22bba15001f/pkgcraft-0.0.16/src/lib.rs:16:9
[INFO] [stdout]    |
[INFO] [stdout] 16 | pub mod test;
[INFO] [stdout]    |         ^^^^
[INFO] [stdout] note: the item is gated behind the `test` feature
[INFO] [stdout]   --> /opt/rustwide/cargo-home/registry/src/index.crates.io-6f17d22bba15001f/pkgcraft-0.0.16/src/lib.rs:15:7
[INFO] [stdout]    |
[INFO] [stdout] 15 | #[cfg(feature = "test")]
[INFO] [stdout]    |       ^^^^^^^^^^^^^^^^
[INFO] [stdout] 
[INFO] [stdout] 
[INFO] [stdout] error[E0432]: unresolved import `pkgcraft::test`
[INFO] [stdout]   --> tests/pk/version/sort.rs:1:15
[INFO] [stdout]    |
[INFO] [stdout] 1  | use pkgcraft::test::{cmd, TEST_DATA};
[INFO] [stdout]    |               ^^^^ could not find `test` in `pkgcraft`
[INFO] [stdout]    |
[INFO] [stdout] note: found an item that was configured out
[INFO] [stdout]   --> /opt/rustwide/cargo-home/registry/src/index.crates.io-6f17d22bba15001f/pkgcraft-0.0.16/src/lib.rs:16:9
[INFO] [stdout]    |
[INFO] [stdout] 16 | pub mod test;
[INFO] [stdout]    |         ^^^^
[INFO] [stdout] note: the item is gated behind the `test` feature
[INFO] [stdout]   --> /opt/rustwide/cargo-home/registry/src/index.crates.io-6f17d22bba15001f/pkgcraft-0.0.16/src/lib.rs:15:7
[INFO] [stdout]    |
[INFO] [stdout] 15 | #[cfg(feature = "test")]
[INFO] [stdout]    |       ^^^^^^^^^^^^^^^^
[INFO] [stdout] 
[INFO] [stdout] 
[INFO] [stdout] warning: unused import: `predicates::prelude::*`
[INFO] [stdout]  --> tests/pk/pkg/source.rs:6:5
[INFO] [stdout]   |
[INFO] [stdout] 6 | use predicates::prelude::*;
[INFO] [stdout]   |     ^^^^^^^^^^^^^^^^^^^^^^
[INFO] [stdout]   |
[INFO] [stdout]   = note: `#[warn(unused_imports)]` on by default
[INFO] [stdout] 
[INFO] [stdout] 
[INFO] [stdout] For more information about this error, try `rustc --explain E0432`.
[INFO] [stdout] 
[INFO] [stderr] error: could not compile `pkgcraft-tools` (test "pk") due to 21 previous errors; 1 warning emitted
[INFO] [stderr] warning: build failed, waiting for other jobs to finish...
[INFO] running `Command { std: "docker" "inspect" "2d223749b67e4e8d7a2b33349c2e79871e41b6dfa74e8a2af7ed55727c6670c5", kill_on_drop: false }`
[INFO] running `Command { std: "docker" "rm" "-f" "2d223749b67e4e8d7a2b33349c2e79871e41b6dfa74e8a2af7ed55727c6670c5", kill_on_drop: false }`
[INFO] [stdout] 2d223749b67e4e8d7a2b33349c2e79871e41b6dfa74e8a2af7ed55727c6670c5
