[INFO] fetching crate pistol 2.0.7...
[INFO] testing pistol-2.0.7 against nightly-2024-10-28+rustflags=-Zrandomize-layout for randomize-layout
[INFO] extracting crate pistol 2.0.7 into /workspace/builds/worker-3-tc2/source
[INFO] validating manifest of crates.io crate pistol 2.0.7 on toolchain nightly-2024-10-28
[INFO] running `Command { std: CARGO_HOME="/workspace/cargo-home" RUSTUP_HOME="/workspace/rustup-home" "/workspace/cargo-home/bin/cargo" "+nightly-2024-10-28" "metadata" "--manifest-path" "Cargo.toml" "--no-deps", kill_on_drop: false }`
[INFO] removed /workspace/builds/worker-3-tc2/source/.cargo/config.toml
[INFO] started tweaking crates.io crate pistol 2.0.7
[INFO] finished tweaking crates.io crate pistol 2.0.7
[INFO] tweaked toml for crates.io crate pistol 2.0.7 written to /workspace/builds/worker-3-tc2/source/Cargo.toml
[INFO] running `Command { std: CARGO_HOME="/workspace/cargo-home" RUSTUP_HOME="/workspace/rustup-home" "/workspace/cargo-home/bin/cargo" "+nightly-2024-10-28" "generate-lockfile" "--manifest-path" "Cargo.toml", kill_on_drop: false }`
[INFO] [stderr]     Updating crates.io index
[INFO] [stderr]      Locking 120 packages to latest compatible versions
[INFO] running `Command { std: CARGO_HOME="/workspace/cargo-home" RUSTUP_HOME="/workspace/rustup-home" "/workspace/cargo-home/bin/cargo" "+nightly-2024-10-28" "fetch" "--manifest-path" "Cargo.toml", kill_on_drop: false }`
[INFO] running `Command { std: "docker" "create" "-v" "/var/lib/crater-agent-workspace/builds/worker-3-tc2/target:/opt/rustwide/target:rw,Z" "-v" "/var/lib/crater-agent-workspace/builds/worker-3-tc2/source:/opt/rustwide/workdir:ro,Z" "-v" "/var/lib/crater-agent-workspace/cargo-home:/opt/rustwide/cargo-home:ro,Z" "-v" "/var/lib/crater-agent-workspace/rustup-home:/opt/rustwide/rustup-home:ro,Z" "-e" "SOURCE_DIR=/opt/rustwide/workdir" "-e" "CARGO_TARGET_DIR=/opt/rustwide/target" "-e" "CARGO_HOME=/opt/rustwide/cargo-home" "-e" "RUSTUP_HOME=/opt/rustwide/rustup-home" "-w" "/opt/rustwide/workdir" "-m" "1610612736" "--user" "0:0" "--network" "none" "ghcr.io/rust-lang/crates-build-env/linux@sha256:4a844ea9eb2546a2d2c7022eacef16ef2e8229c7fbb2c7d4d55a9ceca922f72d" "/opt/rustwide/cargo-home/bin/cargo" "+nightly-2024-10-28" "metadata" "--no-deps" "--format-version=1", kill_on_drop: false }`
[INFO] [stdout] 384bf1375a175ae672034414bb6ab2fd385d645f67c9f4403cb57e3f3b5fa5e4
[INFO] running `Command { std: "docker" "start" "-a" "384bf1375a175ae672034414bb6ab2fd385d645f67c9f4403cb57e3f3b5fa5e4", kill_on_drop: false }`
[INFO] running `Command { std: "docker" "inspect" "384bf1375a175ae672034414bb6ab2fd385d645f67c9f4403cb57e3f3b5fa5e4", kill_on_drop: false }`
[INFO] running `Command { std: "docker" "rm" "-f" "384bf1375a175ae672034414bb6ab2fd385d645f67c9f4403cb57e3f3b5fa5e4", kill_on_drop: false }`
[INFO] [stdout] 384bf1375a175ae672034414bb6ab2fd385d645f67c9f4403cb57e3f3b5fa5e4
[INFO] running `Command { std: "docker" "create" "-v" "/var/lib/crater-agent-workspace/builds/worker-3-tc2/target:/opt/rustwide/target:rw,Z" "-v" "/var/lib/crater-agent-workspace/builds/worker-3-tc2/source:/opt/rustwide/workdir:ro,Z" "-v" "/var/lib/crater-agent-workspace/cargo-home:/opt/rustwide/cargo-home:ro,Z" "-v" "/var/lib/crater-agent-workspace/rustup-home:/opt/rustwide/rustup-home:ro,Z" "-e" "SOURCE_DIR=/opt/rustwide/workdir" "-e" "CARGO_TARGET_DIR=/opt/rustwide/target" "-e" "CARGO_INCREMENTAL=0" "-e" "RUST_BACKTRACE=full" "-e" "RUSTFLAGS=--cap-lints=forbid -Zrandomize-layout" "-e" "RUSTDOCFLAGS=--cap-lints=forbid" "-e" "CARGO_HOME=/opt/rustwide/cargo-home" "-e" "RUSTUP_HOME=/opt/rustwide/rustup-home" "-w" "/opt/rustwide/workdir" "-m" "1610612736" "--user" "0:0" "--network" "none" "ghcr.io/rust-lang/crates-build-env/linux@sha256:4a844ea9eb2546a2d2c7022eacef16ef2e8229c7fbb2c7d4d55a9ceca922f72d" "/opt/rustwide/cargo-home/bin/cargo" "+nightly-2024-10-28" "build" "--frozen" "--message-format=json", kill_on_drop: false }`
[INFO] [stdout] 20478d07f70302c27fcf332e36c7b505e625988546807908be2fb9bf3664b679
[INFO] running `Command { std: "docker" "start" "-a" "20478d07f70302c27fcf332e36c7b505e625988546807908be2fb9bf3664b679", kill_on_drop: false }`
[INFO] [stderr]    Compiling serde v1.0.214
[INFO] [stderr]    Compiling regex-syntax v0.8.5
[INFO] [stderr]    Compiling no-std-net v0.6.0
[INFO] [stderr]    Compiling byteorder v1.5.0
[INFO] [stderr]    Compiling utf8parse v0.2.2
[INFO] [stderr]    Compiling csv-core v0.1.11
[INFO] [stderr]    Compiling is_terminal_polyfill v1.70.1
[INFO] [stderr]    Compiling anstyle-query v1.1.2
[INFO] [stderr]    Compiling pnet v0.35.0
[INFO] [stderr]    Compiling num-traits v0.2.19
[INFO] [stderr]    Compiling bit-vec v0.8.0
[INFO] [stderr]    Compiling serde_json v1.0.132
[INFO] [stderr]    Compiling colorchoice v1.0.3
[INFO] [stderr]    Compiling anstyle v1.0.9
[INFO] [stderr]    Compiling dirs-sys-next v0.1.2
[INFO] [stderr]    Compiling serde_derive v1.0.214
[INFO] [stderr]    Compiling zerocopy-derive v0.7.35
[INFO] [stderr]    Compiling getrandom v0.2.15
[INFO] [stderr]    Compiling pnet_sys v0.35.0
[INFO] [stderr]    Compiling anstyle-parse v0.2.6
[INFO] [stderr]    Compiling anyhow v1.0.92
[INFO] [stderr]    Compiling log v0.4.22
[INFO] [stderr]    Compiling dirs-next v2.0.0
[INFO] [stderr]    Compiling socket2 v0.5.7
[INFO] [stderr]    Compiling rand_core v0.6.4
[INFO] [stderr]    Compiling term v0.7.0
[INFO] [stderr]    Compiling anstream v0.6.17
[INFO] [stderr]    Compiling bit-set v0.8.0
[INFO] [stderr]    Compiling num_cpus v1.16.0
[INFO] [stderr]    Compiling is-terminal v0.4.13
[INFO] [stderr]    Compiling encode_unicode v1.0.0
[INFO] [stderr]    Compiling humantime v2.1.0
[INFO] [stderr]    Compiling iana-time-zone v0.1.61
[INFO] [stderr]    Compiling crc32fast v1.4.2
[INFO] [stderr]    Compiling subnetwork v0.4.5
[INFO] [stderr]    Compiling gcdx v0.2.3
[INFO] [stderr]    Compiling threadpool v1.8.1
[INFO] [stderr]    Compiling dns-lookup v2.0.4
[INFO] [stderr]    Compiling zerocopy v0.7.35
[INFO] [stderr]    Compiling chrono v0.4.38
[INFO] [stderr]    Compiling ppv-lite86 v0.2.20
[INFO] [stderr]    Compiling rand_chacha v0.3.1
[INFO] [stderr]    Compiling rand v0.8.5
[INFO] [stderr]    Compiling regex-automata v0.4.8
[INFO] [stderr]    Compiling regex v1.11.1
[INFO] [stderr]    Compiling pnet_macros v0.35.0
[INFO] [stderr]    Compiling fancy-regex v0.14.0
[INFO] [stderr]    Compiling pnet_base v0.35.0
[INFO] [stderr]    Compiling ipnetwork v0.20.0
[INFO] [stderr]    Compiling csv v1.3.0
[INFO] [stderr]    Compiling pnet_macros_support v0.35.0
[INFO] [stderr]    Compiling pnet_datalink v0.35.0
[INFO] [stderr]    Compiling env_filter v0.1.2
[INFO] [stderr]    Compiling pnet_packet v0.35.0
[INFO] [stderr]    Compiling env_logger v0.11.5
[INFO] [stderr]    Compiling prettytable-rs v0.10.0
[INFO] [stderr]    Compiling pnet_transport v0.35.0
[INFO] [stderr]    Compiling pistol v2.0.7 (/opt/rustwide/workdir)
[INFO] [stdout] error[E0277]: `dyn StdError` cannot be sent between threads safely
[INFO] [stdout]    --> src/lib.rs:201:47
[INFO] [stdout]     |
[INFO] [stdout] 201 |         let ipv4_pool = Ipv4Pool::from(subnet)?;
[INFO] [stdout]     |                                               ^ `dyn StdError` cannot be sent between threads safely
[INFO] [stdout]     |
[INFO] [stdout]     = help: the trait `Send` is not implemented for `dyn StdError`, which is required by `Result<Target, anyhow::Error>: FromResidual<Result<Infallible, Box<dyn StdError>>>`
[INFO] [stdout]     = help: the trait `FromResidual<Result<Infallible, E>>` is implemented for `Result<T, F>`
[INFO] [stdout]     = note: required for `Unique<dyn StdError>` to implement `Send`
[INFO] [stdout] note: required because it appears within the type `Box<dyn StdError>`
[INFO] [stdout]    --> /rustc/df4ca44d3fbc9301ee17f30f4d474e6ae4b05252/library/alloc/src/boxed.rs:234:12
[INFO] [stdout]     = note: required for `anyhow::Error` to implement `From<Box<dyn StdError>>`
[INFO] [stdout]     = note: required for `Result<Target, anyhow::Error>` to implement `FromResidual<Result<Infallible, Box<dyn StdError>>>`
[INFO] [stdout] 
[INFO] [stdout] 
[INFO] [stdout] error[E0277]: `dyn StdError` cannot be shared between threads safely
[INFO] [stdout]    --> src/lib.rs:201:47
[INFO] [stdout]     |
[INFO] [stdout] 201 |         let ipv4_pool = Ipv4Pool::from(subnet)?;
[INFO] [stdout]     |                                               ^ `dyn StdError` cannot be shared between threads safely
[INFO] [stdout]     |
[INFO] [stdout]     = help: the trait `Sync` is not implemented for `dyn StdError`, which is required by `Result<Target, anyhow::Error>: FromResidual<Result<Infallible, Box<dyn StdError>>>`
[INFO] [stdout]     = help: the trait `FromResidual<Result<Infallible, E>>` is implemented for `Result<T, F>`
[INFO] [stdout]     = note: required for `Unique<dyn StdError>` to implement `Sync`
[INFO] [stdout] note: required because it appears within the type `Box<dyn StdError>`
[INFO] [stdout]    --> /rustc/df4ca44d3fbc9301ee17f30f4d474e6ae4b05252/library/alloc/src/boxed.rs:234:12
[INFO] [stdout]     = note: required for `anyhow::Error` to implement `From<Box<dyn StdError>>`
[INFO] [stdout]     = note: required for `Result<Target, anyhow::Error>` to implement `FromResidual<Result<Infallible, Box<dyn StdError>>>`
[INFO] [stdout] 
[INFO] [stdout] 
[INFO] [stdout] error[E0277]: the size for values of type `dyn StdError` cannot be known at compilation time
[INFO] [stdout]    --> src/lib.rs:201:47
[INFO] [stdout]     |
[INFO] [stdout] 201 |         let ipv4_pool = Ipv4Pool::from(subnet)?;
[INFO] [stdout]     |                                               ^ doesn't have a size known at compile-time
[INFO] [stdout]     |
[INFO] [stdout]     = help: the trait `Sized` is not implemented for `dyn StdError`, which is required by `Result<Target, anyhow::Error>: FromResidual<Result<Infallible, Box<dyn StdError>>>`
[INFO] [stdout]     = help: the trait `FromResidual<Result<Infallible, E>>` is implemented for `Result<T, F>`
[INFO] [stdout]     = note: required for `Box<dyn StdError>` to implement `StdError`
[INFO] [stdout]     = note: required for `anyhow::Error` to implement `From<Box<dyn StdError>>`
[INFO] [stdout]     = note: required for `Result<Target, anyhow::Error>` to implement `FromResidual<Result<Infallible, Box<dyn StdError>>>`
[INFO] [stdout] 
[INFO] [stdout] 
[INFO] [stdout] For more information about this error, try `rustc --explain E0277`.
[INFO] [stdout] 
[INFO] [stderr] error: could not compile `pistol` (lib) due to 3 previous errors
[INFO] running `Command { std: "docker" "inspect" "20478d07f70302c27fcf332e36c7b505e625988546807908be2fb9bf3664b679", kill_on_drop: false }`
[INFO] running `Command { std: "docker" "rm" "-f" "20478d07f70302c27fcf332e36c7b505e625988546807908be2fb9bf3664b679", kill_on_drop: false }`
[INFO] [stdout] 20478d07f70302c27fcf332e36c7b505e625988546807908be2fb9bf3664b679
