[INFO] fetching crate pinar 0.1.0...
[INFO] testing pinar-0.1.0 against nightly-2024-10-28 for randomize-layout
[INFO] extracting crate pinar 0.1.0 into /workspace/builds/worker-3-tc1/source
[INFO] validating manifest of crates.io crate pinar 0.1.0 on toolchain nightly-2024-10-28
[INFO] running `Command { std: CARGO_HOME="/workspace/cargo-home" RUSTUP_HOME="/workspace/rustup-home" "/workspace/cargo-home/bin/cargo" "+nightly-2024-10-28" "metadata" "--manifest-path" "Cargo.toml" "--no-deps", kill_on_drop: false }`
[INFO] started tweaking crates.io crate pinar 0.1.0
[INFO] finished tweaking crates.io crate pinar 0.1.0
[INFO] tweaked toml for crates.io crate pinar 0.1.0 written to /workspace/builds/worker-3-tc1/source/Cargo.toml
[INFO] running `Command { std: CARGO_HOME="/workspace/cargo-home" RUSTUP_HOME="/workspace/rustup-home" "/workspace/cargo-home/bin/cargo" "+nightly-2024-10-28" "generate-lockfile" "--manifest-path" "Cargo.toml", kill_on_drop: false }`
[INFO] [stderr]     Updating crates.io index
[INFO] [stderr]      Locking 36 packages to latest compatible versions
[INFO] [stderr]       Adding pinar-derive v0.1.0 (available: v0.2.0)
[INFO] running `Command { std: CARGO_HOME="/workspace/cargo-home" RUSTUP_HOME="/workspace/rustup-home" "/workspace/cargo-home/bin/cargo" "+nightly-2024-10-28" "fetch" "--manifest-path" "Cargo.toml", kill_on_drop: false }`
[INFO] [stderr]  Downloading crates ...
[INFO] [stderr]   Downloaded pinar-napi-sys v0.1.0
[INFO] [stderr]   Downloaded pinar-derive v0.1.0
[INFO] running `Command { std: "docker" "create" "-v" "/var/lib/crater-agent-workspace/builds/worker-3-tc1/target:/opt/rustwide/target:rw,Z" "-v" "/var/lib/crater-agent-workspace/builds/worker-3-tc1/source:/opt/rustwide/workdir:ro,Z" "-v" "/var/lib/crater-agent-workspace/cargo-home:/opt/rustwide/cargo-home:ro,Z" "-v" "/var/lib/crater-agent-workspace/rustup-home:/opt/rustwide/rustup-home:ro,Z" "-e" "SOURCE_DIR=/opt/rustwide/workdir" "-e" "CARGO_TARGET_DIR=/opt/rustwide/target" "-e" "CARGO_HOME=/opt/rustwide/cargo-home" "-e" "RUSTUP_HOME=/opt/rustwide/rustup-home" "-w" "/opt/rustwide/workdir" "-m" "1610612736" "--user" "0:0" "--network" "none" "ghcr.io/rust-lang/crates-build-env/linux@sha256:4a844ea9eb2546a2d2c7022eacef16ef2e8229c7fbb2c7d4d55a9ceca922f72d" "/opt/rustwide/cargo-home/bin/cargo" "+nightly-2024-10-28" "metadata" "--no-deps" "--format-version=1", kill_on_drop: false }`
[INFO] [stdout] 2f0f6c03928682855d915f32b65b1973add236e436d93816b21d578b6fdd41c8
[INFO] running `Command { std: "docker" "start" "-a" "2f0f6c03928682855d915f32b65b1973add236e436d93816b21d578b6fdd41c8", kill_on_drop: false }`
[INFO] running `Command { std: "docker" "inspect" "2f0f6c03928682855d915f32b65b1973add236e436d93816b21d578b6fdd41c8", kill_on_drop: false }`
[INFO] running `Command { std: "docker" "rm" "-f" "2f0f6c03928682855d915f32b65b1973add236e436d93816b21d578b6fdd41c8", kill_on_drop: false }`
[INFO] [stdout] 2f0f6c03928682855d915f32b65b1973add236e436d93816b21d578b6fdd41c8
[INFO] running `Command { std: "docker" "create" "-v" "/var/lib/crater-agent-workspace/builds/worker-3-tc1/target:/opt/rustwide/target:rw,Z" "-v" "/var/lib/crater-agent-workspace/builds/worker-3-tc1/source:/opt/rustwide/workdir:ro,Z" "-v" "/var/lib/crater-agent-workspace/cargo-home:/opt/rustwide/cargo-home:ro,Z" "-v" "/var/lib/crater-agent-workspace/rustup-home:/opt/rustwide/rustup-home:ro,Z" "-e" "SOURCE_DIR=/opt/rustwide/workdir" "-e" "CARGO_TARGET_DIR=/opt/rustwide/target" "-e" "CARGO_INCREMENTAL=0" "-e" "RUST_BACKTRACE=full" "-e" "RUSTFLAGS=--cap-lints=forbid" "-e" "RUSTDOCFLAGS=--cap-lints=forbid" "-e" "CARGO_HOME=/opt/rustwide/cargo-home" "-e" "RUSTUP_HOME=/opt/rustwide/rustup-home" "-w" "/opt/rustwide/workdir" "-m" "1610612736" "--user" "0:0" "--network" "none" "ghcr.io/rust-lang/crates-build-env/linux@sha256:4a844ea9eb2546a2d2c7022eacef16ef2e8229c7fbb2c7d4d55a9ceca922f72d" "/opt/rustwide/cargo-home/bin/cargo" "+nightly-2024-10-28" "build" "--frozen" "--message-format=json", kill_on_drop: false }`
[INFO] [stdout] 2eaf79b5714e28ca0c10258304ee279e00e619e05c1c7298925dcb166fd5c67a
[INFO] running `Command { std: "docker" "start" "-a" "2eaf79b5714e28ca0c10258304ee279e00e619e05c1c7298925dcb166fd5c67a", kill_on_drop: false }`
[INFO] [stderr]    Compiling syn v1.0.109
[INFO] [stderr]    Compiling proc-macro2 v0.4.30
[INFO] [stderr]    Compiling unicode-xid v0.1.0
[INFO] [stderr]    Compiling failure_derive v0.1.8
[INFO] [stderr]    Compiling gimli v0.31.1
[INFO] [stderr]    Compiling adler2 v2.0.0
[INFO] [stderr]    Compiling syn v0.15.44
[INFO] [stderr]    Compiling memchr v2.7.4
[INFO] [stderr]    Compiling unicode-xid v0.2.6
[INFO] [stderr]    Compiling miniz_oxide v0.8.0
[INFO] [stderr]    Compiling pinar-napi-sys v0.1.0
[INFO] [stderr]    Compiling rustc-demangle v0.1.24
[INFO] [stderr]    Compiling syn v2.0.86
[INFO] [stderr]    Compiling object v0.36.5
[INFO] [stderr]    Compiling quote v0.6.13
[INFO] [stderr]    Compiling serde_derive v1.0.214
[INFO] [stderr]    Compiling synstructure v0.12.6
[INFO] [stderr]    Compiling pinar-derive v0.1.0
[INFO] [stderr]    Compiling addr2line v0.24.2
[INFO] [stderr]    Compiling backtrace v0.3.74
[INFO] [stderr]    Compiling failure v0.1.8
[INFO] [stderr]    Compiling pinar v0.1.0 (/opt/rustwide/workdir)
[INFO] [stdout] warning: the feature `core_intrinsics` is internal to the compiler or standard library
[INFO] [stdout]  --> src/lib.rs:5:12
[INFO] [stdout]   |
[INFO] [stdout] 5 | #![feature(core_intrinsics)]
[INFO] [stdout]   |            ^^^^^^^^^^^^^^^
[INFO] [stdout]   |
[INFO] [stdout]   = note: using it is strongly discouraged
[INFO] [stdout]   = note: `#[warn(internal_features)]` on by default
[INFO] [stdout] 
[INFO] [stdout] 
[INFO] [stdout] warning: unused import: `Error`
[INFO] [stdout]  --> src/classes.rs:2:29
[INFO] [stdout]   |
[INFO] [stdout] 2 | use crate::error::{JsError, Error};
[INFO] [stdout]   |                             ^^^^^
[INFO] [stdout]   |
[INFO] [stdout]   = note: `#[warn(unused_imports)]` on by default
[INFO] [stdout] 
[INFO] [stdout] 
[INFO] [stdout] warning: use of deprecated method `std::error::Error::description`: use the Display impl or to_string()
[INFO] [stdout]   --> src/pinar_serde/ser.rs:43:48
[INFO] [stdout]    |
[INFO] [stdout] 43 |         formatter.write_str(std::error::Error::description(self))
[INFO] [stdout]    |                                                ^^^^^^^^^^^
[INFO] [stdout]    |
[INFO] [stdout]    = note: `#[warn(deprecated)]` on by default
[INFO] [stdout] 
[INFO] [stdout] 
[INFO] [stdout] warning: use of deprecated method `std::error::Error::description`: use the Display impl or to_string()
[INFO] [stdout]   --> src/pinar_serde/de.rs:50:48
[INFO] [stdout]    |
[INFO] [stdout] 50 |         formatter.write_str(std::error::Error::description(self))
[INFO] [stdout]    |                                                ^^^^^^^^^^^
[INFO] [stdout] 
[INFO] [stdout] 
[INFO] [stdout] warning: trait objects without an explicit `dyn` are deprecated
[INFO] [stdout]   --> src/module.rs:24:35
[INFO] [stdout]    |
[INFO] [stdout] 24 |     pub(crate) functions: Vec<Box<CallbackHandler>>,
[INFO] [stdout]    |                                   ^^^^^^^^^^^^^^^
[INFO] [stdout]    |
[INFO] [stdout]    = warning: this is accepted in the current edition (Rust 2018) but is a hard error in Rust 2021!
[INFO] [stdout]    = note: for more information, see <https://doc.rust-lang.org/nightly/edition-guide/rust-2021/warnings-promoted-to-error.html>
[INFO] [stdout]    = note: `#[warn(bare_trait_objects)]` on by default
[INFO] [stdout] help: if this is a dyn-compatible trait, use `dyn`
[INFO] [stdout]    |
[INFO] [stdout] 24 |     pub(crate) functions: Vec<Box<dyn CallbackHandler>>,
[INFO] [stdout]    |                                   +++
[INFO] [stdout] 
[INFO] [stdout] 
[INFO] [stdout] warning: trait objects without an explicit `dyn` are deprecated
[INFO] [stdout]    --> src/module.rs:131:14
[INFO] [stdout]     |
[INFO] [stdout] 131 |     fun: Box<Fn(A) -> R>
[INFO] [stdout]     |              ^^^^^^^^^^
[INFO] [stdout]     |
[INFO] [stdout]     = warning: this is accepted in the current edition (Rust 2018) but is a hard error in Rust 2021!
[INFO] [stdout]     = note: for more information, see <https://doc.rust-lang.org/nightly/edition-guide/rust-2021/warnings-promoted-to-error.html>
[INFO] [stdout] help: if this is a dyn-compatible trait, use `dyn`
[INFO] [stdout]     |
[INFO] [stdout] 131 |     fun: Box<dyn Fn(A) -> R>
[INFO] [stdout]     |              +++
[INFO] [stdout] 
[INFO] [stdout] 
[INFO] [stdout] warning: trait objects without an explicit `dyn` are deprecated
[INFO] [stdout]  --> src/error.rs:6:16
[INFO] [stdout]   |
[INFO] [stdout] 6 |     cause: Box<JsError>,
[INFO] [stdout]   |                ^^^^^^^
[INFO] [stdout]   |
[INFO] [stdout]   = warning: this is accepted in the current edition (Rust 2018) but is a hard error in Rust 2021!
[INFO] [stdout]   = note: for more information, see <https://doc.rust-lang.org/nightly/edition-guide/rust-2021/warnings-promoted-to-error.html>
[INFO] [stdout] help: if this is a dyn-compatible trait, use `dyn`
[INFO] [stdout]   |
[INFO] [stdout] 6 |     cause: Box<dyn JsError>,
[INFO] [stdout]   |                +++
[INFO] [stdout] 
[INFO] [stdout] 
[INFO] [stdout] warning: trait objects without an explicit `dyn` are deprecated
[INFO] [stdout]    --> src/classes.rs:165:21
[INFO] [stdout]     |
[INFO] [stdout] 165 |     methods: Vec<Rc<ClassMethodHandler<C>>>
[INFO] [stdout]     |                     ^^^^^^^^^^^^^^^^^^^^^
[INFO] [stdout]     |
[INFO] [stdout]     = warning: this is accepted in the current edition (Rust 2018) but is a hard error in Rust 2021!
[INFO] [stdout]     = note: for more information, see <https://doc.rust-lang.org/nightly/edition-guide/rust-2021/warnings-promoted-to-error.html>
[INFO] [stdout] help: if this is a dyn-compatible trait, use `dyn`
[INFO] [stdout]     |
[INFO] [stdout] 165 |     methods: Vec<Rc<dyn ClassMethodHandler<C>>>
[INFO] [stdout]     |                     +++
[INFO] [stdout] 
[INFO] [stdout] 
[INFO] [stdout] warning: trait objects without an explicit `dyn` are deprecated
[INFO] [stdout]    --> src/classes.rs:186:23
[INFO] [stdout]     |
[INFO] [stdout] 186 |     method: Option<Rc<ClassMethodHandler<C>>>,
[INFO] [stdout]     |                       ^^^^^^^^^^^^^^^^^^^^^
[INFO] [stdout]     |
[INFO] [stdout]     = warning: this is accepted in the current edition (Rust 2018) but is a hard error in Rust 2021!
[INFO] [stdout]     = note: for more information, see <https://doc.rust-lang.org/nightly/edition-guide/rust-2021/warnings-promoted-to-error.html>
[INFO] [stdout] help: if this is a dyn-compatible trait, use `dyn`
[INFO] [stdout]     |
[INFO] [stdout] 186 |     method: Option<Rc<dyn ClassMethodHandler<C>>>,
[INFO] [stdout]     |                       +++
[INFO] [stdout] 
[INFO] [stdout] 
[INFO] [stdout] warning: trait objects without an explicit `dyn` are deprecated
[INFO] [stdout]    --> src/classes.rs:187:25
[INFO] [stdout]     |
[INFO] [stdout] 187 |     accessor: Option<Rc<ClassMethodHandler<C>>>,
[INFO] [stdout]     |                         ^^^^^^^^^^^^^^^^^^^^^
[INFO] [stdout]     |
[INFO] [stdout]     = warning: this is accepted in the current edition (Rust 2018) but is a hard error in Rust 2021!
[INFO] [stdout]     = note: for more information, see <https://doc.rust-lang.org/nightly/edition-guide/rust-2021/warnings-promoted-to-error.html>
[INFO] [stdout] help: if this is a dyn-compatible trait, use `dyn`
[INFO] [stdout]     |
[INFO] [stdout] 187 |     accessor: Option<Rc<dyn ClassMethodHandler<C>>>,
[INFO] [stdout]     |                         +++
[INFO] [stdout] 
[INFO] [stdout] 
[INFO] [stdout] warning: trait objects without an explicit `dyn` are deprecated
[INFO] [stdout]    --> src/classes.rs:336:14
[INFO] [stdout]     |
[INFO] [stdout] 336 |     fun: Box<Fn(&C, A) -> R>,
[INFO] [stdout]     |              ^^^^^^^^^^^^^^
[INFO] [stdout]     |
[INFO] [stdout]     = warning: this is accepted in the current edition (Rust 2018) but is a hard error in Rust 2021!
[INFO] [stdout]     = note: for more information, see <https://doc.rust-lang.org/nightly/edition-guide/rust-2021/warnings-promoted-to-error.html>
[INFO] [stdout] help: if this is a dyn-compatible trait, use `dyn`
[INFO] [stdout]     |
[INFO] [stdout] 336 |     fun: Box<dyn Fn(&C, A) -> R>,
[INFO] [stdout]     |              +++
[INFO] [stdout] 
[INFO] [stdout] 
[INFO] [stdout] warning: trait objects without an explicit `dyn` are deprecated
[INFO] [stdout]    --> src/error.rs:103:27
[INFO] [stdout]     |
[INFO] [stdout] 103 |     fn as_fail(&self) -> &Fail;
[INFO] [stdout]     |                           ^^^^
[INFO] [stdout]     |
[INFO] [stdout]     = warning: this is accepted in the current edition (Rust 2018) but is a hard error in Rust 2021!
[INFO] [stdout]     = note: for more information, see <https://doc.rust-lang.org/nightly/edition-guide/rust-2021/warnings-promoted-to-error.html>
[INFO] [stdout] help: if this is a dyn-compatible trait, use `dyn`
[INFO] [stdout]     |
[INFO] [stdout] 103 |     fn as_fail(&self) -> &dyn Fail;
[INFO] [stdout]     |                           +++
[INFO] [stdout] 
[INFO] [stdout] 
[INFO] [stdout] warning: trait objects without an explicit `dyn` are deprecated
[INFO] [stdout]    --> src/error.rs:107:27
[INFO] [stdout]     |
[INFO] [stdout] 107 |     fn as_fail(&self) -> &Fail {
[INFO] [stdout]     |                           ^^^^
[INFO] [stdout]     |
[INFO] [stdout]     = warning: this is accepted in the current edition (Rust 2018) but is a hard error in Rust 2021!
[INFO] [stdout]     = note: for more information, see <https://doc.rust-lang.org/nightly/edition-guide/rust-2021/warnings-promoted-to-error.html>
[INFO] [stdout] help: if this is a dyn-compatible trait, use `dyn`
[INFO] [stdout]     |
[INFO] [stdout] 107 |     fn as_fail(&self) -> &dyn Fail {
[INFO] [stdout]     |                           +++
[INFO] [stdout] 
[INFO] [stdout] 
[INFO] [stdout] warning: trait objects without an explicit `dyn` are deprecated
[INFO] [stdout]   --> src/error.rs:11:35
[INFO] [stdout]    |
[INFO] [stdout] 11 |     pub fn as_js_error(&self) -> &JsError {
[INFO] [stdout]    |                                   ^^^^^^^
[INFO] [stdout]    |
[INFO] [stdout]    = warning: this is accepted in the current edition (Rust 2018) but is a hard error in Rust 2021!
[INFO] [stdout]    = note: for more information, see <https://doc.rust-lang.org/nightly/edition-guide/rust-2021/warnings-promoted-to-error.html>
[INFO] [stdout] help: if this is a dyn-compatible trait, use `dyn`
[INFO] [stdout]    |
[INFO] [stdout] 11 |     pub fn as_js_error(&self) -> &dyn JsError {
[INFO] [stdout]    |                                   +++
[INFO] [stdout] 
[INFO] [stdout] 
[INFO] [stdout] warning: trait objects without an explicit `dyn` are deprecated
[INFO] [stdout]   --> src/error.rs:23:9
[INFO] [stdout]    |
[INFO] [stdout] 23 |         Fail::downcast_ref(self.cause.as_fail())
[INFO] [stdout]    |         ^^^^
[INFO] [stdout]    |
[INFO] [stdout]    = warning: this is accepted in the current edition (Rust 2018) but is a hard error in Rust 2021!
[INFO] [stdout]    = note: for more information, see <https://doc.rust-lang.org/nightly/edition-guide/rust-2021/warnings-promoted-to-error.html>
[INFO] [stdout] help: if this is a dyn-compatible trait, use `dyn`
[INFO] [stdout]    |
[INFO] [stdout] 23 |         <dyn Fail>::downcast_ref(self.cause.as_fail())
[INFO] [stdout]    |         ++++     +
[INFO] [stdout] 
[INFO] [stdout] 
[INFO] [stdout] warning: unused import: `JsError`
[INFO] [stdout]  --> src/classes.rs:2:20
[INFO] [stdout]   |
[INFO] [stdout] 2 | use crate::error::{JsError, Error};
[INFO] [stdout]   |                    ^^^^^^^
[INFO] [stdout] 
[INFO] [stdout] 
[INFO] [stdout] warning: unused variable: `args`
[INFO] [stdout]    --> src/lib.rs:149:10
[INFO] [stdout]     |
[INFO] [stdout] 149 | fn test9(args: ()) -> ABC {
[INFO] [stdout]     |          ^^^^ help: if this is intentional, prefix it with an underscore: `_args`
[INFO] [stdout]     |
[INFO] [stdout]     = note: `#[warn(unused_variables)]` on by default
[INFO] [stdout] 
[INFO] [stdout] 
[INFO] [stdout] warning: unused variable: `s1`
[INFO] [stdout]    --> src/lib.rs:167:21
[INFO] [stdout]     |
[INFO] [stdout] 167 | fn test12<'e>((env, s1, obj): (Env, JsString, JsObject)) -> JsString<'e> {
[INFO] [stdout]     |                     ^^ help: if this is intentional, prefix it with an underscore: `_s1`
[INFO] [stdout] 
[INFO] [stdout] 
[INFO] [stdout] warning: unused variable: `obj`
[INFO] [stdout]    --> src/lib.rs:167:25
[INFO] [stdout]     |
[INFO] [stdout] 167 | fn test12<'e>((env, s1, obj): (Env, JsString, JsObject)) -> JsString<'e> {
[INFO] [stdout]     |                         ^^^ help: if this is intentional, prefix it with an underscore: `_obj`
[INFO] [stdout] 
[INFO] [stdout] 
[INFO] [stdout] warning: unused variable: `env`
[INFO] [stdout]    --> src/lib.rs:171:16
[INFO] [stdout]     |
[INFO] [stdout] 171 | fn test13<'e>((env, abc): (Env, ABC)) -> ABC {
[INFO] [stdout]     |                ^^^ help: if this is intentional, prefix it with an underscore: `_env`
[INFO] [stdout] 
[INFO] [stdout] 
[INFO] [stdout] warning: function `testfn` is never used
[INFO] [stdout]   --> src/lib.rs:68:4
[INFO] [stdout]    |
[INFO] [stdout] 68 | fn testfn(fun: JsFunction) {
[INFO] [stdout]    |    ^^^^^^
[INFO] [stdout]    |
[INFO] [stdout]    = note: `#[warn(dead_code)]` on by default
[INFO] [stdout] 
[INFO] [stdout] 
[INFO] [stdout] warning: methods `real`, `real2`, `other`, and `jsbox` are never used
[INFO] [stdout]    --> src/classes.rs:392:12
[INFO] [stdout]     |
[INFO] [stdout] 391 | impl SomeClass {
[INFO] [stdout]     | -------------- methods in this implementation
[INFO] [stdout] 392 |     pub fn real(&self, a: String) {
[INFO] [stdout]     |            ^^^^
[INFO] [stdout] ...
[INFO] [stdout] 395 |     pub fn real2(&self, a: (String, i64)) {
[INFO] [stdout]     |            ^^^^^
[INFO] [stdout] ...
[INFO] [stdout] 398 |     pub fn other(&self, a: u64, b: u64) {
[INFO] [stdout]     |            ^^^^^
[INFO] [stdout] ...
[INFO] [stdout] 413 |     pub fn jsbox(&self, _args: Option<String>) -> Box<i64> {
[INFO] [stdout]     |            ^^^^^
[INFO] [stdout] 
[INFO] [stdout] 
[INFO] [stdout] warning: function `test` is never used
[INFO] [stdout]    --> src/classes.rs:418:4
[INFO] [stdout]     |
[INFO] [stdout] 418 | fn test(env: Env) -> Result<()> {
[INFO] [stdout]     |    ^^^^
[INFO] [stdout] 
[INFO] [stdout] 
[INFO] [stdout] warning: field `msg` is never read
[INFO] [stdout]   --> src/pinar_serde/ser.rs:13:5
[INFO] [stdout]    |
[INFO] [stdout] 12 | pub struct SerializeError {
[INFO] [stdout]    |            -------------- field in this struct
[INFO] [stdout] 13 |     msg: String
[INFO] [stdout]    |     ^^^
[INFO] [stdout]    |
[INFO] [stdout]    = note: `SerializeError` has a derived impl for the trait `Debug`, but this is intentionally ignored during dead code analysis
[INFO] [stdout] 
[INFO] [stdout] 
[INFO] [stdout] warning: creating a mutable reference to mutable static is discouraged
[INFO] [stdout]    --> src/lib.rs:199:47
[INFO] [stdout]     |
[INFO] [stdout] 199 |                       napi_module_register(&mut MODULE_DESCRIPTOR);
[INFO] [stdout]     |                                                 ^^^^^^^^^^^^^^^^^ mutable reference to mutable static
[INFO] [stdout] ...
[INFO] [stdout] 222 | / register_module!(sebastien, |module: ModuleBuilder| {
[INFO] [stdout] 223 | |     module.with_function("test1", test1)
[INFO] [stdout] 224 | |           .with_function("my_super_function", test2)
[INFO] [stdout] 225 | |           .with_function("my_other_function", test3)
[INFO] [stdout] ...   |
[INFO] [stdout] 243 | |           .build()
[INFO] [stdout] 244 | | });
[INFO] [stdout]     | |__- in this macro invocation
[INFO] [stdout]     |
[INFO] [stdout]     = note: for more information, see <https://doc.rust-lang.org/nightly/edition-guide/rust-2024/static-mut-references.html>
[INFO] [stdout]     = note: mutable references to mutable statics are dangerous; it's undefined behavior if any other pointer to the static is used or if any other reference is created for the static while the mutable reference lives
[INFO] [stdout]     = note: `#[warn(static_mut_refs)]` on by default
[INFO] [stdout]     = note: this warning originates in the macro `register_module` (in Nightly builds, run with -Z macro-backtrace for more info)
[INFO] [stdout] 
[INFO] [stdout] 
[INFO] [stdout] warning: non-local `impl` definition, `impl` blocks should be written at the same level as their item
[INFO] [stdout]  --> src/status.rs:4:10
[INFO] [stdout]   |
[INFO] [stdout] 4 | #[derive(Fail, Debug)]
[INFO] [stdout]   |          ^---
[INFO] [stdout]   |          |
[INFO] [stdout]   |          `Fail` is not local
[INFO] [stdout]   |          move the `impl` block outside of this constant `_DERIVE_failure_Fail_FOR_Status`
[INFO] [stdout] 5 | pub enum Status {
[INFO] [stdout]   |          ------ `Status` is not local
[INFO] [stdout]   |
[INFO] [stdout]   = note: the derive macro `Fail` defines the non-local `impl`, and may need to be changed
[INFO] [stdout]   = note: the derive macro `Fail` may come from an old version of the `failure_derive` crate, try updating your dependency with `cargo update -p failure_derive`
[INFO] [stdout]   = note: an `impl` is never scoped, even when it is nested inside an item, as it may impact type checking outside of that item, which can be the case if neither the trait or the self type are at the same nesting level as the `impl`
[INFO] [stdout]   = note: items in an anonymous const item (`const _: () = { ... }`) are treated as in the same scope as the anonymous const's declaration for the purpose of this lint
[INFO] [stdout]   = note: `#[warn(non_local_definitions)]` on by default
[INFO] [stdout]   = note: this warning originates in the derive macro `Fail` (in Nightly builds, run with -Z macro-backtrace for more info)
[INFO] [stdout] 
[INFO] [stdout] 
[INFO] [stdout] warning: non-local `impl` definition, `impl` blocks should be written at the same level as their item
[INFO] [stdout]  --> src/status.rs:4:10
[INFO] [stdout]   |
[INFO] [stdout] 4 | #[derive(Fail, Debug)]
[INFO] [stdout]   |          ^---
[INFO] [stdout]   |          |
[INFO] [stdout]   |          `Display` is not local
[INFO] [stdout]   |          move the `impl` block outside of this constant `_DERIVE_failure_core_fmt_Display_FOR_Status`
[INFO] [stdout] 5 | pub enum Status {
[INFO] [stdout]   |          ------ `Status` is not local
[INFO] [stdout]   |
[INFO] [stdout]   = note: the derive macro `Fail` defines the non-local `impl`, and may need to be changed
[INFO] [stdout]   = note: the derive macro `Fail` may come from an old version of the `failure_derive` crate, try updating your dependency with `cargo update -p failure_derive`
[INFO] [stdout]   = note: an `impl` is never scoped, even when it is nested inside an item, as it may impact type checking outside of that item, which can be the case if neither the trait or the self type are at the same nesting level as the `impl`
[INFO] [stdout]   = note: items in an anonymous const item (`const _: () = { ... }`) are treated as in the same scope as the anonymous const's declaration for the purpose of this lint
[INFO] [stdout]   = note: this warning originates in the derive macro `Fail` (in Nightly builds, run with -Z macro-backtrace for more info)
[INFO] [stdout] 
[INFO] [stdout] 
[INFO] [stdout] warning: non-local `impl` definition, `impl` blocks should be written at the same level as their item
[INFO] [stdout]   --> src/error.rs:31:10
[INFO] [stdout]    |
[INFO] [stdout] 31 | #[derive(Fail, Debug)]
[INFO] [stdout]    |          ^---
[INFO] [stdout]    |          |
[INFO] [stdout]    |          `Fail` is not local
[INFO] [stdout]    |          move the `impl` block outside of this constant `_DERIVE_failure_Fail_FOR_JsExternalError`
[INFO] [stdout] 32 | #[fail(display = "Null pointer on external data")]
[INFO] [stdout] 33 | pub struct JsExternalError;
[INFO] [stdout]    |            --------------- `JsExternalError` is not local
[INFO] [stdout]    |
[INFO] [stdout]    = note: the derive macro `Fail` defines the non-local `impl`, and may need to be changed
[INFO] [stdout]    = note: the derive macro `Fail` may come from an old version of the `failure_derive` crate, try updating your dependency with `cargo update -p failure_derive`
[INFO] [stdout]    = note: an `impl` is never scoped, even when it is nested inside an item, as it may impact type checking outside of that item, which can be the case if neither the trait or the self type are at the same nesting level as the `impl`
[INFO] [stdout]    = note: items in an anonymous const item (`const _: () = { ... }`) are treated as in the same scope as the anonymous const's declaration for the purpose of this lint
[INFO] [stdout]    = note: this warning originates in the derive macro `Fail` (in Nightly builds, run with -Z macro-backtrace for more info)
[INFO] [stdout] 
[INFO] [stdout] 
[INFO] [stdout] warning: non-local `impl` definition, `impl` blocks should be written at the same level as their item
[INFO] [stdout]   --> src/error.rs:31:10
[INFO] [stdout]    |
[INFO] [stdout] 31 | #[derive(Fail, Debug)]
[INFO] [stdout]    |          ^---
[INFO] [stdout]    |          |
[INFO] [stdout]    |          `Display` is not local
[INFO] [stdout]    |          move the `impl` block outside of this constant `_DERIVE_failure_core_fmt_Display_FOR_JsExternalError`
[INFO] [stdout] 32 | #[fail(display = "Null pointer on external data")]
[INFO] [stdout] 33 | pub struct JsExternalError;
[INFO] [stdout]    |            --------------- `JsExternalError` is not local
[INFO] [stdout]    |
[INFO] [stdout]    = note: the derive macro `Fail` defines the non-local `impl`, and may need to be changed
[INFO] [stdout]    = note: the derive macro `Fail` may come from an old version of the `failure_derive` crate, try updating your dependency with `cargo update -p failure_derive`
[INFO] [stdout]    = note: an `impl` is never scoped, even when it is nested inside an item, as it may impact type checking outside of that item, which can be the case if neither the trait or the self type are at the same nesting level as the `impl`
[INFO] [stdout]    = note: items in an anonymous const item (`const _: () = { ... }`) are treated as in the same scope as the anonymous const's declaration for the purpose of this lint
[INFO] [stdout]    = note: this warning originates in the derive macro `Fail` (in Nightly builds, run with -Z macro-backtrace for more info)
[INFO] [stdout] 
[INFO] [stdout] 
[INFO] [stdout] warning: non-local `impl` definition, `impl` blocks should be written at the same level as their item
[INFO] [stdout]   --> src/error.rs:35:10
[INFO] [stdout]    |
[INFO] [stdout] 35 | #[derive(Fail, Debug)]
[INFO] [stdout]    |          ^---
[INFO] [stdout]    |          |
[INFO] [stdout]    |          `Fail` is not local
[INFO] [stdout]    |          move the `impl` block outside of this constant `_DERIVE_failure_Fail_FOR_JsClassError`
[INFO] [stdout] 36 | pub enum JsClassError {
[INFO] [stdout]    |          ------------ `JsClassError` is not local
[INFO] [stdout]    |
[INFO] [stdout]    = note: the derive macro `Fail` defines the non-local `impl`, and may need to be changed
[INFO] [stdout]    = note: the derive macro `Fail` may come from an old version of the `failure_derive` crate, try updating your dependency with `cargo update -p failure_derive`
[INFO] [stdout]    = note: an `impl` is never scoped, even when it is nested inside an item, as it may impact type checking outside of that item, which can be the case if neither the trait or the self type are at the same nesting level as the `impl`
[INFO] [stdout]    = note: items in an anonymous const item (`const _: () = { ... }`) are treated as in the same scope as the anonymous const's declaration for the purpose of this lint
[INFO] [stdout]    = note: this warning originates in the derive macro `Fail` (in Nightly builds, run with -Z macro-backtrace for more info)
[INFO] [stdout] 
[INFO] [stdout] 
[INFO] [stdout] warning: non-local `impl` definition, `impl` blocks should be written at the same level as their item
[INFO] [stdout]   --> src/error.rs:35:10
[INFO] [stdout]    |
[INFO] [stdout] 35 | #[derive(Fail, Debug)]
[INFO] [stdout]    |          ^---
[INFO] [stdout]    |          |
[INFO] [stdout]    |          `Display` is not local
[INFO] [stdout]    |          move the `impl` block outside of this constant `_DERIVE_failure_core_fmt_Display_FOR_JsClassError`
[INFO] [stdout] 36 | pub enum JsClassError {
[INFO] [stdout]    |          ------------ `JsClassError` is not local
[INFO] [stdout]    |
[INFO] [stdout]    = note: the derive macro `Fail` defines the non-local `impl`, and may need to be changed
[INFO] [stdout]    = note: the derive macro `Fail` may come from an old version of the `failure_derive` crate, try updating your dependency with `cargo update -p failure_derive`
[INFO] [stdout]    = note: an `impl` is never scoped, even when it is nested inside an item, as it may impact type checking outside of that item, which can be the case if neither the trait or the self type are at the same nesting level as the `impl`
[INFO] [stdout]    = note: items in an anonymous const item (`const _: () = { ... }`) are treated as in the same scope as the anonymous const's declaration for the purpose of this lint
[INFO] [stdout]    = note: this warning originates in the derive macro `Fail` (in Nightly builds, run with -Z macro-backtrace for more info)
[INFO] [stdout] 
[INFO] [stdout] 
[INFO] [stdout] warning: non-local `impl` definition, `impl` blocks should be written at the same level as their item
[INFO] [stdout]   --> src/error.rs:51:10
[INFO] [stdout]    |
[INFO] [stdout] 51 | #[derive(Fail, Debug)]
[INFO] [stdout]    |          ^---
[INFO] [stdout]    |          |
[INFO] [stdout]    |          `Fail` is not local
[INFO] [stdout]    |          move the `impl` block outside of this constant `_DERIVE_failure_Fail_FOR_JsFunctionError`
[INFO] [stdout] 52 | pub enum JsFunctionError {
[INFO] [stdout]    |          --------------- `JsFunctionError` is not local
[INFO] [stdout]    |
[INFO] [stdout]    = note: the derive macro `Fail` defines the non-local `impl`, and may need to be changed
[INFO] [stdout]    = note: the derive macro `Fail` may come from an old version of the `failure_derive` crate, try updating your dependency with `cargo update -p failure_derive`
[INFO] [stdout]    = note: an `impl` is never scoped, even when it is nested inside an item, as it may impact type checking outside of that item, which can be the case if neither the trait or the self type are at the same nesting level as the `impl`
[INFO] [stdout]    = note: items in an anonymous const item (`const _: () = { ... }`) are treated as in the same scope as the anonymous const's declaration for the purpose of this lint
[INFO] [stdout]    = note: this warning originates in the derive macro `Fail` (in Nightly builds, run with -Z macro-backtrace for more info)
[INFO] [stdout] 
[INFO] [stdout] 
[INFO] [stdout] warning: non-local `impl` definition, `impl` blocks should be written at the same level as their item
[INFO] [stdout]   --> src/error.rs:51:10
[INFO] [stdout]    |
[INFO] [stdout] 51 | #[derive(Fail, Debug)]
[INFO] [stdout]    |          ^---
[INFO] [stdout]    |          |
[INFO] [stdout]    |          `Display` is not local
[INFO] [stdout]    |          move the `impl` block outside of this constant `_DERIVE_failure_core_fmt_Display_FOR_JsFunctionError`
[INFO] [stdout] 52 | pub enum JsFunctionError {
[INFO] [stdout]    |          --------------- `JsFunctionError` is not local
[INFO] [stdout]    |
[INFO] [stdout]    = note: the derive macro `Fail` defines the non-local `impl`, and may need to be changed
[INFO] [stdout]    = note: the derive macro `Fail` may come from an old version of the `failure_derive` crate, try updating your dependency with `cargo update -p failure_derive`
[INFO] [stdout]    = note: an `impl` is never scoped, even when it is nested inside an item, as it may impact type checking outside of that item, which can be the case if neither the trait or the self type are at the same nesting level as the `impl`
[INFO] [stdout]    = note: items in an anonymous const item (`const _: () = { ... }`) are treated as in the same scope as the anonymous const's declaration for the purpose of this lint
[INFO] [stdout]    = note: this warning originates in the derive macro `Fail` (in Nightly builds, run with -Z macro-backtrace for more info)
[INFO] [stdout] 
[INFO] [stdout] 
[INFO] [stdout] warning: non-local `impl` definition, `impl` blocks should be written at the same level as their item
[INFO] [stdout]   --> src/error.rs:61:10
[INFO] [stdout]    |
[INFO] [stdout] 61 | #[derive(Fail, Debug, Clone)]
[INFO] [stdout]    |          ^---
[INFO] [stdout]    |          |
[INFO] [stdout]    |          `Fail` is not local
[INFO] [stdout]    |          move the `impl` block outside of this constant `_DERIVE_failure_Fail_FOR_ArgumentsError`
[INFO] [stdout] 62 | pub enum ArgumentsError {
[INFO] [stdout]    |          -------------- `ArgumentsError` is not local
[INFO] [stdout]    |
[INFO] [stdout]    = note: the derive macro `Fail` defines the non-local `impl`, and may need to be changed
[INFO] [stdout]    = note: the derive macro `Fail` may come from an old version of the `failure_derive` crate, try updating your dependency with `cargo update -p failure_derive`
[INFO] [stdout]    = note: an `impl` is never scoped, even when it is nested inside an item, as it may impact type checking outside of that item, which can be the case if neither the trait or the self type are at the same nesting level as the `impl`
[INFO] [stdout]    = note: items in an anonymous const item (`const _: () = { ... }`) are treated as in the same scope as the anonymous const's declaration for the purpose of this lint
[INFO] [stdout]    = note: this warning originates in the derive macro `Fail` (in Nightly builds, run with -Z macro-backtrace for more info)
[INFO] [stdout] 
[INFO] [stdout] 
[INFO] [stdout] warning: non-local `impl` definition, `impl` blocks should be written at the same level as their item
[INFO] [stdout]   --> src/error.rs:61:10
[INFO] [stdout]    |
[INFO] [stdout] 61 | #[derive(Fail, Debug, Clone)]
[INFO] [stdout]    |          ^---
[INFO] [stdout]    |          |
[INFO] [stdout]    |          `Display` is not local
[INFO] [stdout]    |          move the `impl` block outside of this constant `_DERIVE_failure_core_fmt_Display_FOR_ArgumentsError`
[INFO] [stdout] 62 | pub enum ArgumentsError {
[INFO] [stdout]    |          -------------- `ArgumentsError` is not local
[INFO] [stdout]    |
[INFO] [stdout]    = note: the derive macro `Fail` defines the non-local `impl`, and may need to be changed
[INFO] [stdout]    = note: the derive macro `Fail` may come from an old version of the `failure_derive` crate, try updating your dependency with `cargo update -p failure_derive`
[INFO] [stdout]    = note: an `impl` is never scoped, even when it is nested inside an item, as it may impact type checking outside of that item, which can be the case if neither the trait or the self type are at the same nesting level as the `impl`
[INFO] [stdout]    = note: items in an anonymous const item (`const _: () = { ... }`) are treated as in the same scope as the anonymous const's declaration for the purpose of this lint
[INFO] [stdout]    = note: this warning originates in the derive macro `Fail` (in Nightly builds, run with -Z macro-backtrace for more info)
[INFO] [stdout] 
[INFO] [stdout] 
[INFO] [stdout] warning: unused return value of `Box::<T>::from_raw` that must be used
[INFO] [stdout]   --> src/classes.rs:35:5
[INFO] [stdout]    |
[INFO] [stdout] 35 |     Box::<T>::from_raw(data as *mut T);
[INFO] [stdout]    |     ^^^^^^^^^^^^^^^^^^^^^^^^^^^^^^^^^^
[INFO] [stdout]    |
[INFO] [stdout]    = note: call `drop(Box::from_raw(ptr))` if you intend to drop the `Box`
[INFO] [stdout]    = note: `#[warn(unused_must_use)]` on by default
[INFO] [stdout] help: use `let _ = ...` to ignore the resulting value
[INFO] [stdout]    |
[INFO] [stdout] 35 |     let _ = Box::<T>::from_raw(data as *mut T);
[INFO] [stdout]    |     +++++++
[INFO] [stdout] 
[INFO] [stdout] 
[INFO] [stderr]     Finished `dev` profile [unoptimized + debuginfo] target(s) in 5.58s
[INFO] running `Command { std: "docker" "inspect" "2eaf79b5714e28ca0c10258304ee279e00e619e05c1c7298925dcb166fd5c67a", kill_on_drop: false }`
[INFO] running `Command { std: "docker" "rm" "-f" "2eaf79b5714e28ca0c10258304ee279e00e619e05c1c7298925dcb166fd5c67a", kill_on_drop: false }`
[INFO] [stdout] 2eaf79b5714e28ca0c10258304ee279e00e619e05c1c7298925dcb166fd5c67a
[INFO] running `Command { std: "docker" "create" "-v" "/var/lib/crater-agent-workspace/builds/worker-3-tc1/target:/opt/rustwide/target:rw,Z" "-v" "/var/lib/crater-agent-workspace/builds/worker-3-tc1/source:/opt/rustwide/workdir:ro,Z" "-v" "/var/lib/crater-agent-workspace/cargo-home:/opt/rustwide/cargo-home:ro,Z" "-v" "/var/lib/crater-agent-workspace/rustup-home:/opt/rustwide/rustup-home:ro,Z" "-e" "SOURCE_DIR=/opt/rustwide/workdir" "-e" "CARGO_TARGET_DIR=/opt/rustwide/target" "-e" "CARGO_INCREMENTAL=0" "-e" "RUST_BACKTRACE=full" "-e" "RUSTFLAGS=--cap-lints=forbid" "-e" "RUSTDOCFLAGS=--cap-lints=forbid" "-e" "CARGO_HOME=/opt/rustwide/cargo-home" "-e" "RUSTUP_HOME=/opt/rustwide/rustup-home" "-w" "/opt/rustwide/workdir" "-m" "1610612736" "--user" "0:0" "--network" "none" "ghcr.io/rust-lang/crates-build-env/linux@sha256:4a844ea9eb2546a2d2c7022eacef16ef2e8229c7fbb2c7d4d55a9ceca922f72d" "/opt/rustwide/cargo-home/bin/cargo" "+nightly-2024-10-28" "test" "--frozen" "--no-run" "--message-format=json", kill_on_drop: false }`
[INFO] [stdout] 824df95987a2e3baecfee90dd61acbef7a287713bcf83dbda8d0d32782f48c94
[INFO] running `Command { std: "docker" "start" "-a" "824df95987a2e3baecfee90dd61acbef7a287713bcf83dbda8d0d32782f48c94", kill_on_drop: false }`
[INFO] [stderr]    Compiling pinar v0.1.0 (/opt/rustwide/workdir)
[INFO] [stdout] warning: the feature `core_intrinsics` is internal to the compiler or standard library
[INFO] [stdout]  --> src/lib.rs:5:12
[INFO] [stdout]   |
[INFO] [stdout] 5 | #![feature(core_intrinsics)]
[INFO] [stdout]   |            ^^^^^^^^^^^^^^^
[INFO] [stdout]   |
[INFO] [stdout]   = note: using it is strongly discouraged
[INFO] [stdout]   = note: `#[warn(internal_features)]` on by default
[INFO] [stdout] 
[INFO] [stdout] 
[INFO] [stdout] warning: unused import: `Error`
[INFO] [stdout]  --> src/classes.rs:2:29
[INFO] [stdout]   |
[INFO] [stdout] 2 | use crate::error::{JsError, Error};
[INFO] [stdout]   |                             ^^^^^
[INFO] [stdout]   |
[INFO] [stdout]   = note: `#[warn(unused_imports)]` on by default
[INFO] [stdout] 
[INFO] [stdout] 
[INFO] [stdout] warning: use of deprecated method `std::error::Error::description`: use the Display impl or to_string()
[INFO] [stdout]   --> src/pinar_serde/ser.rs:43:48
[INFO] [stdout]    |
[INFO] [stdout] 43 |         formatter.write_str(std::error::Error::description(self))
[INFO] [stdout]    |                                                ^^^^^^^^^^^
[INFO] [stdout]    |
[INFO] [stdout]    = note: `#[warn(deprecated)]` on by default
[INFO] [stdout] 
[INFO] [stdout] 
[INFO] [stdout] warning: use of deprecated method `std::error::Error::description`: use the Display impl or to_string()
[INFO] [stdout]   --> src/pinar_serde/de.rs:50:48
[INFO] [stdout]    |
[INFO] [stdout] 50 |         formatter.write_str(std::error::Error::description(self))
[INFO] [stdout]    |                                                ^^^^^^^^^^^
[INFO] [stdout] 
[INFO] [stdout] 
[INFO] [stdout] warning: trait objects without an explicit `dyn` are deprecated
[INFO] [stdout]   --> src/module.rs:24:35
[INFO] [stdout]    |
[INFO] [stdout] 24 |     pub(crate) functions: Vec<Box<CallbackHandler>>,
[INFO] [stdout]    |                                   ^^^^^^^^^^^^^^^
[INFO] [stdout]    |
[INFO] [stdout]    = warning: this is accepted in the current edition (Rust 2018) but is a hard error in Rust 2021!
[INFO] [stdout]    = note: for more information, see <https://doc.rust-lang.org/nightly/edition-guide/rust-2021/warnings-promoted-to-error.html>
[INFO] [stdout]    = note: `#[warn(bare_trait_objects)]` on by default
[INFO] [stdout] help: if this is a dyn-compatible trait, use `dyn`
[INFO] [stdout]    |
[INFO] [stdout] 24 |     pub(crate) functions: Vec<Box<dyn CallbackHandler>>,
[INFO] [stdout]    |                                   +++
[INFO] [stdout] 
[INFO] [stdout] 
[INFO] [stdout] warning: trait objects without an explicit `dyn` are deprecated
[INFO] [stdout]    --> src/module.rs:131:14
[INFO] [stdout]     |
[INFO] [stdout] 131 |     fun: Box<Fn(A) -> R>
[INFO] [stdout]     |              ^^^^^^^^^^
[INFO] [stdout]     |
[INFO] [stdout]     = warning: this is accepted in the current edition (Rust 2018) but is a hard error in Rust 2021!
[INFO] [stdout]     = note: for more information, see <https://doc.rust-lang.org/nightly/edition-guide/rust-2021/warnings-promoted-to-error.html>
[INFO] [stdout] help: if this is a dyn-compatible trait, use `dyn`
[INFO] [stdout]     |
[INFO] [stdout] 131 |     fun: Box<dyn Fn(A) -> R>
[INFO] [stdout]     |              +++
[INFO] [stdout] 
[INFO] [stdout] 
[INFO] [stdout] warning: trait objects without an explicit `dyn` are deprecated
[INFO] [stdout]  --> src/error.rs:6:16
[INFO] [stdout]   |
[INFO] [stdout] 6 |     cause: Box<JsError>,
[INFO] [stdout]   |                ^^^^^^^
[INFO] [stdout]   |
[INFO] [stdout]   = warning: this is accepted in the current edition (Rust 2018) but is a hard error in Rust 2021!
[INFO] [stdout]   = note: for more information, see <https://doc.rust-lang.org/nightly/edition-guide/rust-2021/warnings-promoted-to-error.html>
[INFO] [stdout] help: if this is a dyn-compatible trait, use `dyn`
[INFO] [stdout]   |
[INFO] [stdout] 6 |     cause: Box<dyn JsError>,
[INFO] [stdout]   |                +++
[INFO] [stdout] 
[INFO] [stdout] 
[INFO] [stdout] warning: trait objects without an explicit `dyn` are deprecated
[INFO] [stdout]    --> src/classes.rs:165:21
[INFO] [stdout]     |
[INFO] [stdout] 165 |     methods: Vec<Rc<ClassMethodHandler<C>>>
[INFO] [stdout]     |                     ^^^^^^^^^^^^^^^^^^^^^
[INFO] [stdout]     |
[INFO] [stdout]     = warning: this is accepted in the current edition (Rust 2018) but is a hard error in Rust 2021!
[INFO] [stdout]     = note: for more information, see <https://doc.rust-lang.org/nightly/edition-guide/rust-2021/warnings-promoted-to-error.html>
[INFO] [stdout] help: if this is a dyn-compatible trait, use `dyn`
[INFO] [stdout]     |
[INFO] [stdout] 165 |     methods: Vec<Rc<dyn ClassMethodHandler<C>>>
[INFO] [stdout]     |                     +++
[INFO] [stdout] 
[INFO] [stdout] 
[INFO] [stdout] warning: trait objects without an explicit `dyn` are deprecated
[INFO] [stdout]    --> src/classes.rs:186:23
[INFO] [stdout]     |
[INFO] [stdout] 186 |     method: Option<Rc<ClassMethodHandler<C>>>,
[INFO] [stdout]     |                       ^^^^^^^^^^^^^^^^^^^^^
[INFO] [stdout]     |
[INFO] [stdout]     = warning: this is accepted in the current edition (Rust 2018) but is a hard error in Rust 2021!
[INFO] [stdout]     = note: for more information, see <https://doc.rust-lang.org/nightly/edition-guide/rust-2021/warnings-promoted-to-error.html>
[INFO] [stdout] help: if this is a dyn-compatible trait, use `dyn`
[INFO] [stdout]     |
[INFO] [stdout] 186 |     method: Option<Rc<dyn ClassMethodHandler<C>>>,
[INFO] [stdout]     |                       +++
[INFO] [stdout] 
[INFO] [stdout] 
[INFO] [stdout] warning: trait objects without an explicit `dyn` are deprecated
[INFO] [stdout]    --> src/classes.rs:187:25
[INFO] [stdout]     |
[INFO] [stdout] 187 |     accessor: Option<Rc<ClassMethodHandler<C>>>,
[INFO] [stdout]     |                         ^^^^^^^^^^^^^^^^^^^^^
[INFO] [stdout]     |
[INFO] [stdout]     = warning: this is accepted in the current edition (Rust 2018) but is a hard error in Rust 2021!
[INFO] [stdout]     = note: for more information, see <https://doc.rust-lang.org/nightly/edition-guide/rust-2021/warnings-promoted-to-error.html>
[INFO] [stdout] help: if this is a dyn-compatible trait, use `dyn`
[INFO] [stdout]     |
[INFO] [stdout] 187 |     accessor: Option<Rc<dyn ClassMethodHandler<C>>>,
[INFO] [stdout]     |                         +++
[INFO] [stdout] 
[INFO] [stdout] 
[INFO] [stdout] warning: trait objects without an explicit `dyn` are deprecated
[INFO] [stdout]    --> src/classes.rs:336:14
[INFO] [stdout]     |
[INFO] [stdout] 336 |     fun: Box<Fn(&C, A) -> R>,
[INFO] [stdout]     |              ^^^^^^^^^^^^^^
[INFO] [stdout]     |
[INFO] [stdout]     = warning: this is accepted in the current edition (Rust 2018) but is a hard error in Rust 2021!
[INFO] [stdout]     = note: for more information, see <https://doc.rust-lang.org/nightly/edition-guide/rust-2021/warnings-promoted-to-error.html>
[INFO] [stdout] help: if this is a dyn-compatible trait, use `dyn`
[INFO] [stdout]     |
[INFO] [stdout] 336 |     fun: Box<dyn Fn(&C, A) -> R>,
[INFO] [stdout]     |              +++
[INFO] [stdout] 
[INFO] [stdout] 
[INFO] [stdout] warning: trait objects without an explicit `dyn` are deprecated
[INFO] [stdout]    --> src/error.rs:103:27
[INFO] [stdout]     |
[INFO] [stdout] 103 |     fn as_fail(&self) -> &Fail;
[INFO] [stdout]     |                           ^^^^
[INFO] [stdout]     |
[INFO] [stdout]     = warning: this is accepted in the current edition (Rust 2018) but is a hard error in Rust 2021!
[INFO] [stdout]     = note: for more information, see <https://doc.rust-lang.org/nightly/edition-guide/rust-2021/warnings-promoted-to-error.html>
[INFO] [stdout] help: if this is a dyn-compatible trait, use `dyn`
[INFO] [stdout]     |
[INFO] [stdout] 103 |     fn as_fail(&self) -> &dyn Fail;
[INFO] [stdout]     |                           +++
[INFO] [stdout] 
[INFO] [stdout] 
[INFO] [stdout] warning: trait objects without an explicit `dyn` are deprecated
[INFO] [stdout]    --> src/error.rs:107:27
[INFO] [stdout]     |
[INFO] [stdout] 107 |     fn as_fail(&self) -> &Fail {
[INFO] [stdout]     |                           ^^^^
[INFO] [stdout]     |
[INFO] [stdout]     = warning: this is accepted in the current edition (Rust 2018) but is a hard error in Rust 2021!
[INFO] [stdout]     = note: for more information, see <https://doc.rust-lang.org/nightly/edition-guide/rust-2021/warnings-promoted-to-error.html>
[INFO] [stdout] help: if this is a dyn-compatible trait, use `dyn`
[INFO] [stdout]     |
[INFO] [stdout] 107 |     fn as_fail(&self) -> &dyn Fail {
[INFO] [stdout]     |                           +++
[INFO] [stdout] 
[INFO] [stdout] 
[INFO] [stdout] warning: trait objects without an explicit `dyn` are deprecated
[INFO] [stdout]   --> src/error.rs:11:35
[INFO] [stdout]    |
[INFO] [stdout] 11 |     pub fn as_js_error(&self) -> &JsError {
[INFO] [stdout]    |                                   ^^^^^^^
[INFO] [stdout]    |
[INFO] [stdout]    = warning: this is accepted in the current edition (Rust 2018) but is a hard error in Rust 2021!
[INFO] [stdout]    = note: for more information, see <https://doc.rust-lang.org/nightly/edition-guide/rust-2021/warnings-promoted-to-error.html>
[INFO] [stdout] help: if this is a dyn-compatible trait, use `dyn`
[INFO] [stdout]    |
[INFO] [stdout] 11 |     pub fn as_js_error(&self) -> &dyn JsError {
[INFO] [stdout]    |                                   +++
[INFO] [stdout] 
[INFO] [stdout] 
[INFO] [stdout] warning: trait objects without an explicit `dyn` are deprecated
[INFO] [stdout]   --> src/error.rs:23:9
[INFO] [stdout]    |
[INFO] [stdout] 23 |         Fail::downcast_ref(self.cause.as_fail())
[INFO] [stdout]    |         ^^^^
[INFO] [stdout]    |
[INFO] [stdout]    = warning: this is accepted in the current edition (Rust 2018) but is a hard error in Rust 2021!
[INFO] [stdout]    = note: for more information, see <https://doc.rust-lang.org/nightly/edition-guide/rust-2021/warnings-promoted-to-error.html>
[INFO] [stdout] help: if this is a dyn-compatible trait, use `dyn`
[INFO] [stdout]    |
[INFO] [stdout] 23 |         <dyn Fail>::downcast_ref(self.cause.as_fail())
[INFO] [stdout]    |         ++++     +
[INFO] [stdout] 
[INFO] [stdout] 
[INFO] [stdout] warning: unused import: `JsError`
[INFO] [stdout]  --> src/classes.rs:2:20
[INFO] [stdout]   |
[INFO] [stdout] 2 | use crate::error::{JsError, Error};
[INFO] [stdout]   |                    ^^^^^^^
[INFO] [stdout] 
[INFO] [stdout] 
[INFO] [stdout] warning: unused variable: `args`
[INFO] [stdout]    --> src/lib.rs:149:10
[INFO] [stdout]     |
[INFO] [stdout] 149 | fn test9(args: ()) -> ABC {
[INFO] [stdout]     |          ^^^^ help: if this is intentional, prefix it with an underscore: `_args`
[INFO] [stdout]     |
[INFO] [stdout]     = note: `#[warn(unused_variables)]` on by default
[INFO] [stdout] 
[INFO] [stdout] 
[INFO] [stdout] warning: unused variable: `s1`
[INFO] [stdout]    --> src/lib.rs:167:21
[INFO] [stdout]     |
[INFO] [stdout] 167 | fn test12<'e>((env, s1, obj): (Env, JsString, JsObject)) -> JsString<'e> {
[INFO] [stdout]     |                     ^^ help: if this is intentional, prefix it with an underscore: `_s1`
[INFO] [stdout] 
[INFO] [stdout] 
[INFO] [stdout] warning: unused variable: `obj`
[INFO] [stdout]    --> src/lib.rs:167:25
[INFO] [stdout]     |
[INFO] [stdout] 167 | fn test12<'e>((env, s1, obj): (Env, JsString, JsObject)) -> JsString<'e> {
[INFO] [stdout]     |                         ^^^ help: if this is intentional, prefix it with an underscore: `_obj`
[INFO] [stdout] 
[INFO] [stdout] 
[INFO] [stdout] warning: unused variable: `env`
[INFO] [stdout]    --> src/lib.rs:171:16
[INFO] [stdout]     |
[INFO] [stdout] 171 | fn test13<'e>((env, abc): (Env, ABC)) -> ABC {
[INFO] [stdout]     |                ^^^ help: if this is intentional, prefix it with an underscore: `_env`
[INFO] [stdout] 
[INFO] [stdout] 
[INFO] [stdout] warning: function `testfn` is never used
[INFO] [stdout]   --> src/lib.rs:68:4
[INFO] [stdout]    |
[INFO] [stdout] 68 | fn testfn(fun: JsFunction) {
[INFO] [stdout]    |    ^^^^^^
[INFO] [stdout]    |
[INFO] [stdout]    = note: `#[warn(dead_code)]` on by default
[INFO] [stdout] 
[INFO] [stdout] 
[INFO] [stdout] warning: methods `real`, `real2`, `other`, and `jsbox` are never used
[INFO] [stdout]    --> src/classes.rs:392:12
[INFO] [stdout]     |
[INFO] [stdout] 391 | impl SomeClass {
[INFO] [stdout]     | -------------- methods in this implementation
[INFO] [stdout] 392 |     pub fn real(&self, a: String) {
[INFO] [stdout]     |            ^^^^
[INFO] [stdout] ...
[INFO] [stdout] 395 |     pub fn real2(&self, a: (String, i64)) {
[INFO] [stdout]     |            ^^^^^
[INFO] [stdout] ...
[INFO] [stdout] 398 |     pub fn other(&self, a: u64, b: u64) {
[INFO] [stdout]     |            ^^^^^
[INFO] [stdout] ...
[INFO] [stdout] 413 |     pub fn jsbox(&self, _args: Option<String>) -> Box<i64> {
[INFO] [stdout]     |            ^^^^^
[INFO] [stdout] 
[INFO] [stdout] 
[INFO] [stdout] warning: function `test` is never used
[INFO] [stdout]    --> src/classes.rs:418:4
[INFO] [stdout]     |
[INFO] [stdout] 418 | fn test(env: Env) -> Result<()> {
[INFO] [stdout]     |    ^^^^
[INFO] [stdout] 
[INFO] [stdout] 
[INFO] [stdout] warning: field `msg` is never read
[INFO] [stdout]   --> src/pinar_serde/ser.rs:13:5
[INFO] [stdout]    |
[INFO] [stdout] 12 | pub struct SerializeError {
[INFO] [stdout]    |            -------------- field in this struct
[INFO] [stdout] 13 |     msg: String
[INFO] [stdout]    |     ^^^
[INFO] [stdout]    |
[INFO] [stdout]    = note: `SerializeError` has a derived impl for the trait `Debug`, but this is intentionally ignored during dead code analysis
[INFO] [stdout] 
[INFO] [stdout] 
[INFO] [stdout] warning: creating a mutable reference to mutable static is discouraged
[INFO] [stdout]    --> src/lib.rs:199:47
[INFO] [stdout]     |
[INFO] [stdout] 199 |                       napi_module_register(&mut MODULE_DESCRIPTOR);
[INFO] [stdout]     |                                                 ^^^^^^^^^^^^^^^^^ mutable reference to mutable static
[INFO] [stdout] ...
[INFO] [stdout] 222 | / register_module!(sebastien, |module: ModuleBuilder| {
[INFO] [stdout] 223 | |     module.with_function("test1", test1)
[INFO] [stdout] 224 | |           .with_function("my_super_function", test2)
[INFO] [stdout] 225 | |           .with_function("my_other_function", test3)
[INFO] [stdout] ...   |
[INFO] [stdout] 243 | |           .build()
[INFO] [stdout] 244 | | });
[INFO] [stdout]     | |__- in this macro invocation
[INFO] [stdout]     |
[INFO] [stdout]     = note: for more information, see <https://doc.rust-lang.org/nightly/edition-guide/rust-2024/static-mut-references.html>
[INFO] [stdout]     = note: mutable references to mutable statics are dangerous; it's undefined behavior if any other pointer to the static is used or if any other reference is created for the static while the mutable reference lives
[INFO] [stdout]     = note: `#[warn(static_mut_refs)]` on by default
[INFO] [stdout]     = note: this warning originates in the macro `register_module` (in Nightly builds, run with -Z macro-backtrace for more info)
[INFO] [stdout] 
[INFO] [stdout] 
[INFO] [stdout] warning: non-local `impl` definition, `impl` blocks should be written at the same level as their item
[INFO] [stdout]  --> src/status.rs:4:10
[INFO] [stdout]   |
[INFO] [stdout] 4 | #[derive(Fail, Debug)]
[INFO] [stdout]   |          ^---
[INFO] [stdout]   |          |
[INFO] [stdout]   |          `Fail` is not local
[INFO] [stdout]   |          move the `impl` block outside of this constant `_DERIVE_failure_Fail_FOR_Status`
[INFO] [stdout] 5 | pub enum Status {
[INFO] [stdout]   |          ------ `Status` is not local
[INFO] [stdout]   |
[INFO] [stdout]   = note: the derive macro `Fail` defines the non-local `impl`, and may need to be changed
[INFO] [stdout]   = note: the derive macro `Fail` may come from an old version of the `failure_derive` crate, try updating your dependency with `cargo update -p failure_derive`
[INFO] [stdout]   = note: an `impl` is never scoped, even when it is nested inside an item, as it may impact type checking outside of that item, which can be the case if neither the trait or the self type are at the same nesting level as the `impl`
[INFO] [stdout]   = note: items in an anonymous const item (`const _: () = { ... }`) are treated as in the same scope as the anonymous const's declaration for the purpose of this lint
[INFO] [stdout]   = note: `#[warn(non_local_definitions)]` on by default
[INFO] [stdout]   = note: this warning originates in the derive macro `Fail` (in Nightly builds, run with -Z macro-backtrace for more info)
[INFO] [stdout] 
[INFO] [stdout] 
[INFO] [stdout] warning: non-local `impl` definition, `impl` blocks should be written at the same level as their item
[INFO] [stdout]  --> src/status.rs:4:10
[INFO] [stdout]   |
[INFO] [stdout] 4 | #[derive(Fail, Debug)]
[INFO] [stdout]   |          ^---
[INFO] [stdout]   |          |
[INFO] [stdout]   |          `Display` is not local
[INFO] [stdout]   |          move the `impl` block outside of this constant `_DERIVE_failure_core_fmt_Display_FOR_Status`
[INFO] [stdout] 5 | pub enum Status {
[INFO] [stdout]   |          ------ `Status` is not local
[INFO] [stdout]   |
[INFO] [stdout]   = note: the derive macro `Fail` defines the non-local `impl`, and may need to be changed
[INFO] [stdout]   = note: the derive macro `Fail` may come from an old version of the `failure_derive` crate, try updating your dependency with `cargo update -p failure_derive`
[INFO] [stdout]   = note: an `impl` is never scoped, even when it is nested inside an item, as it may impact type checking outside of that item, which can be the case if neither the trait or the self type are at the same nesting level as the `impl`
[INFO] [stdout]   = note: items in an anonymous const item (`const _: () = { ... }`) are treated as in the same scope as the anonymous const's declaration for the purpose of this lint
[INFO] [stdout]   = note: this warning originates in the derive macro `Fail` (in Nightly builds, run with -Z macro-backtrace for more info)
[INFO] [stdout] 
[INFO] [stdout] 
[INFO] [stdout] warning: non-local `impl` definition, `impl` blocks should be written at the same level as their item
[INFO] [stdout]   --> src/error.rs:31:10
[INFO] [stdout]    |
[INFO] [stdout] 31 | #[derive(Fail, Debug)]
[INFO] [stdout]    |          ^---
[INFO] [stdout]    |          |
[INFO] [stdout]    |          `Fail` is not local
[INFO] [stdout]    |          move the `impl` block outside of this constant `_DERIVE_failure_Fail_FOR_JsExternalError`
[INFO] [stdout] 32 | #[fail(display = "Null pointer on external data")]
[INFO] [stdout] 33 | pub struct JsExternalError;
[INFO] [stdout]    |            --------------- `JsExternalError` is not local
[INFO] [stdout]    |
[INFO] [stdout]    = note: the derive macro `Fail` defines the non-local `impl`, and may need to be changed
[INFO] [stdout]    = note: the derive macro `Fail` may come from an old version of the `failure_derive` crate, try updating your dependency with `cargo update -p failure_derive`
[INFO] [stdout]    = note: an `impl` is never scoped, even when it is nested inside an item, as it may impact type checking outside of that item, which can be the case if neither the trait or the self type are at the same nesting level as the `impl`
[INFO] [stdout]    = note: items in an anonymous const item (`const _: () = { ... }`) are treated as in the same scope as the anonymous const's declaration for the purpose of this lint
[INFO] [stdout]    = note: this warning originates in the derive macro `Fail` (in Nightly builds, run with -Z macro-backtrace for more info)
[INFO] [stdout] 
[INFO] [stdout] 
[INFO] [stdout] warning: non-local `impl` definition, `impl` blocks should be written at the same level as their item
[INFO] [stdout]   --> src/error.rs:31:10
[INFO] [stdout]    |
[INFO] [stdout] 31 | #[derive(Fail, Debug)]
[INFO] [stdout]    |          ^---
[INFO] [stdout]    |          |
[INFO] [stdout]    |          `Display` is not local
[INFO] [stdout]    |          move the `impl` block outside of this constant `_DERIVE_failure_core_fmt_Display_FOR_JsExternalError`
[INFO] [stdout] 32 | #[fail(display = "Null pointer on external data")]
[INFO] [stdout] 33 | pub struct JsExternalError;
[INFO] [stdout]    |            --------------- `JsExternalError` is not local
[INFO] [stdout]    |
[INFO] [stdout]    = note: the derive macro `Fail` defines the non-local `impl`, and may need to be changed
[INFO] [stdout]    = note: the derive macro `Fail` may come from an old version of the `failure_derive` crate, try updating your dependency with `cargo update -p failure_derive`
[INFO] [stdout]    = note: an `impl` is never scoped, even when it is nested inside an item, as it may impact type checking outside of that item, which can be the case if neither the trait or the self type are at the same nesting level as the `impl`
[INFO] [stdout]    = note: items in an anonymous const item (`const _: () = { ... }`) are treated as in the same scope as the anonymous const's declaration for the purpose of this lint
[INFO] [stdout]    = note: this warning originates in the derive macro `Fail` (in Nightly builds, run with -Z macro-backtrace for more info)
[INFO] [stdout] 
[INFO] [stdout] 
[INFO] [stdout] warning: non-local `impl` definition, `impl` blocks should be written at the same level as their item
[INFO] [stdout]   --> src/error.rs:35:10
[INFO] [stdout]    |
[INFO] [stdout] 35 | #[derive(Fail, Debug)]
[INFO] [stdout]    |          ^---
[INFO] [stdout]    |          |
[INFO] [stdout]    |          `Fail` is not local
[INFO] [stdout]    |          move the `impl` block outside of this constant `_DERIVE_failure_Fail_FOR_JsClassError`
[INFO] [stdout] 36 | pub enum JsClassError {
[INFO] [stdout]    |          ------------ `JsClassError` is not local
[INFO] [stdout]    |
[INFO] [stdout]    = note: the derive macro `Fail` defines the non-local `impl`, and may need to be changed
[INFO] [stdout]    = note: the derive macro `Fail` may come from an old version of the `failure_derive` crate, try updating your dependency with `cargo update -p failure_derive`
[INFO] [stdout]    = note: an `impl` is never scoped, even when it is nested inside an item, as it may impact type checking outside of that item, which can be the case if neither the trait or the self type are at the same nesting level as the `impl`
[INFO] [stdout]    = note: items in an anonymous const item (`const _: () = { ... }`) are treated as in the same scope as the anonymous const's declaration for the purpose of this lint
[INFO] [stdout]    = note: this warning originates in the derive macro `Fail` (in Nightly builds, run with -Z macro-backtrace for more info)
[INFO] [stdout] 
[INFO] [stdout] 
[INFO] [stdout] warning: non-local `impl` definition, `impl` blocks should be written at the same level as their item
[INFO] [stdout]   --> src/error.rs:35:10
[INFO] [stdout]    |
[INFO] [stdout] 35 | #[derive(Fail, Debug)]
[INFO] [stdout]    |          ^---
[INFO] [stdout]    |          |
[INFO] [stdout]    |          `Display` is not local
[INFO] [stdout]    |          move the `impl` block outside of this constant `_DERIVE_failure_core_fmt_Display_FOR_JsClassError`
[INFO] [stdout] 36 | pub enum JsClassError {
[INFO] [stdout]    |          ------------ `JsClassError` is not local
[INFO] [stdout]    |
[INFO] [stdout]    = note: the derive macro `Fail` defines the non-local `impl`, and may need to be changed
[INFO] [stdout]    = note: the derive macro `Fail` may come from an old version of the `failure_derive` crate, try updating your dependency with `cargo update -p failure_derive`
[INFO] [stdout]    = note: an `impl` is never scoped, even when it is nested inside an item, as it may impact type checking outside of that item, which can be the case if neither the trait or the self type are at the same nesting level as the `impl`
[INFO] [stdout]    = note: items in an anonymous const item (`const _: () = { ... }`) are treated as in the same scope as the anonymous const's declaration for the purpose of this lint
[INFO] [stdout]    = note: this warning originates in the derive macro `Fail` (in Nightly builds, run with -Z macro-backtrace for more info)
[INFO] [stdout] 
[INFO] [stdout] 
[INFO] [stdout] warning: non-local `impl` definition, `impl` blocks should be written at the same level as their item
[INFO] [stdout]   --> src/error.rs:51:10
[INFO] [stdout]    |
[INFO] [stdout] 51 | #[derive(Fail, Debug)]
[INFO] [stdout]    |          ^---
[INFO] [stdout]    |          |
[INFO] [stdout]    |          `Fail` is not local
[INFO] [stdout]    |          move the `impl` block outside of this constant `_DERIVE_failure_Fail_FOR_JsFunctionError`
[INFO] [stdout] 52 | pub enum JsFunctionError {
[INFO] [stdout]    |          --------------- `JsFunctionError` is not local
[INFO] [stdout]    |
[INFO] [stdout]    = note: the derive macro `Fail` defines the non-local `impl`, and may need to be changed
[INFO] [stdout]    = note: the derive macro `Fail` may come from an old version of the `failure_derive` crate, try updating your dependency with `cargo update -p failure_derive`
[INFO] [stdout]    = note: an `impl` is never scoped, even when it is nested inside an item, as it may impact type checking outside of that item, which can be the case if neither the trait or the self type are at the same nesting level as the `impl`
[INFO] [stdout]    = note: items in an anonymous const item (`const _: () = { ... }`) are treated as in the same scope as the anonymous const's declaration for the purpose of this lint
[INFO] [stdout]    = note: this warning originates in the derive macro `Fail` (in Nightly builds, run with -Z macro-backtrace for more info)
[INFO] [stdout] 
[INFO] [stdout] 
[INFO] [stdout] warning: non-local `impl` definition, `impl` blocks should be written at the same level as their item
[INFO] [stdout]   --> src/error.rs:51:10
[INFO] [stdout]    |
[INFO] [stdout] 51 | #[derive(Fail, Debug)]
[INFO] [stdout]    |          ^---
[INFO] [stdout]    |          |
[INFO] [stdout]    |          `Display` is not local
[INFO] [stdout]    |          move the `impl` block outside of this constant `_DERIVE_failure_core_fmt_Display_FOR_JsFunctionError`
[INFO] [stdout] 52 | pub enum JsFunctionError {
[INFO] [stdout]    |          --------------- `JsFunctionError` is not local
[INFO] [stdout]    |
[INFO] [stdout]    = note: the derive macro `Fail` defines the non-local `impl`, and may need to be changed
[INFO] [stdout]    = note: the derive macro `Fail` may come from an old version of the `failure_derive` crate, try updating your dependency with `cargo update -p failure_derive`
[INFO] [stdout]    = note: an `impl` is never scoped, even when it is nested inside an item, as it may impact type checking outside of that item, which can be the case if neither the trait or the self type are at the same nesting level as the `impl`
[INFO] [stdout]    = note: items in an anonymous const item (`const _: () = { ... }`) are treated as in the same scope as the anonymous const's declaration for the purpose of this lint
[INFO] [stdout]    = note: this warning originates in the derive macro `Fail` (in Nightly builds, run with -Z macro-backtrace for more info)
[INFO] [stdout] 
[INFO] [stdout] 
[INFO] [stdout] warning: non-local `impl` definition, `impl` blocks should be written at the same level as their item
[INFO] [stdout]   --> src/error.rs:61:10
[INFO] [stdout]    |
[INFO] [stdout] 61 | #[derive(Fail, Debug, Clone)]
[INFO] [stdout]    |          ^---
[INFO] [stdout]    |          |
[INFO] [stdout]    |          `Fail` is not local
[INFO] [stdout]    |          move the `impl` block outside of this constant `_DERIVE_failure_Fail_FOR_ArgumentsError`
[INFO] [stdout] 62 | pub enum ArgumentsError {
[INFO] [stdout]    |          -------------- `ArgumentsError` is not local
[INFO] [stdout]    |
[INFO] [stdout]    = note: the derive macro `Fail` defines the non-local `impl`, and may need to be changed
[INFO] [stdout]    = note: the derive macro `Fail` may come from an old version of the `failure_derive` crate, try updating your dependency with `cargo update -p failure_derive`
[INFO] [stdout]    = note: an `impl` is never scoped, even when it is nested inside an item, as it may impact type checking outside of that item, which can be the case if neither the trait or the self type are at the same nesting level as the `impl`
[INFO] [stdout]    = note: items in an anonymous const item (`const _: () = { ... }`) are treated as in the same scope as the anonymous const's declaration for the purpose of this lint
[INFO] [stdout]    = note: this warning originates in the derive macro `Fail` (in Nightly builds, run with -Z macro-backtrace for more info)
[INFO] [stdout] 
[INFO] [stdout] 
[INFO] [stdout] warning: non-local `impl` definition, `impl` blocks should be written at the same level as their item
[INFO] [stdout]   --> src/error.rs:61:10
[INFO] [stdout]    |
[INFO] [stdout] 61 | #[derive(Fail, Debug, Clone)]
[INFO] [stdout]    |          ^---
[INFO] [stdout]    |          |
[INFO] [stdout]    |          `Display` is not local
[INFO] [stdout]    |          move the `impl` block outside of this constant `_DERIVE_failure_core_fmt_Display_FOR_ArgumentsError`
[INFO] [stdout] 62 | pub enum ArgumentsError {
[INFO] [stdout]    |          -------------- `ArgumentsError` is not local
[INFO] [stdout]    |
[INFO] [stdout]    = note: the derive macro `Fail` defines the non-local `impl`, and may need to be changed
[INFO] [stdout]    = note: the derive macro `Fail` may come from an old version of the `failure_derive` crate, try updating your dependency with `cargo update -p failure_derive`
[INFO] [stdout]    = note: an `impl` is never scoped, even when it is nested inside an item, as it may impact type checking outside of that item, which can be the case if neither the trait or the self type are at the same nesting level as the `impl`
[INFO] [stdout]    = note: items in an anonymous const item (`const _: () = { ... }`) are treated as in the same scope as the anonymous const's declaration for the purpose of this lint
[INFO] [stdout]    = note: this warning originates in the derive macro `Fail` (in Nightly builds, run with -Z macro-backtrace for more info)
[INFO] [stdout] 
[INFO] [stdout] 
[INFO] [stdout] warning: unused return value of `Box::<T>::from_raw` that must be used
[INFO] [stdout]   --> src/classes.rs:35:5
[INFO] [stdout]    |
[INFO] [stdout] 35 |     Box::<T>::from_raw(data as *mut T);
[INFO] [stdout]    |     ^^^^^^^^^^^^^^^^^^^^^^^^^^^^^^^^^^
[INFO] [stdout]    |
[INFO] [stdout]    = note: call `drop(Box::from_raw(ptr))` if you intend to drop the `Box`
[INFO] [stdout]    = note: `#[warn(unused_must_use)]` on by default
[INFO] [stdout] help: use `let _ = ...` to ignore the resulting value
[INFO] [stdout]    |
[INFO] [stdout] 35 |     let _ = Box::<T>::from_raw(data as *mut T);
[INFO] [stdout]    |     +++++++
[INFO] [stdout] 
[INFO] [stdout] 
[INFO] [stdout] error: linking with `cc` failed: exit status: 1
[INFO] [stdout]   |
[INFO] [stdout]   = note: LC_ALL="C" PATH="/opt/rustwide/rustup-home/toolchains/nightly-2024-10-28-x86_64-unknown-linux-gnu/lib/rustlib/x86_64-unknown-linux-gnu/bin:/opt/rustwide/rustup-home/toolchains/nightly-2024-10-28-x86_64-unknown-linux-gnu/lib/rustlib/x86_64-unknown-linux-gnu/bin/self-contained:/opt/rustwide/cargo-home/bin:/usr/local/sbin:/usr/local/bin:/usr/sbin:/usr/bin:/sbin:/bin" VSLANG="1033" "cc" "-m64" "/tmp/rustcDm7n5L/symbols.o" "/opt/rustwide/target/debug/deps/pinar-04fda6770cfab89d.pinar.8a376f5bd67f0623-cgu.00.rcgu.o" "/opt/rustwide/target/debug/deps/pinar-04fda6770cfab89d.pinar.8a376f5bd67f0623-cgu.01.rcgu.o" "/opt/rustwide/target/debug/deps/pinar-04fda6770cfab89d.pinar.8a376f5bd67f0623-cgu.02.rcgu.o" "/opt/rustwide/target/debug/deps/pinar-04fda6770cfab89d.pinar.8a376f5bd67f0623-cgu.03.rcgu.o" "/opt/rustwide/target/debug/deps/pinar-04fda6770cfab89d.pinar.8a376f5bd67f0623-cgu.04.rcgu.o" "/opt/rustwide/target/debug/deps/pinar-04fda6770cfab89d.pinar.8a376f5bd67f0623-cgu.05.rcgu.o" "/opt/rustwide/target/debug/deps/pinar-04fda6770cfab89d.pinar.8a376f5bd67f0623-cgu.06.rcgu.o" "/opt/rustwide/target/debug/deps/pinar-04fda6770cfab89d.pinar.8a376f5bd67f0623-cgu.07.rcgu.o" "/opt/rustwide/target/debug/deps/pinar-04fda6770cfab89d.pinar.8a376f5bd67f0623-cgu.08.rcgu.o" "/opt/rustwide/target/debug/deps/pinar-04fda6770cfab89d.pinar.8a376f5bd67f0623-cgu.09.rcgu.o" "/opt/rustwide/target/debug/deps/pinar-04fda6770cfab89d.3382dhl9xkqwrp28uubikx1lo.rcgu.o" "-Wl,--as-needed" "-Wl,-Bstatic" "/opt/rustwide/rustup-home/toolchains/nightly-2024-10-28-x86_64-unknown-linux-gnu/lib/rustlib/x86_64-unknown-linux-gnu/lib/libtest-a09fad3b5321e7d6.rlib" "/opt/rustwide/rustup-home/toolchains/nightly-2024-10-28-x86_64-unknown-linux-gnu/lib/rustlib/x86_64-unknown-linux-gnu/lib/libgetopts-f9c3dff41ad42661.rlib" "/opt/rustwide/rustup-home/toolchains/nightly-2024-10-28-x86_64-unknown-linux-gnu/lib/rustlib/x86_64-unknown-linux-gnu/lib/libunicode_width-ad2aef31af6addd3.rlib" "/opt/rustwide/rustup-home/toolchains/nightly-2024-10-28-x86_64-unknown-linux-gnu/lib/rustlib/x86_64-unknown-linux-gnu/lib/librustc_std_workspace_std-e3f907dc03deb913.rlib" "/opt/rustwide/target/debug/deps/libserde-228eb9d983fcf8ca.rlib" "/opt/rustwide/target/debug/deps/libfailure-9a1e491070fbffd6.rlib" "/opt/rustwide/target/debug/deps/libbacktrace-63142a6a60fd5f74.rlib" "/opt/rustwide/target/debug/deps/libminiz_oxide-aab7f170bc76163e.rlib" "/opt/rustwide/target/debug/deps/libadler2-b3e8bf616d8ed0c4.rlib" "/opt/rustwide/target/debug/deps/libobject-accffea693dd7c64.rlib" "/opt/rustwide/target/debug/deps/libmemchr-bedcaec69f240e0a.rlib" "/opt/rustwide/target/debug/deps/liblibc-82c3141bbb8afa5e.rlib" "/opt/rustwide/target/debug/deps/libaddr2line-dd4d4e91cb412549.rlib" "/opt/rustwide/target/debug/deps/libgimli-29a90498a79efb86.rlib" "/opt/rustwide/target/debug/deps/libcfg_if-57bf25c23e31efdb.rlib" "/opt/rustwide/target/debug/deps/librustc_demangle-01b1170af4428f72.rlib" "/opt/rustwide/target/debug/deps/libpinar_napi_sys-090e14cb3a73a6ec.rlib" "/opt/rustwide/rustup-home/toolchains/nightly-2024-10-28-x86_64-unknown-linux-gnu/lib/rustlib/x86_64-unknown-linux-gnu/lib/libstd-fb8c387236db3c10.rlib" "/opt/rustwide/rustup-home/toolchains/nightly-2024-10-28-x86_64-unknown-linux-gnu/lib/rustlib/x86_64-unknown-linux-gnu/lib/libpanic_unwind-b251837809b2f64b.rlib" "/opt/rustwide/rustup-home/toolchains/nightly-2024-10-28-x86_64-unknown-linux-gnu/lib/rustlib/x86_64-unknown-linux-gnu/lib/libobject-cbef83eaa4e01f04.rlib" "/opt/rustwide/rustup-home/toolchains/nightly-2024-10-28-x86_64-unknown-linux-gnu/lib/rustlib/x86_64-unknown-linux-gnu/lib/libmemchr-12a772286de2fca7.rlib" "/opt/rustwide/rustup-home/toolchains/nightly-2024-10-28-x86_64-unknown-linux-gnu/lib/rustlib/x86_64-unknown-linux-gnu/lib/libaddr2line-023bbe5ada7abfc3.rlib" "/opt/rustwide/rustup-home/toolchains/nightly-2024-10-28-x86_64-unknown-linux-gnu/lib/rustlib/x86_64-unknown-linux-gnu/lib/libgimli-de2bcdf10ec69c2b.rlib" "/opt/rustwide/rustup-home/toolchains/nightly-2024-10-28-x86_64-unknown-linux-gnu/lib/rustlib/x86_64-unknown-linux-gnu/lib/librustc_demangle-8e1754df350800fd.rlib" "/opt/rustwide/rustup-home/toolchains/nightly-2024-10-28-x86_64-unknown-linux-gnu/lib/rustlib/x86_64-unknown-linux-gnu/lib/libstd_detect-06c2ab7b9c32e037.rlib" "/opt/rustwide/rustup-home/toolchains/nightly-2024-10-28-x86_64-unknown-linux-gnu/lib/rustlib/x86_64-unknown-linux-gnu/lib/libhashbrown-51d2621fc57a281b.rlib" "/opt/rustwide/rustup-home/toolchains/nightly-2024-10-28-x86_64-unknown-linux-gnu/lib/rustlib/x86_64-unknown-linux-gnu/lib/librustc_std_workspace_alloc-54a930408793772f.rlib" "/opt/rustwide/rustup-home/toolchains/nightly-2024-10-28-x86_64-unknown-linux-gnu/lib/rustlib/x86_64-unknown-linux-gnu/lib/libminiz_oxide-0c7d01cba400dcb2.rlib" "/opt/rustwide/rustup-home/toolchains/nightly-2024-10-28-x86_64-unknown-linux-gnu/lib/rustlib/x86_64-unknown-linux-gnu/lib/libadler-b9f84d69e331b75b.rlib" "/opt/rustwide/rustup-home/toolchains/nightly-2024-10-28-x86_64-unknown-linux-gnu/lib/rustlib/x86_64-unknown-linux-gnu/lib/libunwind-eec95493246aae39.rlib" "/opt/rustwide/rustup-home/toolchains/nightly-2024-10-28-x86_64-unknown-linux-gnu/lib/rustlib/x86_64-unknown-linux-gnu/lib/libcfg_if-6f6676c475e08ab0.rlib" "/opt/rustwide/rustup-home/toolchains/nightly-2024-10-28-x86_64-unknown-linux-gnu/lib/rustlib/x86_64-unknown-linux-gnu/lib/liblibc-799d520624f8b2e0.rlib" "/opt/rustwide/rustup-home/toolchains/nightly-2024-10-28-x86_64-unknown-linux-gnu/lib/rustlib/x86_64-unknown-linux-gnu/lib/liballoc-fcf93d4842acd9a9.rlib" "/opt/rustwide/rustup-home/toolchains/nightly-2024-10-28-x86_64-unknown-linux-gnu/lib/rustlib/x86_64-unknown-linux-gnu/lib/librustc_std_workspace_core-395a38b8e0851c9b.rlib" "/opt/rustwide/rustup-home/toolchains/nightly-2024-10-28-x86_64-unknown-linux-gnu/lib/rustlib/x86_64-unknown-linux-gnu/lib/libcore-d453bab70303062c.rlib" "/opt/rustwide/rustup-home/toolchains/nightly-2024-10-28-x86_64-unknown-linux-gnu/lib/rustlib/x86_64-unknown-linux-gnu/lib/libcompiler_builtins-0e6386368b0a24e8.rlib" "-Wl,-Bdynamic" "-lc" "-lm" "-lrt" "-lpthread" "-lgcc_s" "-lutil" "-lrt" "-lpthread" "-lm" "-ldl" "-lc" "-B/opt/rustwide/rustup-home/toolchains/nightly-2024-10-28-x86_64-unknown-linux-gnu/lib/rustlib/x86_64-unknown-linux-gnu/bin/gcc-ld" "-fuse-ld=lld" "-Wl,--eh-frame-hdr" "-Wl,-z,noexecstack" "-L" "/opt/rustwide/rustup-home/toolchains/nightly-2024-10-28-x86_64-unknown-linux-gnu/lib/rustlib/x86_64-unknown-linux-gnu/lib" "-o" "/opt/rustwide/target/debug/deps/pinar-04fda6770cfab89d" "-Wl,--gc-sections" "-pie" "-Wl,-z,relro,-z,now" "-nodefaultlibs"
[INFO] [stdout]   = note: rust-lld: error: undefined symbol: napi_wrap
[INFO] [stdout]           >>> referenced by classes.rs:108 (src/classes.rs:108)
[INFO] [stdout]           >>>               /opt/rustwide/target/debug/deps/pinar-04fda6770cfab89d.pinar.8a376f5bd67f0623-cgu.03.rcgu.o:(_$LT$C$u20$as$u20$pinar..classes..JsClassInternal$GT$::__pinar_class_constructor::_$u7b$$u7b$closure$u7d$$u7d$::h1e9d1b0a0b76ae2e)
[INFO] [stdout]           
[INFO] [stdout]           rust-lld: error: undefined symbol: napi_define_class
[INFO] [stdout]           >>> referenced by classes.rs:293 (src/classes.rs:293)
[INFO] [stdout]           >>>               /opt/rustwide/target/debug/deps/pinar-04fda6770cfab89d.pinar.8a376f5bd67f0623-cgu.03.rcgu.o:(pinar::classes::ClassBuilder$LT$C$GT$::create_internal::hc90ef5c0e1b12269)
[INFO] [stdout]           
[INFO] [stdout]           rust-lld: error: undefined symbol: napi_add_finalizer
[INFO] [stdout]           >>> referenced by classes.rs:303 (src/classes.rs:303)
[INFO] [stdout]           >>>               /opt/rustwide/target/debug/deps/pinar-04fda6770cfab89d.pinar.8a376f5bd67f0623-cgu.03.rcgu.o:(pinar::classes::ClassBuilder$LT$C$GT$::create_internal::hc90ef5c0e1b12269)
[INFO] [stdout]           >>> referenced by env.rs:236 (src/env.rs:236)
[INFO] [stdout]           >>>               /opt/rustwide/target/debug/deps/pinar-04fda6770cfab89d.pinar.8a376f5bd67f0623-cgu.05.rcgu.o:(pinar::env::Env::function_internal::h4ad212db9ac49d0d)
[INFO] [stdout]           
[INFO] [stdout]           rust-lld: error: undefined symbol: napi_set_property
[INFO] [stdout]           >>> referenced by object.rs:22 (src/objects/object.rs:22)
[INFO] [stdout]           >>>               /opt/rustwide/target/debug/deps/pinar-04fda6770cfab89d.pinar.8a376f5bd67f0623-cgu.03.rcgu.o:(pinar::objects::object::JsObject::set::h2002719fcdad146b)
[INFO] [stdout]           >>> referenced by object.rs:22 (src/objects/object.rs:22)
[INFO] [stdout]           >>>               /opt/rustwide/target/debug/deps/pinar-04fda6770cfab89d.pinar.8a376f5bd67f0623-cgu.03.rcgu.o:(pinar::objects::object::JsObject::set::h4b058654d28af382)
[INFO] [stdout]           >>> referenced by object.rs:22 (src/objects/object.rs:22)
[INFO] [stdout]           >>>               /opt/rustwide/target/debug/deps/pinar-04fda6770cfab89d.pinar.8a376f5bd67f0623-cgu.03.rcgu.o:(pinar::objects::object::JsObject::set::h78c50d60ff6226a2)
[INFO] [stdout]           >>> referenced 2 more times
[INFO] [stdout]           
[INFO] [stdout]           rust-lld: error: undefined symbol: napi_get_property
[INFO] [stdout]           >>> referenced by object.rs:39 (src/objects/object.rs:39)
[INFO] [stdout]           >>>               /opt/rustwide/target/debug/deps/pinar-04fda6770cfab89d.pinar.8a376f5bd67f0623-cgu.03.rcgu.o:(pinar::objects::object::JsObject::get::h5de4aa6b0f2ba8dd)
[INFO] [stdout]           >>> referenced by object.rs:39 (src/objects/object.rs:39)
[INFO] [stdout]           >>>               /opt/rustwide/target/debug/deps/pinar-04fda6770cfab89d.pinar.8a376f5bd67f0623-cgu.03.rcgu.o:(pinar::objects::object::JsObject::get::h9d58a7609123d8ee)
[INFO] [stdout]           
[INFO] [stdout]           rust-lld: error: undefined symbol: napi_get_property_names
[INFO] [stdout]           >>> referenced by object.rs:52 (src/objects/object.rs:52)
[INFO] [stdout]           >>>               /opt/rustwide/target/debug/deps/pinar-04fda6770cfab89d.pinar.8a376f5bd67f0623-cgu.03.rcgu.o:(pinar::objects::object::JsObject::get_property_names::hc926400c6ef49b97)
[INFO] [stdout]           >>> referenced by object.rs:65 (src/objects/object.rs:65)
[INFO] [stdout]           >>>               /opt/rustwide/target/debug/deps/pinar-04fda6770cfab89d.pinar.8a376f5bd67f0623-cgu.03.rcgu.o:(pinar::objects::object::JsObject::get_property_names_any::h08116799c0e0f687)
[INFO] [stdout]           
[INFO] [stdout]           rust-lld: error: undefined symbol: napi_has_property
[INFO] [stdout]           >>> referenced by object.rs:82 (src/objects/object.rs:82)
[INFO] [stdout]           >>>               /opt/rustwide/target/debug/deps/pinar-04fda6770cfab89d.pinar.8a376f5bd67f0623-cgu.03.rcgu.o:(pinar::objects::object::JsObject::has_property::h93b45ed2d8703bc1)
[INFO] [stdout]           
[INFO] [stdout]           rust-lld: error: undefined symbol: napi_define_properties
[INFO] [stdout]           >>> referenced by object.rs:145 (src/objects/object.rs:145)
[INFO] [stdout]           >>>               /opt/rustwide/target/debug/deps/pinar-04fda6770cfab89d.pinar.8a376f5bd67f0623-cgu.03.rcgu.o:(pinar::objects::object::JsObject::define_property::h4c4e22321c51ddff)
[INFO] [stdout]           
[INFO] [stdout]           rust-lld: error: undefined symbol: napi_unwrap
[INFO] [stdout]           >>> referenced by object.rs:159 (src/objects/object.rs:159)
[INFO] [stdout]           >>>               /opt/rustwide/target/debug/deps/pinar-04fda6770cfab89d.pinar.8a376f5bd67f0623-cgu.03.rcgu.o:(pinar::objects::object::JsObject::napi_unwrap::hd4de5133db59b9d1)
[INFO] [stdout]           
[INFO] [stdout]           rust-lld: error: undefined symbol: napi_get_value_int64
[INFO] [stdout]           >>> referenced by to_rust.rs:38 (src/to_rust.rs:38)
[INFO] [stdout]           >>>               /opt/rustwide/target/debug/deps/pinar-04fda6770cfab89d.pinar.8a376f5bd67f0623-cgu.03.rcgu.o:(_$LT$pinar..objects..number..JsNumber$u20$as$u20$pinar..to_rust..ToRust$LT$i64$GT$$GT$::to_rust::hea3126b05b511445)
[INFO] [stdout]           
[INFO] [stdout]           rust-lld: error: undefined symbol: napi_get_value_string_utf8
[INFO] [stdout]           >>> referenced by string.rs:18 (src/objects/string.rs:18)
[INFO] [stdout]           >>>               /opt/rustwide/target/debug/deps/pinar-04fda6770cfab89d.pinar.8a376f5bd67f0623-cgu.05.rcgu.o:(pinar::objects::string::JsString::len::hc5ec7e0839cf89c1)
[INFO] [stdout]           >>> referenced by to_rust.rs:20 (src/to_rust.rs:20)
[INFO] [stdout]           >>>               /opt/rustwide/target/debug/deps/pinar-04fda6770cfab89d.pinar.8a376f5bd67f0623-cgu.05.rcgu.o:(_$LT$pinar..objects..string..JsString$u20$as$u20$pinar..to_rust..ToRust$LT$alloc..string..String$GT$$GT$::to_rust::h40ffe51d98a10fa6)
[INFO] [stdout]           
[INFO] [stdout]           rust-lld: error: undefined symbol: napi_typeof
[INFO] [stdout]           >>> referenced by value.rs:48 (src/objects/value.rs:48)
[INFO] [stdout]           >>>               /opt/rustwide/target/debug/deps/pinar-04fda6770cfab89d.pinar.8a376f5bd67f0623-cgu.05.rcgu.o:(pinar::objects::value::Value::type_of::h52c0ea2da0ac3c45)
[INFO] [stdout]           
[INFO] [stdout]           rust-lld: error: undefined symbol: napi_is_array
[INFO] [stdout]           >>> referenced by value.rs:60 (src/objects/value.rs:60)
[INFO] [stdout]           >>>               /opt/rustwide/target/debug/deps/pinar-04fda6770cfab89d.pinar.8a376f5bd67f0623-cgu.05.rcgu.o:(pinar::objects::value::Value::is_array::h8409a14f17b6b140)
[INFO] [stdout]           
[INFO] [stdout]           rust-lld: error: undefined symbol: napi_create_object
[INFO] [stdout]           >>> referenced by env.rs:73 (src/env.rs:73)
[INFO] [stdout]           >>>               /opt/rustwide/target/debug/deps/pinar-04fda6770cfab89d.pinar.8a376f5bd67f0623-cgu.05.rcgu.o:(pinar::env::Env::object::hf73d8fa6abc2939c)
[INFO] [stdout]           
[INFO] [stdout]           rust-lld: error: undefined symbol: napi_create_int64
[INFO] [stdout]           >>> referenced by env.rs:84 (src/env.rs:84)
[INFO] [stdout]           >>>               /opt/rustwide/target/debug/deps/pinar-04fda6770cfab89d.pinar.8a376f5bd67f0623-cgu.05.rcgu.o:(pinar::env::Env::number::h178445d3174addd3)
[INFO] [stdout]           
[INFO] [stdout]           rust-lld: error: undefined symbol: napi_create_string_utf8
[INFO] [stdout]           >>> referenced by env.rs:97 (src/env.rs:97)
[INFO] [stdout]           >>>               /opt/rustwide/target/debug/deps/pinar-04fda6770cfab89d.pinar.8a376f5bd67f0623-cgu.05.rcgu.o:(pinar::env::Env::string::hcdfa8b69eb8f2bd3)
[INFO] [stdout]           >>> referenced by env.rs:97 (src/env.rs:97)
[INFO] [stdout]           >>>               /opt/rustwide/target/debug/deps/pinar-04fda6770cfab89d.pinar.8a376f5bd67f0623-cgu.05.rcgu.o:(pinar::env::Env::string::hced83a06b3ed99f1)
[INFO] [stdout]           
[INFO] [stdout]           rust-lld: error: undefined symbol: napi_create_array_with_length
[INFO] [stdout]           >>> referenced by env.rs:121 (src/env.rs:121)
[INFO] [stdout]           >>>               /opt/rustwide/target/debug/deps/pinar-04fda6770cfab89d.pinar.8a376f5bd67f0623-cgu.05.rcgu.o:(pinar::env::Env::array_with_capacity::hbfa5887d087dc3d5)
[INFO] [stdout]           
[INFO] [stdout]           rust-lld: error: undefined symbol: napi_get_null
[INFO] [stdout]           >>> referenced by env.rs:155 (src/env.rs:155)
[INFO] [stdout]           >>>               /opt/rustwide/target/debug/deps/pinar-04fda6770cfab89d.pinar.8a376f5bd67f0623-cgu.05.rcgu.o:(pinar::env::Env::null::h797dfb8c966ca82f)
[INFO] [stdout]           
[INFO] [stdout]           rust-lld: error: undefined symbol: napi_create_external
[INFO] [stdout]           >>> referenced by env.rs:167 (src/env.rs:167)
[INFO] [stdout]           >>>               /opt/rustwide/target/debug/deps/pinar-04fda6770cfab89d.pinar.8a376f5bd67f0623-cgu.05.rcgu.o:(pinar::env::Env::external_box::he0b966a69b98ada9)
[INFO] [stdout]           >>> referenced by env.rs:182 (src/env.rs:182)
[INFO] [stdout]           >>>               /opt/rustwide/target/debug/deps/pinar-04fda6770cfab89d.pinar.8a376f5bd67f0623-cgu.05.rcgu.o:(pinar::env::Env::external_rc::hae34b0e7062dc4d3)
[INFO] [stdout]           
[INFO] [stdout]           rust-lld: error: undefined symbol: napi_create_function
[INFO] [stdout]           >>> referenced by env.rs:228 (src/env.rs:228)
[INFO] [stdout]           >>>               /opt/rustwide/target/debug/deps/pinar-04fda6770cfab89d.pinar.8a376f5bd67f0623-cgu.05.rcgu.o:(pinar::env::Env::function_internal::h4ad212db9ac49d0d)
[INFO] [stdout]           
[INFO] [stdout]           rust-lld: error: too many errors emitted, stopping now (use --error-limit=0 to see all errors)
[INFO] [stdout]           collect2: error: ld returned 1 exit status
[INFO] [stdout]           
[INFO] [stdout] 
[INFO] [stdout] 
[INFO] [stderr] error: could not compile `pinar` (lib test) due to 1 previous error; 36 warnings emitted
[INFO] running `Command { std: "docker" "inspect" "824df95987a2e3baecfee90dd61acbef7a287713bcf83dbda8d0d32782f48c94", kill_on_drop: false }`
[INFO] running `Command { std: "docker" "rm" "-f" "824df95987a2e3baecfee90dd61acbef7a287713bcf83dbda8d0d32782f48c94", kill_on_drop: false }`
[INFO] [stdout] 824df95987a2e3baecfee90dd61acbef7a287713bcf83dbda8d0d32782f48c94
