[INFO] fetching crate picodraw 0.2.0...
[INFO] testing picodraw-0.2.0 against nightly-2024-10-28+rustflags=-Zrandomize-layout for randomize-layout
[INFO] extracting crate picodraw 0.2.0 into /workspace/builds/worker-5-tc2/source
[INFO] validating manifest of crates.io crate picodraw 0.2.0 on toolchain nightly-2024-10-28
[INFO] running `Command { std: CARGO_HOME="/workspace/cargo-home" RUSTUP_HOME="/workspace/rustup-home" "/workspace/cargo-home/bin/cargo" "+nightly-2024-10-28" "metadata" "--manifest-path" "Cargo.toml" "--no-deps", kill_on_drop: false }`
[INFO] started tweaking crates.io crate picodraw 0.2.0
[INFO] removed 0 missing examples
[INFO] finished tweaking crates.io crate picodraw 0.2.0
[INFO] tweaked toml for crates.io crate picodraw 0.2.0 written to /workspace/builds/worker-5-tc2/source/Cargo.toml
[INFO] crate crates.io crate picodraw 0.2.0 already has a lockfile, it will not be regenerated
[INFO] running `Command { std: CARGO_HOME="/workspace/cargo-home" RUSTUP_HOME="/workspace/rustup-home" "/workspace/cargo-home/bin/cargo" "+nightly-2024-10-28" "fetch" "--manifest-path" "Cargo.toml", kill_on_drop: false }`
[INFO] running `Command { std: "docker" "create" "-v" "/var/lib/crater-agent-workspace/builds/worker-5-tc2/target:/opt/rustwide/target:rw,Z" "-v" "/var/lib/crater-agent-workspace/builds/worker-5-tc2/source:/opt/rustwide/workdir:ro,Z" "-v" "/var/lib/crater-agent-workspace/cargo-home:/opt/rustwide/cargo-home:ro,Z" "-v" "/var/lib/crater-agent-workspace/rustup-home:/opt/rustwide/rustup-home:ro,Z" "-e" "SOURCE_DIR=/opt/rustwide/workdir" "-e" "CARGO_TARGET_DIR=/opt/rustwide/target" "-e" "CARGO_HOME=/opt/rustwide/cargo-home" "-e" "RUSTUP_HOME=/opt/rustwide/rustup-home" "-w" "/opt/rustwide/workdir" "-m" "1610612736" "--user" "0:0" "--network" "none" "ghcr.io/rust-lang/crates-build-env/linux@sha256:4a844ea9eb2546a2d2c7022eacef16ef2e8229c7fbb2c7d4d55a9ceca922f72d" "/opt/rustwide/cargo-home/bin/cargo" "+nightly-2024-10-28" "metadata" "--no-deps" "--format-version=1", kill_on_drop: false }`
[INFO] [stdout] 7f90c6898ef80271f4fb95b0e0252a4fd9eae73467b53ecef0d388a087e46e97
[INFO] running `Command { std: "docker" "start" "-a" "7f90c6898ef80271f4fb95b0e0252a4fd9eae73467b53ecef0d388a087e46e97", kill_on_drop: false }`
[INFO] running `Command { std: "docker" "inspect" "7f90c6898ef80271f4fb95b0e0252a4fd9eae73467b53ecef0d388a087e46e97", kill_on_drop: false }`
[INFO] running `Command { std: "docker" "rm" "-f" "7f90c6898ef80271f4fb95b0e0252a4fd9eae73467b53ecef0d388a087e46e97", kill_on_drop: false }`
[INFO] [stdout] 7f90c6898ef80271f4fb95b0e0252a4fd9eae73467b53ecef0d388a087e46e97
[INFO] running `Command { std: "docker" "create" "-v" "/var/lib/crater-agent-workspace/builds/worker-5-tc2/target:/opt/rustwide/target:rw,Z" "-v" "/var/lib/crater-agent-workspace/builds/worker-5-tc2/source:/opt/rustwide/workdir:ro,Z" "-v" "/var/lib/crater-agent-workspace/cargo-home:/opt/rustwide/cargo-home:ro,Z" "-v" "/var/lib/crater-agent-workspace/rustup-home:/opt/rustwide/rustup-home:ro,Z" "-e" "SOURCE_DIR=/opt/rustwide/workdir" "-e" "CARGO_TARGET_DIR=/opt/rustwide/target" "-e" "CARGO_INCREMENTAL=0" "-e" "RUST_BACKTRACE=full" "-e" "RUSTFLAGS=--cap-lints=forbid -Zrandomize-layout" "-e" "RUSTDOCFLAGS=--cap-lints=forbid" "-e" "CARGO_HOME=/opt/rustwide/cargo-home" "-e" "RUSTUP_HOME=/opt/rustwide/rustup-home" "-w" "/opt/rustwide/workdir" "-m" "1610612736" "--user" "0:0" "--network" "none" "ghcr.io/rust-lang/crates-build-env/linux@sha256:4a844ea9eb2546a2d2c7022eacef16ef2e8229c7fbb2c7d4d55a9ceca922f72d" "/opt/rustwide/cargo-home/bin/cargo" "+nightly-2024-10-28" "build" "--frozen" "--message-format=json", kill_on_drop: false }`
[INFO] [stdout] df1cc41ec8e9edead2a228b225c2bf2e1ddb449960e478f51b9efb0b6003c428
[INFO] running `Command { std: "docker" "start" "-a" "df1cc41ec8e9edead2a228b225c2bf2e1ddb449960e478f51b9efb0b6003c428", kill_on_drop: false }`
[INFO] [stderr]    Compiling bytemuck v1.16.1
[INFO] [stderr]    Compiling crunch v0.5.3
[INFO] [stderr]    Compiling num-traits v0.2.19
[INFO] [stderr]    Compiling rustc-hash v2.0.0
[INFO] [stderr]    Compiling syn v2.0.68
[INFO] [stderr]    Compiling image v0.25.1
[INFO] [stderr]    Compiling picodraw-derive v0.1.0
[INFO] [stderr]    Compiling picodraw v0.2.0 (/opt/rustwide/workdir)
[INFO] [stderr]     Finished `dev` profile [unoptimized + debuginfo] target(s) in 3.60s
[INFO] running `Command { std: "docker" "inspect" "df1cc41ec8e9edead2a228b225c2bf2e1ddb449960e478f51b9efb0b6003c428", kill_on_drop: false }`
[INFO] running `Command { std: "docker" "rm" "-f" "df1cc41ec8e9edead2a228b225c2bf2e1ddb449960e478f51b9efb0b6003c428", kill_on_drop: false }`
[INFO] [stdout] df1cc41ec8e9edead2a228b225c2bf2e1ddb449960e478f51b9efb0b6003c428
[INFO] running `Command { std: "docker" "create" "-v" "/var/lib/crater-agent-workspace/builds/worker-5-tc2/target:/opt/rustwide/target:rw,Z" "-v" "/var/lib/crater-agent-workspace/builds/worker-5-tc2/source:/opt/rustwide/workdir:ro,Z" "-v" "/var/lib/crater-agent-workspace/cargo-home:/opt/rustwide/cargo-home:ro,Z" "-v" "/var/lib/crater-agent-workspace/rustup-home:/opt/rustwide/rustup-home:ro,Z" "-e" "SOURCE_DIR=/opt/rustwide/workdir" "-e" "CARGO_TARGET_DIR=/opt/rustwide/target" "-e" "CARGO_INCREMENTAL=0" "-e" "RUST_BACKTRACE=full" "-e" "RUSTFLAGS=--cap-lints=forbid -Zrandomize-layout" "-e" "RUSTDOCFLAGS=--cap-lints=forbid" "-e" "CARGO_HOME=/opt/rustwide/cargo-home" "-e" "RUSTUP_HOME=/opt/rustwide/rustup-home" "-w" "/opt/rustwide/workdir" "-m" "1610612736" "--user" "0:0" "--network" "none" "ghcr.io/rust-lang/crates-build-env/linux@sha256:4a844ea9eb2546a2d2c7022eacef16ef2e8229c7fbb2c7d4d55a9ceca922f72d" "/opt/rustwide/cargo-home/bin/cargo" "+nightly-2024-10-28" "test" "--frozen" "--no-run" "--message-format=json", kill_on_drop: false }`
[INFO] [stdout] e921ee14dc2ed39c114b619e3f4150f8eec538ccf6262f85d972561a681f0094
[INFO] running `Command { std: "docker" "start" "-a" "e921ee14dc2ed39c114b619e3f4150f8eec538ccf6262f85d972561a681f0094", kill_on_drop: false }`
[INFO] [stderr]    Compiling picodraw v0.2.0 (/opt/rustwide/workdir)
[INFO] [stdout] warning: suffixes on a tuple index are invalid
[INFO] [stdout]    --> examples/example.rs:133:10
[INFO] [stdout]     |
[INFO] [stdout] 133 | #[derive(ShaderData)]
[INFO] [stdout]     |          ^^^^^^^^^^ invalid suffix `usize`
[INFO] [stdout]     |
[INFO] [stdout]     = help: `usize` is *temporarily* accepted on tuple index fields as it was incorrectly accepted on stable for a few releases
[INFO] [stdout]     = help: on proc macros, you'll want to use `syn::Index::from` or `proc_macro::Literal::*_unsuffixed` for code that will desugar to tuple field access
[INFO] [stdout]     = help: see issue #60210 <https://github.com/rust-lang/rust/issues/60210> for more information
[INFO] [stdout]     = note: this warning originates in the derive macro `ShaderData` (in Nightly builds, run with -Z macro-backtrace for more info)
[INFO] [stdout] 
[INFO] [stdout] 
[INFO] [stdout] error[E0433]: failed to resolve: use of undeclared crate or module `baseview`
[INFO] [stdout]  --> examples/example.rs:1:5
[INFO] [stdout]   |
[INFO] [stdout] 1 | use baseview::{
[INFO] [stdout]   |     ^^^^^^^^ use of undeclared crate or module `baseview`
[INFO] [stdout] 
[INFO] [stdout] 
[INFO] [stdout] error[E0432]: unresolved import `baseview`
[INFO] [stdout]  --> examples/example.rs:1:5
[INFO] [stdout]   |
[INFO] [stdout] 1 | use baseview::{
[INFO] [stdout]   |     ^^^^^^^^ use of undeclared crate or module `baseview`
[INFO] [stdout] 
[INFO] [stdout] 
[INFO] [stdout] error: cannot find attribute `shader` in this scope
[INFO] [stdout]    --> examples/example.rs:141:7
[INFO] [stdout]     |
[INFO] [stdout] 141 |     #[shader(ignore)]
[INFO] [stdout]     |       ^^^^^^
[INFO] [stdout] 
[INFO] [stdout] 
[INFO] [stdout] error: cannot find attribute `shader` in this scope
[INFO] [stdout]    --> examples/example.rs:144:7
[INFO] [stdout]     |
[INFO] [stdout] 144 |     #[shader(F16_01)]
[INFO] [stdout]     |       ^^^^^^
[INFO] [stdout] 
[INFO] [stdout] 
[INFO] [stdout] error[E0425]: cannot find function `prefix_vars` in crate `picodraw`
[INFO] [stdout]    --> examples/example.rs:133:10
[INFO] [stdout]     |
[INFO] [stdout] 133 | #[derive(ShaderData)]
[INFO] [stdout]     |          ^^^^^^^^^^ not found in `picodraw`
[INFO] [stdout]     |
[INFO] [stdout]     = note: this error originates in the derive macro `ShaderData` (in Nightly builds, run with -Z macro-backtrace for more info)
[INFO] [stdout] 
[INFO] [stdout] 
[INFO] [stdout] error[E0425]: cannot find function `prefix_writer` in crate `picodraw`
[INFO] [stdout]    --> examples/example.rs:133:10
[INFO] [stdout]     |
[INFO] [stdout] 133 | #[derive(ShaderData)]
[INFO] [stdout]     |          ^^^^^^^^^^ not found in `picodraw`
[INFO] [stdout]     |
[INFO] [stdout]     = note: this error originates in the derive macro `ShaderData` (in Nightly builds, run with -Z macro-backtrace for more info)
[INFO] [stdout] 
[INFO] [stdout] 
[INFO] [stdout] error[E0425]: cannot find function `prefix_vars` in crate `picodraw`
[INFO] [stdout]    --> examples/example.rs:136:10
[INFO] [stdout]     |
[INFO] [stdout] 136 | #[derive(ShaderData)]
[INFO] [stdout]     |          ^^^^^^^^^^ not found in `picodraw`
[INFO] [stdout]     |
[INFO] [stdout]     = note: this error originates in the derive macro `ShaderData` (in Nightly builds, run with -Z macro-backtrace for more info)
[INFO] [stdout] 
[INFO] [stdout] 
[INFO] [stdout] error[E0425]: cannot find function `prefix_writer` in crate `picodraw`
[INFO] [stdout]    --> examples/example.rs:136:10
[INFO] [stdout]     |
[INFO] [stdout] 136 | #[derive(ShaderData)]
[INFO] [stdout]     |          ^^^^^^^^^^ not found in `picodraw`
[INFO] [stdout]     |
[INFO] [stdout]     = note: this error originates in the derive macro `ShaderData` (in Nightly builds, run with -Z macro-backtrace for more info)
[INFO] [stdout] 
[INFO] [stdout] 
[INFO] [stdout] error[E0277]: the trait bound `u64: ShaderData` is not satisfied
[INFO] [stdout]    --> examples/example.rs:136:10
[INFO] [stdout]     |
[INFO] [stdout] 136 | #[derive(ShaderData)]
[INFO] [stdout]     |          ^^^^^^^^^^ the trait `ShaderData` is not implemented for `u64`
[INFO] [stdout]     |
[INFO] [stdout]     = help: the following other types implement trait `ShaderData`:
[INFO] [stdout]               f32
[INFO] [stdout]               f64
[INFO] [stdout]               i16
[INFO] [stdout]               i32
[INFO] [stdout]               i8
[INFO] [stdout]               u16
[INFO] [stdout]               u32
[INFO] [stdout]               u8
[INFO] [stdout]     = note: this error originates in the derive macro `ShaderData` (in Nightly builds, run with -Z macro-backtrace for more info)
[INFO] [stdout] 
[INFO] [stdout] 
[INFO] [stdout] Some errors have detailed explanations: E0277, E0425, E0432, E0433.
[INFO] [stdout] 
[INFO] [stdout] For more information about an error, try `rustc --explain E0277`.
[INFO] [stdout] 
[INFO] [stderr] error: could not compile `picodraw` (example "example") due to 9 previous errors; 1 warning emitted
[INFO] [stderr] warning: build failed, waiting for other jobs to finish...
[INFO] running `Command { std: "docker" "inspect" "e921ee14dc2ed39c114b619e3f4150f8eec538ccf6262f85d972561a681f0094", kill_on_drop: false }`
[INFO] running `Command { std: "docker" "rm" "-f" "e921ee14dc2ed39c114b619e3f4150f8eec538ccf6262f85d972561a681f0094", kill_on_drop: false }`
[INFO] [stdout] e921ee14dc2ed39c114b619e3f4150f8eec538ccf6262f85d972561a681f0094
