[INFO] fetching crate pic2txt 1.0.0...
[INFO] testing pic2txt-1.0.0 against nightly-2024-10-28 for randomize-layout
[INFO] extracting crate pic2txt 1.0.0 into /workspace/builds/worker-2-tc1/source
[INFO] validating manifest of crates.io crate pic2txt 1.0.0 on toolchain nightly-2024-10-28
[INFO] running `Command { std: CARGO_HOME="/workspace/cargo-home" RUSTUP_HOME="/workspace/rustup-home" "/workspace/cargo-home/bin/cargo" "+nightly-2024-10-28" "metadata" "--manifest-path" "Cargo.toml" "--no-deps", kill_on_drop: false }`
[INFO] started tweaking crates.io crate pic2txt 1.0.0
[INFO] finished tweaking crates.io crate pic2txt 1.0.0
[INFO] tweaked toml for crates.io crate pic2txt 1.0.0 written to /workspace/builds/worker-2-tc1/source/Cargo.toml
[INFO] crate crates.io crate pic2txt 1.0.0 already has a lockfile, it will not be regenerated
[INFO] running `Command { std: CARGO_HOME="/workspace/cargo-home" RUSTUP_HOME="/workspace/rustup-home" "/workspace/cargo-home/bin/cargo" "+nightly-2024-10-28" "fetch" "--manifest-path" "Cargo.toml", kill_on_drop: false }`
[INFO] [stderr] warning: only one of `license` or `license-file` is necessary
[INFO] [stderr] `license` should be used if the package license can be expressed with a standard SPDX expression.
[INFO] [stderr] `license-file` should be used if the package uses a non-standard license.
[INFO] [stderr] See https://doc.rust-lang.org/cargo/reference/manifest.html#the-license-and-license-file-fields for more information.
[INFO] running `Command { std: "docker" "create" "-v" "/var/lib/crater-agent-workspace/builds/worker-2-tc1/target:/opt/rustwide/target:rw,Z" "-v" "/var/lib/crater-agent-workspace/builds/worker-2-tc1/source:/opt/rustwide/workdir:ro,Z" "-v" "/var/lib/crater-agent-workspace/cargo-home:/opt/rustwide/cargo-home:ro,Z" "-v" "/var/lib/crater-agent-workspace/rustup-home:/opt/rustwide/rustup-home:ro,Z" "-e" "SOURCE_DIR=/opt/rustwide/workdir" "-e" "CARGO_TARGET_DIR=/opt/rustwide/target" "-e" "CARGO_HOME=/opt/rustwide/cargo-home" "-e" "RUSTUP_HOME=/opt/rustwide/rustup-home" "-w" "/opt/rustwide/workdir" "-m" "1610612736" "--user" "0:0" "--network" "none" "ghcr.io/rust-lang/crates-build-env/linux@sha256:4a844ea9eb2546a2d2c7022eacef16ef2e8229c7fbb2c7d4d55a9ceca922f72d" "/opt/rustwide/cargo-home/bin/cargo" "+nightly-2024-10-28" "metadata" "--no-deps" "--format-version=1", kill_on_drop: false }`
[INFO] [stdout] 72a98077a18355cae09cf76ba42efd94e20b1253669495596cf1d27d55d88b90
[INFO] running `Command { std: "docker" "start" "-a" "72a98077a18355cae09cf76ba42efd94e20b1253669495596cf1d27d55d88b90", kill_on_drop: false }`
[INFO] running `Command { std: "docker" "inspect" "72a98077a18355cae09cf76ba42efd94e20b1253669495596cf1d27d55d88b90", kill_on_drop: false }`
[INFO] running `Command { std: "docker" "rm" "-f" "72a98077a18355cae09cf76ba42efd94e20b1253669495596cf1d27d55d88b90", kill_on_drop: false }`
[INFO] [stdout] 72a98077a18355cae09cf76ba42efd94e20b1253669495596cf1d27d55d88b90
[INFO] running `Command { std: "docker" "create" "-v" "/var/lib/crater-agent-workspace/builds/worker-2-tc1/target:/opt/rustwide/target:rw,Z" "-v" "/var/lib/crater-agent-workspace/builds/worker-2-tc1/source:/opt/rustwide/workdir:ro,Z" "-v" "/var/lib/crater-agent-workspace/cargo-home:/opt/rustwide/cargo-home:ro,Z" "-v" "/var/lib/crater-agent-workspace/rustup-home:/opt/rustwide/rustup-home:ro,Z" "-e" "SOURCE_DIR=/opt/rustwide/workdir" "-e" "CARGO_TARGET_DIR=/opt/rustwide/target" "-e" "CARGO_INCREMENTAL=0" "-e" "RUST_BACKTRACE=full" "-e" "RUSTFLAGS=--cap-lints=forbid" "-e" "RUSTDOCFLAGS=--cap-lints=forbid" "-e" "CARGO_HOME=/opt/rustwide/cargo-home" "-e" "RUSTUP_HOME=/opt/rustwide/rustup-home" "-w" "/opt/rustwide/workdir" "-m" "1610612736" "--user" "0:0" "--network" "none" "ghcr.io/rust-lang/crates-build-env/linux@sha256:4a844ea9eb2546a2d2c7022eacef16ef2e8229c7fbb2c7d4d55a9ceca922f72d" "/opt/rustwide/cargo-home/bin/cargo" "+nightly-2024-10-28" "build" "--frozen" "--message-format=json", kill_on_drop: false }`
[INFO] [stdout] 3ad15f563d679ef4fdda334ea1d47918fa85d4d612a970a71a87ca5384bbcb5e
[INFO] running `Command { std: "docker" "start" "-a" "3ad15f563d679ef4fdda334ea1d47918fa85d4d612a970a71a87ca5384bbcb5e", kill_on_drop: false }`
[INFO] [stderr] warning: only one of `license` or `license-file` is necessary
[INFO] [stderr] `license` should be used if the package license can be expressed with a standard SPDX expression.
[INFO] [stderr] `license-file` should be used if the package uses a non-standard license.
[INFO] [stderr] See https://doc.rust-lang.org/cargo/reference/manifest.html#the-license-and-license-file-fields for more information.
[INFO] [stderr]    Compiling futures-core v0.3.28
[INFO] [stderr]    Compiling futures-channel v0.3.28
[INFO] [stderr]    Compiling futures-task v0.3.28
[INFO] [stderr]    Compiling futures-sink v0.3.28
[INFO] [stderr]    Compiling futures-util v0.3.28
[INFO] [stderr]    Compiling windows_x86_64_gnu v0.48.0
[INFO] [stderr]    Compiling pin-project-lite v0.2.10
[INFO] [stderr]    Compiling slab v0.4.8
[INFO] [stderr]    Compiling futures-io v0.3.28
[INFO] [stderr]    Compiling quote v1.0.31
[INFO] [stderr]    Compiling windows-targets v0.48.1
[INFO] [stderr]    Compiling syn v2.0.26
[INFO] [stderr]    Compiling windows v0.48.0
[INFO] [stderr]    Compiling futures-macro v0.3.28
[INFO] [stderr]    Compiling futures-executor v0.3.28
[INFO] [stderr]    Compiling futures v0.3.28
[INFO] [stderr]    Compiling pic2txt v1.0.0 (/opt/rustwide/workdir)
[INFO] [stderr]     Finished `dev` profile [unoptimized + debuginfo] target(s) in 4.75s
[INFO] running `Command { std: "docker" "inspect" "3ad15f563d679ef4fdda334ea1d47918fa85d4d612a970a71a87ca5384bbcb5e", kill_on_drop: false }`
[INFO] running `Command { std: "docker" "rm" "-f" "3ad15f563d679ef4fdda334ea1d47918fa85d4d612a970a71a87ca5384bbcb5e", kill_on_drop: false }`
[INFO] [stdout] 3ad15f563d679ef4fdda334ea1d47918fa85d4d612a970a71a87ca5384bbcb5e
[INFO] running `Command { std: "docker" "create" "-v" "/var/lib/crater-agent-workspace/builds/worker-2-tc1/target:/opt/rustwide/target:rw,Z" "-v" "/var/lib/crater-agent-workspace/builds/worker-2-tc1/source:/opt/rustwide/workdir:ro,Z" "-v" "/var/lib/crater-agent-workspace/cargo-home:/opt/rustwide/cargo-home:ro,Z" "-v" "/var/lib/crater-agent-workspace/rustup-home:/opt/rustwide/rustup-home:ro,Z" "-e" "SOURCE_DIR=/opt/rustwide/workdir" "-e" "CARGO_TARGET_DIR=/opt/rustwide/target" "-e" "CARGO_INCREMENTAL=0" "-e" "RUST_BACKTRACE=full" "-e" "RUSTFLAGS=--cap-lints=forbid" "-e" "RUSTDOCFLAGS=--cap-lints=forbid" "-e" "CARGO_HOME=/opt/rustwide/cargo-home" "-e" "RUSTUP_HOME=/opt/rustwide/rustup-home" "-w" "/opt/rustwide/workdir" "-m" "1610612736" "--user" "0:0" "--network" "none" "ghcr.io/rust-lang/crates-build-env/linux@sha256:4a844ea9eb2546a2d2c7022eacef16ef2e8229c7fbb2c7d4d55a9ceca922f72d" "/opt/rustwide/cargo-home/bin/cargo" "+nightly-2024-10-28" "test" "--frozen" "--no-run" "--message-format=json", kill_on_drop: false }`
[INFO] [stdout] 6fb66ef090937bbd61baaaa8d8dba31328cb9d6240629e6a23ae909fa2691641
[INFO] running `Command { std: "docker" "start" "-a" "6fb66ef090937bbd61baaaa8d8dba31328cb9d6240629e6a23ae909fa2691641", kill_on_drop: false }`
[INFO] [stderr] warning: only one of `license` or `license-file` is necessary
[INFO] [stderr] `license` should be used if the package license can be expressed with a standard SPDX expression.
[INFO] [stderr] `license-file` should be used if the package uses a non-standard license.
[INFO] [stderr] See https://doc.rust-lang.org/cargo/reference/manifest.html#the-license-and-license-file-fields for more information.
[INFO] [stderr]    Compiling pic2txt v1.0.0 (/opt/rustwide/workdir)
[INFO] [stdout] error: linking with `cc` failed: exit status: 1
[INFO] [stdout]   |
[INFO] [stdout]   = note: LC_ALL="C" PATH="/opt/rustwide/rustup-home/toolchains/nightly-2024-10-28-x86_64-unknown-linux-gnu/lib/rustlib/x86_64-unknown-linux-gnu/bin:/opt/rustwide/rustup-home/toolchains/nightly-2024-10-28-x86_64-unknown-linux-gnu/lib/rustlib/x86_64-unknown-linux-gnu/bin/self-contained:/opt/rustwide/cargo-home/bin:/usr/local/sbin:/usr/local/bin:/usr/sbin:/usr/bin:/sbin:/bin" VSLANG="1033" "cc" "-m64" "/tmp/rustcCxQpyM/symbols.o" "/opt/rustwide/target/debug/examples/pictxt-a45388d7afbc251d.pictxt.596634c92cdef58d-cgu.0.rcgu.o" "/opt/rustwide/target/debug/examples/pictxt-a45388d7afbc251d.dxwbjhg3sdegu1rlbzg1s0moe.rcgu.o" "-Wl,--as-needed" "-Wl,-Bstatic" "/opt/rustwide/target/debug/deps/libpic2txt-84743201b4420265.rlib" "/opt/rustwide/target/debug/deps/libfutures-3852e303a5a88c28.rlib" "/opt/rustwide/target/debug/deps/libfutures_executor-9a368284c42c27fc.rlib" "/opt/rustwide/target/debug/deps/libfutures_util-3dabe66b48e175df.rlib" "/opt/rustwide/target/debug/deps/libmemchr-a4f7a93850c27d99.rlib" "/opt/rustwide/target/debug/deps/libfutures_io-6bf52ec42da9b265.rlib" "/opt/rustwide/target/debug/deps/libslab-395080db18d53cf4.rlib" "/opt/rustwide/target/debug/deps/libfutures_channel-2db00e5f1f812fd2.rlib" "/opt/rustwide/target/debug/deps/libpin_project_lite-3f637490ace4b539.rlib" "/opt/rustwide/target/debug/deps/libfutures_sink-43a8282bacf6b7e2.rlib" "/opt/rustwide/target/debug/deps/libfutures_task-acb0d752f4583d26.rlib" "/opt/rustwide/target/debug/deps/libpin_utils-76c2785263cdb1c1.rlib" "/opt/rustwide/target/debug/deps/libfutures_core-353849b4022a62ed.rlib" "/opt/rustwide/target/debug/deps/libwindows-43302831b9505b26.rlib" "/opt/rustwide/target/debug/deps/libwindows_targets-f96bf1bec9f4b531.rlib" "/opt/rustwide/rustup-home/toolchains/nightly-2024-10-28-x86_64-unknown-linux-gnu/lib/rustlib/x86_64-unknown-linux-gnu/lib/libstd-fb8c387236db3c10.rlib" "/opt/rustwide/rustup-home/toolchains/nightly-2024-10-28-x86_64-unknown-linux-gnu/lib/rustlib/x86_64-unknown-linux-gnu/lib/libpanic_unwind-b251837809b2f64b.rlib" "/opt/rustwide/rustup-home/toolchains/nightly-2024-10-28-x86_64-unknown-linux-gnu/lib/rustlib/x86_64-unknown-linux-gnu/lib/libobject-cbef83eaa4e01f04.rlib" "/opt/rustwide/rustup-home/toolchains/nightly-2024-10-28-x86_64-unknown-linux-gnu/lib/rustlib/x86_64-unknown-linux-gnu/lib/libmemchr-12a772286de2fca7.rlib" "/opt/rustwide/rustup-home/toolchains/nightly-2024-10-28-x86_64-unknown-linux-gnu/lib/rustlib/x86_64-unknown-linux-gnu/lib/libaddr2line-023bbe5ada7abfc3.rlib" "/opt/rustwide/rustup-home/toolchains/nightly-2024-10-28-x86_64-unknown-linux-gnu/lib/rustlib/x86_64-unknown-linux-gnu/lib/libgimli-de2bcdf10ec69c2b.rlib" "/opt/rustwide/rustup-home/toolchains/nightly-2024-10-28-x86_64-unknown-linux-gnu/lib/rustlib/x86_64-unknown-linux-gnu/lib/librustc_demangle-8e1754df350800fd.rlib" "/opt/rustwide/rustup-home/toolchains/nightly-2024-10-28-x86_64-unknown-linux-gnu/lib/rustlib/x86_64-unknown-linux-gnu/lib/libstd_detect-06c2ab7b9c32e037.rlib" "/opt/rustwide/rustup-home/toolchains/nightly-2024-10-28-x86_64-unknown-linux-gnu/lib/rustlib/x86_64-unknown-linux-gnu/lib/libhashbrown-51d2621fc57a281b.rlib" "/opt/rustwide/rustup-home/toolchains/nightly-2024-10-28-x86_64-unknown-linux-gnu/lib/rustlib/x86_64-unknown-linux-gnu/lib/librustc_std_workspace_alloc-54a930408793772f.rlib" "/opt/rustwide/rustup-home/toolchains/nightly-2024-10-28-x86_64-unknown-linux-gnu/lib/rustlib/x86_64-unknown-linux-gnu/lib/libminiz_oxide-0c7d01cba400dcb2.rlib" "/opt/rustwide/rustup-home/toolchains/nightly-2024-10-28-x86_64-unknown-linux-gnu/lib/rustlib/x86_64-unknown-linux-gnu/lib/libadler-b9f84d69e331b75b.rlib" "/opt/rustwide/rustup-home/toolchains/nightly-2024-10-28-x86_64-unknown-linux-gnu/lib/rustlib/x86_64-unknown-linux-gnu/lib/libunwind-eec95493246aae39.rlib" "/opt/rustwide/rustup-home/toolchains/nightly-2024-10-28-x86_64-unknown-linux-gnu/lib/rustlib/x86_64-unknown-linux-gnu/lib/libcfg_if-6f6676c475e08ab0.rlib" "/opt/rustwide/rustup-home/toolchains/nightly-2024-10-28-x86_64-unknown-linux-gnu/lib/rustlib/x86_64-unknown-linux-gnu/lib/liblibc-799d520624f8b2e0.rlib" "/opt/rustwide/rustup-home/toolchains/nightly-2024-10-28-x86_64-unknown-linux-gnu/lib/rustlib/x86_64-unknown-linux-gnu/lib/liballoc-fcf93d4842acd9a9.rlib" "/opt/rustwide/rustup-home/toolchains/nightly-2024-10-28-x86_64-unknown-linux-gnu/lib/rustlib/x86_64-unknown-linux-gnu/lib/librustc_std_workspace_core-395a38b8e0851c9b.rlib" "/opt/rustwide/rustup-home/toolchains/nightly-2024-10-28-x86_64-unknown-linux-gnu/lib/rustlib/x86_64-unknown-linux-gnu/lib/libcore-d453bab70303062c.rlib" "/opt/rustwide/rustup-home/toolchains/nightly-2024-10-28-x86_64-unknown-linux-gnu/lib/rustlib/x86_64-unknown-linux-gnu/lib/libcompiler_builtins-0e6386368b0a24e8.rlib" "-Wl,-Bdynamic" "-lgcc_s" "-lutil" "-lrt" "-lpthread" "-lm" "-ldl" "-lc" "-B/opt/rustwide/rustup-home/toolchains/nightly-2024-10-28-x86_64-unknown-linux-gnu/lib/rustlib/x86_64-unknown-linux-gnu/bin/gcc-ld" "-fuse-ld=lld" "-Wl,--eh-frame-hdr" "-Wl,-z,noexecstack" "-L" "/opt/rustwide/rustup-home/toolchains/nightly-2024-10-28-x86_64-unknown-linux-gnu/lib/rustlib/x86_64-unknown-linux-gnu/lib" "-o" "/opt/rustwide/target/debug/examples/pictxt-a45388d7afbc251d" "-Wl,--gc-sections" "-pie" "-Wl,-z,relro,-z,now" "-nodefaultlibs"
[INFO] [stdout]   = note: rust-lld: error: undefined symbol: SetErrorInfo
[INFO] [stdout]           >>> referenced by error.rs:69 (src/core/error.rs:69)
[INFO] [stdout]           >>>               windows-43302831b9505b26.windows.ae5c99e3d7c616c8-cgu.04.rcgu.o:(windows::core::error::_$LT$impl$u20$core..convert..From$LT$windows..core..error..Error$GT$$u20$for$u20$windows..core..hresult..HRESULT$GT$::from::hcf7af0a6f36cded5) in archive /opt/rustwide/target/debug/deps/libwindows-43302831b9505b26.rlib
[INFO] [stdout]           
[INFO] [stdout]           rust-lld: error: undefined symbol: FormatMessageW
[INFO] [stdout]           >>> referenced by hresult.rs:89 (src/core/hresult.rs:89)
[INFO] [stdout]           >>>               windows-43302831b9505b26.windows.ae5c99e3d7c616c8-cgu.04.rcgu.o:(windows::core::hresult::HRESULT::message::h2d3e8858942bf190) in archive /opt/rustwide/target/debug/deps/libwindows-43302831b9505b26.rlib
[INFO] [stdout]           
[INFO] [stdout]           rust-lld: error: undefined symbol: GetLastError
[INFO] [stdout]           >>> referenced by error.rs:28 (src/core/error.rs:28)
[INFO] [stdout]           >>>               windows-43302831b9505b26.windows.ae5c99e3d7c616c8-cgu.13.rcgu.o:(windows::core::error::Error::from_win32::h3b1245d800f15423) in archive /opt/rustwide/target/debug/deps/libwindows-43302831b9505b26.rlib
[INFO] [stdout]           
[INFO] [stdout]           rust-lld: error: undefined symbol: GetErrorInfo
[INFO] [stdout]           >>> referenced by error.rs:154 (src/core/error.rs:154)
[INFO] [stdout]           >>>               windows-43302831b9505b26.windows.ae5c99e3d7c616c8-cgu.13.rcgu.o:(windows::core::error::GetErrorInfo::h2c5e9055c6facc33) in archive /opt/rustwide/target/debug/deps/libwindows-43302831b9505b26.rlib
[INFO] [stdout]           
[INFO] [stdout]           rust-lld: error: undefined symbol: SysStringLen
[INFO] [stdout]           >>> referenced by bstr.rs:27 (src/core/strings/bstr.rs:27)
[INFO] [stdout]           >>>               windows-43302831b9505b26.windows.ae5c99e3d7c616c8-cgu.13.rcgu.o:(windows::core::strings::bstr::BSTR::len::h6c4b9b5f18edb86a) in archive /opt/rustwide/target/debug/deps/libwindows-43302831b9505b26.rlib
[INFO] [stdout]           
[INFO] [stdout]           rust-lld: error: undefined symbol: SysFreeString
[INFO] [stdout]           >>> referenced by bstr.rs:154 (src/core/strings/bstr.rs:154)
[INFO] [stdout]           >>>               windows-43302831b9505b26.windows.ae5c99e3d7c616c8-cgu.13.rcgu.o:(_$LT$windows..core..strings..bstr..BSTR$u20$as$u20$core..ops..drop..Drop$GT$::drop::he6b04e18a7a7f9b2) in archive /opt/rustwide/target/debug/deps/libwindows-43302831b9505b26.rlib
[INFO] [stdout]           
[INFO] [stdout]           rust-lld: error: undefined symbol: GetProcessHeap
[INFO] [stdout]           >>> referenced by heap.rs:10 (src/imp/heap.rs:10)
[INFO] [stdout]           >>>               windows-43302831b9505b26.windows.ae5c99e3d7c616c8-cgu.15.rcgu.o:(windows::imp::heap::heap_alloc::h7bfc2f65cb9743d1) in archive /opt/rustwide/target/debug/deps/libwindows-43302831b9505b26.rlib
[INFO] [stdout]           >>> referenced by heap.rs:34 (src/imp/heap.rs:34)
[INFO] [stdout]           >>>               windows-43302831b9505b26.windows.ae5c99e3d7c616c8-cgu.15.rcgu.o:(windows::imp::heap::heap_free::hdae5dda08f3b147c) in archive /opt/rustwide/target/debug/deps/libwindows-43302831b9505b26.rlib
[INFO] [stdout]           
[INFO] [stdout]           rust-lld: error: undefined symbol: HeapAlloc
[INFO] [stdout]           >>> referenced by heap.rs:10 (src/imp/heap.rs:10)
[INFO] [stdout]           >>>               windows-43302831b9505b26.windows.ae5c99e3d7c616c8-cgu.15.rcgu.o:(windows::imp::heap::heap_alloc::h7bfc2f65cb9743d1) in archive /opt/rustwide/target/debug/deps/libwindows-43302831b9505b26.rlib
[INFO] [stdout]           
[INFO] [stdout]           rust-lld: error: undefined symbol: HeapFree
[INFO] [stdout]           >>> referenced by heap.rs:34 (src/imp/heap.rs:34)
[INFO] [stdout]           >>>               windows-43302831b9505b26.windows.ae5c99e3d7c616c8-cgu.15.rcgu.o:(windows::imp::heap::heap_free::hdae5dda08f3b147c) in archive /opt/rustwide/target/debug/deps/libwindows-43302831b9505b26.rlib
[INFO] [stdout]           
[INFO] [stdout]           rust-lld: error: undefined symbol: LoadLibraryA
[INFO] [stdout]           >>> referenced by delay_load.rs:11 (src/imp/delay_load.rs:11)
[INFO] [stdout]           >>>               windows-43302831b9505b26.windows.ae5c99e3d7c616c8-cgu.13.rcgu.o:(windows::imp::delay_load::delay_load::h48f64b4aa421555b) in archive /opt/rustwide/target/debug/deps/libwindows-43302831b9505b26.rlib
[INFO] [stdout]           >>> referenced by delay_load.rs:11 (src/imp/delay_load.rs:11)
[INFO] [stdout]           >>>               windows-43302831b9505b26.windows.ae5c99e3d7c616c8-cgu.13.rcgu.o:(windows::imp::delay_load::delay_load::h945b4f4d33ea233e) in archive /opt/rustwide/target/debug/deps/libwindows-43302831b9505b26.rlib
[INFO] [stdout]           >>> referenced by delay_load.rs:11 (src/imp/delay_load.rs:11)
[INFO] [stdout]           >>>               windows-43302831b9505b26.windows.ae5c99e3d7c616c8-cgu.13.rcgu.o:(windows::imp::delay_load::delay_load::h9acaa05f75aae41c) in archive /opt/rustwide/target/debug/deps/libwindows-43302831b9505b26.rlib
[INFO] [stdout]           >>> referenced 1 more times
[INFO] [stdout]           
[INFO] [stdout]           rust-lld: error: undefined symbol: GetProcAddress
[INFO] [stdout]           >>> referenced by delay_load.rs:17 (src/imp/delay_load.rs:17)
[INFO] [stdout]           >>>               windows-43302831b9505b26.windows.ae5c99e3d7c616c8-cgu.13.rcgu.o:(windows::imp::delay_load::delay_load::h48f64b4aa421555b) in archive /opt/rustwide/target/debug/deps/libwindows-43302831b9505b26.rlib
[INFO] [stdout]           >>> referenced by delay_load.rs:17 (src/imp/delay_load.rs:17)
[INFO] [stdout]           >>>               windows-43302831b9505b26.windows.ae5c99e3d7c616c8-cgu.13.rcgu.o:(windows::imp::delay_load::delay_load::h945b4f4d33ea233e) in archive /opt/rustwide/target/debug/deps/libwindows-43302831b9505b26.rlib
[INFO] [stdout]           >>> referenced by delay_load.rs:17 (src/imp/delay_load.rs:17)
[INFO] [stdout]           >>>               windows-43302831b9505b26.windows.ae5c99e3d7c616c8-cgu.13.rcgu.o:(windows::imp::delay_load::delay_load::h9acaa05f75aae41c) in archive /opt/rustwide/target/debug/deps/libwindows-43302831b9505b26.rlib
[INFO] [stdout]           >>> referenced 1 more times
[INFO] [stdout]           
[INFO] [stdout]           rust-lld: error: undefined symbol: FreeLibrary
[INFO] [stdout]           >>> referenced by delay_load.rs:23 (src/imp/delay_load.rs:23)
[INFO] [stdout]           >>>               windows-43302831b9505b26.windows.ae5c99e3d7c616c8-cgu.13.rcgu.o:(windows::imp::delay_load::delay_load::h48f64b4aa421555b) in archive /opt/rustwide/target/debug/deps/libwindows-43302831b9505b26.rlib
[INFO] [stdout]           >>> referenced by delay_load.rs:23 (src/imp/delay_load.rs:23)
[INFO] [stdout]           >>>               windows-43302831b9505b26.windows.ae5c99e3d7c616c8-cgu.13.rcgu.o:(windows::imp::delay_load::delay_load::h945b4f4d33ea233e) in archive /opt/rustwide/target/debug/deps/libwindows-43302831b9505b26.rlib
[INFO] [stdout]           >>> referenced by delay_load.rs:23 (src/imp/delay_load.rs:23)
[INFO] [stdout]           >>>               windows-43302831b9505b26.windows.ae5c99e3d7c616c8-cgu.13.rcgu.o:(windows::imp::delay_load::delay_load::h9acaa05f75aae41c) in archive /opt/rustwide/target/debug/deps/libwindows-43302831b9505b26.rlib
[INFO] [stdout]           >>> referenced 1 more times
[INFO] [stdout]           collect2: error: ld returned 1 exit status
[INFO] [stdout]           
[INFO] [stdout] 
[INFO] [stdout] 
[INFO] [stderr] error: could not compile `pic2txt` (example "pictxt") due to 1 previous error
[INFO] [stderr] warning: build failed, waiting for other jobs to finish...
[INFO] [stdout] error: linking with `cc` failed: exit status: 1
[INFO] [stdout]   |
[INFO] [stdout]   = note: LC_ALL="C" PATH="/opt/rustwide/rustup-home/toolchains/nightly-2024-10-28-x86_64-unknown-linux-gnu/lib/rustlib/x86_64-unknown-linux-gnu/bin:/opt/rustwide/rustup-home/toolchains/nightly-2024-10-28-x86_64-unknown-linux-gnu/lib/rustlib/x86_64-unknown-linux-gnu/bin/self-contained:/opt/rustwide/cargo-home/bin:/usr/local/sbin:/usr/local/bin:/usr/sbin:/usr/bin:/sbin:/bin" VSLANG="1033" "cc" "-m64" "/tmp/rustco1IEH4/symbols.o" "/opt/rustwide/target/debug/deps/pic2txt-e44ff5091bb2bc8c.pic2txt.b430ba6389df9454-cgu.0.rcgu.o" "/opt/rustwide/target/debug/deps/pic2txt-e44ff5091bb2bc8c.pic2txt.b430ba6389df9454-cgu.1.rcgu.o" "/opt/rustwide/target/debug/deps/pic2txt-e44ff5091bb2bc8c.cg9uw1r5onewsvhmfqt6bsyq9.rcgu.o" "-Wl,--as-needed" "-Wl,-Bstatic" "/opt/rustwide/target/debug/deps/libfutures-3852e303a5a88c28.rlib" "/opt/rustwide/target/debug/deps/libfutures_executor-9a368284c42c27fc.rlib" "/opt/rustwide/target/debug/deps/libfutures_util-3dabe66b48e175df.rlib" "/opt/rustwide/target/debug/deps/libmemchr-a4f7a93850c27d99.rlib" "/opt/rustwide/target/debug/deps/libfutures_io-6bf52ec42da9b265.rlib" "/opt/rustwide/target/debug/deps/libslab-395080db18d53cf4.rlib" "/opt/rustwide/target/debug/deps/libfutures_channel-2db00e5f1f812fd2.rlib" "/opt/rustwide/target/debug/deps/libpin_project_lite-3f637490ace4b539.rlib" "/opt/rustwide/target/debug/deps/libfutures_sink-43a8282bacf6b7e2.rlib" "/opt/rustwide/target/debug/deps/libfutures_task-acb0d752f4583d26.rlib" "/opt/rustwide/target/debug/deps/libpin_utils-76c2785263cdb1c1.rlib" "/opt/rustwide/target/debug/deps/libfutures_core-353849b4022a62ed.rlib" "/opt/rustwide/rustup-home/toolchains/nightly-2024-10-28-x86_64-unknown-linux-gnu/lib/rustlib/x86_64-unknown-linux-gnu/lib/libtest-a09fad3b5321e7d6.rlib" "/opt/rustwide/rustup-home/toolchains/nightly-2024-10-28-x86_64-unknown-linux-gnu/lib/rustlib/x86_64-unknown-linux-gnu/lib/libgetopts-f9c3dff41ad42661.rlib" "/opt/rustwide/rustup-home/toolchains/nightly-2024-10-28-x86_64-unknown-linux-gnu/lib/rustlib/x86_64-unknown-linux-gnu/lib/libunicode_width-ad2aef31af6addd3.rlib" "/opt/rustwide/rustup-home/toolchains/nightly-2024-10-28-x86_64-unknown-linux-gnu/lib/rustlib/x86_64-unknown-linux-gnu/lib/librustc_std_workspace_std-e3f907dc03deb913.rlib" "/opt/rustwide/target/debug/deps/libwindows-43302831b9505b26.rlib" "/opt/rustwide/target/debug/deps/libwindows_targets-f96bf1bec9f4b531.rlib" "/opt/rustwide/rustup-home/toolchains/nightly-2024-10-28-x86_64-unknown-linux-gnu/lib/rustlib/x86_64-unknown-linux-gnu/lib/libstd-fb8c387236db3c10.rlib" "/opt/rustwide/rustup-home/toolchains/nightly-2024-10-28-x86_64-unknown-linux-gnu/lib/rustlib/x86_64-unknown-linux-gnu/lib/libpanic_unwind-b251837809b2f64b.rlib" "/opt/rustwide/rustup-home/toolchains/nightly-2024-10-28-x86_64-unknown-linux-gnu/lib/rustlib/x86_64-unknown-linux-gnu/lib/libobject-cbef83eaa4e01f04.rlib" "/opt/rustwide/rustup-home/toolchains/nightly-2024-10-28-x86_64-unknown-linux-gnu/lib/rustlib/x86_64-unknown-linux-gnu/lib/libmemchr-12a772286de2fca7.rlib" "/opt/rustwide/rustup-home/toolchains/nightly-2024-10-28-x86_64-unknown-linux-gnu/lib/rustlib/x86_64-unknown-linux-gnu/lib/libaddr2line-023bbe5ada7abfc3.rlib" "/opt/rustwide/rustup-home/toolchains/nightly-2024-10-28-x86_64-unknown-linux-gnu/lib/rustlib/x86_64-unknown-linux-gnu/lib/libgimli-de2bcdf10ec69c2b.rlib" "/opt/rustwide/rustup-home/toolchains/nightly-2024-10-28-x86_64-unknown-linux-gnu/lib/rustlib/x86_64-unknown-linux-gnu/lib/librustc_demangle-8e1754df350800fd.rlib" "/opt/rustwide/rustup-home/toolchains/nightly-2024-10-28-x86_64-unknown-linux-gnu/lib/rustlib/x86_64-unknown-linux-gnu/lib/libstd_detect-06c2ab7b9c32e037.rlib" "/opt/rustwide/rustup-home/toolchains/nightly-2024-10-28-x86_64-unknown-linux-gnu/lib/rustlib/x86_64-unknown-linux-gnu/lib/libhashbrown-51d2621fc57a281b.rlib" "/opt/rustwide/rustup-home/toolchains/nightly-2024-10-28-x86_64-unknown-linux-gnu/lib/rustlib/x86_64-unknown-linux-gnu/lib/librustc_std_workspace_alloc-54a930408793772f.rlib" "/opt/rustwide/rustup-home/toolchains/nightly-2024-10-28-x86_64-unknown-linux-gnu/lib/rustlib/x86_64-unknown-linux-gnu/lib/libminiz_oxide-0c7d01cba400dcb2.rlib" "/opt/rustwide/rustup-home/toolchains/nightly-2024-10-28-x86_64-unknown-linux-gnu/lib/rustlib/x86_64-unknown-linux-gnu/lib/libadler-b9f84d69e331b75b.rlib" "/opt/rustwide/rustup-home/toolchains/nightly-2024-10-28-x86_64-unknown-linux-gnu/lib/rustlib/x86_64-unknown-linux-gnu/lib/libunwind-eec95493246aae39.rlib" "/opt/rustwide/rustup-home/toolchains/nightly-2024-10-28-x86_64-unknown-linux-gnu/lib/rustlib/x86_64-unknown-linux-gnu/lib/libcfg_if-6f6676c475e08ab0.rlib" "/opt/rustwide/rustup-home/toolchains/nightly-2024-10-28-x86_64-unknown-linux-gnu/lib/rustlib/x86_64-unknown-linux-gnu/lib/liblibc-799d520624f8b2e0.rlib" "/opt/rustwide/rustup-home/toolchains/nightly-2024-10-28-x86_64-unknown-linux-gnu/lib/rustlib/x86_64-unknown-linux-gnu/lib/liballoc-fcf93d4842acd9a9.rlib" "/opt/rustwide/rustup-home/toolchains/nightly-2024-10-28-x86_64-unknown-linux-gnu/lib/rustlib/x86_64-unknown-linux-gnu/lib/librustc_std_workspace_core-395a38b8e0851c9b.rlib" "/opt/rustwide/rustup-home/toolchains/nightly-2024-10-28-x86_64-unknown-linux-gnu/lib/rustlib/x86_64-unknown-linux-gnu/lib/libcore-d453bab70303062c.rlib" "/opt/rustwide/rustup-home/toolchains/nightly-2024-10-28-x86_64-unknown-linux-gnu/lib/rustlib/x86_64-unknown-linux-gnu/lib/libcompiler_builtins-0e6386368b0a24e8.rlib" "-Wl,-Bdynamic" "-lgcc_s" "-lutil" "-lrt" "-lpthread" "-lm" "-ldl" "-lc" "-B/opt/rustwide/rustup-home/toolchains/nightly-2024-10-28-x86_64-unknown-linux-gnu/lib/rustlib/x86_64-unknown-linux-gnu/bin/gcc-ld" "-fuse-ld=lld" "-Wl,--eh-frame-hdr" "-Wl,-z,noexecstack" "-L" "/opt/rustwide/rustup-home/toolchains/nightly-2024-10-28-x86_64-unknown-linux-gnu/lib/rustlib/x86_64-unknown-linux-gnu/lib" "-o" "/opt/rustwide/target/debug/deps/pic2txt-e44ff5091bb2bc8c" "-Wl,--gc-sections" "-pie" "-Wl,-z,relro,-z,now" "-nodefaultlibs"
[INFO] [stdout]   = note: rust-lld: error: undefined symbol: SetErrorInfo
[INFO] [stdout]           >>> referenced by error.rs:69 (src/core/error.rs:69)
[INFO] [stdout]           >>>               windows-43302831b9505b26.windows.ae5c99e3d7c616c8-cgu.04.rcgu.o:(windows::core::error::_$LT$impl$u20$core..convert..From$LT$windows..core..error..Error$GT$$u20$for$u20$windows..core..hresult..HRESULT$GT$::from::hcf7af0a6f36cded5) in archive /opt/rustwide/target/debug/deps/libwindows-43302831b9505b26.rlib
[INFO] [stdout]           
[INFO] [stdout]           rust-lld: error: undefined symbol: FormatMessageW
[INFO] [stdout]           >>> referenced by hresult.rs:89 (src/core/hresult.rs:89)
[INFO] [stdout]           >>>               windows-43302831b9505b26.windows.ae5c99e3d7c616c8-cgu.04.rcgu.o:(windows::core::hresult::HRESULT::message::h2d3e8858942bf190) in archive /opt/rustwide/target/debug/deps/libwindows-43302831b9505b26.rlib
[INFO] [stdout]           
[INFO] [stdout]           rust-lld: error: undefined symbol: GetLastError
[INFO] [stdout]           >>> referenced by error.rs:28 (src/core/error.rs:28)
[INFO] [stdout]           >>>               windows-43302831b9505b26.windows.ae5c99e3d7c616c8-cgu.13.rcgu.o:(windows::core::error::Error::from_win32::h3b1245d800f15423) in archive /opt/rustwide/target/debug/deps/libwindows-43302831b9505b26.rlib
[INFO] [stdout]           
[INFO] [stdout]           rust-lld: error: undefined symbol: GetErrorInfo
[INFO] [stdout]           >>> referenced by error.rs:154 (src/core/error.rs:154)
[INFO] [stdout]           >>>               windows-43302831b9505b26.windows.ae5c99e3d7c616c8-cgu.13.rcgu.o:(windows::core::error::GetErrorInfo::h2c5e9055c6facc33) in archive /opt/rustwide/target/debug/deps/libwindows-43302831b9505b26.rlib
[INFO] [stdout]           
[INFO] [stdout]           rust-lld: error: undefined symbol: GetProcessHeap
[INFO] [stdout]           >>> referenced by heap.rs:10 (src/imp/heap.rs:10)
[INFO] [stdout]           >>>               windows-43302831b9505b26.windows.ae5c99e3d7c616c8-cgu.15.rcgu.o:(windows::imp::heap::heap_alloc::h7bfc2f65cb9743d1) in archive /opt/rustwide/target/debug/deps/libwindows-43302831b9505b26.rlib
[INFO] [stdout]           >>> referenced by heap.rs:34 (src/imp/heap.rs:34)
[INFO] [stdout]           >>>               windows-43302831b9505b26.windows.ae5c99e3d7c616c8-cgu.15.rcgu.o:(windows::imp::heap::heap_free::hdae5dda08f3b147c) in archive /opt/rustwide/target/debug/deps/libwindows-43302831b9505b26.rlib
[INFO] [stdout]           
[INFO] [stdout]           rust-lld: error: undefined symbol: SysStringLen
[INFO] [stdout]           >>> referenced by bstr.rs:27 (src/core/strings/bstr.rs:27)
[INFO] [stdout]           >>>               windows-43302831b9505b26.windows.ae5c99e3d7c616c8-cgu.13.rcgu.o:(windows::core::strings::bstr::BSTR::len::h6c4b9b5f18edb86a) in archive /opt/rustwide/target/debug/deps/libwindows-43302831b9505b26.rlib
[INFO] [stdout]           
[INFO] [stdout]           rust-lld: error: undefined symbol: HeapAlloc
[INFO] [stdout]           >>> referenced by heap.rs:10 (src/imp/heap.rs:10)
[INFO] [stdout]           >>>               windows-43302831b9505b26.windows.ae5c99e3d7c616c8-cgu.15.rcgu.o:(windows::imp::heap::heap_alloc::h7bfc2f65cb9743d1) in archive /opt/rustwide/target/debug/deps/libwindows-43302831b9505b26.rlib
[INFO] [stdout]           
[INFO] [stdout]           rust-lld: error: undefined symbol: SysFreeString
[INFO] [stdout]           >>> referenced by bstr.rs:154 (src/core/strings/bstr.rs:154)
[INFO] [stdout]           >>>               windows-43302831b9505b26.windows.ae5c99e3d7c616c8-cgu.13.rcgu.o:(_$LT$windows..core..strings..bstr..BSTR$u20$as$u20$core..ops..drop..Drop$GT$::drop::he6b04e18a7a7f9b2) in archive /opt/rustwide/target/debug/deps/libwindows-43302831b9505b26.rlib
[INFO] [stdout]           
[INFO] [stdout]           rust-lld: error: undefined symbol: HeapFree
[INFO] [stdout]           >>> referenced by heap.rs:34 (src/imp/heap.rs:34)
[INFO] [stdout]           >>>               windows-43302831b9505b26.windows.ae5c99e3d7c616c8-cgu.15.rcgu.o:(windows::imp::heap::heap_free::hdae5dda08f3b147c) in archive /opt/rustwide/target/debug/deps/libwindows-43302831b9505b26.rlib
[INFO] [stdout]           
[INFO] [stdout]           rust-lld: error: undefined symbol: LoadLibraryA
[INFO] [stdout]           >>> referenced by delay_load.rs:11 (src/imp/delay_load.rs:11)
[INFO] [stdout]           >>>               windows-43302831b9505b26.windows.ae5c99e3d7c616c8-cgu.13.rcgu.o:(windows::imp::delay_load::delay_load::h48f64b4aa421555b) in archive /opt/rustwide/target/debug/deps/libwindows-43302831b9505b26.rlib
[INFO] [stdout]           >>> referenced by delay_load.rs:11 (src/imp/delay_load.rs:11)
[INFO] [stdout]           >>>               windows-43302831b9505b26.windows.ae5c99e3d7c616c8-cgu.13.rcgu.o:(windows::imp::delay_load::delay_load::h945b4f4d33ea233e) in archive /opt/rustwide/target/debug/deps/libwindows-43302831b9505b26.rlib
[INFO] [stdout]           >>> referenced by delay_load.rs:11 (src/imp/delay_load.rs:11)
[INFO] [stdout]           >>>               windows-43302831b9505b26.windows.ae5c99e3d7c616c8-cgu.13.rcgu.o:(windows::imp::delay_load::delay_load::h9acaa05f75aae41c) in archive /opt/rustwide/target/debug/deps/libwindows-43302831b9505b26.rlib
[INFO] [stdout]           >>> referenced 1 more times
[INFO] [stdout]           
[INFO] [stdout]           rust-lld: error: undefined symbol: GetProcAddress
[INFO] [stdout]           >>> referenced by delay_load.rs:17 (src/imp/delay_load.rs:17)
[INFO] [stdout]           >>>               windows-43302831b9505b26.windows.ae5c99e3d7c616c8-cgu.13.rcgu.o:(windows::imp::delay_load::delay_load::h48f64b4aa421555b) in archive /opt/rustwide/target/debug/deps/libwindows-43302831b9505b26.rlib
[INFO] [stdout]           >>> referenced by delay_load.rs:17 (src/imp/delay_load.rs:17)
[INFO] [stdout]           >>>               windows-43302831b9505b26.windows.ae5c99e3d7c616c8-cgu.13.rcgu.o:(windows::imp::delay_load::delay_load::h945b4f4d33ea233e) in archive /opt/rustwide/target/debug/deps/libwindows-43302831b9505b26.rlib
[INFO] [stdout]           >>> referenced by delay_load.rs:17 (src/imp/delay_load.rs:17)
[INFO] [stdout]           >>>               windows-43302831b9505b26.windows.ae5c99e3d7c616c8-cgu.13.rcgu.o:(windows::imp::delay_load::delay_load::h9acaa05f75aae41c) in archive /opt/rustwide/target/debug/deps/libwindows-43302831b9505b26.rlib
[INFO] [stdout]           >>> referenced 1 more times
[INFO] [stdout]           
[INFO] [stdout]           rust-lld: error: undefined symbol: FreeLibrary
[INFO] [stdout]           >>> referenced by delay_load.rs:23 (src/imp/delay_load.rs:23)
[INFO] [stdout]           >>>               windows-43302831b9505b26.windows.ae5c99e3d7c616c8-cgu.13.rcgu.o:(windows::imp::delay_load::delay_load::h48f64b4aa421555b) in archive /opt/rustwide/target/debug/deps/libwindows-43302831b9505b26.rlib
[INFO] [stdout]           >>> referenced by delay_load.rs:23 (src/imp/delay_load.rs:23)
[INFO] [stdout]           >>>               windows-43302831b9505b26.windows.ae5c99e3d7c616c8-cgu.13.rcgu.o:(windows::imp::delay_load::delay_load::h945b4f4d33ea233e) in archive /opt/rustwide/target/debug/deps/libwindows-43302831b9505b26.rlib
[INFO] [stdout]           >>> referenced by delay_load.rs:23 (src/imp/delay_load.rs:23)
[INFO] [stdout]           >>>               windows-43302831b9505b26.windows.ae5c99e3d7c616c8-cgu.13.rcgu.o:(windows::imp::delay_load::delay_load::h9acaa05f75aae41c) in archive /opt/rustwide/target/debug/deps/libwindows-43302831b9505b26.rlib
[INFO] [stdout]           >>> referenced 1 more times
[INFO] [stdout]           collect2: error: ld returned 1 exit status
[INFO] [stdout]           
[INFO] [stdout] 
[INFO] [stdout] 
[INFO] [stderr] error: could not compile `pic2txt` (lib test) due to 1 previous error
[INFO] running `Command { std: "docker" "inspect" "6fb66ef090937bbd61baaaa8d8dba31328cb9d6240629e6a23ae909fa2691641", kill_on_drop: false }`
[INFO] running `Command { std: "docker" "rm" "-f" "6fb66ef090937bbd61baaaa8d8dba31328cb9d6240629e6a23ae909fa2691641", kill_on_drop: false }`
[INFO] [stdout] 6fb66ef090937bbd61baaaa8d8dba31328cb9d6240629e6a23ae909fa2691641
