[INFO] fetching crate pia 0.2.0...
[INFO] testing pia-0.2.0 against nightly-2024-10-28+rustflags=-Zrandomize-layout for randomize-layout
[INFO] extracting crate pia 0.2.0 into /workspace/builds/worker-4-tc2/source
[INFO] validating manifest of crates.io crate pia 0.2.0 on toolchain nightly-2024-10-28
[INFO] running `Command { std: CARGO_HOME="/workspace/cargo-home" RUSTUP_HOME="/workspace/rustup-home" "/workspace/cargo-home/bin/cargo" "+nightly-2024-10-28" "metadata" "--manifest-path" "Cargo.toml" "--no-deps", kill_on_drop: false }`
[INFO] started tweaking crates.io crate pia 0.2.0
[INFO] finished tweaking crates.io crate pia 0.2.0
[INFO] tweaked toml for crates.io crate pia 0.2.0 written to /workspace/builds/worker-4-tc2/source/Cargo.toml
[INFO] running `Command { std: CARGO_HOME="/workspace/cargo-home" RUSTUP_HOME="/workspace/rustup-home" "/workspace/cargo-home/bin/cargo" "+nightly-2024-10-28" "generate-lockfile" "--manifest-path" "Cargo.toml", kill_on_drop: false }`
[INFO] [stderr]     Updating crates.io index
[INFO] [stderr]      Locking 7 packages to latest compatible versions
[INFO] running `Command { std: CARGO_HOME="/workspace/cargo-home" RUSTUP_HOME="/workspace/rustup-home" "/workspace/cargo-home/bin/cargo" "+nightly-2024-10-28" "fetch" "--manifest-path" "Cargo.toml", kill_on_drop: false }`
[INFO] running `Command { std: "docker" "create" "-v" "/var/lib/crater-agent-workspace/builds/worker-4-tc2/target:/opt/rustwide/target:rw,Z" "-v" "/var/lib/crater-agent-workspace/builds/worker-4-tc2/source:/opt/rustwide/workdir:ro,Z" "-v" "/var/lib/crater-agent-workspace/cargo-home:/opt/rustwide/cargo-home:ro,Z" "-v" "/var/lib/crater-agent-workspace/rustup-home:/opt/rustwide/rustup-home:ro,Z" "-e" "SOURCE_DIR=/opt/rustwide/workdir" "-e" "CARGO_TARGET_DIR=/opt/rustwide/target" "-e" "CARGO_HOME=/opt/rustwide/cargo-home" "-e" "RUSTUP_HOME=/opt/rustwide/rustup-home" "-w" "/opt/rustwide/workdir" "-m" "1610612736" "--user" "0:0" "--network" "none" "ghcr.io/rust-lang/crates-build-env/linux@sha256:4a844ea9eb2546a2d2c7022eacef16ef2e8229c7fbb2c7d4d55a9ceca922f72d" "/opt/rustwide/cargo-home/bin/cargo" "+nightly-2024-10-28" "metadata" "--no-deps" "--format-version=1", kill_on_drop: false }`
[INFO] [stdout] 4d74eac44b4ecc155aa6e743c87adc9e5ce2d898e57558ec252199e08d40cba3
[INFO] running `Command { std: "docker" "start" "-a" "4d74eac44b4ecc155aa6e743c87adc9e5ce2d898e57558ec252199e08d40cba3", kill_on_drop: false }`
[INFO] running `Command { std: "docker" "inspect" "4d74eac44b4ecc155aa6e743c87adc9e5ce2d898e57558ec252199e08d40cba3", kill_on_drop: false }`
[INFO] running `Command { std: "docker" "rm" "-f" "4d74eac44b4ecc155aa6e743c87adc9e5ce2d898e57558ec252199e08d40cba3", kill_on_drop: false }`
[INFO] [stdout] 4d74eac44b4ecc155aa6e743c87adc9e5ce2d898e57558ec252199e08d40cba3
[INFO] running `Command { std: "docker" "create" "-v" "/var/lib/crater-agent-workspace/builds/worker-4-tc2/target:/opt/rustwide/target:rw,Z" "-v" "/var/lib/crater-agent-workspace/builds/worker-4-tc2/source:/opt/rustwide/workdir:ro,Z" "-v" "/var/lib/crater-agent-workspace/cargo-home:/opt/rustwide/cargo-home:ro,Z" "-v" "/var/lib/crater-agent-workspace/rustup-home:/opt/rustwide/rustup-home:ro,Z" "-e" "SOURCE_DIR=/opt/rustwide/workdir" "-e" "CARGO_TARGET_DIR=/opt/rustwide/target" "-e" "CARGO_INCREMENTAL=0" "-e" "RUST_BACKTRACE=full" "-e" "RUSTFLAGS=--cap-lints=forbid -Zrandomize-layout" "-e" "RUSTDOCFLAGS=--cap-lints=forbid" "-e" "CARGO_HOME=/opt/rustwide/cargo-home" "-e" "RUSTUP_HOME=/opt/rustwide/rustup-home" "-w" "/opt/rustwide/workdir" "-m" "1610612736" "--user" "0:0" "--network" "none" "ghcr.io/rust-lang/crates-build-env/linux@sha256:4a844ea9eb2546a2d2c7022eacef16ef2e8229c7fbb2c7d4d55a9ceca922f72d" "/opt/rustwide/cargo-home/bin/cargo" "+nightly-2024-10-28" "build" "--frozen" "--message-format=json", kill_on_drop: false }`
[INFO] [stdout] e9b01f543b5b4f37248598f6c4aca815c1d17fb181160a587514c90c69294b74
[INFO] running `Command { std: "docker" "start" "-a" "e9b01f543b5b4f37248598f6c4aca815c1d17fb181160a587514c90c69294b74", kill_on_drop: false }`
[INFO] [stderr]    Compiling pia v0.2.0 (/opt/rustwide/workdir)
[INFO] [stdout] error[E0557]: feature has been removed
[INFO] [stdout]  --> src/lib.rs:2:12
[INFO] [stdout]   |
[INFO] [stdout] 2 | #![feature(const_generics)]
[INFO] [stdout]   |            ^^^^^^^^^^^^^^ feature has been removed
[INFO] [stdout]   |
[INFO] [stdout]   = note: removed in favor of `#![feature(adt_const_params)]` and `#![feature(generic_const_exprs)]`
[INFO] [stdout] 
[INFO] [stdout] 
[INFO] [stdout] error[E0557]: feature has been removed
[INFO] [stdout]  --> src/lib.rs:3:12
[INFO] [stdout]   |
[INFO] [stdout] 3 | #![feature(const_evaluatable_checked)]
[INFO] [stdout]   |            ^^^^^^^^^^^^^^^^^^^^^^^^^ feature has been removed
[INFO] [stdout]   |
[INFO] [stdout]   = note: renamed to `generic_const_exprs`
[INFO] [stdout] 
[INFO] [stdout] 
[INFO] [stdout] error: generic parameters may not be used in const operations
[INFO] [stdout]   --> src/lib.rs:55:29
[INFO] [stdout]    |
[INFO] [stdout] 55 | where [u8; get_array_length(BITS, LEN)]: Sized {
[INFO] [stdout]    |                             ^^^^ cannot perform const operation using `BITS`
[INFO] [stdout]    |
[INFO] [stdout]    = help: const parameters may only be used as standalone arguments, i.e. `BITS`
[INFO] [stdout]    = help: add `#![feature(generic_const_exprs)]` to allow generic const expressions
[INFO] [stdout] 
[INFO] [stdout] 
[INFO] [stdout] error: generic parameters may not be used in const operations
[INFO] [stdout]   --> src/lib.rs:55:35
[INFO] [stdout]    |
[INFO] [stdout] 55 | where [u8; get_array_length(BITS, LEN)]: Sized {
[INFO] [stdout]    |                                   ^^^ cannot perform const operation using `LEN`
[INFO] [stdout]    |
[INFO] [stdout]    = help: const parameters may only be used as standalone arguments, i.e. `LEN`
[INFO] [stdout]    = help: add `#![feature(generic_const_exprs)]` to allow generic const expressions
[INFO] [stdout] 
[INFO] [stdout] 
[INFO] [stdout] error: generic parameters may not be used in const operations
[INFO] [stdout]   --> src/lib.rs:56:36
[INFO] [stdout]    |
[INFO] [stdout] 56 |     content: [u8; get_array_length(BITS, LEN)]
[INFO] [stdout]    |                                    ^^^^ cannot perform const operation using `BITS`
[INFO] [stdout]    |
[INFO] [stdout]    = help: const parameters may only be used as standalone arguments, i.e. `BITS`
[INFO] [stdout]    = help: add `#![feature(generic_const_exprs)]` to allow generic const expressions
[INFO] [stdout] 
[INFO] [stdout] 
[INFO] [stdout] error: generic parameters may not be used in const operations
[INFO] [stdout]   --> src/lib.rs:56:42
[INFO] [stdout]    |
[INFO] [stdout] 56 |     content: [u8; get_array_length(BITS, LEN)]
[INFO] [stdout]    |                                          ^^^ cannot perform const operation using `LEN`
[INFO] [stdout]    |
[INFO] [stdout]    = help: const parameters may only be used as standalone arguments, i.e. `LEN`
[INFO] [stdout]    = help: add `#![feature(generic_const_exprs)]` to allow generic const expressions
[INFO] [stdout] 
[INFO] [stdout] 
[INFO] [stdout] error: generic parameters may not be used in const operations
[INFO] [stdout]   --> src/lib.rs:60:29
[INFO] [stdout]    |
[INFO] [stdout] 60 | where [u8; get_array_length(BITS, LEN)]: Sized {
[INFO] [stdout]    |                             ^^^^ cannot perform const operation using `BITS`
[INFO] [stdout]    |
[INFO] [stdout]    = help: const parameters may only be used as standalone arguments, i.e. `BITS`
[INFO] [stdout]    = help: add `#![feature(generic_const_exprs)]` to allow generic const expressions
[INFO] [stdout] 
[INFO] [stdout] 
[INFO] [stdout] error: generic parameters may not be used in const operations
[INFO] [stdout]   --> src/lib.rs:60:35
[INFO] [stdout]    |
[INFO] [stdout] 60 | where [u8; get_array_length(BITS, LEN)]: Sized {
[INFO] [stdout]    |                                   ^^^ cannot perform const operation using `LEN`
[INFO] [stdout]    |
[INFO] [stdout]    = help: const parameters may only be used as standalone arguments, i.e. `LEN`
[INFO] [stdout]    = help: add `#![feature(generic_const_exprs)]` to allow generic const expressions
[INFO] [stdout] 
[INFO] [stdout] 
[INFO] [stdout] error: generic parameters may not be used in const operations
[INFO] [stdout]    --> src/lib.rs:219:29
[INFO] [stdout]     |
[INFO] [stdout] 219 | where [u8; get_array_length(BITS, LEN)]: Sized {
[INFO] [stdout]     |                             ^^^^ cannot perform const operation using `BITS`
[INFO] [stdout]     |
[INFO] [stdout]     = help: const parameters may only be used as standalone arguments, i.e. `BITS`
[INFO] [stdout]     = help: add `#![feature(generic_const_exprs)]` to allow generic const expressions
[INFO] [stdout] 
[INFO] [stdout] 
[INFO] [stdout] error: generic parameters may not be used in const operations
[INFO] [stdout]    --> src/lib.rs:219:35
[INFO] [stdout]     |
[INFO] [stdout] 219 | where [u8; get_array_length(BITS, LEN)]: Sized {
[INFO] [stdout]     |                                   ^^^ cannot perform const operation using `LEN`
[INFO] [stdout]     |
[INFO] [stdout]     = help: const parameters may only be used as standalone arguments, i.e. `LEN`
[INFO] [stdout]     = help: add `#![feature(generic_const_exprs)]` to allow generic const expressions
[INFO] [stdout] 
[INFO] [stdout] 
[INFO] [stdout] error: generic parameters may not be used in const operations
[INFO] [stdout]    --> src/lib.rs:222:43
[INFO] [stdout]     |
[INFO] [stdout] 222 |             content: [0; get_array_length(BITS, LEN)]
[INFO] [stdout]     |                                           ^^^^ cannot perform const operation using `BITS`
[INFO] [stdout]     |
[INFO] [stdout]     = help: const parameters may only be used as standalone arguments, i.e. `BITS`
[INFO] [stdout]     = help: add `#![feature(generic_const_exprs)]` to allow generic const expressions
[INFO] [stdout] 
[INFO] [stdout] 
[INFO] [stdout] error: generic parameters may not be used in const operations
[INFO] [stdout]    --> src/lib.rs:222:49
[INFO] [stdout]     |
[INFO] [stdout] 222 |             content: [0; get_array_length(BITS, LEN)]
[INFO] [stdout]     |                                                 ^^^ cannot perform const operation using `LEN`
[INFO] [stdout]     |
[INFO] [stdout]     = help: const parameters may only be used as standalone arguments, i.e. `LEN`
[INFO] [stdout]     = help: add `#![feature(generic_const_exprs)]` to allow generic const expressions
[INFO] [stdout] 
[INFO] [stdout] 
[INFO] [stdout] error: generic parameters may not be used in const operations
[INFO] [stdout]    --> src/lib.rs:229:29
[INFO] [stdout]     |
[INFO] [stdout] 229 | where [u8; get_array_length(BITS, LEN)]: Sized {
[INFO] [stdout]     |                             ^^^^ cannot perform const operation using `BITS`
[INFO] [stdout]     |
[INFO] [stdout]     = help: const parameters may only be used as standalone arguments, i.e. `BITS`
[INFO] [stdout]     = help: add `#![feature(generic_const_exprs)]` to allow generic const expressions
[INFO] [stdout] 
[INFO] [stdout] 
[INFO] [stdout] error: generic parameters may not be used in const operations
[INFO] [stdout]    --> src/lib.rs:229:35
[INFO] [stdout]     |
[INFO] [stdout] 229 | where [u8; get_array_length(BITS, LEN)]: Sized {
[INFO] [stdout]     |                                   ^^^ cannot perform const operation using `LEN`
[INFO] [stdout]     |
[INFO] [stdout]     = help: const parameters may only be used as standalone arguments, i.e. `LEN`
[INFO] [stdout]     = help: add `#![feature(generic_const_exprs)]` to allow generic const expressions
[INFO] [stdout] 
[INFO] [stdout] 
[INFO] [stdout] error: generic parameters may not be used in const operations
[INFO] [stdout]    --> src/lib.rs:237:29
[INFO] [stdout]     |
[INFO] [stdout] 237 | where [u8; get_array_length(BITS, LEN)]: Sized {
[INFO] [stdout]     |                             ^^^^ cannot perform const operation using `BITS`
[INFO] [stdout]     |
[INFO] [stdout]     = help: const parameters may only be used as standalone arguments, i.e. `BITS`
[INFO] [stdout]     = help: add `#![feature(generic_const_exprs)]` to allow generic const expressions
[INFO] [stdout] 
[INFO] [stdout] 
[INFO] [stdout] error: generic parameters may not be used in const operations
[INFO] [stdout]    --> src/lib.rs:237:35
[INFO] [stdout]     |
[INFO] [stdout] 237 | where [u8; get_array_length(BITS, LEN)]: Sized {
[INFO] [stdout]     |                                   ^^^ cannot perform const operation using `LEN`
[INFO] [stdout]     |
[INFO] [stdout]     = help: const parameters may only be used as standalone arguments, i.e. `LEN`
[INFO] [stdout]     = help: add `#![feature(generic_const_exprs)]` to allow generic const expressions
[INFO] [stdout] 
[INFO] [stdout] 
[INFO] [stdout] error: generic parameters may not be used in const operations
[INFO] [stdout]    --> src/lib.rs:246:29
[INFO] [stdout]     |
[INFO] [stdout] 246 | where [u8; get_array_length(BITS, LEN)]: Sized {
[INFO] [stdout]     |                             ^^^^ cannot perform const operation using `BITS`
[INFO] [stdout]     |
[INFO] [stdout]     = help: const parameters may only be used as standalone arguments, i.e. `BITS`
[INFO] [stdout]     = help: add `#![feature(generic_const_exprs)]` to allow generic const expressions
[INFO] [stdout] 
[INFO] [stdout] 
[INFO] [stdout] error: generic parameters may not be used in const operations
[INFO] [stdout]    --> src/lib.rs:246:35
[INFO] [stdout]     |
[INFO] [stdout] 246 | where [u8; get_array_length(BITS, LEN)]: Sized {
[INFO] [stdout]     |                                   ^^^ cannot perform const operation using `LEN`
[INFO] [stdout]     |
[INFO] [stdout]     = help: const parameters may only be used as standalone arguments, i.e. `LEN`
[INFO] [stdout]     = help: add `#![feature(generic_const_exprs)]` to allow generic const expressions
[INFO] [stdout] 
[INFO] [stdout] 
[INFO] [stdout] error: generic parameters may not be used in const operations
[INFO] [stdout]    --> src/lib.rs:254:29
[INFO] [stdout]     |
[INFO] [stdout] 254 | where [u8; get_array_length(BITS, LEN)]: Sized {
[INFO] [stdout]     |                             ^^^^ cannot perform const operation using `BITS`
[INFO] [stdout]     |
[INFO] [stdout]     = help: const parameters may only be used as standalone arguments, i.e. `BITS`
[INFO] [stdout]     = help: add `#![feature(generic_const_exprs)]` to allow generic const expressions
[INFO] [stdout] 
[INFO] [stdout] 
[INFO] [stdout] error: generic parameters may not be used in const operations
[INFO] [stdout]    --> src/lib.rs:254:35
[INFO] [stdout]     |
[INFO] [stdout] 254 | where [u8; get_array_length(BITS, LEN)]: Sized {
[INFO] [stdout]     |                                   ^^^ cannot perform const operation using `LEN`
[INFO] [stdout]     |
[INFO] [stdout]     = help: const parameters may only be used as standalone arguments, i.e. `LEN`
[INFO] [stdout]     = help: add `#![feature(generic_const_exprs)]` to allow generic const expressions
[INFO] [stdout] 
[INFO] [stdout] 
[INFO] [stdout] error: generic parameters may not be used in const operations
[INFO] [stdout]    --> src/lib.rs:268:29
[INFO] [stdout]     |
[INFO] [stdout] 268 | where [u8; get_array_length(BITS, LEN)]: Sized {
[INFO] [stdout]     |                             ^^^^ cannot perform const operation using `BITS`
[INFO] [stdout]     |
[INFO] [stdout]     = help: const parameters may only be used as standalone arguments, i.e. `BITS`
[INFO] [stdout]     = help: add `#![feature(generic_const_exprs)]` to allow generic const expressions
[INFO] [stdout] 
[INFO] [stdout] 
[INFO] [stdout] error: generic parameters may not be used in const operations
[INFO] [stdout]    --> src/lib.rs:268:35
[INFO] [stdout]     |
[INFO] [stdout] 268 | where [u8; get_array_length(BITS, LEN)]: Sized {
[INFO] [stdout]     |                                   ^^^ cannot perform const operation using `LEN`
[INFO] [stdout]     |
[INFO] [stdout]     = help: const parameters may only be used as standalone arguments, i.e. `LEN`
[INFO] [stdout]     = help: add `#![feature(generic_const_exprs)]` to allow generic const expressions
[INFO] [stdout] 
[INFO] [stdout] 
[INFO] [stdout] error: generic parameters may not be used in const operations
[INFO] [stdout]    --> src/lib.rs:288:29
[INFO] [stdout]     |
[INFO] [stdout] 288 | where [u8; get_array_length(BITS, LEN)]: Sized {
[INFO] [stdout]     |                             ^^^^ cannot perform const operation using `BITS`
[INFO] [stdout]     |
[INFO] [stdout]     = help: const parameters may only be used as standalone arguments, i.e. `BITS`
[INFO] [stdout]     = help: add `#![feature(generic_const_exprs)]` to allow generic const expressions
[INFO] [stdout] 
[INFO] [stdout] 
[INFO] [stdout] error: generic parameters may not be used in const operations
[INFO] [stdout]    --> src/lib.rs:288:35
[INFO] [stdout]     |
[INFO] [stdout] 288 | where [u8; get_array_length(BITS, LEN)]: Sized {
[INFO] [stdout]     |                                   ^^^ cannot perform const operation using `LEN`
[INFO] [stdout]     |
[INFO] [stdout]     = help: const parameters may only be used as standalone arguments, i.e. `LEN`
[INFO] [stdout]     = help: add `#![feature(generic_const_exprs)]` to allow generic const expressions
[INFO] [stdout] 
[INFO] [stdout] 
[INFO] [stdout] error: generic parameters may not be used in const operations
[INFO] [stdout]    --> src/lib.rs:307:29
[INFO] [stdout]     |
[INFO] [stdout] 307 | where [u8; get_array_length(BITS, LEN)]: Sized {
[INFO] [stdout]     |                             ^^^^ cannot perform const operation using `BITS`
[INFO] [stdout]     |
[INFO] [stdout]     = help: const parameters may only be used as standalone arguments, i.e. `BITS`
[INFO] [stdout]     = help: add `#![feature(generic_const_exprs)]` to allow generic const expressions
[INFO] [stdout] 
[INFO] [stdout] 
[INFO] [stdout] error: generic parameters may not be used in const operations
[INFO] [stdout]    --> src/lib.rs:307:35
[INFO] [stdout]     |
[INFO] [stdout] 307 | where [u8; get_array_length(BITS, LEN)]: Sized {
[INFO] [stdout]     |                                   ^^^ cannot perform const operation using `LEN`
[INFO] [stdout]     |
[INFO] [stdout]     = help: const parameters may only be used as standalone arguments, i.e. `LEN`
[INFO] [stdout]     = help: add `#![feature(generic_const_exprs)]` to allow generic const expressions
[INFO] [stdout] 
[INFO] [stdout] 
[INFO] [stdout] error: generic parameters may not be used in const operations
[INFO] [stdout]    --> src/lib.rs:313:29
[INFO] [stdout]     |
[INFO] [stdout] 313 | where [u8; get_array_length(BITS, LEN)]: Sized {
[INFO] [stdout]     |                             ^^^^ cannot perform const operation using `BITS`
[INFO] [stdout]     |
[INFO] [stdout]     = help: const parameters may only be used as standalone arguments, i.e. `BITS`
[INFO] [stdout]     = help: add `#![feature(generic_const_exprs)]` to allow generic const expressions
[INFO] [stdout] 
[INFO] [stdout] 
[INFO] [stdout] error: generic parameters may not be used in const operations
[INFO] [stdout]    --> src/lib.rs:313:35
[INFO] [stdout]     |
[INFO] [stdout] 313 | where [u8; get_array_length(BITS, LEN)]: Sized {
[INFO] [stdout]     |                                   ^^^ cannot perform const operation using `LEN`
[INFO] [stdout]     |
[INFO] [stdout]     = help: const parameters may only be used as standalone arguments, i.e. `LEN`
[INFO] [stdout]     = help: add `#![feature(generic_const_exprs)]` to allow generic const expressions
[INFO] [stdout] 
[INFO] [stdout] 
[INFO] [stdout] error[E0277]: `PackedIntegerArray<BITS, LEN>` is not an iterator
[INFO] [stdout]    --> src/lib.rs:253:58
[INFO] [stdout]     |
[INFO] [stdout] 253 | impl <const BITS: u8, const LEN: usize> IntoIterator for PackedIntegerArray<BITS, LEN>
[INFO] [stdout]     |                                                          ^^^^^^^^^^^^^^^^^^^^^^^^^^^^^ `PackedIntegerArray<BITS, LEN>` is not an iterator
[INFO] [stdout]     |
[INFO] [stdout]     = help: the trait `IntoIterator` is not implemented for `PackedIntegerArray<BITS, LEN>`
[INFO] [stdout]     = help: the trait `IntoIterator` is implemented for `PackedIntegerArray<BITS, LEN>`
[INFO] [stdout] 
[INFO] [stdout] 
[INFO] [stdout] error[E0277]: `PackedIntegerArray<BITS, LEN>` is not an iterator
[INFO] [stdout]    --> src/lib.rs:255:17
[INFO] [stdout]     |
[INFO] [stdout] 255 |     type Item = u8;
[INFO] [stdout]     |                 ^^ `PackedIntegerArray<BITS, LEN>` is not an iterator
[INFO] [stdout]     |
[INFO] [stdout]     = help: the trait `IntoIterator` is not implemented for `PackedIntegerArray<BITS, LEN>`
[INFO] [stdout]     = help: the trait `IntoIterator` is implemented for `PackedIntegerArray<BITS, LEN>`
[INFO] [stdout] 
[INFO] [stdout] 
[INFO] [stdout] error[E0277]: `PackedIntegerArray<BITS, LEN>` is not an iterator
[INFO] [stdout]    --> src/lib.rs:256:21
[INFO] [stdout]     |
[INFO] [stdout] 256 |     type IntoIter = PackedIntegerArrayIterator<BITS, LEN>;
[INFO] [stdout]     |                     ^^^^^^^^^^^^^^^^^^^^^^^^^^^^^^^^^^^^^ `PackedIntegerArray<BITS, LEN>` is not an iterator
[INFO] [stdout]     |
[INFO] [stdout]     = help: the trait `IntoIterator` is not implemented for `PackedIntegerArray<BITS, LEN>`
[INFO] [stdout]     = help: the trait `IntoIterator` is implemented for `PackedIntegerArray<BITS, LEN>`
[INFO] [stdout] 
[INFO] [stdout] 
[INFO] [stdout] error[E0277]: `PackedIntegerArray<BITS, LEN>` is not an iterator
[INFO] [stdout]    --> src/lib.rs:258:5
[INFO] [stdout]     |
[INFO] [stdout] 258 |     fn into_iter(self) -> <Self as IntoIterator>::IntoIter {
[INFO] [stdout]     |     ^^^^^^^^^^^^^^^^^^^^^^^^^^^^^^^^^^^^^^^^^^^^^^^^^^^^^^ `PackedIntegerArray<BITS, LEN>` is not an iterator
[INFO] [stdout]     |
[INFO] [stdout]     = help: the trait `IntoIterator` is not implemented for `PackedIntegerArray<BITS, LEN>`
[INFO] [stdout]     = help: the trait `IntoIterator` is implemented for `PackedIntegerArray<BITS, LEN>`
[INFO] [stdout] 
[INFO] [stdout] 
[INFO] [stdout] error[E0277]: `PackedIntegerArray<BITS, LEN>` is not an iterator
[INFO] [stdout]    --> src/lib.rs:258:27
[INFO] [stdout]     |
[INFO] [stdout] 258 |     fn into_iter(self) -> <Self as IntoIterator>::IntoIter {
[INFO] [stdout]     |                           ^^^^^^^^^^^^^^^^^^^^^^^^^^^^^^^^ `PackedIntegerArray<BITS, LEN>` is not an iterator
[INFO] [stdout]     |
[INFO] [stdout]     = help: the trait `IntoIterator` is not implemented for `PackedIntegerArray<BITS, LEN>`
[INFO] [stdout]     = help: the trait `IntoIterator` is implemented for `PackedIntegerArray<BITS, LEN>`
[INFO] [stdout] 
[INFO] [stdout] 
[INFO] [stdout] error[E0599]: the function or associated item `default` exists for struct `PackedIntegerArray<BITS, LEN>`, but its trait bounds were not satisfied
[INFO] [stdout]    --> src/lib.rs:72:15
[INFO] [stdout]     |
[INFO] [stdout] 54  | pub struct PackedIntegerArray<const BITS: u8, const LEN: usize>
[INFO] [stdout]     | --------------------------------------------------------------- function or associated item `default` not found for this struct because it doesn't satisfy `PackedIntegerArray<BITS, LEN>: Default`
[INFO] [stdout] ...
[INFO] [stdout] 72  |         Self::default()
[INFO] [stdout]     |               ^^^^^^^ function or associated item cannot be called on `PackedIntegerArray<BITS, LEN>` due to unsatisfied trait bounds
[INFO] [stdout]     |
[INFO] [stdout] note: trait bound `[u8; {const error}]: Sized` was not satisfied
[INFO] [stdout]    --> src/lib.rs:219:42
[INFO] [stdout]     |
[INFO] [stdout] 218 | impl <const BITS: u8, const LEN: usize> Default for PackedIntegerArray<BITS, LEN>
[INFO] [stdout]     |                                         -------     -----------------------------
[INFO] [stdout] 219 | where [u8; get_array_length(BITS, LEN)]: Sized {
[INFO] [stdout]     |                                          ^^^^^ unsatisfied trait bound introduced here
[INFO] [stdout]     = help: items from traits can only be used if the trait is implemented and in scope
[INFO] [stdout]     = note: the following trait defines an item `default`, perhaps you need to implement it:
[INFO] [stdout]             candidate #1: `Default`
[INFO] [stdout] 
[INFO] [stdout] 
[INFO] [stdout] error[E0599]: the method `get` exists for struct `PackedIntegerArray<BITS, LEN>`, but its trait bounds were not satisfied
[INFO] [stdout]    --> src/lib.rs:210:29
[INFO] [stdout]     |
[INFO] [stdout] 54  | pub struct PackedIntegerArray<const BITS: u8, const LEN: usize>
[INFO] [stdout]     | --------------------------------------------------------------- method `get` not found for this struct
[INFO] [stdout] ...
[INFO] [stdout] 210 |             items[i] = self.get(i)
[INFO] [stdout]     |                             ^^^ method cannot be called on `PackedIntegerArray<BITS, LEN>` due to unsatisfied trait bounds
[INFO] [stdout]     |
[INFO] [stdout] note: trait bound `[u8; {const error}]: Sized` was not satisfied
[INFO] [stdout]    --> src/lib.rs:60:42
[INFO] [stdout]     |
[INFO] [stdout] 59  | impl <const BITS: u8, const LEN: usize> PackedIntegerArray<BITS, LEN>
[INFO] [stdout]     |                                         -----------------------------
[INFO] [stdout] 60  | where [u8; get_array_length(BITS, LEN)]: Sized {
[INFO] [stdout]     |                                          ^^^^^ unsatisfied trait bound introduced here
[INFO] [stdout]     = help: items from traits can only be used if the trait is implemented and in scope
[INFO] [stdout]     = note: the following trait defines an item `get`, perhaps you need to implement it:
[INFO] [stdout]             candidate #1: `SliceIndex`
[INFO] [stdout] 
[INFO] [stdout] 
[INFO] [stdout] error[E0277]: `PackedIntegerArray<BITS, LEN>` is not an iterator
[INFO] [stdout]    --> src/lib.rs:258:60
[INFO] [stdout]     |
[INFO] [stdout] 258 |       fn into_iter(self) -> <Self as IntoIterator>::IntoIter {
[INFO] [stdout]     |  ____________________________________________________________^
[INFO] [stdout] 259 | |         PackedIntegerArrayIterator {
[INFO] [stdout] 260 | |             index: 0,
[INFO] [stdout] 261 | |             array: self
[INFO] [stdout] 262 | |         }
[INFO] [stdout] 263 | |     }
[INFO] [stdout]     | |_____^ `PackedIntegerArray<BITS, LEN>` is not an iterator
[INFO] [stdout]     |
[INFO] [stdout]     = help: the trait `IntoIterator` is not implemented for `PackedIntegerArray<BITS, LEN>`
[INFO] [stdout]     = help: the trait `IntoIterator` is implemented for `PackedIntegerArray<BITS, LEN>`
[INFO] [stdout] 
[INFO] [stdout] 
[INFO] [stdout] error[E0599]: the method `get` exists for reference `&PackedIntegerArray<BITS, LEN>`, but its trait bounds were not satisfied
[INFO] [stdout]    --> src/lib.rs:279:33
[INFO] [stdout]     |
[INFO] [stdout] 279 |             if other[i] != self.get(i) {
[INFO] [stdout]     |                                 ^^^ method cannot be called on `&PackedIntegerArray<BITS, LEN>` due to unsatisfied trait bounds
[INFO] [stdout]     |
[INFO] [stdout] note: trait bound `[u8; {const error}]: Sized` was not satisfied
[INFO] [stdout]    --> src/lib.rs:60:42
[INFO] [stdout]     |
[INFO] [stdout] 59  | impl <const BITS: u8, const LEN: usize> PackedIntegerArray<BITS, LEN>
[INFO] [stdout]     |                                         -----------------------------
[INFO] [stdout] 60  | where [u8; get_array_length(BITS, LEN)]: Sized {
[INFO] [stdout]     |                                          ^^^^^ unsatisfied trait bound introduced here
[INFO] [stdout]     = help: items from traits can only be used if the trait is implemented and in scope
[INFO] [stdout]     = note: the following trait defines an item `get`, perhaps you need to implement it:
[INFO] [stdout]             candidate #1: `SliceIndex`
[INFO] [stdout] 
[INFO] [stdout] 
[INFO] [stdout] error[E0599]: the method `get` exists for struct `PackedIntegerArray<BITS, LEN>`, but its trait bounds were not satisfied
[INFO] [stdout]    --> src/lib.rs:318:34
[INFO] [stdout]     |
[INFO] [stdout] 54  | pub struct PackedIntegerArray<const BITS: u8, const LEN: usize>
[INFO] [stdout]     | --------------------------------------------------------------- method `get` not found for this struct
[INFO] [stdout] ...
[INFO] [stdout] 318 |             let val = self.array.get(self.index);
[INFO] [stdout]     |                                  ^^^ method cannot be called on `PackedIntegerArray<BITS, LEN>` due to unsatisfied trait bounds
[INFO] [stdout]     |
[INFO] [stdout] note: trait bound `[u8; {const error}]: Sized` was not satisfied
[INFO] [stdout]    --> src/lib.rs:60:42
[INFO] [stdout]     |
[INFO] [stdout] 59  | impl <const BITS: u8, const LEN: usize> PackedIntegerArray<BITS, LEN>
[INFO] [stdout]     |                                         -----------------------------
[INFO] [stdout] 60  | where [u8; get_array_length(BITS, LEN)]: Sized {
[INFO] [stdout]     |                                          ^^^^^ unsatisfied trait bound introduced here
[INFO] [stdout]     = help: items from traits can only be used if the trait is implemented and in scope
[INFO] [stdout]     = note: the following trait defines an item `get`, perhaps you need to implement it:
[INFO] [stdout]             candidate #1: `SliceIndex`
[INFO] [stdout] 
[INFO] [stdout] 
[INFO] [stdout] Some errors have detailed explanations: E0277, E0557, E0599.
[INFO] [stdout] 
[INFO] [stdout] For more information about an error, try `rustc --explain E0277`.
[INFO] [stdout] 
[INFO] [stderr] error: could not compile `pia` (lib) due to 38 previous errors
[INFO] running `Command { std: "docker" "inspect" "e9b01f543b5b4f37248598f6c4aca815c1d17fb181160a587514c90c69294b74", kill_on_drop: false }`
[INFO] running `Command { std: "docker" "rm" "-f" "e9b01f543b5b4f37248598f6c4aca815c1d17fb181160a587514c90c69294b74", kill_on_drop: false }`
[INFO] [stdout] e9b01f543b5b4f37248598f6c4aca815c1d17fb181160a587514c90c69294b74
