[INFO] fetching crate pi_ws 0.5.1...
[INFO] testing pi_ws-0.5.1 against nightly-2024-10-28+rustflags=-Zrandomize-layout for randomize-layout
[INFO] extracting crate pi_ws 0.5.1 into /workspace/builds/worker-1-tc2/source
[INFO] validating manifest of crates.io crate pi_ws 0.5.1 on toolchain nightly-2024-10-28
[INFO] running `Command { std: CARGO_HOME="/workspace/cargo-home" RUSTUP_HOME="/workspace/rustup-home" "/workspace/cargo-home/bin/cargo" "+nightly-2024-10-28" "metadata" "--manifest-path" "Cargo.toml" "--no-deps", kill_on_drop: false }`
[INFO] removed /workspace/builds/worker-1-tc2/source/rust-toolchain.toml
[INFO] started tweaking crates.io crate pi_ws 0.5.1
[INFO] finished tweaking crates.io crate pi_ws 0.5.1
[INFO] tweaked toml for crates.io crate pi_ws 0.5.1 written to /workspace/builds/worker-1-tc2/source/Cargo.toml
[INFO] running `Command { std: CARGO_HOME="/workspace/cargo-home" RUSTUP_HOME="/workspace/rustup-home" "/workspace/cargo-home/bin/cargo" "+nightly-2024-10-28" "generate-lockfile" "--manifest-path" "Cargo.toml", kill_on_drop: false }`
[INFO] [stderr]     Blocking waiting for file lock on package cache
[INFO] [stderr]     Updating crates.io index
[INFO] [stderr]     Blocking waiting for file lock on package cache
[INFO] [stderr]      Locking 239 packages to latest compatible versions
[INFO] [stderr]       Adding base64 v0.13.1 (available: v0.22.1)
[INFO] [stderr]       Adding bytes v1.6.1 (available: v1.8.0)
[INFO] [stderr]       Adding env_logger v0.9.3 (available: v0.11.5)
[INFO] [stderr]       Adding http v0.2.12 (available: v1.1.0)
[INFO] [stderr]       Adding httparse v1.7.1 (available: v1.9.5)
[INFO] [stderr]       Adding mio v0.8.11 (available: v1.0.2)
[INFO] [stderr]       Adding pi-async-rt v0.1.18 (available: v0.2.2)
[INFO] [stderr]       Adding wasi v0.10.0+wasi-snapshot-preview1 (available: v0.10.2+wasi-snapshot-preview1)
[INFO] running `Command { std: CARGO_HOME="/workspace/cargo-home" RUSTUP_HOME="/workspace/rustup-home" "/workspace/cargo-home/bin/cargo" "+nightly-2024-10-28" "fetch" "--manifest-path" "Cargo.toml", kill_on_drop: false }`
[INFO] [stderr]     Blocking waiting for file lock on package cache
[INFO] running `Command { std: "docker" "create" "-v" "/var/lib/crater-agent-workspace/builds/worker-1-tc2/target:/opt/rustwide/target:rw,Z" "-v" "/var/lib/crater-agent-workspace/builds/worker-1-tc2/source:/opt/rustwide/workdir:ro,Z" "-v" "/var/lib/crater-agent-workspace/cargo-home:/opt/rustwide/cargo-home:ro,Z" "-v" "/var/lib/crater-agent-workspace/rustup-home:/opt/rustwide/rustup-home:ro,Z" "-e" "SOURCE_DIR=/opt/rustwide/workdir" "-e" "CARGO_TARGET_DIR=/opt/rustwide/target" "-e" "CARGO_HOME=/opt/rustwide/cargo-home" "-e" "RUSTUP_HOME=/opt/rustwide/rustup-home" "-w" "/opt/rustwide/workdir" "-m" "1610612736" "--user" "0:0" "--network" "none" "ghcr.io/rust-lang/crates-build-env/linux@sha256:4a844ea9eb2546a2d2c7022eacef16ef2e8229c7fbb2c7d4d55a9ceca922f72d" "/opt/rustwide/cargo-home/bin/cargo" "+nightly-2024-10-28" "metadata" "--no-deps" "--format-version=1", kill_on_drop: false }`
[INFO] [stdout] 02aefbb62713d50c0d95a2795ec3fb939b424367585d5904d137196c0cd23683
[INFO] running `Command { std: "docker" "start" "-a" "02aefbb62713d50c0d95a2795ec3fb939b424367585d5904d137196c0cd23683", kill_on_drop: false }`
[INFO] running `Command { std: "docker" "inspect" "02aefbb62713d50c0d95a2795ec3fb939b424367585d5904d137196c0cd23683", kill_on_drop: false }`
[INFO] running `Command { std: "docker" "rm" "-f" "02aefbb62713d50c0d95a2795ec3fb939b424367585d5904d137196c0cd23683", kill_on_drop: false }`
[INFO] [stdout] 02aefbb62713d50c0d95a2795ec3fb939b424367585d5904d137196c0cd23683
[INFO] running `Command { std: "docker" "create" "-v" "/var/lib/crater-agent-workspace/builds/worker-1-tc2/target:/opt/rustwide/target:rw,Z" "-v" "/var/lib/crater-agent-workspace/builds/worker-1-tc2/source:/opt/rustwide/workdir:ro,Z" "-v" "/var/lib/crater-agent-workspace/cargo-home:/opt/rustwide/cargo-home:ro,Z" "-v" "/var/lib/crater-agent-workspace/rustup-home:/opt/rustwide/rustup-home:ro,Z" "-e" "SOURCE_DIR=/opt/rustwide/workdir" "-e" "CARGO_TARGET_DIR=/opt/rustwide/target" "-e" "CARGO_INCREMENTAL=0" "-e" "RUST_BACKTRACE=full" "-e" "RUSTFLAGS=--cap-lints=forbid -Zrandomize-layout" "-e" "RUSTDOCFLAGS=--cap-lints=forbid" "-e" "CARGO_HOME=/opt/rustwide/cargo-home" "-e" "RUSTUP_HOME=/opt/rustwide/rustup-home" "-w" "/opt/rustwide/workdir" "-m" "1610612736" "--user" "0:0" "--network" "none" "ghcr.io/rust-lang/crates-build-env/linux@sha256:4a844ea9eb2546a2d2c7022eacef16ef2e8229c7fbb2c7d4d55a9ceca922f72d" "/opt/rustwide/cargo-home/bin/cargo" "+nightly-2024-10-28" "build" "--frozen" "--message-format=json", kill_on_drop: false }`
[INFO] [stdout] e9eda37b132c3f635dd3f4c8d98e86733fc2e1f079c16680536f9ba62cc339fe
[INFO] running `Command { std: "docker" "start" "-a" "e9eda37b132c3f635dd3f4c8d98e86733fc2e1f079c16680536f9ba62cc339fe", kill_on_drop: false }`
[INFO] [stderr]    Compiling subtle v2.6.1
[INFO] [stderr]    Compiling cc v1.1.31
[INFO] [stderr]    Compiling slotmap v1.0.7
[INFO] [stderr]    Compiling getrandom v0.2.15
[INFO] [stderr]    Compiling crunchy v0.2.2
[INFO] [stderr]    Compiling futures-sink v0.3.31
[INFO] [stderr]    Compiling getrandom v0.1.16
[INFO] [stderr]    Compiling base64ct v1.6.0
[INFO] [stderr]    Compiling syn v2.0.86
[INFO] [stderr]    Compiling num-integer v0.1.46
[INFO] [stderr]    Compiling digest v0.9.0
[INFO] [stderr]    Compiling crossbeam-channel v0.5.13
[INFO] [stderr]    Compiling crossbeam-queue v0.3.11
[INFO] [stderr]    Compiling futures-io v0.3.31
[INFO] [stderr]    Compiling const-oid v0.7.1
[INFO] [stderr]    Compiling lazy_static v1.5.0
[INFO] [stderr]    Compiling futures-channel v0.3.31
[INFO] [stderr]    Compiling num-bigint v0.2.6
[INFO] [stderr]    Compiling zeroize v1.8.1
[INFO] [stderr]    Compiling libsecp256k1-core v0.2.2
[INFO] [stderr]    Compiling crypto-bigint v0.3.2
[INFO] [stderr]    Compiling untrusted v0.7.1
[INFO] [stderr]    Compiling rand_core v0.6.4
[INFO] [stderr]    Compiling regex-syntax v0.8.5
[INFO] [stderr]    Compiling bytes v1.6.1
[INFO] [stderr]    Compiling spin v0.5.2
[INFO] [stderr]    Compiling untrusted v0.9.0
[INFO] [stderr]    Compiling pi_ext_heap v0.1.1
[INFO] [stderr]    Compiling pem-rfc7468 v0.3.1
[INFO] [stderr]    Compiling rand_core v0.5.1
[INFO] [stderr]    Compiling nanorand v0.7.0
[INFO] [stderr]    Compiling crypto-mac v0.8.0
[INFO] [stderr]    Compiling raw-cpuid v11.2.0
[INFO] [stderr]    Compiling object v0.36.5
[INFO] [stderr]    Compiling gcc v0.3.55
[INFO] [stderr]    Compiling num-bigint-dig v0.8.4
[INFO] [stderr]    Compiling pi_wheel v0.1.0
[INFO] [stderr]    Compiling pi_share v0.4.15
[INFO] [stderr]    Compiling iana-time-zone v0.1.61
[INFO] [stdout] error[E0432]: unresolved import `core::ops::Receiver`
[INFO] [stdout]   --> /opt/rustwide/cargo-home/registry/src/index.crates.io-6f17d22bba15001f/pi_share-0.4.15/src/xrc.rs:23:5
[INFO] [stdout]    |
[INFO] [stdout] 23 | use core::ops::Receiver;
[INFO] [stdout]    |     ^^^^^^^^^^^^^^^^^^^ no `Receiver` in `ops`
[INFO] [stdout]    |
[INFO] [stdout] help: consider importing one of these structs instead
[INFO] [stdout]    |
[INFO] [stdout] 23 | use std::sync::mpmc::Receiver;
[INFO] [stdout]    |     ~~~~~~~~~~~~~~~~~~~~~~~~~
[INFO] [stdout] 23 | use std::sync::mpsc::Receiver;
[INFO] [stdout]    |     ~~~~~~~~~~~~~~~~~~~~~~~~~
[INFO] [stdout] 
[INFO] [stdout] 
[INFO] [stdout] error[E0425]: cannot find function `invalid_mut` in module `ptr`
[INFO] [stdout]     --> /opt/rustwide/cargo-home/registry/src/index.crates.io-6f17d22bba15001f/pi_share-0.4.15/src/xrc.rs:2431:55
[INFO] [stdout]      |
[INFO] [stdout] 2431 |             ptr: unsafe { NonNull::new_unchecked(ptr::invalid_mut::<XrcInner<T>>(usize::MAX)) },
[INFO] [stdout]      |                                                       ^^^^^^^^^^^ not found in `ptr`
[INFO] [stdout] 
[INFO] [stdout] 
[INFO] [stdout] error[E0425]: cannot find function `invalid_mut` in module `ptr`
[INFO] [stdout]     --> /opt/rustwide/cargo-home/registry/src/index.crates.io-6f17d22bba15001f/pi_share-0.4.15/src/xrc.rs:2458:55
[INFO] [stdout]      |
[INFO] [stdout] 2458 |             ptr: unsafe { NonNull::new_unchecked(ptr::invalid_mut::<XrcInner<T>>(usize::MAX)) },
[INFO] [stdout]      |                                                       ^^^^^^^^^^^ not found in `ptr`
[INFO] [stdout] 
[INFO] [stdout] 
[INFO] [stderr]    Compiling pi_timer v0.1.0
[INFO] [stdout] error[E0635]: unknown feature `receiver_trait`
[INFO] [stdout]   --> /opt/rustwide/cargo-home/registry/src/index.crates.io-6f17d22bba15001f/pi_share-0.4.15/src/lib.rs:27:12
[INFO] [stdout]    |
[INFO] [stdout] 27 | #![feature(receiver_trait)]
[INFO] [stdout]    |            ^^^^^^^^^^^^^^
[INFO] [stdout] 
[INFO] [stdout] 
[INFO] [stderr]    Compiling flume v0.11.1
[INFO] [stderr]    Compiling crossbeam v0.8.4
[INFO] [stderr]    Compiling pi_slot_deque v0.2.1
[INFO] [stdout] Some errors have detailed explanations: E0425, E0432, E0635.
[INFO] [stdout] 
[INFO] [stdout] For more information about an error, try `rustc --explain E0425`.
[INFO] [stdout] 
[INFO] [stderr] error: could not compile `pi_share` (lib) due to 4 previous errors
[INFO] [stderr] warning: build failed, waiting for other jobs to finish...
[INFO] running `Command { std: "docker" "inspect" "e9eda37b132c3f635dd3f4c8d98e86733fc2e1f079c16680536f9ba62cc339fe", kill_on_drop: false }`
[INFO] running `Command { std: "docker" "rm" "-f" "e9eda37b132c3f635dd3f4c8d98e86733fc2e1f079c16680536f9ba62cc339fe", kill_on_drop: false }`
[INFO] [stdout] e9eda37b132c3f635dd3f4c8d98e86733fc2e1f079c16680536f9ba62cc339fe
