[INFO] fetching crate pi_slotmap 0.1.17...
[INFO] testing pi_slotmap-0.1.17 against nightly-2024-10-28+rustflags=-Zrandomize-layout for randomize-layout
[INFO] extracting crate pi_slotmap 0.1.17 into /workspace/builds/worker-7-tc2/source
[INFO] validating manifest of crates.io crate pi_slotmap 0.1.17 on toolchain nightly-2024-10-28
[INFO] running `Command { std: CARGO_HOME="/workspace/cargo-home" RUSTUP_HOME="/workspace/rustup-home" "/workspace/cargo-home/bin/cargo" "+nightly-2024-10-28" "metadata" "--manifest-path" "Cargo.toml" "--no-deps", kill_on_drop: false }`
[INFO] started tweaking crates.io crate pi_slotmap 0.1.17
[INFO] finished tweaking crates.io crate pi_slotmap 0.1.17
[INFO] tweaked toml for crates.io crate pi_slotmap 0.1.17 written to /workspace/builds/worker-7-tc2/source/Cargo.toml
[INFO] crate crates.io crate pi_slotmap 0.1.17 already has a lockfile, it will not be regenerated
[INFO] running `Command { std: CARGO_HOME="/workspace/cargo-home" RUSTUP_HOME="/workspace/rustup-home" "/workspace/cargo-home/bin/cargo" "+nightly-2024-10-28" "fetch" "--manifest-path" "Cargo.toml", kill_on_drop: false }`
[INFO] running `Command { std: "docker" "create" "-v" "/var/lib/crater-agent-workspace/builds/worker-7-tc2/target:/opt/rustwide/target:rw,Z" "-v" "/var/lib/crater-agent-workspace/builds/worker-7-tc2/source:/opt/rustwide/workdir:ro,Z" "-v" "/var/lib/crater-agent-workspace/cargo-home:/opt/rustwide/cargo-home:ro,Z" "-v" "/var/lib/crater-agent-workspace/rustup-home:/opt/rustwide/rustup-home:ro,Z" "-e" "SOURCE_DIR=/opt/rustwide/workdir" "-e" "CARGO_TARGET_DIR=/opt/rustwide/target" "-e" "CARGO_HOME=/opt/rustwide/cargo-home" "-e" "RUSTUP_HOME=/opt/rustwide/rustup-home" "-w" "/opt/rustwide/workdir" "-m" "1610612736" "--user" "0:0" "--network" "none" "ghcr.io/rust-lang/crates-build-env/linux@sha256:4a844ea9eb2546a2d2c7022eacef16ef2e8229c7fbb2c7d4d55a9ceca922f72d" "/opt/rustwide/cargo-home/bin/cargo" "+nightly-2024-10-28" "metadata" "--no-deps" "--format-version=1", kill_on_drop: false }`
[INFO] [stdout] cb7f0cc48d24e6e2b7882b736ad348194ca1c82d0667d0ae8fde20cf796d3ae5
[INFO] running `Command { std: "docker" "start" "-a" "cb7f0cc48d24e6e2b7882b736ad348194ca1c82d0667d0ae8fde20cf796d3ae5", kill_on_drop: false }`
[INFO] running `Command { std: "docker" "inspect" "cb7f0cc48d24e6e2b7882b736ad348194ca1c82d0667d0ae8fde20cf796d3ae5", kill_on_drop: false }`
[INFO] running `Command { std: "docker" "rm" "-f" "cb7f0cc48d24e6e2b7882b736ad348194ca1c82d0667d0ae8fde20cf796d3ae5", kill_on_drop: false }`
[INFO] [stdout] cb7f0cc48d24e6e2b7882b736ad348194ca1c82d0667d0ae8fde20cf796d3ae5
[INFO] running `Command { std: "docker" "create" "-v" "/var/lib/crater-agent-workspace/builds/worker-7-tc2/target:/opt/rustwide/target:rw,Z" "-v" "/var/lib/crater-agent-workspace/builds/worker-7-tc2/source:/opt/rustwide/workdir:ro,Z" "-v" "/var/lib/crater-agent-workspace/cargo-home:/opt/rustwide/cargo-home:ro,Z" "-v" "/var/lib/crater-agent-workspace/rustup-home:/opt/rustwide/rustup-home:ro,Z" "-e" "SOURCE_DIR=/opt/rustwide/workdir" "-e" "CARGO_TARGET_DIR=/opt/rustwide/target" "-e" "CARGO_INCREMENTAL=0" "-e" "RUST_BACKTRACE=full" "-e" "RUSTFLAGS=--cap-lints=forbid -Zrandomize-layout" "-e" "RUSTDOCFLAGS=--cap-lints=forbid" "-e" "CARGO_HOME=/opt/rustwide/cargo-home" "-e" "RUSTUP_HOME=/opt/rustwide/rustup-home" "-w" "/opt/rustwide/workdir" "-m" "1610612736" "--user" "0:0" "--network" "none" "ghcr.io/rust-lang/crates-build-env/linux@sha256:4a844ea9eb2546a2d2c7022eacef16ef2e8229c7fbb2c7d4d55a9ceca922f72d" "/opt/rustwide/cargo-home/bin/cargo" "+nightly-2024-10-28" "build" "--frozen" "--message-format=json", kill_on_drop: false }`
[INFO] [stdout] a94428bb3fc41006f044405981c79032a53ec9765a6932707cb199e10a26c5bf
[INFO] running `Command { std: "docker" "start" "-a" "a94428bb3fc41006f044405981c79032a53ec9765a6932707cb199e10a26c5bf", kill_on_drop: false }`
[INFO] [stderr]    Compiling crossbeam-utils v0.8.20
[INFO] [stderr]    Compiling proc-macro2 v1.0.84
[INFO] [stderr]    Compiling unicode-ident v1.0.12
[INFO] [stderr]    Compiling serde v1.0.203
[INFO] [stderr]    Compiling pi_share v0.4.15
[INFO] [stderr]    Compiling pi_null v0.1.11
[INFO] [stderr]    Compiling pi_slotmap v0.1.17 (/opt/rustwide/workdir)
[INFO] [stdout] error[E0432]: unresolved import `core::ops::Receiver`
[INFO] [stdout]   --> /opt/rustwide/cargo-home/registry/src/index.crates.io-6f17d22bba15001f/pi_share-0.4.15/src/xrc.rs:23:5
[INFO] [stdout]    |
[INFO] [stdout] 23 | use core::ops::Receiver;
[INFO] [stdout]    |     ^^^^^^^^^^^^^^^^^^^ no `Receiver` in `ops`
[INFO] [stdout]    |
[INFO] [stdout] help: consider importing one of these structs instead
[INFO] [stdout]    |
[INFO] [stdout] 23 | use std::sync::mpmc::Receiver;
[INFO] [stdout]    |     ~~~~~~~~~~~~~~~~~~~~~~~~~
[INFO] [stdout] 23 | use std::sync::mpsc::Receiver;
[INFO] [stdout]    |     ~~~~~~~~~~~~~~~~~~~~~~~~~
[INFO] [stdout] 
[INFO] [stdout] 
[INFO] [stdout] error[E0425]: cannot find function `invalid_mut` in module `ptr`
[INFO] [stdout]     --> /opt/rustwide/cargo-home/registry/src/index.crates.io-6f17d22bba15001f/pi_share-0.4.15/src/xrc.rs:2431:55
[INFO] [stdout]      |
[INFO] [stdout] 2431 |             ptr: unsafe { NonNull::new_unchecked(ptr::invalid_mut::<XrcInner<T>>(usize::MAX)) },
[INFO] [stdout]      |                                                       ^^^^^^^^^^^ not found in `ptr`
[INFO] [stdout] 
[INFO] [stdout] 
[INFO] [stdout] error[E0425]: cannot find function `invalid_mut` in module `ptr`
[INFO] [stdout]     --> /opt/rustwide/cargo-home/registry/src/index.crates.io-6f17d22bba15001f/pi_share-0.4.15/src/xrc.rs:2458:55
[INFO] [stdout]      |
[INFO] [stdout] 2458 |             ptr: unsafe { NonNull::new_unchecked(ptr::invalid_mut::<XrcInner<T>>(usize::MAX)) },
[INFO] [stdout]      |                                                       ^^^^^^^^^^^ not found in `ptr`
[INFO] [stdout] 
[INFO] [stdout] 
[INFO] [stdout] error[E0635]: unknown feature `receiver_trait`
[INFO] [stdout]   --> /opt/rustwide/cargo-home/registry/src/index.crates.io-6f17d22bba15001f/pi_share-0.4.15/src/lib.rs:27:12
[INFO] [stdout]    |
[INFO] [stdout] 27 | #![feature(receiver_trait)]
[INFO] [stdout]    |            ^^^^^^^^^^^^^^
[INFO] [stdout] 
[INFO] [stdout] 
[INFO] [stdout] Some errors have detailed explanations: E0425, E0432, E0635.
[INFO] [stdout] 
[INFO] [stdout] For more information about an error, try `rustc --explain E0425`.
[INFO] [stdout] 
[INFO] [stderr] error: could not compile `pi_share` (lib) due to 4 previous errors
[INFO] [stderr] warning: build failed, waiting for other jobs to finish...
[INFO] running `Command { std: "docker" "inspect" "a94428bb3fc41006f044405981c79032a53ec9765a6932707cb199e10a26c5bf", kill_on_drop: false }`
[INFO] running `Command { std: "docker" "rm" "-f" "a94428bb3fc41006f044405981c79032a53ec9765a6932707cb199e10a26c5bf", kill_on_drop: false }`
[INFO] [stdout] a94428bb3fc41006f044405981c79032a53ec9765a6932707cb199e10a26c5bf
